{"id":98618,"date":"2022-01-27T15:04:03","date_gmt":"2022-01-27T14:04:03","guid":{"rendered":"https:\/\/marktxxl.de\/markt\/produkt\/treidek-usb-mikrofon-pc-gaming-mikrofon-kondensatormikrofon-plug-play-nierencharakteristik-mit-rgb-led-stummschalter-stativ-shock-mount-fuer-pc-ps4-und-ps5-streaming-podcast-voice-over\/"},"modified":"2023-04-11T03:21:36","modified_gmt":"2023-04-11T01:21:36","slug":"treidek-usb-mikrofon-pc-gaming-mikrofon-kondensatormikrofon-plug-play-nierencharakteristik-mit-rgb-led-stummschalter-stativ-shock-mount-fuer-pc-ps4-und-ps5-streaming-podcast-voice-over","status":"publish","type":"product","link":"https:\/\/marktxxl.de\/markt\/produkt\/treidek-usb-mikrofon-pc-gaming-mikrofon-kondensatormikrofon-plug-play-nierencharakteristik-mit-rgb-led-stummschalter-stativ-shock-mount-fuer-pc-ps4-und-ps5-streaming-podcast-voice-over\/","title":{"rendered":"TREIDEK USB Mikrofon PC Gaming Mikrofon Kondensatormikrofon Plug &amp; Play Nierencharakteristik mit RGB LED, Stummschalter\u2026"},"content":{"rendered":"<p>[RGB-Licht und multifunktionale Mute-Taste] Entworfen mit dynamischen Regenbogen-RGB-Lichtern, die sich w\u00e4hrend Ihrer Spiel- oder Aufnahmezeit automatisch \u00e4ndern. Eingebaute Multifunktions-Stummschalttaste, die den Status des Mikrofons und der RGB-Leuchten separat steuern kann. Kurz dr\u00fccken, um das Mikrofon zusammen mit den RGB-Leuchten ein-\/auszuschalten, lang dr\u00fccken, um nur die RGB-Leuchten ein-\/auszuschalten. Nie wieder vom Licht gest\u00f6rt, wenn man nur das Mikrofon braucht.<br \/>\n[Nierencharakteristik f\u00fcr HD-Sound] Um die beste Klangqualit\u00e4t zu erzielen, verwendet das TRM-10-Mikrofon eine Nierencharakteristik und den neuesten Chipsatz, um den Ton nur vorne aufzunehmen und die Umgebungsger\u00e4usche auf ein Minimum zu reduzieren. Bis zu 24 Bit \/ 96 kHz Analog-Digital-Wandlung liefert \u00fcppige Details.<br \/>\n[Echtzeit-\u00dcberwachung] Mit der Kopfh\u00f6rer-Monitor-Buchse auf der R\u00fcckseite ist es einfach, eine Echtzeit-\u00dcberwachung ohne verwirrendes Echo zu erhalten, sodass jedes Detail w\u00e4hrend des Gebrauchs \u00fcberpr\u00fcft werden kann. W\u00e4hrenddessen zeigt Ihnen die Monitorfunktion an, ob das Mikrofon ein- oder ausgeschaltet ist.<br \/>\n[USB Plug &amp; Play] Kein zus\u00e4tzlicher Treiber oder Software erforderlich, einfach in den USB-Anschluss stecken und loslegen. Kompatibel mit PC, Laptop, Mac, PS4, PS5 und den meisten Mobiltelefonen (bei Verwendung mit Mobiltelefonen ist ein zus\u00e4tzlicher Adapter erforderlich). Es ist perfekt f\u00fcr Podcasting, Musik-\/Videoaufnahmen, Live-Streaming, Spiele oder Online-Chats. Bitte beachten Sie, dass es NICHT mit Xbox verwendet werden kann.<br \/>\n[Benutzerfreundliches Design] Ausgestattet mit zwei Lautst\u00e4rkereglern f\u00fcr Mikrofon und Kopfh\u00f6rer, so dass es einfach ist, die Lautst\u00e4rke auf den richtigen Pegel einzustellen. Das Paket beinhaltet 1x Mikrofon, 1x Stativ, 1x Sto\u00dfd\u00e4mpferhalterung, 1x USB-Kabel. Die Sto\u00dfd\u00e4mpferhalterung ist f\u00fcr Mikrofonarmstative (NICHT ENTHALTEN) konzipiert, sodass Sie verschiedene Verwendungsmethoden ausprobieren k\u00f6nnen.<br \/>\n<div class=\"main-cross-sell\" data-asin=\"B09PDGWMQ5\">\n\n\t<div class=\"WooZone-cross-sell-loader\">\n\t\t<div>\n\t\t\t<div id=\"floatingBarsG\">\n\t\t\t\t<div class=\"blockG\" id=\"rotateG_01\"><\/div>\n\t\t\t\t<div class=\"blockG\" id=\"rotateG_02\"><\/div>\n\t\t\t\t<div class=\"blockG\" id=\"rotateG_03\"><\/div>\n\t\t\t\t<div class=\"blockG\" id=\"rotateG_04\"><\/div>\n\t\t\t\t<div class=\"blockG\" id=\"rotateG_05\"><\/div>\n\t\t\t\t<div class=\"blockG\" id=\"rotateG_06\"><\/div>\n\t\t\t\t<div class=\"blockG\" id=\"rotateG_07\"><\/div>\n\t\t\t\t<div class=\"blockG\" id=\"rotateG_08\"><\/div>\n\t\t\t<\/div>\n\t\t\t<div class=\"WooZone-cross-sell-loader-text\"><\/div>\n\t\t<\/div>\n\t<\/div>\n\n\t\t\n<\/div>\n<div style=\"clear:both;\"><\/div><\/p>\n","protected":false},"excerpt":{"rendered":"<p>[RGB-Licht und multifunktionale Mute-Taste] Entworfen mit dynamischen Regenbogen-RGB-Lichtern, die sich w\u00e4hrend Ihrer Spiel- oder Aufnahmezeit automatisch \u00e4ndern. Eingebaute Multifunktions-Stummschalttaste, die den Status des Mikrofons und der RGB-Leuchten separat steuern kann. Kurz dr\u00fccken, um das Mikrofon zusammen mit den RGB-Leuchten ein-\/auszuschalten, lang dr\u00fccken, um nur die RGB-Leuchten ein-\/auszuschalten. Nie wieder vom Licht gest\u00f6rt, wenn man nur das Mikrofon braucht.<br \/>\n[Nierencharakteristik f\u00fcr HD-Sound] Um die beste Klangqualit\u00e4t zu erzielen, verwendet das TRM-10-Mikrofon eine Nierencharakteristik und den neuesten Chipsatz, um den Ton nur vorne aufzunehmen und die Umgebungsger\u00e4usche auf ein Minimum zu reduzieren. Bis zu 24 Bit \/ 96 kHz Analog-Digital-Wandlung liefert \u00fcppige Details.<br \/>\n[Echtzeit-\u00dcberwachung] Mit der Kopfh\u00f6rer-Monitor-Buchse auf der R\u00fcckseite ist es einfach, eine Echtzeit-\u00dcberwachung ohne verwirrendes Echo zu erhalten, sodass jedes Detail w\u00e4hrend des Gebrauchs \u00fcberpr\u00fcft werden kann. W\u00e4hrenddessen zeigt Ihnen die Monitorfunktion an, ob das Mikrofon ein- oder ausgeschaltet ist.<\/p>\n","protected":false},"featured_media":98619,"comment_status":"open","ping_status":"closed","template":"","meta":[],"product_brand":[],"product_cat":[863],"product_tag":[],"class_list":{"0":"post-98618","1":"product","2":"type-product","3":"status-publish","4":"has-post-thumbnail","6":"product_cat-computer-zubehoer","7":"pa_binding-elektronik","8":"pa_brand-treidek","9":"pa_manufacturer-treidek","11":"first","12":"instock","13":"shipping-taxable","14":"purchasable","15":"product-type-simple","16":"customify-col","17":"product-has-gallery"},"yoast_head":"<!-- This site is optimized with the Yoast SEO plugin v27.4 - https:\/\/yoast.com\/product\/yoast-seo-wordpress\/ -->\n<title>TREIDEK USB Mikrofon PC Gaming Mikrofon Kondensatormikrofon Plug &amp; Play Nierencharakteristik mit RGB LED, Stummschalter\u2026 - Markt-XXL<\/title>\n<meta name=\"description\" content=\"Markt-XXL TREIDEK USB Mikrofon PC Gaming Mikrofon Kondensatormikrofon Plug &amp; Play Nierencharakteristik mit RGB LED, Stummschalter\u2026\" \/>\n<meta name=\"robots\" content=\"index, follow, max-snippet:-1, max-image-preview:large, max-video-preview:-1\" \/>\n<link rel=\"canonical\" href=\"https:\/\/marktxxl.de\/markt\/produkt\/treidek-usb-mikrofon-pc-gaming-mikrofon-kondensatormikrofon-plug-play-nierencharakteristik-mit-rgb-led-stummschalter-stativ-shock-mount-fuer-pc-ps4-und-ps5-streaming-podcast-voice-over\/\" \/>\n<meta property=\"og:locale\" content=\"de_DE\" \/>\n<meta property=\"og:type\" content=\"article\" \/>\n<meta property=\"og:title\" content=\"TREIDEK USB Mikrofon PC Gaming Mikrofon Kondensatormikrofon Plug &amp; Play Nierencharakteristik mit RGB LED, Stummschalter\u2026 - Markt-XXL\" \/>\n<meta property=\"og:description\" content=\"Markt-XXL TREIDEK USB Mikrofon PC Gaming Mikrofon Kondensatormikrofon Plug &amp; Play Nierencharakteristik mit RGB LED, Stummschalter\u2026\" \/>\n<meta property=\"og:url\" content=\"https:\/\/marktxxl.de\/markt\/produkt\/treidek-usb-mikrofon-pc-gaming-mikrofon-kondensatormikrofon-plug-play-nierencharakteristik-mit-rgb-led-stummschalter-stativ-shock-mount-fuer-pc-ps4-und-ps5-streaming-podcast-voice-over\/\" \/>\n<meta property=\"og:site_name\" content=\"Markt-XXL\" \/>\n<meta property=\"article:modified_time\" content=\"2023-04-11T01:21:36+00:00\" \/>\n<meta property=\"og:image\" content=\"https:\/\/m.media-amazon.com\/images\/I\/31Vn-bKHR3L._SL500_.jpg\" \/>\n\t<meta property=\"og:image:width\" content=\"500\" \/>\n\t<meta property=\"og:image:height\" content=\"500\" \/>\n\t<meta property=\"og:image:type\" content=\"image\/jpeg\" \/>\n<meta name=\"twitter:card\" content=\"summary_large_image\" \/>\n<meta name=\"twitter:label1\" content=\"Gesch\u00e4tzte Lesezeit\" \/>\n\t<meta name=\"twitter:data1\" content=\"1\u00a0Minute\" \/>\n<script type=\"application\/ld+json\" class=\"yoast-schema-graph\">{\"@context\":\"https:\\\/\\\/schema.org\",\"@graph\":[{\"@type\":\"WebPage\",\"@id\":\"https:\\\/\\\/marktxxl.de\\\/markt\\\/produkt\\\/treidek-usb-mikrofon-pc-gaming-mikrofon-kondensatormikrofon-plug-play-nierencharakteristik-mit-rgb-led-stummschalter-stativ-shock-mount-fuer-pc-ps4-und-ps5-streaming-podcast-voice-over\\\/\",\"url\":\"https:\\\/\\\/marktxxl.de\\\/markt\\\/produkt\\\/treidek-usb-mikrofon-pc-gaming-mikrofon-kondensatormikrofon-plug-play-nierencharakteristik-mit-rgb-led-stummschalter-stativ-shock-mount-fuer-pc-ps4-und-ps5-streaming-podcast-voice-over\\\/\",\"name\":\"TREIDEK USB Mikrofon PC Gaming Mikrofon Kondensatormikrofon Plug &amp; Play Nierencharakteristik mit RGB LED, Stummschalter\u2026 - Markt-XXL\",\"isPartOf\":{\"@id\":\"https:\\\/\\\/marktxxl.de\\\/markt\\\/#website\"},\"primaryImageOfPage\":{\"@id\":\"https:\\\/\\\/marktxxl.de\\\/markt\\\/produkt\\\/treidek-usb-mikrofon-pc-gaming-mikrofon-kondensatormikrofon-plug-play-nierencharakteristik-mit-rgb-led-stummschalter-stativ-shock-mount-fuer-pc-ps4-und-ps5-streaming-podcast-voice-over\\\/#primaryimage\"},\"image\":{\"@id\":\"https:\\\/\\\/marktxxl.de\\\/markt\\\/produkt\\\/treidek-usb-mikrofon-pc-gaming-mikrofon-kondensatormikrofon-plug-play-nierencharakteristik-mit-rgb-led-stummschalter-stativ-shock-mount-fuer-pc-ps4-und-ps5-streaming-podcast-voice-over\\\/#primaryimage\"},\"thumbnailUrl\":\"https:\\\/\\\/m.media-amazon.com\\\/images\\\/I\\\/31Vn-bKHR3L._SL500_.jpg\",\"datePublished\":\"2022-01-27T14:04:03+00:00\",\"dateModified\":\"2023-04-11T01:21:36+00:00\",\"description\":\"Markt-XXL TREIDEK USB Mikrofon PC Gaming Mikrofon Kondensatormikrofon Plug &amp; Play Nierencharakteristik mit RGB LED, Stummschalter\u2026\",\"breadcrumb\":{\"@id\":\"https:\\\/\\\/marktxxl.de\\\/markt\\\/produkt\\\/treidek-usb-mikrofon-pc-gaming-mikrofon-kondensatormikrofon-plug-play-nierencharakteristik-mit-rgb-led-stummschalter-stativ-shock-mount-fuer-pc-ps4-und-ps5-streaming-podcast-voice-over\\\/#breadcrumb\"},\"inLanguage\":\"de\",\"potentialAction\":[{\"@type\":\"ReadAction\",\"target\":[\"https:\\\/\\\/marktxxl.de\\\/markt\\\/produkt\\\/treidek-usb-mikrofon-pc-gaming-mikrofon-kondensatormikrofon-plug-play-nierencharakteristik-mit-rgb-led-stummschalter-stativ-shock-mount-fuer-pc-ps4-und-ps5-streaming-podcast-voice-over\\\/\"]}]},{\"@type\":\"ImageObject\",\"inLanguage\":\"de\",\"@id\":\"https:\\\/\\\/marktxxl.de\\\/markt\\\/produkt\\\/treidek-usb-mikrofon-pc-gaming-mikrofon-kondensatormikrofon-plug-play-nierencharakteristik-mit-rgb-led-stummschalter-stativ-shock-mount-fuer-pc-ps4-und-ps5-streaming-podcast-voice-over\\\/#primaryimage\",\"url\":\"https:\\\/\\\/m.media-amazon.com\\\/images\\\/I\\\/31Vn-bKHR3L._SL500_.jpg\",\"contentUrl\":\"https:\\\/\\\/m.media-amazon.com\\\/images\\\/I\\\/31Vn-bKHR3L._SL500_.jpg\",\"width\":500,\"height\":500},{\"@type\":\"BreadcrumbList\",\"@id\":\"https:\\\/\\\/marktxxl.de\\\/markt\\\/produkt\\\/treidek-usb-mikrofon-pc-gaming-mikrofon-kondensatormikrofon-plug-play-nierencharakteristik-mit-rgb-led-stummschalter-stativ-shock-mount-fuer-pc-ps4-und-ps5-streaming-podcast-voice-over\\\/#breadcrumb\",\"itemListElement\":[{\"@type\":\"ListItem\",\"position\":1,\"name\":\"Startseite\",\"item\":\"https:\\\/\\\/marktxxl.de\\\/markt\\\/\"},{\"@type\":\"ListItem\",\"position\":2,\"name\":\"Markt\",\"item\":\"https:\\\/\\\/marktxxl.de\\\/markt\\\/\"},{\"@type\":\"ListItem\",\"position\":3,\"name\":\"TREIDEK USB Mikrofon PC Gaming Mikrofon Kondensatormikrofon Plug &amp; Play Nierencharakteristik mit RGB LED, Stummschalter\u2026\"}]},{\"@type\":\"WebSite\",\"@id\":\"https:\\\/\\\/marktxxl.de\\\/markt\\\/#website\",\"url\":\"https:\\\/\\\/marktxxl.de\\\/markt\\\/\",\"name\":\"Markt-XXL\",\"description\":\"Ihr Markt Online\",\"publisher\":{\"@id\":\"https:\\\/\\\/marktxxl.de\\\/markt\\\/#organization\"},\"potentialAction\":[{\"@type\":\"SearchAction\",\"target\":{\"@type\":\"EntryPoint\",\"urlTemplate\":\"https:\\\/\\\/marktxxl.de\\\/markt\\\/?s={search_term_string}\"},\"query-input\":{\"@type\":\"PropertyValueSpecification\",\"valueRequired\":true,\"valueName\":\"search_term_string\"}}],\"inLanguage\":\"de\"},{\"@type\":\"Organization\",\"@id\":\"https:\\\/\\\/marktxxl.de\\\/markt\\\/#organization\",\"name\":\"Markt-XXL\",\"url\":\"https:\\\/\\\/marktxxl.de\\\/markt\\\/\",\"logo\":{\"@type\":\"ImageObject\",\"inLanguage\":\"de\",\"@id\":\"https:\\\/\\\/marktxxl.de\\\/markt\\\/#\\\/schema\\\/logo\\\/image\\\/\",\"url\":\"https:\\\/\\\/marktxxl.de\\\/markt\\\/wp-content\\\/uploads\\\/sites\\\/3\\\/2020\\\/12\\\/logo.png\",\"contentUrl\":\"https:\\\/\\\/marktxxl.de\\\/markt\\\/wp-content\\\/uploads\\\/sites\\\/3\\\/2020\\\/12\\\/logo.png\",\"width\":200,\"height\":70,\"caption\":\"Markt-XXL\"},\"image\":{\"@id\":\"https:\\\/\\\/marktxxl.de\\\/markt\\\/#\\\/schema\\\/logo\\\/image\\\/\"}}]}<\/script>\n<!-- \/ Yoast SEO plugin. -->","yoast_head_json":{"title":"TREIDEK USB Mikrofon PC Gaming Mikrofon Kondensatormikrofon Plug &amp; Play Nierencharakteristik mit RGB LED, Stummschalter\u2026 - Markt-XXL","description":"Markt-XXL TREIDEK USB Mikrofon PC Gaming Mikrofon Kondensatormikrofon Plug &amp; Play Nierencharakteristik mit RGB LED, Stummschalter\u2026","robots":{"index":"index","follow":"follow","max-snippet":"max-snippet:-1","max-image-preview":"max-image-preview:large","max-video-preview":"max-video-preview:-1"},"canonical":"https:\/\/marktxxl.de\/markt\/produkt\/treidek-usb-mikrofon-pc-gaming-mikrofon-kondensatormikrofon-plug-play-nierencharakteristik-mit-rgb-led-stummschalter-stativ-shock-mount-fuer-pc-ps4-und-ps5-streaming-podcast-voice-over\/","og_locale":"de_DE","og_type":"article","og_title":"TREIDEK USB Mikrofon PC Gaming Mikrofon Kondensatormikrofon Plug &amp; Play Nierencharakteristik mit RGB LED, Stummschalter\u2026 - Markt-XXL","og_description":"Markt-XXL TREIDEK USB Mikrofon PC Gaming Mikrofon Kondensatormikrofon Plug &amp; Play Nierencharakteristik mit RGB LED, Stummschalter\u2026","og_url":"https:\/\/marktxxl.de\/markt\/produkt\/treidek-usb-mikrofon-pc-gaming-mikrofon-kondensatormikrofon-plug-play-nierencharakteristik-mit-rgb-led-stummschalter-stativ-shock-mount-fuer-pc-ps4-und-ps5-streaming-podcast-voice-over\/","og_site_name":"Markt-XXL","article_modified_time":"2023-04-11T01:21:36+00:00","og_image":[{"width":500,"height":500,"url":"https:\/\/m.media-amazon.com\/images\/I\/31Vn-bKHR3L._SL500_.jpg","type":"image\/jpeg"}],"twitter_card":"summary_large_image","twitter_misc":{"Gesch\u00e4tzte Lesezeit":"1\u00a0Minute"},"schema":{"@context":"https:\/\/schema.org","@graph":[{"@type":"WebPage","@id":"https:\/\/marktxxl.de\/markt\/produkt\/treidek-usb-mikrofon-pc-gaming-mikrofon-kondensatormikrofon-plug-play-nierencharakteristik-mit-rgb-led-stummschalter-stativ-shock-mount-fuer-pc-ps4-und-ps5-streaming-podcast-voice-over\/","url":"https:\/\/marktxxl.de\/markt\/produkt\/treidek-usb-mikrofon-pc-gaming-mikrofon-kondensatormikrofon-plug-play-nierencharakteristik-mit-rgb-led-stummschalter-stativ-shock-mount-fuer-pc-ps4-und-ps5-streaming-podcast-voice-over\/","name":"TREIDEK USB Mikrofon PC Gaming Mikrofon Kondensatormikrofon Plug &amp; Play Nierencharakteristik mit RGB LED, Stummschalter\u2026 - Markt-XXL","isPartOf":{"@id":"https:\/\/marktxxl.de\/markt\/#website"},"primaryImageOfPage":{"@id":"https:\/\/marktxxl.de\/markt\/produkt\/treidek-usb-mikrofon-pc-gaming-mikrofon-kondensatormikrofon-plug-play-nierencharakteristik-mit-rgb-led-stummschalter-stativ-shock-mount-fuer-pc-ps4-und-ps5-streaming-podcast-voice-over\/#primaryimage"},"image":{"@id":"https:\/\/marktxxl.de\/markt\/produkt\/treidek-usb-mikrofon-pc-gaming-mikrofon-kondensatormikrofon-plug-play-nierencharakteristik-mit-rgb-led-stummschalter-stativ-shock-mount-fuer-pc-ps4-und-ps5-streaming-podcast-voice-over\/#primaryimage"},"thumbnailUrl":"https:\/\/m.media-amazon.com\/images\/I\/31Vn-bKHR3L._SL500_.jpg","datePublished":"2022-01-27T14:04:03+00:00","dateModified":"2023-04-11T01:21:36+00:00","description":"Markt-XXL TREIDEK USB Mikrofon PC Gaming Mikrofon Kondensatormikrofon Plug &amp; Play Nierencharakteristik mit RGB LED, Stummschalter\u2026","breadcrumb":{"@id":"https:\/\/marktxxl.de\/markt\/produkt\/treidek-usb-mikrofon-pc-gaming-mikrofon-kondensatormikrofon-plug-play-nierencharakteristik-mit-rgb-led-stummschalter-stativ-shock-mount-fuer-pc-ps4-und-ps5-streaming-podcast-voice-over\/#breadcrumb"},"inLanguage":"de","potentialAction":[{"@type":"ReadAction","target":["https:\/\/marktxxl.de\/markt\/produkt\/treidek-usb-mikrofon-pc-gaming-mikrofon-kondensatormikrofon-plug-play-nierencharakteristik-mit-rgb-led-stummschalter-stativ-shock-mount-fuer-pc-ps4-und-ps5-streaming-podcast-voice-over\/"]}]},{"@type":"ImageObject","inLanguage":"de","@id":"https:\/\/marktxxl.de\/markt\/produkt\/treidek-usb-mikrofon-pc-gaming-mikrofon-kondensatormikrofon-plug-play-nierencharakteristik-mit-rgb-led-stummschalter-stativ-shock-mount-fuer-pc-ps4-und-ps5-streaming-podcast-voice-over\/#primaryimage","url":"https:\/\/m.media-amazon.com\/images\/I\/31Vn-bKHR3L._SL500_.jpg","contentUrl":"https:\/\/m.media-amazon.com\/images\/I\/31Vn-bKHR3L._SL500_.jpg","width":500,"height":500},{"@type":"BreadcrumbList","@id":"https:\/\/marktxxl.de\/markt\/produkt\/treidek-usb-mikrofon-pc-gaming-mikrofon-kondensatormikrofon-plug-play-nierencharakteristik-mit-rgb-led-stummschalter-stativ-shock-mount-fuer-pc-ps4-und-ps5-streaming-podcast-voice-over\/#breadcrumb","itemListElement":[{"@type":"ListItem","position":1,"name":"Startseite","item":"https:\/\/marktxxl.de\/markt\/"},{"@type":"ListItem","position":2,"name":"Markt","item":"https:\/\/marktxxl.de\/markt\/"},{"@type":"ListItem","position":3,"name":"TREIDEK USB Mikrofon PC Gaming Mikrofon Kondensatormikrofon Plug &amp; Play Nierencharakteristik mit RGB LED, Stummschalter\u2026"}]},{"@type":"WebSite","@id":"https:\/\/marktxxl.de\/markt\/#website","url":"https:\/\/marktxxl.de\/markt\/","name":"Markt-XXL","description":"Ihr Markt Online","publisher":{"@id":"https:\/\/marktxxl.de\/markt\/#organization"},"potentialAction":[{"@type":"SearchAction","target":{"@type":"EntryPoint","urlTemplate":"https:\/\/marktxxl.de\/markt\/?s={search_term_string}"},"query-input":{"@type":"PropertyValueSpecification","valueRequired":true,"valueName":"search_term_string"}}],"inLanguage":"de"},{"@type":"Organization","@id":"https:\/\/marktxxl.de\/markt\/#organization","name":"Markt-XXL","url":"https:\/\/marktxxl.de\/markt\/","logo":{"@type":"ImageObject","inLanguage":"de","@id":"https:\/\/marktxxl.de\/markt\/#\/schema\/logo\/image\/","url":"https:\/\/marktxxl.de\/markt\/wp-content\/uploads\/sites\/3\/2020\/12\/logo.png","contentUrl":"https:\/\/marktxxl.de\/markt\/wp-content\/uploads\/sites\/3\/2020\/12\/logo.png","width":200,"height":70,"caption":"Markt-XXL"},"image":{"@id":"https:\/\/marktxxl.de\/markt\/#\/schema\/logo\/image\/"}}]}},"_links":{"self":[{"href":"https:\/\/marktxxl.de\/markt\/wp-json\/wp\/v2\/product\/98618","targetHints":{"allow":["GET"]}}],"collection":[{"href":"https:\/\/marktxxl.de\/markt\/wp-json\/wp\/v2\/product"}],"about":[{"href":"https:\/\/marktxxl.de\/markt\/wp-json\/wp\/v2\/types\/product"}],"replies":[{"embeddable":true,"href":"https:\/\/marktxxl.de\/markt\/wp-json\/wp\/v2\/comments?post=98618"}],"wp:featuredmedia":[{"embeddable":true,"href":"https:\/\/marktxxl.de\/markt\/wp-json\/wp\/v2\/media\/98619"}],"wp:attachment":[{"href":"https:\/\/marktxxl.de\/markt\/wp-json\/wp\/v2\/media?parent=98618"}],"wp:term":[{"taxonomy":"product_brand","embeddable":true,"href":"https:\/\/marktxxl.de\/markt\/wp-json\/wp\/v2\/product_brand?post=98618"},{"taxonomy":"product_cat","embeddable":true,"href":"https:\/\/marktxxl.de\/markt\/wp-json\/wp\/v2\/product_cat?post=98618"},{"taxonomy":"product_tag","embeddable":true,"href":"https:\/\/marktxxl.de\/markt\/wp-json\/wp\/v2\/product_tag?post=98618"}],"curies":[{"name":"wp","href":"https:\/\/api.w.org\/{rel}","templated":true}]}}