{"id":98041,"date":"2022-01-27T14:39:31","date_gmt":"2022-01-27T13:39:31","guid":{"rendered":"https:\/\/marktxxl.de\/markt\/produkt\/e27-led-lampe-lightnum-9w-led-birne-ersetzt-60w-halogenlampen-edison-gluehbirne-e27-a60-led-leuchtmittel-matt-kolbenform-nicht-dimmbar\/"},"modified":"2023-04-08T02:49:44","modified_gmt":"2023-04-08T00:49:44","slug":"e27-led-lampe-lightnum-9w-led-birne-ersetzt-60w-halogenlampen-edison-gluehbirne-e27-a60-led-leuchtmittel-matt-kolbenform-nicht-dimmbar","status":"publish","type":"product","link":"https:\/\/marktxxl.de\/markt\/produkt\/e27-led-lampe-lightnum-9w-led-birne-ersetzt-60w-halogenlampen-edison-gluehbirne-e27-a60-led-leuchtmittel-matt-kolbenform-nicht-dimmbar\/","title":{"rendered":"E27 LED Warmweiss, LIGHTNUM 9W LED Birne Ersetzt 60W Halogenlampen, 806 Lumen, 2700K Warmwei\u00df, Matt, Kolbenform, E27 LED\u2026"},"content":{"rendered":"<p>\u3010Energieeinsparung und niedriger Verbrauch\u3011 Im Vergleich zu den 60-W-Halogenlampen k\u00f6nnen die 9-W-E27-Gl\u00fchbirnen von Lightnum bis zu 90% der Stromrechnung sparen. Die Lebensdauer betr\u00e4gt bis zu 25.000 Stunden, was die Kosten reduziert, indem die H\u00e4ufigkeit des Austauschs reduziert wird<br \/>\n\u3010Einfach zu installieren, sofort starten\u3011 Die Gl\u00fchbirne kann einfach an der E27-Schraub-Lampenfassung installiert werden, um alte Gl\u00fchbirnen zu ersetzen. Erw\u00e4rmen Sie sich auf volle Helligkeit ohne Wartezeit. Es ist geeignet f\u00fcr K\u00fcche, Wohnzimmer, Schlafzimmer, Flur, Deckenlampe, Streuer, Kronleuchter, Tischlampe, Stehlampe, Nachttischlampe usw<br \/>\nPerfekte Beleuchtung, kein Flimmern und kein Ger\u00e4usch: CRI &gt; 80, bietet lebendige und nat\u00fcrliche Farben. Der Abstrahlwinkel von 180\u00b0 bietet eine ziemlich breite Streuung, die den gesamten Raum ohne Schatten beleuchtet. 806LM, 2700K warmes Licht \/ 5000 kaltes Leuchtmittel schaffen eine helle und komfortable Atmosph\u00e4re. Kein Flimmern, kein Summen<br \/>\n\u3010Sicherheitsqualit\u00e4t\u3011 Die Energiesparlampen bestehen aus hochwertigen Materialien (Kunststoff und Aluminium), bleifrei, quecksilberfrei, und keine UV- oder Infrarotstrahlung. Die Gl\u00fchbirnen haben die UKCE-Zertifizierung bestanden und sind sicher f\u00fcr Ihr Zuhause und die Umwelt<br \/>\n\u3010Risikofreier Kauf\u3011Innerhalb eines Jahres ab dem Kaufdatum werden wir f\u00fcr alle Qualit\u00e4tsprobleme mit Lightnum-LED-Lampen verantwortlich. Wenn Sie Fragen zum Produkt haben, kontaktieren Sie bitte unseren Kundenservice, wir werden Ihnen innerhalb von 24 Stunden antworten<br \/>\n<div class=\"main-cross-sell\" data-asin=\"B09BF665MD\">\n\n\t<div class=\"WooZone-cross-sell-loader\">\n\t\t<div>\n\t\t\t<div id=\"floatingBarsG\">\n\t\t\t\t<div class=\"blockG\" id=\"rotateG_01\"><\/div>\n\t\t\t\t<div class=\"blockG\" id=\"rotateG_02\"><\/div>\n\t\t\t\t<div class=\"blockG\" id=\"rotateG_03\"><\/div>\n\t\t\t\t<div class=\"blockG\" id=\"rotateG_04\"><\/div>\n\t\t\t\t<div class=\"blockG\" id=\"rotateG_05\"><\/div>\n\t\t\t\t<div class=\"blockG\" id=\"rotateG_06\"><\/div>\n\t\t\t\t<div class=\"blockG\" id=\"rotateG_07\"><\/div>\n\t\t\t\t<div class=\"blockG\" id=\"rotateG_08\"><\/div>\n\t\t\t<\/div>\n\t\t\t<div class=\"WooZone-cross-sell-loader-text\"><\/div>\n\t\t<\/div>\n\t<\/div>\n\n\t\t\n<\/div>\n<div style=\"clear:both;\"><\/div><\/p>\n","protected":false},"excerpt":{"rendered":"<p>\u3010Energieeinsparung und niedriger Verbrauch\u3011 Im Vergleich zu den 60-W-Halogenlampen k\u00f6nnen die 9-W-E27-Gl\u00fchbirnen von Lightnum bis zu 90% der Stromrechnung sparen. Die Lebensdauer betr\u00e4gt bis zu 25.000 Stunden, was die Kosten reduziert, indem die H\u00e4ufigkeit des Austauschs reduziert wird<br \/>\n\u3010Einfach zu installieren, sofort starten\u3011 Die Gl\u00fchbirne kann einfach an der E27-Schraub-Lampenfassung installiert werden, um alte Gl\u00fchbirnen zu ersetzen. Erw\u00e4rmen Sie sich auf volle Helligkeit ohne Wartezeit. Es ist geeignet f\u00fcr K\u00fcche, Wohnzimmer, Schlafzimmer, Flur, Deckenlampe, Streuer, Kronleuchter, Tischlampe, Stehlampe, Nachttischlampe usw<br \/>\nPerfekte Beleuchtung, kein Flimmern und kein Ger\u00e4usch: CRI &gt; 80, bietet lebendige und nat\u00fcrliche Farben. Der Abstrahlwinkel von 180\u00b0 bietet eine ziemlich breite Streuung, die den gesamten Raum ohne Schatten beleuchtet. 806LM, 2700K warmes Licht \/ 5000 kaltes Leuchtmittel schaffen eine helle und komfortable Atmosph\u00e4re. Kein Flimmern, kein Summen<\/p>\n","protected":false},"featured_media":98042,"comment_status":"open","ping_status":"closed","template":"","meta":[],"product_brand":[],"product_cat":[2108,11521],"product_tag":[],"class_list":{"0":"post-98041","1":"product","2":"type-product","3":"status-publish","4":"has-post-thumbnail","6":"product_cat-beleuchtung","7":"product_cat-leuchtmittel","8":"pa_brand-lightnum","9":"pa_height-4-3-zoll","10":"pa_length-2-4-zoll","11":"pa_manufacturer-lightnum","12":"pa_width-2-4-zoll","14":"first","15":"instock","16":"shipping-taxable","17":"purchasable","18":"product-type-simple","19":"customify-col","20":"product-has-gallery"},"yoast_head":"<!-- This site is optimized with the Yoast SEO plugin v27.4 - https:\/\/yoast.com\/product\/yoast-seo-wordpress\/ -->\n<title>E27 LED Warmweiss, LIGHTNUM 9W LED Birne Ersetzt 60W Halogenlampen, 806 Lumen, 2700K Warmwei\u00df, Matt, Kolbenform, E27 LED\u2026 - Markt-XXL<\/title>\n<meta name=\"description\" content=\"Markt-XXL E27 LED Warmweiss, LIGHTNUM 9W LED Birne Ersetzt 60W Halogenlampen, 806 Lumen, 2700K Warmwei\u00df, Matt, Kolbenform, E27 LED\u2026\" \/>\n<meta name=\"robots\" content=\"index, follow, max-snippet:-1, max-image-preview:large, max-video-preview:-1\" \/>\n<link rel=\"canonical\" href=\"https:\/\/marktxxl.de\/markt\/produkt\/e27-led-lampe-lightnum-9w-led-birne-ersetzt-60w-halogenlampen-edison-gluehbirne-e27-a60-led-leuchtmittel-matt-kolbenform-nicht-dimmbar\/\" \/>\n<meta property=\"og:locale\" content=\"de_DE\" \/>\n<meta property=\"og:type\" content=\"article\" \/>\n<meta property=\"og:title\" content=\"E27 LED Warmweiss, LIGHTNUM 9W LED Birne Ersetzt 60W Halogenlampen, 806 Lumen, 2700K Warmwei\u00df, Matt, Kolbenform, E27 LED\u2026 - Markt-XXL\" \/>\n<meta property=\"og:description\" content=\"Markt-XXL E27 LED Warmweiss, LIGHTNUM 9W LED Birne Ersetzt 60W Halogenlampen, 806 Lumen, 2700K Warmwei\u00df, Matt, Kolbenform, E27 LED\u2026\" \/>\n<meta property=\"og:url\" content=\"https:\/\/marktxxl.de\/markt\/produkt\/e27-led-lampe-lightnum-9w-led-birne-ersetzt-60w-halogenlampen-edison-gluehbirne-e27-a60-led-leuchtmittel-matt-kolbenform-nicht-dimmbar\/\" \/>\n<meta property=\"og:site_name\" content=\"Markt-XXL\" \/>\n<meta property=\"article:modified_time\" content=\"2023-04-08T00:49:44+00:00\" \/>\n<meta property=\"og:image\" content=\"https:\/\/m.media-amazon.com\/images\/I\/41ukzhZESdS._SL500_.jpg\" \/>\n\t<meta property=\"og:image:width\" content=\"500\" \/>\n\t<meta property=\"og:image:height\" content=\"500\" \/>\n\t<meta property=\"og:image:type\" content=\"image\/jpeg\" \/>\n<meta name=\"twitter:card\" content=\"summary_large_image\" \/>\n<meta name=\"twitter:label1\" content=\"Gesch\u00e4tzte Lesezeit\" \/>\n\t<meta name=\"twitter:data1\" content=\"1\u00a0Minute\" \/>\n<script type=\"application\/ld+json\" class=\"yoast-schema-graph\">{\"@context\":\"https:\\\/\\\/schema.org\",\"@graph\":[{\"@type\":\"WebPage\",\"@id\":\"https:\\\/\\\/marktxxl.de\\\/markt\\\/produkt\\\/e27-led-lampe-lightnum-9w-led-birne-ersetzt-60w-halogenlampen-edison-gluehbirne-e27-a60-led-leuchtmittel-matt-kolbenform-nicht-dimmbar\\\/\",\"url\":\"https:\\\/\\\/marktxxl.de\\\/markt\\\/produkt\\\/e27-led-lampe-lightnum-9w-led-birne-ersetzt-60w-halogenlampen-edison-gluehbirne-e27-a60-led-leuchtmittel-matt-kolbenform-nicht-dimmbar\\\/\",\"name\":\"E27 LED Warmweiss, LIGHTNUM 9W LED Birne Ersetzt 60W Halogenlampen, 806 Lumen, 2700K Warmwei\u00df, Matt, Kolbenform, E27 LED\u2026 - Markt-XXL\",\"isPartOf\":{\"@id\":\"https:\\\/\\\/marktxxl.de\\\/markt\\\/#website\"},\"primaryImageOfPage\":{\"@id\":\"https:\\\/\\\/marktxxl.de\\\/markt\\\/produkt\\\/e27-led-lampe-lightnum-9w-led-birne-ersetzt-60w-halogenlampen-edison-gluehbirne-e27-a60-led-leuchtmittel-matt-kolbenform-nicht-dimmbar\\\/#primaryimage\"},\"image\":{\"@id\":\"https:\\\/\\\/marktxxl.de\\\/markt\\\/produkt\\\/e27-led-lampe-lightnum-9w-led-birne-ersetzt-60w-halogenlampen-edison-gluehbirne-e27-a60-led-leuchtmittel-matt-kolbenform-nicht-dimmbar\\\/#primaryimage\"},\"thumbnailUrl\":\"https:\\\/\\\/m.media-amazon.com\\\/images\\\/I\\\/41ukzhZESdS._SL500_.jpg\",\"datePublished\":\"2022-01-27T13:39:31+00:00\",\"dateModified\":\"2023-04-08T00:49:44+00:00\",\"description\":\"Markt-XXL E27 LED Warmweiss, LIGHTNUM 9W LED Birne Ersetzt 60W Halogenlampen, 806 Lumen, 2700K Warmwei\u00df, Matt, Kolbenform, E27 LED\u2026\",\"breadcrumb\":{\"@id\":\"https:\\\/\\\/marktxxl.de\\\/markt\\\/produkt\\\/e27-led-lampe-lightnum-9w-led-birne-ersetzt-60w-halogenlampen-edison-gluehbirne-e27-a60-led-leuchtmittel-matt-kolbenform-nicht-dimmbar\\\/#breadcrumb\"},\"inLanguage\":\"de\",\"potentialAction\":[{\"@type\":\"ReadAction\",\"target\":[\"https:\\\/\\\/marktxxl.de\\\/markt\\\/produkt\\\/e27-led-lampe-lightnum-9w-led-birne-ersetzt-60w-halogenlampen-edison-gluehbirne-e27-a60-led-leuchtmittel-matt-kolbenform-nicht-dimmbar\\\/\"]}]},{\"@type\":\"ImageObject\",\"inLanguage\":\"de\",\"@id\":\"https:\\\/\\\/marktxxl.de\\\/markt\\\/produkt\\\/e27-led-lampe-lightnum-9w-led-birne-ersetzt-60w-halogenlampen-edison-gluehbirne-e27-a60-led-leuchtmittel-matt-kolbenform-nicht-dimmbar\\\/#primaryimage\",\"url\":\"https:\\\/\\\/m.media-amazon.com\\\/images\\\/I\\\/41ukzhZESdS._SL500_.jpg\",\"contentUrl\":\"https:\\\/\\\/m.media-amazon.com\\\/images\\\/I\\\/41ukzhZESdS._SL500_.jpg\",\"width\":500,\"height\":500},{\"@type\":\"BreadcrumbList\",\"@id\":\"https:\\\/\\\/marktxxl.de\\\/markt\\\/produkt\\\/e27-led-lampe-lightnum-9w-led-birne-ersetzt-60w-halogenlampen-edison-gluehbirne-e27-a60-led-leuchtmittel-matt-kolbenform-nicht-dimmbar\\\/#breadcrumb\",\"itemListElement\":[{\"@type\":\"ListItem\",\"position\":1,\"name\":\"Startseite\",\"item\":\"https:\\\/\\\/marktxxl.de\\\/markt\\\/\"},{\"@type\":\"ListItem\",\"position\":2,\"name\":\"Markt\",\"item\":\"https:\\\/\\\/marktxxl.de\\\/markt\\\/\"},{\"@type\":\"ListItem\",\"position\":3,\"name\":\"E27 LED Warmweiss, LIGHTNUM 9W LED Birne Ersetzt 60W Halogenlampen, 806 Lumen, 2700K Warmwei\u00df, Matt, Kolbenform, E27 LED\u2026\"}]},{\"@type\":\"WebSite\",\"@id\":\"https:\\\/\\\/marktxxl.de\\\/markt\\\/#website\",\"url\":\"https:\\\/\\\/marktxxl.de\\\/markt\\\/\",\"name\":\"Markt-XXL\",\"description\":\"Ihr Markt Online\",\"publisher\":{\"@id\":\"https:\\\/\\\/marktxxl.de\\\/markt\\\/#organization\"},\"potentialAction\":[{\"@type\":\"SearchAction\",\"target\":{\"@type\":\"EntryPoint\",\"urlTemplate\":\"https:\\\/\\\/marktxxl.de\\\/markt\\\/?s={search_term_string}\"},\"query-input\":{\"@type\":\"PropertyValueSpecification\",\"valueRequired\":true,\"valueName\":\"search_term_string\"}}],\"inLanguage\":\"de\"},{\"@type\":\"Organization\",\"@id\":\"https:\\\/\\\/marktxxl.de\\\/markt\\\/#organization\",\"name\":\"Markt-XXL\",\"url\":\"https:\\\/\\\/marktxxl.de\\\/markt\\\/\",\"logo\":{\"@type\":\"ImageObject\",\"inLanguage\":\"de\",\"@id\":\"https:\\\/\\\/marktxxl.de\\\/markt\\\/#\\\/schema\\\/logo\\\/image\\\/\",\"url\":\"https:\\\/\\\/marktxxl.de\\\/markt\\\/wp-content\\\/uploads\\\/sites\\\/3\\\/2020\\\/12\\\/logo.png\",\"contentUrl\":\"https:\\\/\\\/marktxxl.de\\\/markt\\\/wp-content\\\/uploads\\\/sites\\\/3\\\/2020\\\/12\\\/logo.png\",\"width\":200,\"height\":70,\"caption\":\"Markt-XXL\"},\"image\":{\"@id\":\"https:\\\/\\\/marktxxl.de\\\/markt\\\/#\\\/schema\\\/logo\\\/image\\\/\"}}]}<\/script>\n<!-- \/ Yoast SEO plugin. -->","yoast_head_json":{"title":"E27 LED Warmweiss, LIGHTNUM 9W LED Birne Ersetzt 60W Halogenlampen, 806 Lumen, 2700K Warmwei\u00df, Matt, Kolbenform, E27 LED\u2026 - Markt-XXL","description":"Markt-XXL E27 LED Warmweiss, LIGHTNUM 9W LED Birne Ersetzt 60W Halogenlampen, 806 Lumen, 2700K Warmwei\u00df, Matt, Kolbenform, E27 LED\u2026","robots":{"index":"index","follow":"follow","max-snippet":"max-snippet:-1","max-image-preview":"max-image-preview:large","max-video-preview":"max-video-preview:-1"},"canonical":"https:\/\/marktxxl.de\/markt\/produkt\/e27-led-lampe-lightnum-9w-led-birne-ersetzt-60w-halogenlampen-edison-gluehbirne-e27-a60-led-leuchtmittel-matt-kolbenform-nicht-dimmbar\/","og_locale":"de_DE","og_type":"article","og_title":"E27 LED Warmweiss, LIGHTNUM 9W LED Birne Ersetzt 60W Halogenlampen, 806 Lumen, 2700K Warmwei\u00df, Matt, Kolbenform, E27 LED\u2026 - Markt-XXL","og_description":"Markt-XXL E27 LED Warmweiss, LIGHTNUM 9W LED Birne Ersetzt 60W Halogenlampen, 806 Lumen, 2700K Warmwei\u00df, Matt, Kolbenform, E27 LED\u2026","og_url":"https:\/\/marktxxl.de\/markt\/produkt\/e27-led-lampe-lightnum-9w-led-birne-ersetzt-60w-halogenlampen-edison-gluehbirne-e27-a60-led-leuchtmittel-matt-kolbenform-nicht-dimmbar\/","og_site_name":"Markt-XXL","article_modified_time":"2023-04-08T00:49:44+00:00","og_image":[{"width":500,"height":500,"url":"https:\/\/m.media-amazon.com\/images\/I\/41ukzhZESdS._SL500_.jpg","type":"image\/jpeg"}],"twitter_card":"summary_large_image","twitter_misc":{"Gesch\u00e4tzte Lesezeit":"1\u00a0Minute"},"schema":{"@context":"https:\/\/schema.org","@graph":[{"@type":"WebPage","@id":"https:\/\/marktxxl.de\/markt\/produkt\/e27-led-lampe-lightnum-9w-led-birne-ersetzt-60w-halogenlampen-edison-gluehbirne-e27-a60-led-leuchtmittel-matt-kolbenform-nicht-dimmbar\/","url":"https:\/\/marktxxl.de\/markt\/produkt\/e27-led-lampe-lightnum-9w-led-birne-ersetzt-60w-halogenlampen-edison-gluehbirne-e27-a60-led-leuchtmittel-matt-kolbenform-nicht-dimmbar\/","name":"E27 LED Warmweiss, LIGHTNUM 9W LED Birne Ersetzt 60W Halogenlampen, 806 Lumen, 2700K Warmwei\u00df, Matt, Kolbenform, E27 LED\u2026 - Markt-XXL","isPartOf":{"@id":"https:\/\/marktxxl.de\/markt\/#website"},"primaryImageOfPage":{"@id":"https:\/\/marktxxl.de\/markt\/produkt\/e27-led-lampe-lightnum-9w-led-birne-ersetzt-60w-halogenlampen-edison-gluehbirne-e27-a60-led-leuchtmittel-matt-kolbenform-nicht-dimmbar\/#primaryimage"},"image":{"@id":"https:\/\/marktxxl.de\/markt\/produkt\/e27-led-lampe-lightnum-9w-led-birne-ersetzt-60w-halogenlampen-edison-gluehbirne-e27-a60-led-leuchtmittel-matt-kolbenform-nicht-dimmbar\/#primaryimage"},"thumbnailUrl":"https:\/\/m.media-amazon.com\/images\/I\/41ukzhZESdS._SL500_.jpg","datePublished":"2022-01-27T13:39:31+00:00","dateModified":"2023-04-08T00:49:44+00:00","description":"Markt-XXL E27 LED Warmweiss, LIGHTNUM 9W LED Birne Ersetzt 60W Halogenlampen, 806 Lumen, 2700K Warmwei\u00df, Matt, Kolbenform, E27 LED\u2026","breadcrumb":{"@id":"https:\/\/marktxxl.de\/markt\/produkt\/e27-led-lampe-lightnum-9w-led-birne-ersetzt-60w-halogenlampen-edison-gluehbirne-e27-a60-led-leuchtmittel-matt-kolbenform-nicht-dimmbar\/#breadcrumb"},"inLanguage":"de","potentialAction":[{"@type":"ReadAction","target":["https:\/\/marktxxl.de\/markt\/produkt\/e27-led-lampe-lightnum-9w-led-birne-ersetzt-60w-halogenlampen-edison-gluehbirne-e27-a60-led-leuchtmittel-matt-kolbenform-nicht-dimmbar\/"]}]},{"@type":"ImageObject","inLanguage":"de","@id":"https:\/\/marktxxl.de\/markt\/produkt\/e27-led-lampe-lightnum-9w-led-birne-ersetzt-60w-halogenlampen-edison-gluehbirne-e27-a60-led-leuchtmittel-matt-kolbenform-nicht-dimmbar\/#primaryimage","url":"https:\/\/m.media-amazon.com\/images\/I\/41ukzhZESdS._SL500_.jpg","contentUrl":"https:\/\/m.media-amazon.com\/images\/I\/41ukzhZESdS._SL500_.jpg","width":500,"height":500},{"@type":"BreadcrumbList","@id":"https:\/\/marktxxl.de\/markt\/produkt\/e27-led-lampe-lightnum-9w-led-birne-ersetzt-60w-halogenlampen-edison-gluehbirne-e27-a60-led-leuchtmittel-matt-kolbenform-nicht-dimmbar\/#breadcrumb","itemListElement":[{"@type":"ListItem","position":1,"name":"Startseite","item":"https:\/\/marktxxl.de\/markt\/"},{"@type":"ListItem","position":2,"name":"Markt","item":"https:\/\/marktxxl.de\/markt\/"},{"@type":"ListItem","position":3,"name":"E27 LED Warmweiss, LIGHTNUM 9W LED Birne Ersetzt 60W Halogenlampen, 806 Lumen, 2700K Warmwei\u00df, Matt, Kolbenform, E27 LED\u2026"}]},{"@type":"WebSite","@id":"https:\/\/marktxxl.de\/markt\/#website","url":"https:\/\/marktxxl.de\/markt\/","name":"Markt-XXL","description":"Ihr Markt Online","publisher":{"@id":"https:\/\/marktxxl.de\/markt\/#organization"},"potentialAction":[{"@type":"SearchAction","target":{"@type":"EntryPoint","urlTemplate":"https:\/\/marktxxl.de\/markt\/?s={search_term_string}"},"query-input":{"@type":"PropertyValueSpecification","valueRequired":true,"valueName":"search_term_string"}}],"inLanguage":"de"},{"@type":"Organization","@id":"https:\/\/marktxxl.de\/markt\/#organization","name":"Markt-XXL","url":"https:\/\/marktxxl.de\/markt\/","logo":{"@type":"ImageObject","inLanguage":"de","@id":"https:\/\/marktxxl.de\/markt\/#\/schema\/logo\/image\/","url":"https:\/\/marktxxl.de\/markt\/wp-content\/uploads\/sites\/3\/2020\/12\/logo.png","contentUrl":"https:\/\/marktxxl.de\/markt\/wp-content\/uploads\/sites\/3\/2020\/12\/logo.png","width":200,"height":70,"caption":"Markt-XXL"},"image":{"@id":"https:\/\/marktxxl.de\/markt\/#\/schema\/logo\/image\/"}}]}},"_links":{"self":[{"href":"https:\/\/marktxxl.de\/markt\/wp-json\/wp\/v2\/product\/98041","targetHints":{"allow":["GET"]}}],"collection":[{"href":"https:\/\/marktxxl.de\/markt\/wp-json\/wp\/v2\/product"}],"about":[{"href":"https:\/\/marktxxl.de\/markt\/wp-json\/wp\/v2\/types\/product"}],"replies":[{"embeddable":true,"href":"https:\/\/marktxxl.de\/markt\/wp-json\/wp\/v2\/comments?post=98041"}],"wp:featuredmedia":[{"embeddable":true,"href":"https:\/\/marktxxl.de\/markt\/wp-json\/wp\/v2\/media\/98042"}],"wp:attachment":[{"href":"https:\/\/marktxxl.de\/markt\/wp-json\/wp\/v2\/media?parent=98041"}],"wp:term":[{"taxonomy":"product_brand","embeddable":true,"href":"https:\/\/marktxxl.de\/markt\/wp-json\/wp\/v2\/product_brand?post=98041"},{"taxonomy":"product_cat","embeddable":true,"href":"https:\/\/marktxxl.de\/markt\/wp-json\/wp\/v2\/product_cat?post=98041"},{"taxonomy":"product_tag","embeddable":true,"href":"https:\/\/marktxxl.de\/markt\/wp-json\/wp\/v2\/product_tag?post=98041"}],"curies":[{"name":"wp","href":"https:\/\/api.w.org\/{rel}","templated":true}]}}