{"id":97873,"date":"2022-01-27T14:34:02","date_gmt":"2022-01-27T13:34:02","guid":{"rendered":"https:\/\/marktxxl.de\/markt\/produkt\/leselampe-buch-klemme-teampd-klemmlampe-usb-wiederaufladbare-6-leds-buchlampe-mit-3-farbtemperatur-360-flexibel-augenschutz-mini-dimmbare-klemmleuchte-fuer-bettnacht-lesenschwarz\/"},"modified":"2023-04-08T02:49:42","modified_gmt":"2023-04-08T00:49:42","slug":"leselampe-buch-klemme-teampd-klemmlampe-usb-wiederaufladbare-6-leds-buchlampe-mit-3-farbtemperatur-360-flexibel-augenschutz-mini-dimmbare-klemmleuchte-fuer-bettnacht-lesenschwarz","status":"publish","type":"product","link":"https:\/\/marktxxl.de\/markt\/produkt\/leselampe-buch-klemme-teampd-klemmlampe-usb-wiederaufladbare-6-leds-buchlampe-mit-3-farbtemperatur-360-flexibel-augenschutz-mini-dimmbare-klemmleuchte-fuer-bettnacht-lesenschwarz\/","title":{"rendered":"TEAMPD Leselampe Buch Klemme, Buchlampe mit 9 LEDs, 3 Farbtemperatur Modi(Warm\/K\u00fchl\/Wei\u00df), Augenschutz Klemmlampe, USB\u2026"},"content":{"rendered":"<p>6 LEDs mit 3 Farbtemperatur: Die Leselampe Buch Klemme verf\u00fcgt \u00fcber eine 3-Farben-Modi (Wei\u00df, Warm, Warmwei\u00df), Klicken Sie auf den Schalter, um je nach Bedarf 3 verschiedene Farbmodi. Die sich zum arbeiten, schlafen und lesen eignen.<br \/>\nUSB Wiederaufladbare Klemmlampe: LED Buch Lampe verf\u00fcgt \u00fcber einen eingebauten 600-mAh-Akku und Micro-USB-Anschluss, mit dem sie 5 Stunden bei hoher Helligkeit und 12 Stunden bei niedriger Helligkeit kontinuierlich leuchten kann nach eine Ladezeit von nur 2.5 Stunden, sodass man eine l\u00e4ngere kabellose Lesezeit genie\u00dfen kann.<br \/>\n360\u00b0 Flexibler Silikon-Schwanenhals: Das Buch Leselampe ist mit einem weichen und um 360 \u00b0 flexiblen Schwanenhals ausgestattet, mit dem die Beleuchtungsrichtung leichter an Ihren Arbeitsbereich angepasst werden kann. Der kleine tragbare Leselampe am Bett verf\u00fcgt \u00fcber eine leichte Mini-Gr\u00f6\u00dfe und ein kompaktes Design, das das Tragen sehr einfach macht.<br \/>\nFlackerfrei und Augenschutz: Die augenpflege leselampe buch gibt ein nat\u00fcrliches und flimmerfreies Licht ab, das Ihre Augen nicht belastet. Verwenden sie dieses leselicht, um ihre lesezeit zu genie\u00dfen, ohne ihren partner oder mitbewohner zu st\u00f6ren.<br \/>\nNach Dem Verkauf: CE &amp; ROHS Sicherheit zertifiziert; Perfekt zum Lesen, Malen, Tagebuchschreiben, Notenst\u00e4nder und Camping sowie als Computerbeleuchtung. Wenn Sie irgendwelche Frage \u00fcber diesen Mini Dimmbare Klemmleuchte, kontaktieren Sie unseren Kundenservice bitte direkt,Wir werden das problem f\u00fcr sie l\u00f6sen.<br \/>\n<div class=\"main-cross-sell\" data-asin=\"B09LTQ75ZV\">\n\n\t<div class=\"WooZone-cross-sell-loader\">\n\t\t<div>\n\t\t\t<div id=\"floatingBarsG\">\n\t\t\t\t<div class=\"blockG\" id=\"rotateG_01\"><\/div>\n\t\t\t\t<div class=\"blockG\" id=\"rotateG_02\"><\/div>\n\t\t\t\t<div class=\"blockG\" id=\"rotateG_03\"><\/div>\n\t\t\t\t<div class=\"blockG\" id=\"rotateG_04\"><\/div>\n\t\t\t\t<div class=\"blockG\" id=\"rotateG_05\"><\/div>\n\t\t\t\t<div class=\"blockG\" id=\"rotateG_06\"><\/div>\n\t\t\t\t<div class=\"blockG\" id=\"rotateG_07\"><\/div>\n\t\t\t\t<div class=\"blockG\" id=\"rotateG_08\"><\/div>\n\t\t\t<\/div>\n\t\t\t<div class=\"WooZone-cross-sell-loader-text\"><\/div>\n\t\t<\/div>\n\t<\/div>\n\n\t\t\n<\/div>\n<div style=\"clear:both;\"><\/div><\/p>\n","protected":false},"excerpt":{"rendered":"<p>6 LEDs mit 3 Farbtemperatur: Die Leselampe Buch Klemme verf\u00fcgt \u00fcber eine 3-Farben-Modi (Wei\u00df, Warm, Warmwei\u00df), Klicken Sie auf den Schalter, um je nach Bedarf 3 verschiedene Farbmodi. Die sich zum arbeiten, schlafen und lesen eignen.<br \/>\nUSB Wiederaufladbare Klemmlampe: LED Buch Lampe verf\u00fcgt \u00fcber einen eingebauten 600-mAh-Akku und Micro-USB-Anschluss, mit dem sie 5 Stunden bei hoher Helligkeit und 12 Stunden bei niedriger Helligkeit kontinuierlich leuchten kann nach eine Ladezeit von nur 2.5 Stunden, sodass man eine l\u00e4ngere kabellose Lesezeit genie\u00dfen kann.<br \/>\n360\u00b0 Flexibler Silikon-Schwanenhals: Das Buch Leselampe ist mit einem weichen und um 360 \u00b0 flexiblen Schwanenhals ausgestattet, mit dem die Beleuchtungsrichtung leichter an Ihren Arbeitsbereich angepasst werden kann. Der kleine tragbare Leselampe am Bett verf\u00fcgt \u00fcber eine leichte Mini-Gr\u00f6\u00dfe und ein kompaktes Design, das das Tragen sehr einfach macht.<\/p>\n","protected":false},"featured_media":97874,"comment_status":"open","ping_status":"closed","template":"","meta":[],"product_brand":[],"product_cat":[2108,11509],"product_tag":[],"class_list":{"0":"post-97873","1":"product","2":"type-product","3":"status-publish","4":"has-post-thumbnail","6":"product_cat-beleuchtung","7":"product_cat-innenbeleuchtung","8":"pa_brand-teampd","9":"pa_color-schwarz","10":"pa_height-3-15-zoll","11":"pa_length-0-78-zoll","12":"pa_manufacturer-teampd","13":"pa_model-bl-001","14":"pa_weight-0-0992080179-pfund","15":"pa_width-2-36-zoll","17":"first","18":"instock","19":"shipping-taxable","20":"purchasable","21":"product-type-simple","22":"customify-col","23":"product-has-gallery"},"yoast_head":"<!-- This site is optimized with the Yoast SEO plugin v27.4 - https:\/\/yoast.com\/product\/yoast-seo-wordpress\/ -->\n<title>TEAMPD Leselampe Buch Klemme, Buchlampe mit 9 LEDs, 3 Farbtemperatur Modi(Warm\/K\u00fchl\/Wei\u00df), Augenschutz Klemmlampe, USB\u2026 - Markt-XXL<\/title>\n<meta name=\"description\" content=\"Markt-XXL TEAMPD Leselampe Buch Klemme, Buchlampe mit 9 LEDs, 3 Farbtemperatur Modi(Warm\/K\u00fchl\/Wei\u00df), Augenschutz Klemmlampe, USB\u2026\" \/>\n<meta name=\"robots\" content=\"index, follow, max-snippet:-1, max-image-preview:large, max-video-preview:-1\" \/>\n<link rel=\"canonical\" href=\"https:\/\/marktxxl.de\/markt\/produkt\/leselampe-buch-klemme-teampd-klemmlampe-usb-wiederaufladbare-6-leds-buchlampe-mit-3-farbtemperatur-360-flexibel-augenschutz-mini-dimmbare-klemmleuchte-fuer-bettnacht-lesenschwarz\/\" \/>\n<meta property=\"og:locale\" content=\"de_DE\" \/>\n<meta property=\"og:type\" content=\"article\" \/>\n<meta property=\"og:title\" content=\"TEAMPD Leselampe Buch Klemme, Buchlampe mit 9 LEDs, 3 Farbtemperatur Modi(Warm\/K\u00fchl\/Wei\u00df), Augenschutz Klemmlampe, USB\u2026 - Markt-XXL\" \/>\n<meta property=\"og:description\" content=\"Markt-XXL TEAMPD Leselampe Buch Klemme, Buchlampe mit 9 LEDs, 3 Farbtemperatur Modi(Warm\/K\u00fchl\/Wei\u00df), Augenschutz Klemmlampe, USB\u2026\" \/>\n<meta property=\"og:url\" content=\"https:\/\/marktxxl.de\/markt\/produkt\/leselampe-buch-klemme-teampd-klemmlampe-usb-wiederaufladbare-6-leds-buchlampe-mit-3-farbtemperatur-360-flexibel-augenschutz-mini-dimmbare-klemmleuchte-fuer-bettnacht-lesenschwarz\/\" \/>\n<meta property=\"og:site_name\" content=\"Markt-XXL\" \/>\n<meta property=\"article:modified_time\" content=\"2023-04-08T00:49:42+00:00\" \/>\n<meta property=\"og:image\" content=\"https:\/\/m.media-amazon.com\/images\/I\/41dJEW9WDDL._SL500_.jpg\" \/>\n\t<meta property=\"og:image:width\" content=\"500\" \/>\n\t<meta property=\"og:image:height\" content=\"500\" \/>\n\t<meta property=\"og:image:type\" content=\"image\/jpeg\" \/>\n<meta name=\"twitter:card\" content=\"summary_large_image\" \/>\n<meta name=\"twitter:label1\" content=\"Gesch\u00e4tzte Lesezeit\" \/>\n\t<meta name=\"twitter:data1\" content=\"1\u00a0Minute\" \/>\n<script type=\"application\/ld+json\" class=\"yoast-schema-graph\">{\"@context\":\"https:\\\/\\\/schema.org\",\"@graph\":[{\"@type\":\"WebPage\",\"@id\":\"https:\\\/\\\/marktxxl.de\\\/markt\\\/produkt\\\/leselampe-buch-klemme-teampd-klemmlampe-usb-wiederaufladbare-6-leds-buchlampe-mit-3-farbtemperatur-360-flexibel-augenschutz-mini-dimmbare-klemmleuchte-fuer-bettnacht-lesenschwarz\\\/\",\"url\":\"https:\\\/\\\/marktxxl.de\\\/markt\\\/produkt\\\/leselampe-buch-klemme-teampd-klemmlampe-usb-wiederaufladbare-6-leds-buchlampe-mit-3-farbtemperatur-360-flexibel-augenschutz-mini-dimmbare-klemmleuchte-fuer-bettnacht-lesenschwarz\\\/\",\"name\":\"TEAMPD Leselampe Buch Klemme, Buchlampe mit 9 LEDs, 3 Farbtemperatur Modi(Warm\\\/K\u00fchl\\\/Wei\u00df), Augenschutz Klemmlampe, USB\u2026 - Markt-XXL\",\"isPartOf\":{\"@id\":\"https:\\\/\\\/marktxxl.de\\\/markt\\\/#website\"},\"primaryImageOfPage\":{\"@id\":\"https:\\\/\\\/marktxxl.de\\\/markt\\\/produkt\\\/leselampe-buch-klemme-teampd-klemmlampe-usb-wiederaufladbare-6-leds-buchlampe-mit-3-farbtemperatur-360-flexibel-augenschutz-mini-dimmbare-klemmleuchte-fuer-bettnacht-lesenschwarz\\\/#primaryimage\"},\"image\":{\"@id\":\"https:\\\/\\\/marktxxl.de\\\/markt\\\/produkt\\\/leselampe-buch-klemme-teampd-klemmlampe-usb-wiederaufladbare-6-leds-buchlampe-mit-3-farbtemperatur-360-flexibel-augenschutz-mini-dimmbare-klemmleuchte-fuer-bettnacht-lesenschwarz\\\/#primaryimage\"},\"thumbnailUrl\":\"https:\\\/\\\/m.media-amazon.com\\\/images\\\/I\\\/41dJEW9WDDL._SL500_.jpg\",\"datePublished\":\"2022-01-27T13:34:02+00:00\",\"dateModified\":\"2023-04-08T00:49:42+00:00\",\"description\":\"Markt-XXL TEAMPD Leselampe Buch Klemme, Buchlampe mit 9 LEDs, 3 Farbtemperatur Modi(Warm\\\/K\u00fchl\\\/Wei\u00df), Augenschutz Klemmlampe, USB\u2026\",\"breadcrumb\":{\"@id\":\"https:\\\/\\\/marktxxl.de\\\/markt\\\/produkt\\\/leselampe-buch-klemme-teampd-klemmlampe-usb-wiederaufladbare-6-leds-buchlampe-mit-3-farbtemperatur-360-flexibel-augenschutz-mini-dimmbare-klemmleuchte-fuer-bettnacht-lesenschwarz\\\/#breadcrumb\"},\"inLanguage\":\"de\",\"potentialAction\":[{\"@type\":\"ReadAction\",\"target\":[\"https:\\\/\\\/marktxxl.de\\\/markt\\\/produkt\\\/leselampe-buch-klemme-teampd-klemmlampe-usb-wiederaufladbare-6-leds-buchlampe-mit-3-farbtemperatur-360-flexibel-augenschutz-mini-dimmbare-klemmleuchte-fuer-bettnacht-lesenschwarz\\\/\"]}]},{\"@type\":\"ImageObject\",\"inLanguage\":\"de\",\"@id\":\"https:\\\/\\\/marktxxl.de\\\/markt\\\/produkt\\\/leselampe-buch-klemme-teampd-klemmlampe-usb-wiederaufladbare-6-leds-buchlampe-mit-3-farbtemperatur-360-flexibel-augenschutz-mini-dimmbare-klemmleuchte-fuer-bettnacht-lesenschwarz\\\/#primaryimage\",\"url\":\"https:\\\/\\\/m.media-amazon.com\\\/images\\\/I\\\/41dJEW9WDDL._SL500_.jpg\",\"contentUrl\":\"https:\\\/\\\/m.media-amazon.com\\\/images\\\/I\\\/41dJEW9WDDL._SL500_.jpg\",\"width\":500,\"height\":500},{\"@type\":\"BreadcrumbList\",\"@id\":\"https:\\\/\\\/marktxxl.de\\\/markt\\\/produkt\\\/leselampe-buch-klemme-teampd-klemmlampe-usb-wiederaufladbare-6-leds-buchlampe-mit-3-farbtemperatur-360-flexibel-augenschutz-mini-dimmbare-klemmleuchte-fuer-bettnacht-lesenschwarz\\\/#breadcrumb\",\"itemListElement\":[{\"@type\":\"ListItem\",\"position\":1,\"name\":\"Startseite\",\"item\":\"https:\\\/\\\/marktxxl.de\\\/markt\\\/\"},{\"@type\":\"ListItem\",\"position\":2,\"name\":\"Markt\",\"item\":\"https:\\\/\\\/marktxxl.de\\\/markt\\\/\"},{\"@type\":\"ListItem\",\"position\":3,\"name\":\"TEAMPD Leselampe Buch Klemme, Buchlampe mit 9 LEDs, 3 Farbtemperatur Modi(Warm\\\/K\u00fchl\\\/Wei\u00df), Augenschutz Klemmlampe, USB\u2026\"}]},{\"@type\":\"WebSite\",\"@id\":\"https:\\\/\\\/marktxxl.de\\\/markt\\\/#website\",\"url\":\"https:\\\/\\\/marktxxl.de\\\/markt\\\/\",\"name\":\"Markt-XXL\",\"description\":\"Ihr Markt Online\",\"publisher\":{\"@id\":\"https:\\\/\\\/marktxxl.de\\\/markt\\\/#organization\"},\"potentialAction\":[{\"@type\":\"SearchAction\",\"target\":{\"@type\":\"EntryPoint\",\"urlTemplate\":\"https:\\\/\\\/marktxxl.de\\\/markt\\\/?s={search_term_string}\"},\"query-input\":{\"@type\":\"PropertyValueSpecification\",\"valueRequired\":true,\"valueName\":\"search_term_string\"}}],\"inLanguage\":\"de\"},{\"@type\":\"Organization\",\"@id\":\"https:\\\/\\\/marktxxl.de\\\/markt\\\/#organization\",\"name\":\"Markt-XXL\",\"url\":\"https:\\\/\\\/marktxxl.de\\\/markt\\\/\",\"logo\":{\"@type\":\"ImageObject\",\"inLanguage\":\"de\",\"@id\":\"https:\\\/\\\/marktxxl.de\\\/markt\\\/#\\\/schema\\\/logo\\\/image\\\/\",\"url\":\"https:\\\/\\\/marktxxl.de\\\/markt\\\/wp-content\\\/uploads\\\/sites\\\/3\\\/2020\\\/12\\\/logo.png\",\"contentUrl\":\"https:\\\/\\\/marktxxl.de\\\/markt\\\/wp-content\\\/uploads\\\/sites\\\/3\\\/2020\\\/12\\\/logo.png\",\"width\":200,\"height\":70,\"caption\":\"Markt-XXL\"},\"image\":{\"@id\":\"https:\\\/\\\/marktxxl.de\\\/markt\\\/#\\\/schema\\\/logo\\\/image\\\/\"}}]}<\/script>\n<!-- \/ Yoast SEO plugin. -->","yoast_head_json":{"title":"TEAMPD Leselampe Buch Klemme, Buchlampe mit 9 LEDs, 3 Farbtemperatur Modi(Warm\/K\u00fchl\/Wei\u00df), Augenschutz Klemmlampe, USB\u2026 - Markt-XXL","description":"Markt-XXL TEAMPD Leselampe Buch Klemme, Buchlampe mit 9 LEDs, 3 Farbtemperatur Modi(Warm\/K\u00fchl\/Wei\u00df), Augenschutz Klemmlampe, USB\u2026","robots":{"index":"index","follow":"follow","max-snippet":"max-snippet:-1","max-image-preview":"max-image-preview:large","max-video-preview":"max-video-preview:-1"},"canonical":"https:\/\/marktxxl.de\/markt\/produkt\/leselampe-buch-klemme-teampd-klemmlampe-usb-wiederaufladbare-6-leds-buchlampe-mit-3-farbtemperatur-360-flexibel-augenschutz-mini-dimmbare-klemmleuchte-fuer-bettnacht-lesenschwarz\/","og_locale":"de_DE","og_type":"article","og_title":"TEAMPD Leselampe Buch Klemme, Buchlampe mit 9 LEDs, 3 Farbtemperatur Modi(Warm\/K\u00fchl\/Wei\u00df), Augenschutz Klemmlampe, USB\u2026 - Markt-XXL","og_description":"Markt-XXL TEAMPD Leselampe Buch Klemme, Buchlampe mit 9 LEDs, 3 Farbtemperatur Modi(Warm\/K\u00fchl\/Wei\u00df), Augenschutz Klemmlampe, USB\u2026","og_url":"https:\/\/marktxxl.de\/markt\/produkt\/leselampe-buch-klemme-teampd-klemmlampe-usb-wiederaufladbare-6-leds-buchlampe-mit-3-farbtemperatur-360-flexibel-augenschutz-mini-dimmbare-klemmleuchte-fuer-bettnacht-lesenschwarz\/","og_site_name":"Markt-XXL","article_modified_time":"2023-04-08T00:49:42+00:00","og_image":[{"width":500,"height":500,"url":"https:\/\/m.media-amazon.com\/images\/I\/41dJEW9WDDL._SL500_.jpg","type":"image\/jpeg"}],"twitter_card":"summary_large_image","twitter_misc":{"Gesch\u00e4tzte Lesezeit":"1\u00a0Minute"},"schema":{"@context":"https:\/\/schema.org","@graph":[{"@type":"WebPage","@id":"https:\/\/marktxxl.de\/markt\/produkt\/leselampe-buch-klemme-teampd-klemmlampe-usb-wiederaufladbare-6-leds-buchlampe-mit-3-farbtemperatur-360-flexibel-augenschutz-mini-dimmbare-klemmleuchte-fuer-bettnacht-lesenschwarz\/","url":"https:\/\/marktxxl.de\/markt\/produkt\/leselampe-buch-klemme-teampd-klemmlampe-usb-wiederaufladbare-6-leds-buchlampe-mit-3-farbtemperatur-360-flexibel-augenschutz-mini-dimmbare-klemmleuchte-fuer-bettnacht-lesenschwarz\/","name":"TEAMPD Leselampe Buch Klemme, Buchlampe mit 9 LEDs, 3 Farbtemperatur Modi(Warm\/K\u00fchl\/Wei\u00df), Augenschutz Klemmlampe, USB\u2026 - Markt-XXL","isPartOf":{"@id":"https:\/\/marktxxl.de\/markt\/#website"},"primaryImageOfPage":{"@id":"https:\/\/marktxxl.de\/markt\/produkt\/leselampe-buch-klemme-teampd-klemmlampe-usb-wiederaufladbare-6-leds-buchlampe-mit-3-farbtemperatur-360-flexibel-augenschutz-mini-dimmbare-klemmleuchte-fuer-bettnacht-lesenschwarz\/#primaryimage"},"image":{"@id":"https:\/\/marktxxl.de\/markt\/produkt\/leselampe-buch-klemme-teampd-klemmlampe-usb-wiederaufladbare-6-leds-buchlampe-mit-3-farbtemperatur-360-flexibel-augenschutz-mini-dimmbare-klemmleuchte-fuer-bettnacht-lesenschwarz\/#primaryimage"},"thumbnailUrl":"https:\/\/m.media-amazon.com\/images\/I\/41dJEW9WDDL._SL500_.jpg","datePublished":"2022-01-27T13:34:02+00:00","dateModified":"2023-04-08T00:49:42+00:00","description":"Markt-XXL TEAMPD Leselampe Buch Klemme, Buchlampe mit 9 LEDs, 3 Farbtemperatur Modi(Warm\/K\u00fchl\/Wei\u00df), Augenschutz Klemmlampe, USB\u2026","breadcrumb":{"@id":"https:\/\/marktxxl.de\/markt\/produkt\/leselampe-buch-klemme-teampd-klemmlampe-usb-wiederaufladbare-6-leds-buchlampe-mit-3-farbtemperatur-360-flexibel-augenschutz-mini-dimmbare-klemmleuchte-fuer-bettnacht-lesenschwarz\/#breadcrumb"},"inLanguage":"de","potentialAction":[{"@type":"ReadAction","target":["https:\/\/marktxxl.de\/markt\/produkt\/leselampe-buch-klemme-teampd-klemmlampe-usb-wiederaufladbare-6-leds-buchlampe-mit-3-farbtemperatur-360-flexibel-augenschutz-mini-dimmbare-klemmleuchte-fuer-bettnacht-lesenschwarz\/"]}]},{"@type":"ImageObject","inLanguage":"de","@id":"https:\/\/marktxxl.de\/markt\/produkt\/leselampe-buch-klemme-teampd-klemmlampe-usb-wiederaufladbare-6-leds-buchlampe-mit-3-farbtemperatur-360-flexibel-augenschutz-mini-dimmbare-klemmleuchte-fuer-bettnacht-lesenschwarz\/#primaryimage","url":"https:\/\/m.media-amazon.com\/images\/I\/41dJEW9WDDL._SL500_.jpg","contentUrl":"https:\/\/m.media-amazon.com\/images\/I\/41dJEW9WDDL._SL500_.jpg","width":500,"height":500},{"@type":"BreadcrumbList","@id":"https:\/\/marktxxl.de\/markt\/produkt\/leselampe-buch-klemme-teampd-klemmlampe-usb-wiederaufladbare-6-leds-buchlampe-mit-3-farbtemperatur-360-flexibel-augenschutz-mini-dimmbare-klemmleuchte-fuer-bettnacht-lesenschwarz\/#breadcrumb","itemListElement":[{"@type":"ListItem","position":1,"name":"Startseite","item":"https:\/\/marktxxl.de\/markt\/"},{"@type":"ListItem","position":2,"name":"Markt","item":"https:\/\/marktxxl.de\/markt\/"},{"@type":"ListItem","position":3,"name":"TEAMPD Leselampe Buch Klemme, Buchlampe mit 9 LEDs, 3 Farbtemperatur Modi(Warm\/K\u00fchl\/Wei\u00df), Augenschutz Klemmlampe, USB\u2026"}]},{"@type":"WebSite","@id":"https:\/\/marktxxl.de\/markt\/#website","url":"https:\/\/marktxxl.de\/markt\/","name":"Markt-XXL","description":"Ihr Markt Online","publisher":{"@id":"https:\/\/marktxxl.de\/markt\/#organization"},"potentialAction":[{"@type":"SearchAction","target":{"@type":"EntryPoint","urlTemplate":"https:\/\/marktxxl.de\/markt\/?s={search_term_string}"},"query-input":{"@type":"PropertyValueSpecification","valueRequired":true,"valueName":"search_term_string"}}],"inLanguage":"de"},{"@type":"Organization","@id":"https:\/\/marktxxl.de\/markt\/#organization","name":"Markt-XXL","url":"https:\/\/marktxxl.de\/markt\/","logo":{"@type":"ImageObject","inLanguage":"de","@id":"https:\/\/marktxxl.de\/markt\/#\/schema\/logo\/image\/","url":"https:\/\/marktxxl.de\/markt\/wp-content\/uploads\/sites\/3\/2020\/12\/logo.png","contentUrl":"https:\/\/marktxxl.de\/markt\/wp-content\/uploads\/sites\/3\/2020\/12\/logo.png","width":200,"height":70,"caption":"Markt-XXL"},"image":{"@id":"https:\/\/marktxxl.de\/markt\/#\/schema\/logo\/image\/"}}]}},"_links":{"self":[{"href":"https:\/\/marktxxl.de\/markt\/wp-json\/wp\/v2\/product\/97873","targetHints":{"allow":["GET"]}}],"collection":[{"href":"https:\/\/marktxxl.de\/markt\/wp-json\/wp\/v2\/product"}],"about":[{"href":"https:\/\/marktxxl.de\/markt\/wp-json\/wp\/v2\/types\/product"}],"replies":[{"embeddable":true,"href":"https:\/\/marktxxl.de\/markt\/wp-json\/wp\/v2\/comments?post=97873"}],"wp:featuredmedia":[{"embeddable":true,"href":"https:\/\/marktxxl.de\/markt\/wp-json\/wp\/v2\/media\/97874"}],"wp:attachment":[{"href":"https:\/\/marktxxl.de\/markt\/wp-json\/wp\/v2\/media?parent=97873"}],"wp:term":[{"taxonomy":"product_brand","embeddable":true,"href":"https:\/\/marktxxl.de\/markt\/wp-json\/wp\/v2\/product_brand?post=97873"},{"taxonomy":"product_cat","embeddable":true,"href":"https:\/\/marktxxl.de\/markt\/wp-json\/wp\/v2\/product_cat?post=97873"},{"taxonomy":"product_tag","embeddable":true,"href":"https:\/\/marktxxl.de\/markt\/wp-json\/wp\/v2\/product_tag?post=97873"}],"curies":[{"name":"wp","href":"https:\/\/api.w.org\/{rel}","templated":true}]}}