{"id":97344,"date":"2022-01-27T14:06:19","date_gmt":"2022-01-27T13:06:19","guid":{"rendered":"https:\/\/marktxxl.de\/markt\/produkt\/rubaxx-cannabis-cbd-gel-kuehlend-mit-ca-600-mg-cbd-mit-menthol-minzoel-fuer-beanspruchte-muskeln-z-b-in-ruecken-schultern-oder-beinen-120-ml\/"},"modified":"2023-04-08T02:49:32","modified_gmt":"2023-04-08T00:49:32","slug":"rubaxx-cannabis-cbd-gel-kuehlend-mit-ca-600-mg-cbd-mit-menthol-minzoel-fuer-beanspruchte-muskeln-z-b-in-ruecken-schultern-oder-beinen-120-ml","status":"publish","type":"product","link":"https:\/\/marktxxl.de\/markt\/produkt\/rubaxx-cannabis-cbd-gel-kuehlend-mit-ca-600-mg-cbd-mit-menthol-minzoel-fuer-beanspruchte-muskeln-z-b-in-ruecken-schultern-oder-beinen-120-ml\/","title":{"rendered":"RubaXX Cannabis CBD Gel &#8211; K\u00fchlend mit ca. 600 mg CBD &#8211; mit Menthol &amp; Minz\u00f6l f\u00fcr beanspruchte Muskeln z.B. in R\u00fccken\u2026"},"content":{"rendered":"<p>600 MG CBD &#8211; H\u00d6CHSTE CBD-DOSIERUNG IN DEUTSCHEN APOTHEKEN. Im Qualit\u00e4tsprodukt Rubaxx Cannnabis CBD Gel ist zu 10% eine CBD L\u00f6sung aus der speziellen Cannabissorte sativa L. als Kosmetikum aufbereitet, das entspricht einem Gehalt von ca. 600mg CBD.<br \/>\nMENTHOL UND MINZ\u00d6L &#8211; DIE IDEALE POWERFORMEL F\u00dcR VERSPANNTE UND BEANSPRUCHTE MUSKELN. Der hohe CBD Gehalt wird durch Menthol und Minz\u00f6l erg\u00e4nzt. Diese reichhaltigen und nat\u00fcrlichen Inhaltsstoffe wirken k\u00fchlend und unterst\u00fctzen beanspruchte Muskeln f\u00fcr mehr Beweglichkeit und Gelenkigkeit.<br \/>\nGEZIELTE ANWENDUNG AN DER BETROFFENEN STELLE. Dank der praktischen Gelform kann es ganz einfach und je nach Bedarf mehrmals t\u00e4glich lokal auf die betreffende Stelle einmassiert werden. Die Formel zieht schnell ein, n\u00e4mlich genau dort, wo wir die Pflege ben\u00f6tigen! Das ist besonders bei einer l\u00e4ngeren Anwendung wichtig \u2013 gut vertr\u00e4glich sowie dermatologisch getestet!<br \/>\nMADE IN GERMANY &#8211; H\u00d6CHSTE QUALIT\u00c4TSSTANDARDS VON DER PFLANZE BIS ZUM PRODUKT. RubaXX Cannabis CBD Gel wird in Deutschland unter strengsten Qualit\u00e4ts- und Sicherheitsstandards hergestellt. Das Gel ist ein Produkt der Premium-Apothekenmarke RubaXX.<br \/>\nF\u00dcR DIE T\u00c4GLICHE ANWENDUNG GEEIGNET. Je nach Bedarf einmal bis mehrmals t\u00e4glich auf der Haut anwenden. Rubaxx Cannnabis CBD Gel wird direkt auf die entsprechenden Muskelpartien an Knie, R\u00fccken, Nacken, H\u00fcfte, Arme, Ellenbogen und Schultern aufgetragen. Die wohltuenden Inhaltsstoffe machen das Gel au\u00dferdem zu einem perfekten Begleiter vor und nach dem Training. Im Vergleich zu vielen CBD Cremes oder Hanf Cremes f\u00fchlt sich die leichte Gel-Formel nicht fettig an, zieht schnell ein, ohne Flecken auf der Haut oder Kleidung zu hinterlassen und ist anhaltend k\u00fchlend.<br \/>\n<div class=\"main-cross-sell\" data-asin=\"B085HMT1CN\">\n\n\t<div class=\"WooZone-cross-sell-loader\">\n\t\t<div>\n\t\t\t<div id=\"floatingBarsG\">\n\t\t\t\t<div class=\"blockG\" id=\"rotateG_01\"><\/div>\n\t\t\t\t<div class=\"blockG\" id=\"rotateG_02\"><\/div>\n\t\t\t\t<div class=\"blockG\" id=\"rotateG_03\"><\/div>\n\t\t\t\t<div class=\"blockG\" id=\"rotateG_04\"><\/div>\n\t\t\t\t<div class=\"blockG\" id=\"rotateG_05\"><\/div>\n\t\t\t\t<div class=\"blockG\" id=\"rotateG_06\"><\/div>\n\t\t\t\t<div class=\"blockG\" id=\"rotateG_07\"><\/div>\n\t\t\t\t<div class=\"blockG\" id=\"rotateG_08\"><\/div>\n\t\t\t<\/div>\n\t\t\t<div class=\"WooZone-cross-sell-loader-text\"><\/div>\n\t\t<\/div>\n\t<\/div>\n\n\t\t\n<\/div>\n<div style=\"clear:both;\"><\/div><\/p>\n","protected":false},"excerpt":{"rendered":"<p>600 MG CBD &#8211; H\u00d6CHSTE CBD-DOSIERUNG IN DEUTSCHEN APOTHEKEN. Im Qualit\u00e4tsprodukt Rubaxx Cannnabis CBD Gel ist zu 10% eine CBD L\u00f6sung aus der speziellen Cannabissorte sativa L. als Kosmetikum aufbereitet, das entspricht einem Gehalt von ca. 600mg CBD.<br \/>\nMENTHOL UND MINZ\u00d6L &#8211; DIE IDEALE POWERFORMEL F\u00dcR VERSPANNTE UND BEANSPRUCHTE MUSKELN. Der hohe CBD Gehalt wird durch Menthol und Minz\u00f6l erg\u00e4nzt. Diese reichhaltigen und nat\u00fcrlichen Inhaltsstoffe wirken k\u00fchlend und unterst\u00fctzen beanspruchte Muskeln f\u00fcr mehr Beweglichkeit und Gelenkigkeit.<br \/>\nGEZIELTE ANWENDUNG AN DER BETROFFENEN STELLE. Dank der praktischen Gelform kann es ganz einfach und je nach Bedarf mehrmals t\u00e4glich lokal auf die betreffende Stelle einmassiert werden. Die Formel zieht schnell ein, n\u00e4mlich genau dort, wo wir die Pflege ben\u00f6tigen! Das ist besonders bei einer l\u00e4ngeren Anwendung wichtig \u2013 gut vertr\u00e4glich sowie dermatologisch getestet!<\/p>\n","protected":false},"featured_media":97345,"comment_status":"open","ping_status":"closed","template":"","meta":[],"product_brand":[],"product_cat":[2858,7067],"product_tag":[],"class_list":{"0":"post-97344","1":"product","2":"type-product","3":"status-publish","4":"has-post-thumbnail","6":"product_cat-beauty","7":"product_cat-hautpflege","8":"pa_binding-badartikel","9":"pa_brand-rubaxx","10":"pa_color-klar","11":"pa_height-1-6929133841-zoll","12":"pa_length-6-8110236151-zoll","13":"pa_manufacturer-pharmasgp-gmbh","14":"pa_model-30262","15":"pa_size-120-ml-1er-pack","16":"pa_width-2-1259842498-zoll","18":"first","19":"instock","20":"shipping-taxable","21":"purchasable","22":"product-type-simple","23":"customify-col","24":"product-has-gallery"},"yoast_head":"<!-- This site is optimized with the Yoast SEO plugin v27.3 - https:\/\/yoast.com\/product\/yoast-seo-wordpress\/ -->\n<title>RubaXX Cannabis CBD Gel - K\u00fchlend mit ca. 600 mg CBD - mit Menthol &amp; Minz\u00f6l f\u00fcr beanspruchte Muskeln z.B. in R\u00fccken\u2026 - Markt-XXL<\/title>\n<meta name=\"description\" content=\"Markt-XXL RubaXX Cannabis CBD Gel - K\u00fchlend mit ca. 600 mg CBD - mit Menthol &amp; Minz\u00f6l f\u00fcr beanspruchte Muskeln z.B. in R\u00fccken\u2026\" \/>\n<meta name=\"robots\" content=\"index, follow, max-snippet:-1, max-image-preview:large, max-video-preview:-1\" \/>\n<link rel=\"canonical\" href=\"https:\/\/marktxxl.de\/markt\/produkt\/rubaxx-cannabis-cbd-gel-kuehlend-mit-ca-600-mg-cbd-mit-menthol-minzoel-fuer-beanspruchte-muskeln-z-b-in-ruecken-schultern-oder-beinen-120-ml\/\" \/>\n<meta property=\"og:locale\" content=\"de_DE\" \/>\n<meta property=\"og:type\" content=\"article\" \/>\n<meta property=\"og:title\" content=\"RubaXX Cannabis CBD Gel - K\u00fchlend mit ca. 600 mg CBD - mit Menthol &amp; Minz\u00f6l f\u00fcr beanspruchte Muskeln z.B. in R\u00fccken\u2026 - Markt-XXL\" \/>\n<meta property=\"og:description\" content=\"Markt-XXL RubaXX Cannabis CBD Gel - K\u00fchlend mit ca. 600 mg CBD - mit Menthol &amp; Minz\u00f6l f\u00fcr beanspruchte Muskeln z.B. in R\u00fccken\u2026\" \/>\n<meta property=\"og:url\" content=\"https:\/\/marktxxl.de\/markt\/produkt\/rubaxx-cannabis-cbd-gel-kuehlend-mit-ca-600-mg-cbd-mit-menthol-minzoel-fuer-beanspruchte-muskeln-z-b-in-ruecken-schultern-oder-beinen-120-ml\/\" \/>\n<meta property=\"og:site_name\" content=\"Markt-XXL\" \/>\n<meta property=\"article:modified_time\" content=\"2023-04-08T00:49:32+00:00\" \/>\n<meta property=\"og:image\" content=\"https:\/\/m.media-amazon.com\/images\/I\/41Zoab1-ClL._SL500_.jpg\" \/>\n\t<meta property=\"og:image:width\" content=\"500\" \/>\n\t<meta property=\"og:image:height\" content=\"500\" \/>\n\t<meta property=\"og:image:type\" content=\"image\/jpeg\" \/>\n<meta name=\"twitter:card\" content=\"summary_large_image\" \/>\n<meta name=\"twitter:label1\" content=\"Gesch\u00e4tzte Lesezeit\" \/>\n\t<meta name=\"twitter:data1\" content=\"1\u00a0Minute\" \/>\n<script type=\"application\/ld+json\" class=\"yoast-schema-graph\">{\"@context\":\"https:\\\/\\\/schema.org\",\"@graph\":[{\"@type\":\"WebPage\",\"@id\":\"https:\\\/\\\/marktxxl.de\\\/markt\\\/produkt\\\/rubaxx-cannabis-cbd-gel-kuehlend-mit-ca-600-mg-cbd-mit-menthol-minzoel-fuer-beanspruchte-muskeln-z-b-in-ruecken-schultern-oder-beinen-120-ml\\\/\",\"url\":\"https:\\\/\\\/marktxxl.de\\\/markt\\\/produkt\\\/rubaxx-cannabis-cbd-gel-kuehlend-mit-ca-600-mg-cbd-mit-menthol-minzoel-fuer-beanspruchte-muskeln-z-b-in-ruecken-schultern-oder-beinen-120-ml\\\/\",\"name\":\"RubaXX Cannabis CBD Gel - K\u00fchlend mit ca. 600 mg CBD - mit Menthol &amp; Minz\u00f6l f\u00fcr beanspruchte Muskeln z.B. in R\u00fccken\u2026 - Markt-XXL\",\"isPartOf\":{\"@id\":\"https:\\\/\\\/marktxxl.de\\\/markt\\\/#website\"},\"primaryImageOfPage\":{\"@id\":\"https:\\\/\\\/marktxxl.de\\\/markt\\\/produkt\\\/rubaxx-cannabis-cbd-gel-kuehlend-mit-ca-600-mg-cbd-mit-menthol-minzoel-fuer-beanspruchte-muskeln-z-b-in-ruecken-schultern-oder-beinen-120-ml\\\/#primaryimage\"},\"image\":{\"@id\":\"https:\\\/\\\/marktxxl.de\\\/markt\\\/produkt\\\/rubaxx-cannabis-cbd-gel-kuehlend-mit-ca-600-mg-cbd-mit-menthol-minzoel-fuer-beanspruchte-muskeln-z-b-in-ruecken-schultern-oder-beinen-120-ml\\\/#primaryimage\"},\"thumbnailUrl\":\"https:\\\/\\\/m.media-amazon.com\\\/images\\\/I\\\/41Zoab1-ClL._SL500_.jpg\",\"datePublished\":\"2022-01-27T13:06:19+00:00\",\"dateModified\":\"2023-04-08T00:49:32+00:00\",\"description\":\"Markt-XXL RubaXX Cannabis CBD Gel - K\u00fchlend mit ca. 600 mg CBD - mit Menthol &amp; Minz\u00f6l f\u00fcr beanspruchte Muskeln z.B. in R\u00fccken\u2026\",\"breadcrumb\":{\"@id\":\"https:\\\/\\\/marktxxl.de\\\/markt\\\/produkt\\\/rubaxx-cannabis-cbd-gel-kuehlend-mit-ca-600-mg-cbd-mit-menthol-minzoel-fuer-beanspruchte-muskeln-z-b-in-ruecken-schultern-oder-beinen-120-ml\\\/#breadcrumb\"},\"inLanguage\":\"de\",\"potentialAction\":[{\"@type\":\"ReadAction\",\"target\":[\"https:\\\/\\\/marktxxl.de\\\/markt\\\/produkt\\\/rubaxx-cannabis-cbd-gel-kuehlend-mit-ca-600-mg-cbd-mit-menthol-minzoel-fuer-beanspruchte-muskeln-z-b-in-ruecken-schultern-oder-beinen-120-ml\\\/\"]}]},{\"@type\":\"ImageObject\",\"inLanguage\":\"de\",\"@id\":\"https:\\\/\\\/marktxxl.de\\\/markt\\\/produkt\\\/rubaxx-cannabis-cbd-gel-kuehlend-mit-ca-600-mg-cbd-mit-menthol-minzoel-fuer-beanspruchte-muskeln-z-b-in-ruecken-schultern-oder-beinen-120-ml\\\/#primaryimage\",\"url\":\"https:\\\/\\\/m.media-amazon.com\\\/images\\\/I\\\/41Zoab1-ClL._SL500_.jpg\",\"contentUrl\":\"https:\\\/\\\/m.media-amazon.com\\\/images\\\/I\\\/41Zoab1-ClL._SL500_.jpg\",\"width\":500,\"height\":500},{\"@type\":\"BreadcrumbList\",\"@id\":\"https:\\\/\\\/marktxxl.de\\\/markt\\\/produkt\\\/rubaxx-cannabis-cbd-gel-kuehlend-mit-ca-600-mg-cbd-mit-menthol-minzoel-fuer-beanspruchte-muskeln-z-b-in-ruecken-schultern-oder-beinen-120-ml\\\/#breadcrumb\",\"itemListElement\":[{\"@type\":\"ListItem\",\"position\":1,\"name\":\"Startseite\",\"item\":\"https:\\\/\\\/marktxxl.de\\\/markt\\\/\"},{\"@type\":\"ListItem\",\"position\":2,\"name\":\"Markt\",\"item\":\"https:\\\/\\\/marktxxl.de\\\/markt\\\/\"},{\"@type\":\"ListItem\",\"position\":3,\"name\":\"RubaXX Cannabis CBD Gel &#8211; K\u00fchlend mit ca. 600 mg CBD &#8211; mit Menthol &amp; Minz\u00f6l f\u00fcr beanspruchte Muskeln z.B. in R\u00fccken\u2026\"}]},{\"@type\":\"WebSite\",\"@id\":\"https:\\\/\\\/marktxxl.de\\\/markt\\\/#website\",\"url\":\"https:\\\/\\\/marktxxl.de\\\/markt\\\/\",\"name\":\"Markt-XXL\",\"description\":\"Ihr Markt Online\",\"publisher\":{\"@id\":\"https:\\\/\\\/marktxxl.de\\\/markt\\\/#organization\"},\"potentialAction\":[{\"@type\":\"SearchAction\",\"target\":{\"@type\":\"EntryPoint\",\"urlTemplate\":\"https:\\\/\\\/marktxxl.de\\\/markt\\\/?s={search_term_string}\"},\"query-input\":{\"@type\":\"PropertyValueSpecification\",\"valueRequired\":true,\"valueName\":\"search_term_string\"}}],\"inLanguage\":\"de\"},{\"@type\":\"Organization\",\"@id\":\"https:\\\/\\\/marktxxl.de\\\/markt\\\/#organization\",\"name\":\"Markt-XXL\",\"url\":\"https:\\\/\\\/marktxxl.de\\\/markt\\\/\",\"logo\":{\"@type\":\"ImageObject\",\"inLanguage\":\"de\",\"@id\":\"https:\\\/\\\/marktxxl.de\\\/markt\\\/#\\\/schema\\\/logo\\\/image\\\/\",\"url\":\"https:\\\/\\\/marktxxl.de\\\/markt\\\/wp-content\\\/uploads\\\/sites\\\/3\\\/2020\\\/12\\\/logo.png\",\"contentUrl\":\"https:\\\/\\\/marktxxl.de\\\/markt\\\/wp-content\\\/uploads\\\/sites\\\/3\\\/2020\\\/12\\\/logo.png\",\"width\":200,\"height\":70,\"caption\":\"Markt-XXL\"},\"image\":{\"@id\":\"https:\\\/\\\/marktxxl.de\\\/markt\\\/#\\\/schema\\\/logo\\\/image\\\/\"}}]}<\/script>\n<!-- \/ Yoast SEO plugin. -->","yoast_head_json":{"title":"RubaXX Cannabis CBD Gel - K\u00fchlend mit ca. 600 mg CBD - mit Menthol &amp; Minz\u00f6l f\u00fcr beanspruchte Muskeln z.B. in R\u00fccken\u2026 - Markt-XXL","description":"Markt-XXL RubaXX Cannabis CBD Gel - K\u00fchlend mit ca. 600 mg CBD - mit Menthol &amp; Minz\u00f6l f\u00fcr beanspruchte Muskeln z.B. in R\u00fccken\u2026","robots":{"index":"index","follow":"follow","max-snippet":"max-snippet:-1","max-image-preview":"max-image-preview:large","max-video-preview":"max-video-preview:-1"},"canonical":"https:\/\/marktxxl.de\/markt\/produkt\/rubaxx-cannabis-cbd-gel-kuehlend-mit-ca-600-mg-cbd-mit-menthol-minzoel-fuer-beanspruchte-muskeln-z-b-in-ruecken-schultern-oder-beinen-120-ml\/","og_locale":"de_DE","og_type":"article","og_title":"RubaXX Cannabis CBD Gel - K\u00fchlend mit ca. 600 mg CBD - mit Menthol &amp; Minz\u00f6l f\u00fcr beanspruchte Muskeln z.B. in R\u00fccken\u2026 - Markt-XXL","og_description":"Markt-XXL RubaXX Cannabis CBD Gel - K\u00fchlend mit ca. 600 mg CBD - mit Menthol &amp; Minz\u00f6l f\u00fcr beanspruchte Muskeln z.B. in R\u00fccken\u2026","og_url":"https:\/\/marktxxl.de\/markt\/produkt\/rubaxx-cannabis-cbd-gel-kuehlend-mit-ca-600-mg-cbd-mit-menthol-minzoel-fuer-beanspruchte-muskeln-z-b-in-ruecken-schultern-oder-beinen-120-ml\/","og_site_name":"Markt-XXL","article_modified_time":"2023-04-08T00:49:32+00:00","og_image":[{"width":500,"height":500,"url":"https:\/\/m.media-amazon.com\/images\/I\/41Zoab1-ClL._SL500_.jpg","type":"image\/jpeg"}],"twitter_card":"summary_large_image","twitter_misc":{"Gesch\u00e4tzte Lesezeit":"1\u00a0Minute"},"schema":{"@context":"https:\/\/schema.org","@graph":[{"@type":"WebPage","@id":"https:\/\/marktxxl.de\/markt\/produkt\/rubaxx-cannabis-cbd-gel-kuehlend-mit-ca-600-mg-cbd-mit-menthol-minzoel-fuer-beanspruchte-muskeln-z-b-in-ruecken-schultern-oder-beinen-120-ml\/","url":"https:\/\/marktxxl.de\/markt\/produkt\/rubaxx-cannabis-cbd-gel-kuehlend-mit-ca-600-mg-cbd-mit-menthol-minzoel-fuer-beanspruchte-muskeln-z-b-in-ruecken-schultern-oder-beinen-120-ml\/","name":"RubaXX Cannabis CBD Gel - K\u00fchlend mit ca. 600 mg CBD - mit Menthol &amp; Minz\u00f6l f\u00fcr beanspruchte Muskeln z.B. in R\u00fccken\u2026 - Markt-XXL","isPartOf":{"@id":"https:\/\/marktxxl.de\/markt\/#website"},"primaryImageOfPage":{"@id":"https:\/\/marktxxl.de\/markt\/produkt\/rubaxx-cannabis-cbd-gel-kuehlend-mit-ca-600-mg-cbd-mit-menthol-minzoel-fuer-beanspruchte-muskeln-z-b-in-ruecken-schultern-oder-beinen-120-ml\/#primaryimage"},"image":{"@id":"https:\/\/marktxxl.de\/markt\/produkt\/rubaxx-cannabis-cbd-gel-kuehlend-mit-ca-600-mg-cbd-mit-menthol-minzoel-fuer-beanspruchte-muskeln-z-b-in-ruecken-schultern-oder-beinen-120-ml\/#primaryimage"},"thumbnailUrl":"https:\/\/m.media-amazon.com\/images\/I\/41Zoab1-ClL._SL500_.jpg","datePublished":"2022-01-27T13:06:19+00:00","dateModified":"2023-04-08T00:49:32+00:00","description":"Markt-XXL RubaXX Cannabis CBD Gel - K\u00fchlend mit ca. 600 mg CBD - mit Menthol &amp; Minz\u00f6l f\u00fcr beanspruchte Muskeln z.B. in R\u00fccken\u2026","breadcrumb":{"@id":"https:\/\/marktxxl.de\/markt\/produkt\/rubaxx-cannabis-cbd-gel-kuehlend-mit-ca-600-mg-cbd-mit-menthol-minzoel-fuer-beanspruchte-muskeln-z-b-in-ruecken-schultern-oder-beinen-120-ml\/#breadcrumb"},"inLanguage":"de","potentialAction":[{"@type":"ReadAction","target":["https:\/\/marktxxl.de\/markt\/produkt\/rubaxx-cannabis-cbd-gel-kuehlend-mit-ca-600-mg-cbd-mit-menthol-minzoel-fuer-beanspruchte-muskeln-z-b-in-ruecken-schultern-oder-beinen-120-ml\/"]}]},{"@type":"ImageObject","inLanguage":"de","@id":"https:\/\/marktxxl.de\/markt\/produkt\/rubaxx-cannabis-cbd-gel-kuehlend-mit-ca-600-mg-cbd-mit-menthol-minzoel-fuer-beanspruchte-muskeln-z-b-in-ruecken-schultern-oder-beinen-120-ml\/#primaryimage","url":"https:\/\/m.media-amazon.com\/images\/I\/41Zoab1-ClL._SL500_.jpg","contentUrl":"https:\/\/m.media-amazon.com\/images\/I\/41Zoab1-ClL._SL500_.jpg","width":500,"height":500},{"@type":"BreadcrumbList","@id":"https:\/\/marktxxl.de\/markt\/produkt\/rubaxx-cannabis-cbd-gel-kuehlend-mit-ca-600-mg-cbd-mit-menthol-minzoel-fuer-beanspruchte-muskeln-z-b-in-ruecken-schultern-oder-beinen-120-ml\/#breadcrumb","itemListElement":[{"@type":"ListItem","position":1,"name":"Startseite","item":"https:\/\/marktxxl.de\/markt\/"},{"@type":"ListItem","position":2,"name":"Markt","item":"https:\/\/marktxxl.de\/markt\/"},{"@type":"ListItem","position":3,"name":"RubaXX Cannabis CBD Gel &#8211; K\u00fchlend mit ca. 600 mg CBD &#8211; mit Menthol &amp; Minz\u00f6l f\u00fcr beanspruchte Muskeln z.B. in R\u00fccken\u2026"}]},{"@type":"WebSite","@id":"https:\/\/marktxxl.de\/markt\/#website","url":"https:\/\/marktxxl.de\/markt\/","name":"Markt-XXL","description":"Ihr Markt Online","publisher":{"@id":"https:\/\/marktxxl.de\/markt\/#organization"},"potentialAction":[{"@type":"SearchAction","target":{"@type":"EntryPoint","urlTemplate":"https:\/\/marktxxl.de\/markt\/?s={search_term_string}"},"query-input":{"@type":"PropertyValueSpecification","valueRequired":true,"valueName":"search_term_string"}}],"inLanguage":"de"},{"@type":"Organization","@id":"https:\/\/marktxxl.de\/markt\/#organization","name":"Markt-XXL","url":"https:\/\/marktxxl.de\/markt\/","logo":{"@type":"ImageObject","inLanguage":"de","@id":"https:\/\/marktxxl.de\/markt\/#\/schema\/logo\/image\/","url":"https:\/\/marktxxl.de\/markt\/wp-content\/uploads\/sites\/3\/2020\/12\/logo.png","contentUrl":"https:\/\/marktxxl.de\/markt\/wp-content\/uploads\/sites\/3\/2020\/12\/logo.png","width":200,"height":70,"caption":"Markt-XXL"},"image":{"@id":"https:\/\/marktxxl.de\/markt\/#\/schema\/logo\/image\/"}}]}},"_links":{"self":[{"href":"https:\/\/marktxxl.de\/markt\/wp-json\/wp\/v2\/product\/97344","targetHints":{"allow":["GET"]}}],"collection":[{"href":"https:\/\/marktxxl.de\/markt\/wp-json\/wp\/v2\/product"}],"about":[{"href":"https:\/\/marktxxl.de\/markt\/wp-json\/wp\/v2\/types\/product"}],"replies":[{"embeddable":true,"href":"https:\/\/marktxxl.de\/markt\/wp-json\/wp\/v2\/comments?post=97344"}],"wp:featuredmedia":[{"embeddable":true,"href":"https:\/\/marktxxl.de\/markt\/wp-json\/wp\/v2\/media\/97345"}],"wp:attachment":[{"href":"https:\/\/marktxxl.de\/markt\/wp-json\/wp\/v2\/media?parent=97344"}],"wp:term":[{"taxonomy":"product_brand","embeddable":true,"href":"https:\/\/marktxxl.de\/markt\/wp-json\/wp\/v2\/product_brand?post=97344"},{"taxonomy":"product_cat","embeddable":true,"href":"https:\/\/marktxxl.de\/markt\/wp-json\/wp\/v2\/product_cat?post=97344"},{"taxonomy":"product_tag","embeddable":true,"href":"https:\/\/marktxxl.de\/markt\/wp-json\/wp\/v2\/product_tag?post=97344"}],"curies":[{"name":"wp","href":"https:\/\/api.w.org\/{rel}","templated":true}]}}