{"id":96675,"date":"2022-01-27T13:28:09","date_gmt":"2022-01-27T12:28:09","guid":{"rendered":"https:\/\/marktxxl.de\/markt\/produkt\/einhell-elektrisches-kaminfeuer-ef-1800-2-heizstufen-mit-900-w-1-800-w-led-flamme-mit-dimmerfunktion-frontpanel-aus-gewoelbtem-sicherheitsglas-ueberhitzungsschutz\/"},"modified":"2023-04-10T03:19:02","modified_gmt":"2023-04-10T01:19:02","slug":"einhell-elektrisches-kaminfeuer-ef-1800-2-heizstufen-mit-900-w-1-800-w-led-flamme-mit-dimmerfunktion-frontpanel-aus-gewoelbtem-sicherheitsglas-ueberhitzungsschutz","status":"publish","type":"product","link":"https:\/\/marktxxl.de\/markt\/produkt\/einhell-elektrisches-kaminfeuer-ef-1800-2-heizstufen-mit-900-w-1-800-w-led-flamme-mit-dimmerfunktion-frontpanel-aus-gewoelbtem-sicherheitsglas-ueberhitzungsschutz\/","title":{"rendered":"Einhell Elektrisches Kaminfeuer EF 1800 (2 Heizstufen mit 900 W + 1.800 W, LED-Flamme mit Dimmerfunktion, Frontpanel aus\u2026"},"content":{"rendered":"<p>Gem\u00fctlichkeit ohne jede Sorge, das gew\u00e4hrt das elektrische Kaminfeuer EF 1800 von Einhell. Romantische Abende vorm flackernden Feuer und wohltuende W\u00e4rme, daf\u00fcr hat Einhell das elektrische Kaminfeuer konzipiert.<br \/>\nDas elektrische Kaminfeuer l\u00e4sst sich aufh\u00e4ngen, wo immer es der Nutzer w\u00fcnscht. Ein Kamin ist nicht n\u00f6tig, die W\u00e4rmequelle ist abgas- und staubfrei. Das elektrische Kaminfeuer wirkt edel und ist zudem bediener.<br \/>\nMit einer Fernbedienung ausgestattet, l\u00e4sst sich das EF 1800 m\u00fchelos individuell einstellen. Zwei Heizstufen mit 900 Watt und 1. 800 Watt sind w\u00e4hlbar. Das Kaminfeuer ist geeignet f\u00fcr isolierte R\u00e4ume oder f\u00fcr den gelegentlichen Gebrauch.<br \/>\nDas elektrische Kaminfeuer verf\u00fcgt \u00fcber eine Fenster-Offen-Erkennung, zudem ist das Feuer \u00fcber einen Tages-Timer und ein Thermostat bequem einstellbar. Mittels einer Fernbedienung kann das Kaminfeuer bequem gesteuert werden.<br \/>\nElegant ist das Frontpanel aus gew\u00f6lbtem Sicherheitsglas, die Ma\u00dfe des Ger\u00e4tes sind mit 850 x 150 x 560 Millimeter praktisch und handlich.<br \/>\nDie LED-Flamme ist mit einer Dimmerfunktion ausgestattet und l\u00e4sst sich unabh\u00e4ngig von der Heizleistung ein- und ausschalten. Zur Sicherheit ist in das elektrische Kaminfeuer ein \u00dcberhitzungsschutz integriert, der einen sorglosen Betrieb erm\u00f6glicht.<br \/>\n<div class=\"main-cross-sell\" data-asin=\"B0748ZBGYP\">\n\n\t<div class=\"WooZone-cross-sell-loader\">\n\t\t<div>\n\t\t\t<div id=\"floatingBarsG\">\n\t\t\t\t<div class=\"blockG\" id=\"rotateG_01\"><\/div>\n\t\t\t\t<div class=\"blockG\" id=\"rotateG_02\"><\/div>\n\t\t\t\t<div class=\"blockG\" id=\"rotateG_03\"><\/div>\n\t\t\t\t<div class=\"blockG\" id=\"rotateG_04\"><\/div>\n\t\t\t\t<div class=\"blockG\" id=\"rotateG_05\"><\/div>\n\t\t\t\t<div class=\"blockG\" id=\"rotateG_06\"><\/div>\n\t\t\t\t<div class=\"blockG\" id=\"rotateG_07\"><\/div>\n\t\t\t\t<div class=\"blockG\" id=\"rotateG_08\"><\/div>\n\t\t\t<\/div>\n\t\t\t<div class=\"WooZone-cross-sell-loader-text\"><\/div>\n\t\t<\/div>\n\t<\/div>\n\n\t\t\n<\/div>\n<div style=\"clear:both;\"><\/div><\/p>\n","protected":false},"excerpt":{"rendered":"<p>Gem\u00fctlichkeit ohne jede Sorge, das gew\u00e4hrt das elektrische Kaminfeuer EF 1800 von Einhell. Romantische Abende vorm flackernden Feuer und wohltuende W\u00e4rme, daf\u00fcr hat Einhell das elektrische Kaminfeuer konzipiert.<br \/>\nDas elektrische Kaminfeuer l\u00e4sst sich aufh\u00e4ngen, wo immer es der Nutzer w\u00fcnscht. Ein Kamin ist nicht n\u00f6tig, die W\u00e4rmequelle ist abgas- und staubfrei. Das elektrische Kaminfeuer wirkt edel und ist zudem bediener.<br \/>\nMit einer Fernbedienung ausgestattet, l\u00e4sst sich das EF 1800 m\u00fchelos individuell einstellen. Zwei Heizstufen mit 900 Watt und 1. 800 Watt sind w\u00e4hlbar. Das Kaminfeuer ist geeignet f\u00fcr isolierte R\u00e4ume oder f\u00fcr den gelegentlichen Gebrauch.<\/p>\n","protected":false},"featured_media":96676,"comment_status":"open","ping_status":"closed","template":"","meta":[],"product_brand":[],"product_cat":[1983,11036],"product_tag":[],"class_list":{"0":"post-96675","1":"product","2":"type-product","3":"status-publish","4":"has-post-thumbnail","6":"product_cat-baumarkt","7":"product_cat-kamine","8":"pa_binding-werkzeug","9":"pa_brand-einhell","10":"pa_color-schwarz","11":"pa_height-22-047244072-zoll","12":"pa_length-34-645669256-zoll","13":"pa_manufacturer-einhell","14":"pa_model-30105","15":"pa_size-88-x-15-x-56-cm","16":"pa_weight-31-415872335-pfund","17":"pa_width-5-905511805-zoll","19":"first","20":"instock","21":"shipping-taxable","22":"purchasable","23":"product-type-simple","24":"customify-col","25":"product-has-gallery"},"yoast_head":"<!-- This site is optimized with the Yoast SEO plugin v27.4 - https:\/\/yoast.com\/product\/yoast-seo-wordpress\/ -->\n<title>Einhell Elektrisches Kaminfeuer EF 1800 (2 Heizstufen mit 900 W + 1.800 W, LED-Flamme mit Dimmerfunktion, Frontpanel aus\u2026 - Markt-XXL<\/title>\n<meta name=\"description\" content=\"Markt-XXL Einhell Elektrisches Kaminfeuer EF 1800 (2 Heizstufen mit 900 W + 1.800 W, LED-Flamme mit Dimmerfunktion, Frontpanel aus\u2026\" \/>\n<meta name=\"robots\" content=\"index, follow, max-snippet:-1, max-image-preview:large, max-video-preview:-1\" \/>\n<link rel=\"canonical\" href=\"https:\/\/marktxxl.de\/markt\/produkt\/einhell-elektrisches-kaminfeuer-ef-1800-2-heizstufen-mit-900-w-1-800-w-led-flamme-mit-dimmerfunktion-frontpanel-aus-gewoelbtem-sicherheitsglas-ueberhitzungsschutz\/\" \/>\n<meta property=\"og:locale\" content=\"de_DE\" \/>\n<meta property=\"og:type\" content=\"article\" \/>\n<meta property=\"og:title\" content=\"Einhell Elektrisches Kaminfeuer EF 1800 (2 Heizstufen mit 900 W + 1.800 W, LED-Flamme mit Dimmerfunktion, Frontpanel aus\u2026 - Markt-XXL\" \/>\n<meta property=\"og:description\" content=\"Markt-XXL Einhell Elektrisches Kaminfeuer EF 1800 (2 Heizstufen mit 900 W + 1.800 W, LED-Flamme mit Dimmerfunktion, Frontpanel aus\u2026\" \/>\n<meta property=\"og:url\" content=\"https:\/\/marktxxl.de\/markt\/produkt\/einhell-elektrisches-kaminfeuer-ef-1800-2-heizstufen-mit-900-w-1-800-w-led-flamme-mit-dimmerfunktion-frontpanel-aus-gewoelbtem-sicherheitsglas-ueberhitzungsschutz\/\" \/>\n<meta property=\"og:site_name\" content=\"Markt-XXL\" \/>\n<meta property=\"article:modified_time\" content=\"2023-04-10T01:19:02+00:00\" \/>\n<meta property=\"og:image\" content=\"https:\/\/m.media-amazon.com\/images\/I\/41E-g0DuN1L._SL500_.jpg\" \/>\n\t<meta property=\"og:image:width\" content=\"500\" \/>\n\t<meta property=\"og:image:height\" content=\"440\" \/>\n\t<meta property=\"og:image:type\" content=\"image\/jpeg\" \/>\n<meta name=\"twitter:card\" content=\"summary_large_image\" \/>\n<meta name=\"twitter:label1\" content=\"Gesch\u00e4tzte Lesezeit\" \/>\n\t<meta name=\"twitter:data1\" content=\"1\u00a0Minute\" \/>\n<script type=\"application\/ld+json\" class=\"yoast-schema-graph\">{\"@context\":\"https:\\\/\\\/schema.org\",\"@graph\":[{\"@type\":\"WebPage\",\"@id\":\"https:\\\/\\\/marktxxl.de\\\/markt\\\/produkt\\\/einhell-elektrisches-kaminfeuer-ef-1800-2-heizstufen-mit-900-w-1-800-w-led-flamme-mit-dimmerfunktion-frontpanel-aus-gewoelbtem-sicherheitsglas-ueberhitzungsschutz\\\/\",\"url\":\"https:\\\/\\\/marktxxl.de\\\/markt\\\/produkt\\\/einhell-elektrisches-kaminfeuer-ef-1800-2-heizstufen-mit-900-w-1-800-w-led-flamme-mit-dimmerfunktion-frontpanel-aus-gewoelbtem-sicherheitsglas-ueberhitzungsschutz\\\/\",\"name\":\"Einhell Elektrisches Kaminfeuer EF 1800 (2 Heizstufen mit 900 W + 1.800 W, LED-Flamme mit Dimmerfunktion, Frontpanel aus\u2026 - Markt-XXL\",\"isPartOf\":{\"@id\":\"https:\\\/\\\/marktxxl.de\\\/markt\\\/#website\"},\"primaryImageOfPage\":{\"@id\":\"https:\\\/\\\/marktxxl.de\\\/markt\\\/produkt\\\/einhell-elektrisches-kaminfeuer-ef-1800-2-heizstufen-mit-900-w-1-800-w-led-flamme-mit-dimmerfunktion-frontpanel-aus-gewoelbtem-sicherheitsglas-ueberhitzungsschutz\\\/#primaryimage\"},\"image\":{\"@id\":\"https:\\\/\\\/marktxxl.de\\\/markt\\\/produkt\\\/einhell-elektrisches-kaminfeuer-ef-1800-2-heizstufen-mit-900-w-1-800-w-led-flamme-mit-dimmerfunktion-frontpanel-aus-gewoelbtem-sicherheitsglas-ueberhitzungsschutz\\\/#primaryimage\"},\"thumbnailUrl\":\"https:\\\/\\\/m.media-amazon.com\\\/images\\\/I\\\/41E-g0DuN1L._SL500_.jpg\",\"datePublished\":\"2022-01-27T12:28:09+00:00\",\"dateModified\":\"2023-04-10T01:19:02+00:00\",\"description\":\"Markt-XXL Einhell Elektrisches Kaminfeuer EF 1800 (2 Heizstufen mit 900 W + 1.800 W, LED-Flamme mit Dimmerfunktion, Frontpanel aus\u2026\",\"breadcrumb\":{\"@id\":\"https:\\\/\\\/marktxxl.de\\\/markt\\\/produkt\\\/einhell-elektrisches-kaminfeuer-ef-1800-2-heizstufen-mit-900-w-1-800-w-led-flamme-mit-dimmerfunktion-frontpanel-aus-gewoelbtem-sicherheitsglas-ueberhitzungsschutz\\\/#breadcrumb\"},\"inLanguage\":\"de\",\"potentialAction\":[{\"@type\":\"ReadAction\",\"target\":[\"https:\\\/\\\/marktxxl.de\\\/markt\\\/produkt\\\/einhell-elektrisches-kaminfeuer-ef-1800-2-heizstufen-mit-900-w-1-800-w-led-flamme-mit-dimmerfunktion-frontpanel-aus-gewoelbtem-sicherheitsglas-ueberhitzungsschutz\\\/\"]}]},{\"@type\":\"ImageObject\",\"inLanguage\":\"de\",\"@id\":\"https:\\\/\\\/marktxxl.de\\\/markt\\\/produkt\\\/einhell-elektrisches-kaminfeuer-ef-1800-2-heizstufen-mit-900-w-1-800-w-led-flamme-mit-dimmerfunktion-frontpanel-aus-gewoelbtem-sicherheitsglas-ueberhitzungsschutz\\\/#primaryimage\",\"url\":\"https:\\\/\\\/m.media-amazon.com\\\/images\\\/I\\\/41E-g0DuN1L._SL500_.jpg\",\"contentUrl\":\"https:\\\/\\\/m.media-amazon.com\\\/images\\\/I\\\/41E-g0DuN1L._SL500_.jpg\",\"width\":500,\"height\":440},{\"@type\":\"BreadcrumbList\",\"@id\":\"https:\\\/\\\/marktxxl.de\\\/markt\\\/produkt\\\/einhell-elektrisches-kaminfeuer-ef-1800-2-heizstufen-mit-900-w-1-800-w-led-flamme-mit-dimmerfunktion-frontpanel-aus-gewoelbtem-sicherheitsglas-ueberhitzungsschutz\\\/#breadcrumb\",\"itemListElement\":[{\"@type\":\"ListItem\",\"position\":1,\"name\":\"Startseite\",\"item\":\"https:\\\/\\\/marktxxl.de\\\/markt\\\/\"},{\"@type\":\"ListItem\",\"position\":2,\"name\":\"Markt\",\"item\":\"https:\\\/\\\/marktxxl.de\\\/markt\\\/\"},{\"@type\":\"ListItem\",\"position\":3,\"name\":\"Einhell Elektrisches Kaminfeuer EF 1800 (2 Heizstufen mit 900 W + 1.800 W, LED-Flamme mit Dimmerfunktion, Frontpanel aus\u2026\"}]},{\"@type\":\"WebSite\",\"@id\":\"https:\\\/\\\/marktxxl.de\\\/markt\\\/#website\",\"url\":\"https:\\\/\\\/marktxxl.de\\\/markt\\\/\",\"name\":\"Markt-XXL\",\"description\":\"Ihr Markt Online\",\"publisher\":{\"@id\":\"https:\\\/\\\/marktxxl.de\\\/markt\\\/#organization\"},\"potentialAction\":[{\"@type\":\"SearchAction\",\"target\":{\"@type\":\"EntryPoint\",\"urlTemplate\":\"https:\\\/\\\/marktxxl.de\\\/markt\\\/?s={search_term_string}\"},\"query-input\":{\"@type\":\"PropertyValueSpecification\",\"valueRequired\":true,\"valueName\":\"search_term_string\"}}],\"inLanguage\":\"de\"},{\"@type\":\"Organization\",\"@id\":\"https:\\\/\\\/marktxxl.de\\\/markt\\\/#organization\",\"name\":\"Markt-XXL\",\"url\":\"https:\\\/\\\/marktxxl.de\\\/markt\\\/\",\"logo\":{\"@type\":\"ImageObject\",\"inLanguage\":\"de\",\"@id\":\"https:\\\/\\\/marktxxl.de\\\/markt\\\/#\\\/schema\\\/logo\\\/image\\\/\",\"url\":\"https:\\\/\\\/marktxxl.de\\\/markt\\\/wp-content\\\/uploads\\\/sites\\\/3\\\/2020\\\/12\\\/logo.png\",\"contentUrl\":\"https:\\\/\\\/marktxxl.de\\\/markt\\\/wp-content\\\/uploads\\\/sites\\\/3\\\/2020\\\/12\\\/logo.png\",\"width\":200,\"height\":70,\"caption\":\"Markt-XXL\"},\"image\":{\"@id\":\"https:\\\/\\\/marktxxl.de\\\/markt\\\/#\\\/schema\\\/logo\\\/image\\\/\"}}]}<\/script>\n<!-- \/ Yoast SEO plugin. -->","yoast_head_json":{"title":"Einhell Elektrisches Kaminfeuer EF 1800 (2 Heizstufen mit 900 W + 1.800 W, LED-Flamme mit Dimmerfunktion, Frontpanel aus\u2026 - Markt-XXL","description":"Markt-XXL Einhell Elektrisches Kaminfeuer EF 1800 (2 Heizstufen mit 900 W + 1.800 W, LED-Flamme mit Dimmerfunktion, Frontpanel aus\u2026","robots":{"index":"index","follow":"follow","max-snippet":"max-snippet:-1","max-image-preview":"max-image-preview:large","max-video-preview":"max-video-preview:-1"},"canonical":"https:\/\/marktxxl.de\/markt\/produkt\/einhell-elektrisches-kaminfeuer-ef-1800-2-heizstufen-mit-900-w-1-800-w-led-flamme-mit-dimmerfunktion-frontpanel-aus-gewoelbtem-sicherheitsglas-ueberhitzungsschutz\/","og_locale":"de_DE","og_type":"article","og_title":"Einhell Elektrisches Kaminfeuer EF 1800 (2 Heizstufen mit 900 W + 1.800 W, LED-Flamme mit Dimmerfunktion, Frontpanel aus\u2026 - Markt-XXL","og_description":"Markt-XXL Einhell Elektrisches Kaminfeuer EF 1800 (2 Heizstufen mit 900 W + 1.800 W, LED-Flamme mit Dimmerfunktion, Frontpanel aus\u2026","og_url":"https:\/\/marktxxl.de\/markt\/produkt\/einhell-elektrisches-kaminfeuer-ef-1800-2-heizstufen-mit-900-w-1-800-w-led-flamme-mit-dimmerfunktion-frontpanel-aus-gewoelbtem-sicherheitsglas-ueberhitzungsschutz\/","og_site_name":"Markt-XXL","article_modified_time":"2023-04-10T01:19:02+00:00","og_image":[{"width":500,"height":440,"url":"https:\/\/m.media-amazon.com\/images\/I\/41E-g0DuN1L._SL500_.jpg","type":"image\/jpeg"}],"twitter_card":"summary_large_image","twitter_misc":{"Gesch\u00e4tzte Lesezeit":"1\u00a0Minute"},"schema":{"@context":"https:\/\/schema.org","@graph":[{"@type":"WebPage","@id":"https:\/\/marktxxl.de\/markt\/produkt\/einhell-elektrisches-kaminfeuer-ef-1800-2-heizstufen-mit-900-w-1-800-w-led-flamme-mit-dimmerfunktion-frontpanel-aus-gewoelbtem-sicherheitsglas-ueberhitzungsschutz\/","url":"https:\/\/marktxxl.de\/markt\/produkt\/einhell-elektrisches-kaminfeuer-ef-1800-2-heizstufen-mit-900-w-1-800-w-led-flamme-mit-dimmerfunktion-frontpanel-aus-gewoelbtem-sicherheitsglas-ueberhitzungsschutz\/","name":"Einhell Elektrisches Kaminfeuer EF 1800 (2 Heizstufen mit 900 W + 1.800 W, LED-Flamme mit Dimmerfunktion, Frontpanel aus\u2026 - Markt-XXL","isPartOf":{"@id":"https:\/\/marktxxl.de\/markt\/#website"},"primaryImageOfPage":{"@id":"https:\/\/marktxxl.de\/markt\/produkt\/einhell-elektrisches-kaminfeuer-ef-1800-2-heizstufen-mit-900-w-1-800-w-led-flamme-mit-dimmerfunktion-frontpanel-aus-gewoelbtem-sicherheitsglas-ueberhitzungsschutz\/#primaryimage"},"image":{"@id":"https:\/\/marktxxl.de\/markt\/produkt\/einhell-elektrisches-kaminfeuer-ef-1800-2-heizstufen-mit-900-w-1-800-w-led-flamme-mit-dimmerfunktion-frontpanel-aus-gewoelbtem-sicherheitsglas-ueberhitzungsschutz\/#primaryimage"},"thumbnailUrl":"https:\/\/m.media-amazon.com\/images\/I\/41E-g0DuN1L._SL500_.jpg","datePublished":"2022-01-27T12:28:09+00:00","dateModified":"2023-04-10T01:19:02+00:00","description":"Markt-XXL Einhell Elektrisches Kaminfeuer EF 1800 (2 Heizstufen mit 900 W + 1.800 W, LED-Flamme mit Dimmerfunktion, Frontpanel aus\u2026","breadcrumb":{"@id":"https:\/\/marktxxl.de\/markt\/produkt\/einhell-elektrisches-kaminfeuer-ef-1800-2-heizstufen-mit-900-w-1-800-w-led-flamme-mit-dimmerfunktion-frontpanel-aus-gewoelbtem-sicherheitsglas-ueberhitzungsschutz\/#breadcrumb"},"inLanguage":"de","potentialAction":[{"@type":"ReadAction","target":["https:\/\/marktxxl.de\/markt\/produkt\/einhell-elektrisches-kaminfeuer-ef-1800-2-heizstufen-mit-900-w-1-800-w-led-flamme-mit-dimmerfunktion-frontpanel-aus-gewoelbtem-sicherheitsglas-ueberhitzungsschutz\/"]}]},{"@type":"ImageObject","inLanguage":"de","@id":"https:\/\/marktxxl.de\/markt\/produkt\/einhell-elektrisches-kaminfeuer-ef-1800-2-heizstufen-mit-900-w-1-800-w-led-flamme-mit-dimmerfunktion-frontpanel-aus-gewoelbtem-sicherheitsglas-ueberhitzungsschutz\/#primaryimage","url":"https:\/\/m.media-amazon.com\/images\/I\/41E-g0DuN1L._SL500_.jpg","contentUrl":"https:\/\/m.media-amazon.com\/images\/I\/41E-g0DuN1L._SL500_.jpg","width":500,"height":440},{"@type":"BreadcrumbList","@id":"https:\/\/marktxxl.de\/markt\/produkt\/einhell-elektrisches-kaminfeuer-ef-1800-2-heizstufen-mit-900-w-1-800-w-led-flamme-mit-dimmerfunktion-frontpanel-aus-gewoelbtem-sicherheitsglas-ueberhitzungsschutz\/#breadcrumb","itemListElement":[{"@type":"ListItem","position":1,"name":"Startseite","item":"https:\/\/marktxxl.de\/markt\/"},{"@type":"ListItem","position":2,"name":"Markt","item":"https:\/\/marktxxl.de\/markt\/"},{"@type":"ListItem","position":3,"name":"Einhell Elektrisches Kaminfeuer EF 1800 (2 Heizstufen mit 900 W + 1.800 W, LED-Flamme mit Dimmerfunktion, Frontpanel aus\u2026"}]},{"@type":"WebSite","@id":"https:\/\/marktxxl.de\/markt\/#website","url":"https:\/\/marktxxl.de\/markt\/","name":"Markt-XXL","description":"Ihr Markt Online","publisher":{"@id":"https:\/\/marktxxl.de\/markt\/#organization"},"potentialAction":[{"@type":"SearchAction","target":{"@type":"EntryPoint","urlTemplate":"https:\/\/marktxxl.de\/markt\/?s={search_term_string}"},"query-input":{"@type":"PropertyValueSpecification","valueRequired":true,"valueName":"search_term_string"}}],"inLanguage":"de"},{"@type":"Organization","@id":"https:\/\/marktxxl.de\/markt\/#organization","name":"Markt-XXL","url":"https:\/\/marktxxl.de\/markt\/","logo":{"@type":"ImageObject","inLanguage":"de","@id":"https:\/\/marktxxl.de\/markt\/#\/schema\/logo\/image\/","url":"https:\/\/marktxxl.de\/markt\/wp-content\/uploads\/sites\/3\/2020\/12\/logo.png","contentUrl":"https:\/\/marktxxl.de\/markt\/wp-content\/uploads\/sites\/3\/2020\/12\/logo.png","width":200,"height":70,"caption":"Markt-XXL"},"image":{"@id":"https:\/\/marktxxl.de\/markt\/#\/schema\/logo\/image\/"}}]}},"_links":{"self":[{"href":"https:\/\/marktxxl.de\/markt\/wp-json\/wp\/v2\/product\/96675","targetHints":{"allow":["GET"]}}],"collection":[{"href":"https:\/\/marktxxl.de\/markt\/wp-json\/wp\/v2\/product"}],"about":[{"href":"https:\/\/marktxxl.de\/markt\/wp-json\/wp\/v2\/types\/product"}],"replies":[{"embeddable":true,"href":"https:\/\/marktxxl.de\/markt\/wp-json\/wp\/v2\/comments?post=96675"}],"wp:featuredmedia":[{"embeddable":true,"href":"https:\/\/marktxxl.de\/markt\/wp-json\/wp\/v2\/media\/96676"}],"wp:attachment":[{"href":"https:\/\/marktxxl.de\/markt\/wp-json\/wp\/v2\/media?parent=96675"}],"wp:term":[{"taxonomy":"product_brand","embeddable":true,"href":"https:\/\/marktxxl.de\/markt\/wp-json\/wp\/v2\/product_brand?post=96675"},{"taxonomy":"product_cat","embeddable":true,"href":"https:\/\/marktxxl.de\/markt\/wp-json\/wp\/v2\/product_cat?post=96675"},{"taxonomy":"product_tag","embeddable":true,"href":"https:\/\/marktxxl.de\/markt\/wp-json\/wp\/v2\/product_tag?post=96675"}],"curies":[{"name":"wp","href":"https:\/\/api.w.org\/{rel}","templated":true}]}}