{"id":95410,"date":"2022-01-01T17:18:25","date_gmt":"2022-01-01T16:18:25","guid":{"rendered":"https:\/\/marktxxl.de\/markt\/produkt\/runhood-6-stueck-baumwolle-gesichtsbedeckung-maske-3-lagig-atmungsaktiver-schutz-wiederverwendbar-waschbar-dehnbare-gesichtsmaske-mit-verstellbarem-ohrbuegel\/"},"modified":"2023-04-09T02:53:06","modified_gmt":"2023-04-09T00:53:06","slug":"runhood-6-stueck-baumwolle-gesichtsbedeckung-maske-3-lagig-atmungsaktiver-schutz-wiederverwendbar-waschbar-dehnbare-gesichtsmaske-mit-verstellbarem-ohrbuegel","status":"publish","type":"product","link":"https:\/\/marktxxl.de\/markt\/produkt\/runhood-6-stueck-baumwolle-gesichtsbedeckung-maske-3-lagig-atmungsaktiver-schutz-wiederverwendbar-waschbar-dehnbare-gesichtsmaske-mit-verstellbarem-ohrbuegel\/","title":{"rendered":"RUNHOOD 6 St\u00fcck Baumwolle Gesichtsbedeckung Maske, 3-lagig, atmungsaktiver Schutz, wiederverwendbar, waschbar, dehnbare\u2026"},"content":{"rendered":"<p>Lieferumfang: Sie erhalten 6 hochwertige schwarze Mundmasken aus Baumwolle. Bietet ausreichenden Schutz f\u00fcr Sie und Ihre Familie.<br \/>\nHochwertiges Material: handgefertigt aus 100 % Baumwollstoffen. Leicht und atmungsaktiv.<br \/>\nWaschbar und wiederverwendbar: Vor dem ersten Gebrauch waschen. Maschinenw\u00e4sche kalt. Nicht bleichen. Nicht chemisch reinigen. Bei niedriger Temperatur im Trockner trocknen oder flach zum Trocknen legen, um Einlaufen zu vermeiden. Kein Weichsp\u00fcler und l\u00e4uft nicht ein. Hygienischer und bleibt besser an Ort und Stelle als ein Schal, Bandana, Nackenwickel oder Sturmhaube.<br \/>\nBequem und verstellbar: Drei Schichten Stoff schaffen eine komfortable Barriere f\u00fcr Nase und Mund. Es hat einen verstellbaren Nasensteg und elastische Ohrschlaufen. Sie k\u00f6nnen es f\u00fcr eine lange Zeit tragen. Es kann entsprechend Ihrem Gesicht angepasst werden, um es besser anzupassen.<br \/>\nBreite Anwendbarkeit: Einheitsgr\u00f6\u00dfe passt den meisten Menschen, bietet vollen Schutz f\u00fcr Gesicht und Mund. Dieses Produkt sch\u00fctzt Sie vor K\u00e4lte, Asche, Pollen, Nebel, Dunst, Fahrzeugauspuff, Passivrauchen und so weiter. Geeignet f\u00fcr Radfahren, Camping, Laufen, Reisen, Klettern und den t\u00e4glichen Gebrauch.<br \/>\n<div class=\"main-cross-sell\" data-asin=\"B08L3KBPCW\">\n\n\t<div class=\"WooZone-cross-sell-loader\">\n\t\t<div>\n\t\t\t<div id=\"floatingBarsG\">\n\t\t\t\t<div class=\"blockG\" id=\"rotateG_01\"><\/div>\n\t\t\t\t<div class=\"blockG\" id=\"rotateG_02\"><\/div>\n\t\t\t\t<div class=\"blockG\" id=\"rotateG_03\"><\/div>\n\t\t\t\t<div class=\"blockG\" id=\"rotateG_04\"><\/div>\n\t\t\t\t<div class=\"blockG\" id=\"rotateG_05\"><\/div>\n\t\t\t\t<div class=\"blockG\" id=\"rotateG_06\"><\/div>\n\t\t\t\t<div class=\"blockG\" id=\"rotateG_07\"><\/div>\n\t\t\t\t<div class=\"blockG\" id=\"rotateG_08\"><\/div>\n\t\t\t<\/div>\n\t\t\t<div class=\"WooZone-cross-sell-loader-text\"><\/div>\n\t\t<\/div>\n\t<\/div>\n\n\t\t\n<\/div>\n<div style=\"clear:both;\"><\/div><\/p>\n","protected":false},"excerpt":{"rendered":"<p>Lieferumfang: Sie erhalten 6 hochwertige schwarze Mundmasken aus Baumwolle. Bietet ausreichenden Schutz f\u00fcr Sie und Ihre Familie.<br \/>\nHochwertiges Material: handgefertigt aus 100 % Baumwollstoffen. Leicht und atmungsaktiv.<br \/>\nWaschbar und wiederverwendbar: Vor dem ersten Gebrauch waschen. Maschinenw\u00e4sche kalt. Nicht bleichen. Nicht chemisch reinigen. Bei niedriger Temperatur im Trockner trocknen oder flach zum Trocknen legen, um Einlaufen zu vermeiden. Kein Weichsp\u00fcler und l\u00e4uft nicht ein. Hygienischer und bleibt besser an Ort und Stelle als ein Schal, Bandana, Nackenwickel oder Sturmhaube.<\/p>\n","protected":false},"featured_media":95411,"comment_status":"open","ping_status":"closed","template":"","meta":[],"product_brand":[],"product_cat":[652,3064],"product_tag":[],"class_list":{"0":"post-95410","1":"product","2":"type-product","3":"status-publish","4":"has-post-thumbnail","6":"product_cat-erotik-markt-xxl","7":"product_cat-fesseln-bondage","8":"pa_binding-unbekannter-einband","9":"pa_brand-runhood","10":"pa_color-bunt","11":"pa_height-0-393700787-zoll","12":"pa_length-1-968503935-zoll","13":"pa_manufacturer-runhood","14":"pa_model-w-kz-12-409-1522531852","15":"pa_size-einheitsgroesse","16":"pa_width-1-968503935-zoll","18":"first","19":"instock","20":"shipping-taxable","21":"purchasable","22":"product-type-simple","23":"customify-col","24":"product-has-gallery"},"yoast_head":"<!-- This site is optimized with the Yoast SEO plugin v27.4 - https:\/\/yoast.com\/product\/yoast-seo-wordpress\/ -->\n<title>RUNHOOD 6 St\u00fcck Baumwolle Gesichtsbedeckung Maske, 3-lagig, atmungsaktiver Schutz, wiederverwendbar, waschbar, dehnbare\u2026 - Markt-XXL<\/title>\n<meta name=\"description\" content=\"Markt-XXL RUNHOOD 6 St\u00fcck Baumwolle Gesichtsbedeckung Maske, 3-lagig, atmungsaktiver Schutz, wiederverwendbar, waschbar, dehnbare\u2026\" \/>\n<meta name=\"robots\" content=\"index, follow, max-snippet:-1, max-image-preview:large, max-video-preview:-1\" \/>\n<link rel=\"canonical\" href=\"https:\/\/marktxxl.de\/markt\/produkt\/runhood-6-stueck-baumwolle-gesichtsbedeckung-maske-3-lagig-atmungsaktiver-schutz-wiederverwendbar-waschbar-dehnbare-gesichtsmaske-mit-verstellbarem-ohrbuegel\/\" \/>\n<meta property=\"og:locale\" content=\"de_DE\" \/>\n<meta property=\"og:type\" content=\"article\" \/>\n<meta property=\"og:title\" content=\"RUNHOOD 6 St\u00fcck Baumwolle Gesichtsbedeckung Maske, 3-lagig, atmungsaktiver Schutz, wiederverwendbar, waschbar, dehnbare\u2026 - Markt-XXL\" \/>\n<meta property=\"og:description\" content=\"Markt-XXL RUNHOOD 6 St\u00fcck Baumwolle Gesichtsbedeckung Maske, 3-lagig, atmungsaktiver Schutz, wiederverwendbar, waschbar, dehnbare\u2026\" \/>\n<meta property=\"og:url\" content=\"https:\/\/marktxxl.de\/markt\/produkt\/runhood-6-stueck-baumwolle-gesichtsbedeckung-maske-3-lagig-atmungsaktiver-schutz-wiederverwendbar-waschbar-dehnbare-gesichtsmaske-mit-verstellbarem-ohrbuegel\/\" \/>\n<meta property=\"og:site_name\" content=\"Markt-XXL\" \/>\n<meta property=\"article:modified_time\" content=\"2023-04-09T00:53:06+00:00\" \/>\n<meta property=\"og:image\" content=\"https:\/\/m.media-amazon.com\/images\/I\/41Hv5BRTlaL._SL500_.jpg\" \/>\n\t<meta property=\"og:image:width\" content=\"500\" \/>\n\t<meta property=\"og:image:height\" content=\"500\" \/>\n\t<meta property=\"og:image:type\" content=\"image\/jpeg\" \/>\n<meta name=\"twitter:card\" content=\"summary_large_image\" \/>\n<meta name=\"twitter:label1\" content=\"Gesch\u00e4tzte Lesezeit\" \/>\n\t<meta name=\"twitter:data1\" content=\"1\u00a0Minute\" \/>\n<script type=\"application\/ld+json\" class=\"yoast-schema-graph\">{\"@context\":\"https:\\\/\\\/schema.org\",\"@graph\":[{\"@type\":\"WebPage\",\"@id\":\"https:\\\/\\\/marktxxl.de\\\/markt\\\/produkt\\\/runhood-6-stueck-baumwolle-gesichtsbedeckung-maske-3-lagig-atmungsaktiver-schutz-wiederverwendbar-waschbar-dehnbare-gesichtsmaske-mit-verstellbarem-ohrbuegel\\\/\",\"url\":\"https:\\\/\\\/marktxxl.de\\\/markt\\\/produkt\\\/runhood-6-stueck-baumwolle-gesichtsbedeckung-maske-3-lagig-atmungsaktiver-schutz-wiederverwendbar-waschbar-dehnbare-gesichtsmaske-mit-verstellbarem-ohrbuegel\\\/\",\"name\":\"RUNHOOD 6 St\u00fcck Baumwolle Gesichtsbedeckung Maske, 3-lagig, atmungsaktiver Schutz, wiederverwendbar, waschbar, dehnbare\u2026 - Markt-XXL\",\"isPartOf\":{\"@id\":\"https:\\\/\\\/marktxxl.de\\\/markt\\\/#website\"},\"primaryImageOfPage\":{\"@id\":\"https:\\\/\\\/marktxxl.de\\\/markt\\\/produkt\\\/runhood-6-stueck-baumwolle-gesichtsbedeckung-maske-3-lagig-atmungsaktiver-schutz-wiederverwendbar-waschbar-dehnbare-gesichtsmaske-mit-verstellbarem-ohrbuegel\\\/#primaryimage\"},\"image\":{\"@id\":\"https:\\\/\\\/marktxxl.de\\\/markt\\\/produkt\\\/runhood-6-stueck-baumwolle-gesichtsbedeckung-maske-3-lagig-atmungsaktiver-schutz-wiederverwendbar-waschbar-dehnbare-gesichtsmaske-mit-verstellbarem-ohrbuegel\\\/#primaryimage\"},\"thumbnailUrl\":\"https:\\\/\\\/m.media-amazon.com\\\/images\\\/I\\\/41Hv5BRTlaL._SL500_.jpg\",\"datePublished\":\"2022-01-01T16:18:25+00:00\",\"dateModified\":\"2023-04-09T00:53:06+00:00\",\"description\":\"Markt-XXL RUNHOOD 6 St\u00fcck Baumwolle Gesichtsbedeckung Maske, 3-lagig, atmungsaktiver Schutz, wiederverwendbar, waschbar, dehnbare\u2026\",\"breadcrumb\":{\"@id\":\"https:\\\/\\\/marktxxl.de\\\/markt\\\/produkt\\\/runhood-6-stueck-baumwolle-gesichtsbedeckung-maske-3-lagig-atmungsaktiver-schutz-wiederverwendbar-waschbar-dehnbare-gesichtsmaske-mit-verstellbarem-ohrbuegel\\\/#breadcrumb\"},\"inLanguage\":\"de\",\"potentialAction\":[{\"@type\":\"ReadAction\",\"target\":[\"https:\\\/\\\/marktxxl.de\\\/markt\\\/produkt\\\/runhood-6-stueck-baumwolle-gesichtsbedeckung-maske-3-lagig-atmungsaktiver-schutz-wiederverwendbar-waschbar-dehnbare-gesichtsmaske-mit-verstellbarem-ohrbuegel\\\/\"]}]},{\"@type\":\"ImageObject\",\"inLanguage\":\"de\",\"@id\":\"https:\\\/\\\/marktxxl.de\\\/markt\\\/produkt\\\/runhood-6-stueck-baumwolle-gesichtsbedeckung-maske-3-lagig-atmungsaktiver-schutz-wiederverwendbar-waschbar-dehnbare-gesichtsmaske-mit-verstellbarem-ohrbuegel\\\/#primaryimage\",\"url\":\"https:\\\/\\\/m.media-amazon.com\\\/images\\\/I\\\/41Hv5BRTlaL._SL500_.jpg\",\"contentUrl\":\"https:\\\/\\\/m.media-amazon.com\\\/images\\\/I\\\/41Hv5BRTlaL._SL500_.jpg\",\"width\":500,\"height\":500},{\"@type\":\"BreadcrumbList\",\"@id\":\"https:\\\/\\\/marktxxl.de\\\/markt\\\/produkt\\\/runhood-6-stueck-baumwolle-gesichtsbedeckung-maske-3-lagig-atmungsaktiver-schutz-wiederverwendbar-waschbar-dehnbare-gesichtsmaske-mit-verstellbarem-ohrbuegel\\\/#breadcrumb\",\"itemListElement\":[{\"@type\":\"ListItem\",\"position\":1,\"name\":\"Startseite\",\"item\":\"https:\\\/\\\/marktxxl.de\\\/markt\\\/\"},{\"@type\":\"ListItem\",\"position\":2,\"name\":\"Markt\",\"item\":\"https:\\\/\\\/marktxxl.de\\\/markt\\\/\"},{\"@type\":\"ListItem\",\"position\":3,\"name\":\"RUNHOOD 6 St\u00fcck Baumwolle Gesichtsbedeckung Maske, 3-lagig, atmungsaktiver Schutz, wiederverwendbar, waschbar, dehnbare\u2026\"}]},{\"@type\":\"WebSite\",\"@id\":\"https:\\\/\\\/marktxxl.de\\\/markt\\\/#website\",\"url\":\"https:\\\/\\\/marktxxl.de\\\/markt\\\/\",\"name\":\"Markt-XXL\",\"description\":\"Ihr Markt Online\",\"publisher\":{\"@id\":\"https:\\\/\\\/marktxxl.de\\\/markt\\\/#organization\"},\"potentialAction\":[{\"@type\":\"SearchAction\",\"target\":{\"@type\":\"EntryPoint\",\"urlTemplate\":\"https:\\\/\\\/marktxxl.de\\\/markt\\\/?s={search_term_string}\"},\"query-input\":{\"@type\":\"PropertyValueSpecification\",\"valueRequired\":true,\"valueName\":\"search_term_string\"}}],\"inLanguage\":\"de\"},{\"@type\":\"Organization\",\"@id\":\"https:\\\/\\\/marktxxl.de\\\/markt\\\/#organization\",\"name\":\"Markt-XXL\",\"url\":\"https:\\\/\\\/marktxxl.de\\\/markt\\\/\",\"logo\":{\"@type\":\"ImageObject\",\"inLanguage\":\"de\",\"@id\":\"https:\\\/\\\/marktxxl.de\\\/markt\\\/#\\\/schema\\\/logo\\\/image\\\/\",\"url\":\"https:\\\/\\\/marktxxl.de\\\/markt\\\/wp-content\\\/uploads\\\/sites\\\/3\\\/2020\\\/12\\\/logo.png\",\"contentUrl\":\"https:\\\/\\\/marktxxl.de\\\/markt\\\/wp-content\\\/uploads\\\/sites\\\/3\\\/2020\\\/12\\\/logo.png\",\"width\":200,\"height\":70,\"caption\":\"Markt-XXL\"},\"image\":{\"@id\":\"https:\\\/\\\/marktxxl.de\\\/markt\\\/#\\\/schema\\\/logo\\\/image\\\/\"}}]}<\/script>\n<!-- \/ Yoast SEO plugin. -->","yoast_head_json":{"title":"RUNHOOD 6 St\u00fcck Baumwolle Gesichtsbedeckung Maske, 3-lagig, atmungsaktiver Schutz, wiederverwendbar, waschbar, dehnbare\u2026 - Markt-XXL","description":"Markt-XXL RUNHOOD 6 St\u00fcck Baumwolle Gesichtsbedeckung Maske, 3-lagig, atmungsaktiver Schutz, wiederverwendbar, waschbar, dehnbare\u2026","robots":{"index":"index","follow":"follow","max-snippet":"max-snippet:-1","max-image-preview":"max-image-preview:large","max-video-preview":"max-video-preview:-1"},"canonical":"https:\/\/marktxxl.de\/markt\/produkt\/runhood-6-stueck-baumwolle-gesichtsbedeckung-maske-3-lagig-atmungsaktiver-schutz-wiederverwendbar-waschbar-dehnbare-gesichtsmaske-mit-verstellbarem-ohrbuegel\/","og_locale":"de_DE","og_type":"article","og_title":"RUNHOOD 6 St\u00fcck Baumwolle Gesichtsbedeckung Maske, 3-lagig, atmungsaktiver Schutz, wiederverwendbar, waschbar, dehnbare\u2026 - Markt-XXL","og_description":"Markt-XXL RUNHOOD 6 St\u00fcck Baumwolle Gesichtsbedeckung Maske, 3-lagig, atmungsaktiver Schutz, wiederverwendbar, waschbar, dehnbare\u2026","og_url":"https:\/\/marktxxl.de\/markt\/produkt\/runhood-6-stueck-baumwolle-gesichtsbedeckung-maske-3-lagig-atmungsaktiver-schutz-wiederverwendbar-waschbar-dehnbare-gesichtsmaske-mit-verstellbarem-ohrbuegel\/","og_site_name":"Markt-XXL","article_modified_time":"2023-04-09T00:53:06+00:00","og_image":[{"width":500,"height":500,"url":"https:\/\/m.media-amazon.com\/images\/I\/41Hv5BRTlaL._SL500_.jpg","type":"image\/jpeg"}],"twitter_card":"summary_large_image","twitter_misc":{"Gesch\u00e4tzte Lesezeit":"1\u00a0Minute"},"schema":{"@context":"https:\/\/schema.org","@graph":[{"@type":"WebPage","@id":"https:\/\/marktxxl.de\/markt\/produkt\/runhood-6-stueck-baumwolle-gesichtsbedeckung-maske-3-lagig-atmungsaktiver-schutz-wiederverwendbar-waschbar-dehnbare-gesichtsmaske-mit-verstellbarem-ohrbuegel\/","url":"https:\/\/marktxxl.de\/markt\/produkt\/runhood-6-stueck-baumwolle-gesichtsbedeckung-maske-3-lagig-atmungsaktiver-schutz-wiederverwendbar-waschbar-dehnbare-gesichtsmaske-mit-verstellbarem-ohrbuegel\/","name":"RUNHOOD 6 St\u00fcck Baumwolle Gesichtsbedeckung Maske, 3-lagig, atmungsaktiver Schutz, wiederverwendbar, waschbar, dehnbare\u2026 - Markt-XXL","isPartOf":{"@id":"https:\/\/marktxxl.de\/markt\/#website"},"primaryImageOfPage":{"@id":"https:\/\/marktxxl.de\/markt\/produkt\/runhood-6-stueck-baumwolle-gesichtsbedeckung-maske-3-lagig-atmungsaktiver-schutz-wiederverwendbar-waschbar-dehnbare-gesichtsmaske-mit-verstellbarem-ohrbuegel\/#primaryimage"},"image":{"@id":"https:\/\/marktxxl.de\/markt\/produkt\/runhood-6-stueck-baumwolle-gesichtsbedeckung-maske-3-lagig-atmungsaktiver-schutz-wiederverwendbar-waschbar-dehnbare-gesichtsmaske-mit-verstellbarem-ohrbuegel\/#primaryimage"},"thumbnailUrl":"https:\/\/m.media-amazon.com\/images\/I\/41Hv5BRTlaL._SL500_.jpg","datePublished":"2022-01-01T16:18:25+00:00","dateModified":"2023-04-09T00:53:06+00:00","description":"Markt-XXL RUNHOOD 6 St\u00fcck Baumwolle Gesichtsbedeckung Maske, 3-lagig, atmungsaktiver Schutz, wiederverwendbar, waschbar, dehnbare\u2026","breadcrumb":{"@id":"https:\/\/marktxxl.de\/markt\/produkt\/runhood-6-stueck-baumwolle-gesichtsbedeckung-maske-3-lagig-atmungsaktiver-schutz-wiederverwendbar-waschbar-dehnbare-gesichtsmaske-mit-verstellbarem-ohrbuegel\/#breadcrumb"},"inLanguage":"de","potentialAction":[{"@type":"ReadAction","target":["https:\/\/marktxxl.de\/markt\/produkt\/runhood-6-stueck-baumwolle-gesichtsbedeckung-maske-3-lagig-atmungsaktiver-schutz-wiederverwendbar-waschbar-dehnbare-gesichtsmaske-mit-verstellbarem-ohrbuegel\/"]}]},{"@type":"ImageObject","inLanguage":"de","@id":"https:\/\/marktxxl.de\/markt\/produkt\/runhood-6-stueck-baumwolle-gesichtsbedeckung-maske-3-lagig-atmungsaktiver-schutz-wiederverwendbar-waschbar-dehnbare-gesichtsmaske-mit-verstellbarem-ohrbuegel\/#primaryimage","url":"https:\/\/m.media-amazon.com\/images\/I\/41Hv5BRTlaL._SL500_.jpg","contentUrl":"https:\/\/m.media-amazon.com\/images\/I\/41Hv5BRTlaL._SL500_.jpg","width":500,"height":500},{"@type":"BreadcrumbList","@id":"https:\/\/marktxxl.de\/markt\/produkt\/runhood-6-stueck-baumwolle-gesichtsbedeckung-maske-3-lagig-atmungsaktiver-schutz-wiederverwendbar-waschbar-dehnbare-gesichtsmaske-mit-verstellbarem-ohrbuegel\/#breadcrumb","itemListElement":[{"@type":"ListItem","position":1,"name":"Startseite","item":"https:\/\/marktxxl.de\/markt\/"},{"@type":"ListItem","position":2,"name":"Markt","item":"https:\/\/marktxxl.de\/markt\/"},{"@type":"ListItem","position":3,"name":"RUNHOOD 6 St\u00fcck Baumwolle Gesichtsbedeckung Maske, 3-lagig, atmungsaktiver Schutz, wiederverwendbar, waschbar, dehnbare\u2026"}]},{"@type":"WebSite","@id":"https:\/\/marktxxl.de\/markt\/#website","url":"https:\/\/marktxxl.de\/markt\/","name":"Markt-XXL","description":"Ihr Markt Online","publisher":{"@id":"https:\/\/marktxxl.de\/markt\/#organization"},"potentialAction":[{"@type":"SearchAction","target":{"@type":"EntryPoint","urlTemplate":"https:\/\/marktxxl.de\/markt\/?s={search_term_string}"},"query-input":{"@type":"PropertyValueSpecification","valueRequired":true,"valueName":"search_term_string"}}],"inLanguage":"de"},{"@type":"Organization","@id":"https:\/\/marktxxl.de\/markt\/#organization","name":"Markt-XXL","url":"https:\/\/marktxxl.de\/markt\/","logo":{"@type":"ImageObject","inLanguage":"de","@id":"https:\/\/marktxxl.de\/markt\/#\/schema\/logo\/image\/","url":"https:\/\/marktxxl.de\/markt\/wp-content\/uploads\/sites\/3\/2020\/12\/logo.png","contentUrl":"https:\/\/marktxxl.de\/markt\/wp-content\/uploads\/sites\/3\/2020\/12\/logo.png","width":200,"height":70,"caption":"Markt-XXL"},"image":{"@id":"https:\/\/marktxxl.de\/markt\/#\/schema\/logo\/image\/"}}]}},"_links":{"self":[{"href":"https:\/\/marktxxl.de\/markt\/wp-json\/wp\/v2\/product\/95410","targetHints":{"allow":["GET"]}}],"collection":[{"href":"https:\/\/marktxxl.de\/markt\/wp-json\/wp\/v2\/product"}],"about":[{"href":"https:\/\/marktxxl.de\/markt\/wp-json\/wp\/v2\/types\/product"}],"replies":[{"embeddable":true,"href":"https:\/\/marktxxl.de\/markt\/wp-json\/wp\/v2\/comments?post=95410"}],"wp:featuredmedia":[{"embeddable":true,"href":"https:\/\/marktxxl.de\/markt\/wp-json\/wp\/v2\/media\/95411"}],"wp:attachment":[{"href":"https:\/\/marktxxl.de\/markt\/wp-json\/wp\/v2\/media?parent=95410"}],"wp:term":[{"taxonomy":"product_brand","embeddable":true,"href":"https:\/\/marktxxl.de\/markt\/wp-json\/wp\/v2\/product_brand?post=95410"},{"taxonomy":"product_cat","embeddable":true,"href":"https:\/\/marktxxl.de\/markt\/wp-json\/wp\/v2\/product_cat?post=95410"},{"taxonomy":"product_tag","embeddable":true,"href":"https:\/\/marktxxl.de\/markt\/wp-json\/wp\/v2\/product_tag?post=95410"}],"curies":[{"name":"wp","href":"https:\/\/api.w.org\/{rel}","templated":true}]}}