{"id":94401,"date":"2021-12-28T22:57:39","date_gmt":"2021-12-28T21:57:39","guid":{"rendered":"https:\/\/marktxxl.de\/markt\/produkt\/2x6m-50er-led-outdoor-lichterkette-batteriemicro-lichterketten-fuer-zimmer-mit-timerip65-wasserdicht-innen-aussenlichterkette-batteriebetrieben-weihnachtsbeleuchtung-fuer-halloween-hochzeit-deko\/"},"modified":"2023-04-09T02:50:56","modified_gmt":"2023-04-09T00:50:56","slug":"2x6m-50er-led-outdoor-lichterkette-batteriemicro-lichterketten-fuer-zimmer-mit-timerip65-wasserdicht-innen-aussenlichterkette-batteriebetrieben-weihnachtsbeleuchtung-fuer-halloween-hochzeit-deko","status":"publish","type":"product","link":"https:\/\/marktxxl.de\/markt\/produkt\/2x6m-50er-led-outdoor-lichterkette-batteriemicro-lichterketten-fuer-zimmer-mit-timerip65-wasserdicht-innen-aussenlichterkette-batteriebetrieben-weihnachtsbeleuchtung-fuer-halloween-hochzeit-deko\/","title":{"rendered":"2x6m 50er LED Outdoor Lichterkette Batterie,Micro Lichterketten f\u00fcr Zimmer mit Timer,IP65 Wasserdicht Innen\u2026"},"content":{"rendered":"<p>\ud83c\udf85\u30102er Pack 50 LED Lichterkette\u3011: FilFom \u200bDekorative Lichterkette mit 2Stk 6m lange 50 LED Warmwei\u00df Weihnachtsbeleuchtung Batteriebetriebene eignet sich hervorragend als Lichterdeko oder Hochzeitsdeko f\u00fcr den Innen und Aussenbereich. Ideal f\u00fcr Tisch, Schlafzimmer, Hochzeit, Party, Weihnachten, Dekoration des neuen Jahres.<br \/>\n\ud83c\udf84 \u30109 Modi &amp; Automatic Timer\u3011: 8 Beleuchtungsmodi+1 Aus-Modus (Combination, In waves, Sequential, Slo-Glo, Chasing\/Flash, Slow fade, Twinkle\/Flash, Steady on, Off), Die Bedienung erfolgt \u00fcber die MODE\/POWER-Taste oben auf dem Batteriefach. Timer: 6hrs on + 18hrs off, wenn der Lichtstrang eingeschaltet ist, schaltet sich standardm\u00e4\u00dfig auch die Timerfunktion ein, eine zus\u00e4tzliche manuelle Bedienung ist nicht erforderlich.<br \/>\n\ud83c\udf85 \u3010Safety D\u00e9cor Lights\u3011: Angetrieben von 3 AA-Batterien (Batterien NICHT enthalten)&#8211;Einfach zu handhaben und leicht zu tragen, und mit hochwertigen LED-Bubs und Klassischer klarer draht, auch keine zus\u00e4tzlichen Verl\u00e4ngerungskabel erforderlich, ist die Verwendung einfach und sicher. Diese kleinen Lichterketten werden Sie faszinieren in der neuen Lichterwelt.<br \/>\n\ud83c\udf84 \u3010IP65 Wasserdicht\u3011: LEDs Lichterketten Weihnachten Batteriebetrieben Wasserdichte Dekoration Lichter und machen sich keine Sorgen, wenn es regnet oder schneit. Die innen lichterkette sind kein Schaden f\u00fcr Pflanzen und Haustiere, auch schafft ein warmes Leuchten und eine romantische Atmosph\u00e4re.<br \/>\n\ud83c\udf84 \u3010Energieeinsparung &amp; Endless DIY Possibility\u3011: Warmwei\u00df LED lampen mit geringer W\u00e4rmeabgabe \u00fcberhitzen sich auch nach l\u00e4ngerem Gebrauch nicht und verbrauchen wenig Strom. Draht ist sehr flexibel und kann leicht in jede beliebige Form gebogen werden. Gro\u00dfartig f\u00fcr DIY Nachtlicht, setzen sie einmachgl\u00e4ser ein, h\u00e4ngende bilder, schm\u00fccken weihnachtsb\u00e4ume, Girlande, oder andere Festdekorationen.<br \/>\n\ud83c\udf85 \u3010Sicher zu verwenden\u3011Wenn Sie irgendwelche Frage \u00fcber FilFom Led Lichterkette Batterie 2*6m draht Lichterkette, kontaktieren Sie unseren Kundenservice bitte direkt!<br \/>\n<div class=\"main-cross-sell\" data-asin=\"B09B6VGCR8\">\n\n\t<div class=\"WooZone-cross-sell-loader\">\n\t\t<div>\n\t\t\t<div id=\"floatingBarsG\">\n\t\t\t\t<div class=\"blockG\" id=\"rotateG_01\"><\/div>\n\t\t\t\t<div class=\"blockG\" id=\"rotateG_02\"><\/div>\n\t\t\t\t<div class=\"blockG\" id=\"rotateG_03\"><\/div>\n\t\t\t\t<div class=\"blockG\" id=\"rotateG_04\"><\/div>\n\t\t\t\t<div class=\"blockG\" id=\"rotateG_05\"><\/div>\n\t\t\t\t<div class=\"blockG\" id=\"rotateG_06\"><\/div>\n\t\t\t\t<div class=\"blockG\" id=\"rotateG_07\"><\/div>\n\t\t\t\t<div class=\"blockG\" id=\"rotateG_08\"><\/div>\n\t\t\t<\/div>\n\t\t\t<div class=\"WooZone-cross-sell-loader-text\"><\/div>\n\t\t<\/div>\n\t<\/div>\n\n\t\t\n<\/div>\n<div style=\"clear:both;\"><\/div><\/p>\n","protected":false},"excerpt":{"rendered":"<p>\ud83c\udf85\u30102er Pack 50 LED Lichterkette\u3011: FilFom \u200bDekorative Lichterkette mit 2Stk 6m lange 50 LED Warmwei\u00df Weihnachtsbeleuchtung Batteriebetriebene eignet sich hervorragend als Lichterdeko oder Hochzeitsdeko f\u00fcr den Innen und Aussenbereich. Ideal f\u00fcr Tisch, Schlafzimmer, Hochzeit, Party, Weihnachten, Dekoration des neuen Jahres.<br \/>\n\ud83c\udf84 \u30109 Modi &amp; Automatic Timer\u3011: 8 Beleuchtungsmodi+1 Aus-Modus (Combination, In waves, Sequential, Slo-Glo, Chasing\/Flash, Slow fade, Twinkle\/Flash, Steady on, Off), Die Bedienung erfolgt \u00fcber die MODE\/POWER-Taste oben auf dem Batteriefach. Timer: 6hrs on + 18hrs off, wenn der Lichtstrang eingeschaltet ist, schaltet sich standardm\u00e4\u00dfig auch die Timerfunktion ein, eine zus\u00e4tzliche manuelle Bedienung ist nicht erforderlich.<br \/>\n\ud83c\udf85 \u3010Safety D\u00e9cor Lights\u3011: Angetrieben von 3 AA-Batterien (Batterien NICHT enthalten)&#8211;Einfach zu handhaben und leicht zu tragen, und mit hochwertigen LED-Bubs und Klassischer klarer draht, auch keine zus\u00e4tzlichen Verl\u00e4ngerungskabel erforderlich, ist die Verwendung einfach und sicher. Diese kleinen Lichterketten werden Sie faszinieren in der neuen Lichterwelt.<\/p>\n","protected":false},"featured_media":94402,"comment_status":"open","ping_status":"closed","template":"","meta":[],"product_brand":[],"product_cat":[2108,15622],"product_tag":[],"class_list":{"0":"post-94401","1":"product","2":"type-product","3":"status-publish","4":"has-post-thumbnail","6":"product_cat-beleuchtung","7":"product_cat-lichterketten","8":"pa_brand-filfom","9":"pa_height-0-8267716527-zoll","10":"pa_length-10-2755905407-zoll","11":"pa_manufacturer-baiyuan-co-limited","12":"pa_size-50led","13":"pa_weight-0-551155655-pfund","14":"pa_width-7-0078740086-zoll","16":"first","17":"instock","18":"shipping-taxable","19":"purchasable","20":"product-type-simple","21":"customify-col","22":"product-has-gallery"},"yoast_head":"<!-- This site is optimized with the Yoast SEO plugin v27.4 - https:\/\/yoast.com\/product\/yoast-seo-wordpress\/ -->\n<title>2x6m 50er LED Outdoor Lichterkette Batterie,Micro Lichterketten f\u00fcr Zimmer mit Timer,IP65 Wasserdicht Innen\u2026 - Markt-XXL<\/title>\n<meta name=\"description\" content=\"Markt-XXL 2x6m 50er LED Outdoor Lichterkette Batterie,Micro Lichterketten f\u00fcr Zimmer mit Timer,IP65 Wasserdicht Innen\u2026\" \/>\n<meta name=\"robots\" content=\"index, follow, max-snippet:-1, max-image-preview:large, max-video-preview:-1\" \/>\n<link rel=\"canonical\" href=\"https:\/\/marktxxl.de\/markt\/produkt\/2x6m-50er-led-outdoor-lichterkette-batteriemicro-lichterketten-fuer-zimmer-mit-timerip65-wasserdicht-innen-aussenlichterkette-batteriebetrieben-weihnachtsbeleuchtung-fuer-halloween-hochzeit-deko\/\" \/>\n<meta property=\"og:locale\" content=\"de_DE\" \/>\n<meta property=\"og:type\" content=\"article\" \/>\n<meta property=\"og:title\" content=\"2x6m 50er LED Outdoor Lichterkette Batterie,Micro Lichterketten f\u00fcr Zimmer mit Timer,IP65 Wasserdicht Innen\u2026 - Markt-XXL\" \/>\n<meta property=\"og:description\" content=\"Markt-XXL 2x6m 50er LED Outdoor Lichterkette Batterie,Micro Lichterketten f\u00fcr Zimmer mit Timer,IP65 Wasserdicht Innen\u2026\" \/>\n<meta property=\"og:url\" content=\"https:\/\/marktxxl.de\/markt\/produkt\/2x6m-50er-led-outdoor-lichterkette-batteriemicro-lichterketten-fuer-zimmer-mit-timerip65-wasserdicht-innen-aussenlichterkette-batteriebetrieben-weihnachtsbeleuchtung-fuer-halloween-hochzeit-deko\/\" \/>\n<meta property=\"og:site_name\" content=\"Markt-XXL\" \/>\n<meta property=\"article:modified_time\" content=\"2023-04-09T00:50:56+00:00\" \/>\n<meta property=\"og:image\" content=\"https:\/\/m.media-amazon.com\/images\/I\/51R6Ik0jicL._SL500_.jpg\" \/>\n\t<meta property=\"og:image:width\" content=\"500\" \/>\n\t<meta property=\"og:image:height\" content=\"500\" \/>\n\t<meta property=\"og:image:type\" content=\"image\/jpeg\" \/>\n<meta name=\"twitter:card\" content=\"summary_large_image\" \/>\n<meta name=\"twitter:label1\" content=\"Gesch\u00e4tzte Lesezeit\" \/>\n\t<meta name=\"twitter:data1\" content=\"1\u00a0Minute\" \/>\n<script type=\"application\/ld+json\" class=\"yoast-schema-graph\">{\"@context\":\"https:\\\/\\\/schema.org\",\"@graph\":[{\"@type\":\"WebPage\",\"@id\":\"https:\\\/\\\/marktxxl.de\\\/markt\\\/produkt\\\/2x6m-50er-led-outdoor-lichterkette-batteriemicro-lichterketten-fuer-zimmer-mit-timerip65-wasserdicht-innen-aussenlichterkette-batteriebetrieben-weihnachtsbeleuchtung-fuer-halloween-hochzeit-deko\\\/\",\"url\":\"https:\\\/\\\/marktxxl.de\\\/markt\\\/produkt\\\/2x6m-50er-led-outdoor-lichterkette-batteriemicro-lichterketten-fuer-zimmer-mit-timerip65-wasserdicht-innen-aussenlichterkette-batteriebetrieben-weihnachtsbeleuchtung-fuer-halloween-hochzeit-deko\\\/\",\"name\":\"2x6m 50er LED Outdoor Lichterkette Batterie,Micro Lichterketten f\u00fcr Zimmer mit Timer,IP65 Wasserdicht Innen\u2026 - Markt-XXL\",\"isPartOf\":{\"@id\":\"https:\\\/\\\/marktxxl.de\\\/markt\\\/#website\"},\"primaryImageOfPage\":{\"@id\":\"https:\\\/\\\/marktxxl.de\\\/markt\\\/produkt\\\/2x6m-50er-led-outdoor-lichterkette-batteriemicro-lichterketten-fuer-zimmer-mit-timerip65-wasserdicht-innen-aussenlichterkette-batteriebetrieben-weihnachtsbeleuchtung-fuer-halloween-hochzeit-deko\\\/#primaryimage\"},\"image\":{\"@id\":\"https:\\\/\\\/marktxxl.de\\\/markt\\\/produkt\\\/2x6m-50er-led-outdoor-lichterkette-batteriemicro-lichterketten-fuer-zimmer-mit-timerip65-wasserdicht-innen-aussenlichterkette-batteriebetrieben-weihnachtsbeleuchtung-fuer-halloween-hochzeit-deko\\\/#primaryimage\"},\"thumbnailUrl\":\"https:\\\/\\\/m.media-amazon.com\\\/images\\\/I\\\/51R6Ik0jicL._SL500_.jpg\",\"datePublished\":\"2021-12-28T21:57:39+00:00\",\"dateModified\":\"2023-04-09T00:50:56+00:00\",\"description\":\"Markt-XXL 2x6m 50er LED Outdoor Lichterkette Batterie,Micro Lichterketten f\u00fcr Zimmer mit Timer,IP65 Wasserdicht Innen\u2026\",\"breadcrumb\":{\"@id\":\"https:\\\/\\\/marktxxl.de\\\/markt\\\/produkt\\\/2x6m-50er-led-outdoor-lichterkette-batteriemicro-lichterketten-fuer-zimmer-mit-timerip65-wasserdicht-innen-aussenlichterkette-batteriebetrieben-weihnachtsbeleuchtung-fuer-halloween-hochzeit-deko\\\/#breadcrumb\"},\"inLanguage\":\"de\",\"potentialAction\":[{\"@type\":\"ReadAction\",\"target\":[\"https:\\\/\\\/marktxxl.de\\\/markt\\\/produkt\\\/2x6m-50er-led-outdoor-lichterkette-batteriemicro-lichterketten-fuer-zimmer-mit-timerip65-wasserdicht-innen-aussenlichterkette-batteriebetrieben-weihnachtsbeleuchtung-fuer-halloween-hochzeit-deko\\\/\"]}]},{\"@type\":\"ImageObject\",\"inLanguage\":\"de\",\"@id\":\"https:\\\/\\\/marktxxl.de\\\/markt\\\/produkt\\\/2x6m-50er-led-outdoor-lichterkette-batteriemicro-lichterketten-fuer-zimmer-mit-timerip65-wasserdicht-innen-aussenlichterkette-batteriebetrieben-weihnachtsbeleuchtung-fuer-halloween-hochzeit-deko\\\/#primaryimage\",\"url\":\"https:\\\/\\\/m.media-amazon.com\\\/images\\\/I\\\/51R6Ik0jicL._SL500_.jpg\",\"contentUrl\":\"https:\\\/\\\/m.media-amazon.com\\\/images\\\/I\\\/51R6Ik0jicL._SL500_.jpg\",\"width\":500,\"height\":500},{\"@type\":\"BreadcrumbList\",\"@id\":\"https:\\\/\\\/marktxxl.de\\\/markt\\\/produkt\\\/2x6m-50er-led-outdoor-lichterkette-batteriemicro-lichterketten-fuer-zimmer-mit-timerip65-wasserdicht-innen-aussenlichterkette-batteriebetrieben-weihnachtsbeleuchtung-fuer-halloween-hochzeit-deko\\\/#breadcrumb\",\"itemListElement\":[{\"@type\":\"ListItem\",\"position\":1,\"name\":\"Startseite\",\"item\":\"https:\\\/\\\/marktxxl.de\\\/markt\\\/\"},{\"@type\":\"ListItem\",\"position\":2,\"name\":\"Markt\",\"item\":\"https:\\\/\\\/marktxxl.de\\\/markt\\\/\"},{\"@type\":\"ListItem\",\"position\":3,\"name\":\"2x6m 50er LED Outdoor Lichterkette Batterie,Micro Lichterketten f\u00fcr Zimmer mit Timer,IP65 Wasserdicht Innen\u2026\"}]},{\"@type\":\"WebSite\",\"@id\":\"https:\\\/\\\/marktxxl.de\\\/markt\\\/#website\",\"url\":\"https:\\\/\\\/marktxxl.de\\\/markt\\\/\",\"name\":\"Markt-XXL\",\"description\":\"Ihr Markt Online\",\"publisher\":{\"@id\":\"https:\\\/\\\/marktxxl.de\\\/markt\\\/#organization\"},\"potentialAction\":[{\"@type\":\"SearchAction\",\"target\":{\"@type\":\"EntryPoint\",\"urlTemplate\":\"https:\\\/\\\/marktxxl.de\\\/markt\\\/?s={search_term_string}\"},\"query-input\":{\"@type\":\"PropertyValueSpecification\",\"valueRequired\":true,\"valueName\":\"search_term_string\"}}],\"inLanguage\":\"de\"},{\"@type\":\"Organization\",\"@id\":\"https:\\\/\\\/marktxxl.de\\\/markt\\\/#organization\",\"name\":\"Markt-XXL\",\"url\":\"https:\\\/\\\/marktxxl.de\\\/markt\\\/\",\"logo\":{\"@type\":\"ImageObject\",\"inLanguage\":\"de\",\"@id\":\"https:\\\/\\\/marktxxl.de\\\/markt\\\/#\\\/schema\\\/logo\\\/image\\\/\",\"url\":\"https:\\\/\\\/marktxxl.de\\\/markt\\\/wp-content\\\/uploads\\\/sites\\\/3\\\/2020\\\/12\\\/logo.png\",\"contentUrl\":\"https:\\\/\\\/marktxxl.de\\\/markt\\\/wp-content\\\/uploads\\\/sites\\\/3\\\/2020\\\/12\\\/logo.png\",\"width\":200,\"height\":70,\"caption\":\"Markt-XXL\"},\"image\":{\"@id\":\"https:\\\/\\\/marktxxl.de\\\/markt\\\/#\\\/schema\\\/logo\\\/image\\\/\"}}]}<\/script>\n<!-- \/ Yoast SEO plugin. -->","yoast_head_json":{"title":"2x6m 50er LED Outdoor Lichterkette Batterie,Micro Lichterketten f\u00fcr Zimmer mit Timer,IP65 Wasserdicht Innen\u2026 - Markt-XXL","description":"Markt-XXL 2x6m 50er LED Outdoor Lichterkette Batterie,Micro Lichterketten f\u00fcr Zimmer mit Timer,IP65 Wasserdicht Innen\u2026","robots":{"index":"index","follow":"follow","max-snippet":"max-snippet:-1","max-image-preview":"max-image-preview:large","max-video-preview":"max-video-preview:-1"},"canonical":"https:\/\/marktxxl.de\/markt\/produkt\/2x6m-50er-led-outdoor-lichterkette-batteriemicro-lichterketten-fuer-zimmer-mit-timerip65-wasserdicht-innen-aussenlichterkette-batteriebetrieben-weihnachtsbeleuchtung-fuer-halloween-hochzeit-deko\/","og_locale":"de_DE","og_type":"article","og_title":"2x6m 50er LED Outdoor Lichterkette Batterie,Micro Lichterketten f\u00fcr Zimmer mit Timer,IP65 Wasserdicht Innen\u2026 - Markt-XXL","og_description":"Markt-XXL 2x6m 50er LED Outdoor Lichterkette Batterie,Micro Lichterketten f\u00fcr Zimmer mit Timer,IP65 Wasserdicht Innen\u2026","og_url":"https:\/\/marktxxl.de\/markt\/produkt\/2x6m-50er-led-outdoor-lichterkette-batteriemicro-lichterketten-fuer-zimmer-mit-timerip65-wasserdicht-innen-aussenlichterkette-batteriebetrieben-weihnachtsbeleuchtung-fuer-halloween-hochzeit-deko\/","og_site_name":"Markt-XXL","article_modified_time":"2023-04-09T00:50:56+00:00","og_image":[{"width":500,"height":500,"url":"https:\/\/m.media-amazon.com\/images\/I\/51R6Ik0jicL._SL500_.jpg","type":"image\/jpeg"}],"twitter_card":"summary_large_image","twitter_misc":{"Gesch\u00e4tzte Lesezeit":"1\u00a0Minute"},"schema":{"@context":"https:\/\/schema.org","@graph":[{"@type":"WebPage","@id":"https:\/\/marktxxl.de\/markt\/produkt\/2x6m-50er-led-outdoor-lichterkette-batteriemicro-lichterketten-fuer-zimmer-mit-timerip65-wasserdicht-innen-aussenlichterkette-batteriebetrieben-weihnachtsbeleuchtung-fuer-halloween-hochzeit-deko\/","url":"https:\/\/marktxxl.de\/markt\/produkt\/2x6m-50er-led-outdoor-lichterkette-batteriemicro-lichterketten-fuer-zimmer-mit-timerip65-wasserdicht-innen-aussenlichterkette-batteriebetrieben-weihnachtsbeleuchtung-fuer-halloween-hochzeit-deko\/","name":"2x6m 50er LED Outdoor Lichterkette Batterie,Micro Lichterketten f\u00fcr Zimmer mit Timer,IP65 Wasserdicht Innen\u2026 - Markt-XXL","isPartOf":{"@id":"https:\/\/marktxxl.de\/markt\/#website"},"primaryImageOfPage":{"@id":"https:\/\/marktxxl.de\/markt\/produkt\/2x6m-50er-led-outdoor-lichterkette-batteriemicro-lichterketten-fuer-zimmer-mit-timerip65-wasserdicht-innen-aussenlichterkette-batteriebetrieben-weihnachtsbeleuchtung-fuer-halloween-hochzeit-deko\/#primaryimage"},"image":{"@id":"https:\/\/marktxxl.de\/markt\/produkt\/2x6m-50er-led-outdoor-lichterkette-batteriemicro-lichterketten-fuer-zimmer-mit-timerip65-wasserdicht-innen-aussenlichterkette-batteriebetrieben-weihnachtsbeleuchtung-fuer-halloween-hochzeit-deko\/#primaryimage"},"thumbnailUrl":"https:\/\/m.media-amazon.com\/images\/I\/51R6Ik0jicL._SL500_.jpg","datePublished":"2021-12-28T21:57:39+00:00","dateModified":"2023-04-09T00:50:56+00:00","description":"Markt-XXL 2x6m 50er LED Outdoor Lichterkette Batterie,Micro Lichterketten f\u00fcr Zimmer mit Timer,IP65 Wasserdicht Innen\u2026","breadcrumb":{"@id":"https:\/\/marktxxl.de\/markt\/produkt\/2x6m-50er-led-outdoor-lichterkette-batteriemicro-lichterketten-fuer-zimmer-mit-timerip65-wasserdicht-innen-aussenlichterkette-batteriebetrieben-weihnachtsbeleuchtung-fuer-halloween-hochzeit-deko\/#breadcrumb"},"inLanguage":"de","potentialAction":[{"@type":"ReadAction","target":["https:\/\/marktxxl.de\/markt\/produkt\/2x6m-50er-led-outdoor-lichterkette-batteriemicro-lichterketten-fuer-zimmer-mit-timerip65-wasserdicht-innen-aussenlichterkette-batteriebetrieben-weihnachtsbeleuchtung-fuer-halloween-hochzeit-deko\/"]}]},{"@type":"ImageObject","inLanguage":"de","@id":"https:\/\/marktxxl.de\/markt\/produkt\/2x6m-50er-led-outdoor-lichterkette-batteriemicro-lichterketten-fuer-zimmer-mit-timerip65-wasserdicht-innen-aussenlichterkette-batteriebetrieben-weihnachtsbeleuchtung-fuer-halloween-hochzeit-deko\/#primaryimage","url":"https:\/\/m.media-amazon.com\/images\/I\/51R6Ik0jicL._SL500_.jpg","contentUrl":"https:\/\/m.media-amazon.com\/images\/I\/51R6Ik0jicL._SL500_.jpg","width":500,"height":500},{"@type":"BreadcrumbList","@id":"https:\/\/marktxxl.de\/markt\/produkt\/2x6m-50er-led-outdoor-lichterkette-batteriemicro-lichterketten-fuer-zimmer-mit-timerip65-wasserdicht-innen-aussenlichterkette-batteriebetrieben-weihnachtsbeleuchtung-fuer-halloween-hochzeit-deko\/#breadcrumb","itemListElement":[{"@type":"ListItem","position":1,"name":"Startseite","item":"https:\/\/marktxxl.de\/markt\/"},{"@type":"ListItem","position":2,"name":"Markt","item":"https:\/\/marktxxl.de\/markt\/"},{"@type":"ListItem","position":3,"name":"2x6m 50er LED Outdoor Lichterkette Batterie,Micro Lichterketten f\u00fcr Zimmer mit Timer,IP65 Wasserdicht Innen\u2026"}]},{"@type":"WebSite","@id":"https:\/\/marktxxl.de\/markt\/#website","url":"https:\/\/marktxxl.de\/markt\/","name":"Markt-XXL","description":"Ihr Markt Online","publisher":{"@id":"https:\/\/marktxxl.de\/markt\/#organization"},"potentialAction":[{"@type":"SearchAction","target":{"@type":"EntryPoint","urlTemplate":"https:\/\/marktxxl.de\/markt\/?s={search_term_string}"},"query-input":{"@type":"PropertyValueSpecification","valueRequired":true,"valueName":"search_term_string"}}],"inLanguage":"de"},{"@type":"Organization","@id":"https:\/\/marktxxl.de\/markt\/#organization","name":"Markt-XXL","url":"https:\/\/marktxxl.de\/markt\/","logo":{"@type":"ImageObject","inLanguage":"de","@id":"https:\/\/marktxxl.de\/markt\/#\/schema\/logo\/image\/","url":"https:\/\/marktxxl.de\/markt\/wp-content\/uploads\/sites\/3\/2020\/12\/logo.png","contentUrl":"https:\/\/marktxxl.de\/markt\/wp-content\/uploads\/sites\/3\/2020\/12\/logo.png","width":200,"height":70,"caption":"Markt-XXL"},"image":{"@id":"https:\/\/marktxxl.de\/markt\/#\/schema\/logo\/image\/"}}]}},"_links":{"self":[{"href":"https:\/\/marktxxl.de\/markt\/wp-json\/wp\/v2\/product\/94401","targetHints":{"allow":["GET"]}}],"collection":[{"href":"https:\/\/marktxxl.de\/markt\/wp-json\/wp\/v2\/product"}],"about":[{"href":"https:\/\/marktxxl.de\/markt\/wp-json\/wp\/v2\/types\/product"}],"replies":[{"embeddable":true,"href":"https:\/\/marktxxl.de\/markt\/wp-json\/wp\/v2\/comments?post=94401"}],"wp:featuredmedia":[{"embeddable":true,"href":"https:\/\/marktxxl.de\/markt\/wp-json\/wp\/v2\/media\/94402"}],"wp:attachment":[{"href":"https:\/\/marktxxl.de\/markt\/wp-json\/wp\/v2\/media?parent=94401"}],"wp:term":[{"taxonomy":"product_brand","embeddable":true,"href":"https:\/\/marktxxl.de\/markt\/wp-json\/wp\/v2\/product_brand?post=94401"},{"taxonomy":"product_cat","embeddable":true,"href":"https:\/\/marktxxl.de\/markt\/wp-json\/wp\/v2\/product_cat?post=94401"},{"taxonomy":"product_tag","embeddable":true,"href":"https:\/\/marktxxl.de\/markt\/wp-json\/wp\/v2\/product_tag?post=94401"}],"curies":[{"name":"wp","href":"https:\/\/api.w.org\/{rel}","templated":true}]}}