{"id":94377,"date":"2021-12-28T22:54:56","date_gmt":"2021-12-28T21:54:56","guid":{"rendered":"https:\/\/marktxxl.de\/markt\/produkt\/barco-greys-anatomy-signature-damen-v-ausschnitt-mock-wrap-scrub-top\/"},"modified":"2023-04-09T02:50:55","modified_gmt":"2023-04-09T00:50:55","slug":"barco-greys-anatomy-signature-damen-v-ausschnitt-mock-wrap-scrub-top","status":"publish","type":"product","link":"https:\/\/marktxxl.de\/markt\/produkt\/barco-greys-anatomy-signature-damen-v-ausschnitt-mock-wrap-scrub-top\/","title":{"rendered":"Grey&#8217;s Anatomy Signature 2130 Top"},"content":{"rendered":"<p>Luxus bei der Arbeit: Hergestellt aus dem ultimativen superweichen, luxuri\u00f6sen Stoff, verw\u00f6hnt dieses medizinische Peeling-Top Sie mit jeder Ber\u00fchrung, verf\u00fcgt \u00fcber eine moderne Passform, seitliche Bel\u00fcftungs\u00f6ffnungen und feuchtigkeitsableitende Eigenschaften, damit Sie auch die anstrengenden Tage \u00fcberwinden<br \/>\nStylisches, praktisches Design: Mit 3 Taschen, darunter eine PDA-\/Medientasche und Stiftschlitz, h\u00e4lt dieses medizinische Oberteil alles, was Sie brauchen, bereit, ein angepasstes V-Ausschnitt-Design und eine taillierte R\u00fcckseite lassen Sie gut aussehen und f\u00fchlen Sie sich wohl<br \/>\nPflegeleicht, Komfort f\u00fcr unterwegs: Hergestellt aus unserer hochwertigen 4-Wege-Stretch-Mischung aus 71 % Polyester, 24 % Viskose und 5 % Spandex, hat dieses maschinenwaschbare Oberteil eine Bodenfreisetzung und bewegt sich mit Ihnen bei jeder Schicht<br \/>\nAuthentisch Sie: Ob Sie in Medizin, Zahnarzt, Tierarzt oder in einem anderen Gesundheitsbereich sind, Sie k\u00f6nnen jeden Tag ein bisschen von sich selbst mit zur Arbeit bringen. W\u00e4hlen Sie aus unserer breiten Farbpalette passend zu Ihrem Stil oder Ihrer Abteilung<br \/>\nArbeiten Sie hart, sehen Sie gut aus: Kombinieren Sie mit einer passenden Grey&#8217;s Anatomy Signature Damen-Peelinghose und medizinischem Aufw\u00e4rmen f\u00fcr einen kompletten, professionellen Look. L\u00e4nge: 64,8 cm (Mitte)<br \/>\n<div class=\"main-cross-sell\" data-asin=\"B07QZSYSGV\">\n\n\t<div class=\"WooZone-cross-sell-loader\">\n\t\t<div>\n\t\t\t<div id=\"floatingBarsG\">\n\t\t\t\t<div class=\"blockG\" id=\"rotateG_01\"><\/div>\n\t\t\t\t<div class=\"blockG\" id=\"rotateG_02\"><\/div>\n\t\t\t\t<div class=\"blockG\" id=\"rotateG_03\"><\/div>\n\t\t\t\t<div class=\"blockG\" id=\"rotateG_04\"><\/div>\n\t\t\t\t<div class=\"blockG\" id=\"rotateG_05\"><\/div>\n\t\t\t\t<div class=\"blockG\" id=\"rotateG_06\"><\/div>\n\t\t\t\t<div class=\"blockG\" id=\"rotateG_07\"><\/div>\n\t\t\t\t<div class=\"blockG\" id=\"rotateG_08\"><\/div>\n\t\t\t<\/div>\n\t\t\t<div class=\"WooZone-cross-sell-loader-text\"><\/div>\n\t\t<\/div>\n\t<\/div>\n\n\t\t\n<\/div>\n<div style=\"clear:both;\"><\/div><\/p>\n","protected":false},"excerpt":{"rendered":"<p>Luxus bei der Arbeit: Hergestellt aus dem ultimativen superweichen, luxuri\u00f6sen Stoff, verw\u00f6hnt dieses medizinische Peeling-Top Sie mit jeder Ber\u00fchrung, verf\u00fcgt \u00fcber eine moderne Passform, seitliche Bel\u00fcftungs\u00f6ffnungen und feuchtigkeitsableitende Eigenschaften, damit Sie auch die anstrengenden Tage \u00fcberwinden<br \/>\nStylisches, praktisches Design: Mit 3 Taschen, darunter eine PDA-\/Medientasche und Stiftschlitz, h\u00e4lt dieses medizinische Oberteil alles, was Sie brauchen, bereit, ein angepasstes V-Ausschnitt-Design und eine taillierte R\u00fcckseite lassen Sie gut aussehen und f\u00fchlen Sie sich wohl<br \/>\nPflegeleicht, Komfort f\u00fcr unterwegs: Hergestellt aus unserer hochwertigen 4-Wege-Stretch-Mischung aus 71 % Polyester, 24 % Viskose und 5 % Spandex, hat dieses maschinenwaschbare Oberteil eine Bodenfreisetzung und bewegt sich mit Ihnen bei jeder Schicht<\/p>\n","protected":false},"featured_media":94378,"comment_status":"open","ping_status":"closed","template":"","meta":[],"product_brand":[],"product_cat":[4143,1186],"product_tag":[],"class_list":{"0":"post-94377","1":"product","2":"type-product","3":"status-publish","4":"has-post-thumbnail","6":"product_cat-arbeitskleidung-uniformen","7":"product_cat-bekleidung","8":"pa_binding-textilien","9":"pa_brand-barco","10":"pa_color-weiss","11":"pa_manufacturer-barco","12":"pa_model-29586","13":"pa_size-s","15":"first","16":"instock","17":"shipping-taxable","18":"purchasable","19":"product-type-simple","20":"customify-col","21":"product-has-gallery"},"yoast_head":"<!-- This site is optimized with the Yoast SEO plugin v27.4 - https:\/\/yoast.com\/product\/yoast-seo-wordpress\/ -->\n<title>Grey&#039;s Anatomy Signature 2130 Top - Markt-XXL<\/title>\n<meta name=\"description\" content=\"Markt-XXL Grey&#039;s Anatomy Signature 2130 Top\" \/>\n<meta name=\"robots\" content=\"index, follow, max-snippet:-1, max-image-preview:large, max-video-preview:-1\" \/>\n<link rel=\"canonical\" href=\"https:\/\/marktxxl.de\/markt\/produkt\/barco-greys-anatomy-signature-damen-v-ausschnitt-mock-wrap-scrub-top\/\" \/>\n<meta property=\"og:locale\" content=\"de_DE\" \/>\n<meta property=\"og:type\" content=\"article\" \/>\n<meta property=\"og:title\" content=\"Grey&#039;s Anatomy Signature 2130 Top - Markt-XXL\" \/>\n<meta property=\"og:description\" content=\"Markt-XXL Grey&#039;s Anatomy Signature 2130 Top\" \/>\n<meta property=\"og:url\" content=\"https:\/\/marktxxl.de\/markt\/produkt\/barco-greys-anatomy-signature-damen-v-ausschnitt-mock-wrap-scrub-top\/\" \/>\n<meta property=\"og:site_name\" content=\"Markt-XXL\" \/>\n<meta property=\"article:modified_time\" content=\"2023-04-09T00:50:55+00:00\" \/>\n<meta property=\"og:image\" content=\"https:\/\/m.media-amazon.com\/images\/I\/31MyiYwUE-L._SL500_.jpg\" \/>\n\t<meta property=\"og:image:width\" content=\"375\" \/>\n\t<meta property=\"og:image:height\" content=\"500\" \/>\n\t<meta property=\"og:image:type\" content=\"image\/jpeg\" \/>\n<meta name=\"twitter:card\" content=\"summary_large_image\" \/>\n<meta name=\"twitter:label1\" content=\"Gesch\u00e4tzte Lesezeit\" \/>\n\t<meta name=\"twitter:data1\" content=\"1\u00a0Minute\" \/>\n<script type=\"application\/ld+json\" class=\"yoast-schema-graph\">{\"@context\":\"https:\\\/\\\/schema.org\",\"@graph\":[{\"@type\":\"WebPage\",\"@id\":\"https:\\\/\\\/marktxxl.de\\\/markt\\\/produkt\\\/barco-greys-anatomy-signature-damen-v-ausschnitt-mock-wrap-scrub-top\\\/\",\"url\":\"https:\\\/\\\/marktxxl.de\\\/markt\\\/produkt\\\/barco-greys-anatomy-signature-damen-v-ausschnitt-mock-wrap-scrub-top\\\/\",\"name\":\"Grey's Anatomy Signature 2130 Top - Markt-XXL\",\"isPartOf\":{\"@id\":\"https:\\\/\\\/marktxxl.de\\\/markt\\\/#website\"},\"primaryImageOfPage\":{\"@id\":\"https:\\\/\\\/marktxxl.de\\\/markt\\\/produkt\\\/barco-greys-anatomy-signature-damen-v-ausschnitt-mock-wrap-scrub-top\\\/#primaryimage\"},\"image\":{\"@id\":\"https:\\\/\\\/marktxxl.de\\\/markt\\\/produkt\\\/barco-greys-anatomy-signature-damen-v-ausschnitt-mock-wrap-scrub-top\\\/#primaryimage\"},\"thumbnailUrl\":\"https:\\\/\\\/m.media-amazon.com\\\/images\\\/I\\\/31MyiYwUE-L._SL500_.jpg\",\"datePublished\":\"2021-12-28T21:54:56+00:00\",\"dateModified\":\"2023-04-09T00:50:55+00:00\",\"description\":\"Markt-XXL Grey's Anatomy Signature 2130 Top\",\"breadcrumb\":{\"@id\":\"https:\\\/\\\/marktxxl.de\\\/markt\\\/produkt\\\/barco-greys-anatomy-signature-damen-v-ausschnitt-mock-wrap-scrub-top\\\/#breadcrumb\"},\"inLanguage\":\"de\",\"potentialAction\":[{\"@type\":\"ReadAction\",\"target\":[\"https:\\\/\\\/marktxxl.de\\\/markt\\\/produkt\\\/barco-greys-anatomy-signature-damen-v-ausschnitt-mock-wrap-scrub-top\\\/\"]}]},{\"@type\":\"ImageObject\",\"inLanguage\":\"de\",\"@id\":\"https:\\\/\\\/marktxxl.de\\\/markt\\\/produkt\\\/barco-greys-anatomy-signature-damen-v-ausschnitt-mock-wrap-scrub-top\\\/#primaryimage\",\"url\":\"https:\\\/\\\/m.media-amazon.com\\\/images\\\/I\\\/31MyiYwUE-L._SL500_.jpg\",\"contentUrl\":\"https:\\\/\\\/m.media-amazon.com\\\/images\\\/I\\\/31MyiYwUE-L._SL500_.jpg\",\"width\":375,\"height\":500},{\"@type\":\"BreadcrumbList\",\"@id\":\"https:\\\/\\\/marktxxl.de\\\/markt\\\/produkt\\\/barco-greys-anatomy-signature-damen-v-ausschnitt-mock-wrap-scrub-top\\\/#breadcrumb\",\"itemListElement\":[{\"@type\":\"ListItem\",\"position\":1,\"name\":\"Startseite\",\"item\":\"https:\\\/\\\/marktxxl.de\\\/markt\\\/\"},{\"@type\":\"ListItem\",\"position\":2,\"name\":\"Markt\",\"item\":\"https:\\\/\\\/marktxxl.de\\\/markt\\\/\"},{\"@type\":\"ListItem\",\"position\":3,\"name\":\"Grey&#8217;s Anatomy Signature 2130 Top\"}]},{\"@type\":\"WebSite\",\"@id\":\"https:\\\/\\\/marktxxl.de\\\/markt\\\/#website\",\"url\":\"https:\\\/\\\/marktxxl.de\\\/markt\\\/\",\"name\":\"Markt-XXL\",\"description\":\"Ihr Markt Online\",\"publisher\":{\"@id\":\"https:\\\/\\\/marktxxl.de\\\/markt\\\/#organization\"},\"potentialAction\":[{\"@type\":\"SearchAction\",\"target\":{\"@type\":\"EntryPoint\",\"urlTemplate\":\"https:\\\/\\\/marktxxl.de\\\/markt\\\/?s={search_term_string}\"},\"query-input\":{\"@type\":\"PropertyValueSpecification\",\"valueRequired\":true,\"valueName\":\"search_term_string\"}}],\"inLanguage\":\"de\"},{\"@type\":\"Organization\",\"@id\":\"https:\\\/\\\/marktxxl.de\\\/markt\\\/#organization\",\"name\":\"Markt-XXL\",\"url\":\"https:\\\/\\\/marktxxl.de\\\/markt\\\/\",\"logo\":{\"@type\":\"ImageObject\",\"inLanguage\":\"de\",\"@id\":\"https:\\\/\\\/marktxxl.de\\\/markt\\\/#\\\/schema\\\/logo\\\/image\\\/\",\"url\":\"https:\\\/\\\/marktxxl.de\\\/markt\\\/wp-content\\\/uploads\\\/sites\\\/3\\\/2020\\\/12\\\/logo.png\",\"contentUrl\":\"https:\\\/\\\/marktxxl.de\\\/markt\\\/wp-content\\\/uploads\\\/sites\\\/3\\\/2020\\\/12\\\/logo.png\",\"width\":200,\"height\":70,\"caption\":\"Markt-XXL\"},\"image\":{\"@id\":\"https:\\\/\\\/marktxxl.de\\\/markt\\\/#\\\/schema\\\/logo\\\/image\\\/\"}}]}<\/script>\n<!-- \/ Yoast SEO plugin. -->","yoast_head_json":{"title":"Grey's Anatomy Signature 2130 Top - Markt-XXL","description":"Markt-XXL Grey's Anatomy Signature 2130 Top","robots":{"index":"index","follow":"follow","max-snippet":"max-snippet:-1","max-image-preview":"max-image-preview:large","max-video-preview":"max-video-preview:-1"},"canonical":"https:\/\/marktxxl.de\/markt\/produkt\/barco-greys-anatomy-signature-damen-v-ausschnitt-mock-wrap-scrub-top\/","og_locale":"de_DE","og_type":"article","og_title":"Grey's Anatomy Signature 2130 Top - Markt-XXL","og_description":"Markt-XXL Grey's Anatomy Signature 2130 Top","og_url":"https:\/\/marktxxl.de\/markt\/produkt\/barco-greys-anatomy-signature-damen-v-ausschnitt-mock-wrap-scrub-top\/","og_site_name":"Markt-XXL","article_modified_time":"2023-04-09T00:50:55+00:00","og_image":[{"width":375,"height":500,"url":"https:\/\/m.media-amazon.com\/images\/I\/31MyiYwUE-L._SL500_.jpg","type":"image\/jpeg"}],"twitter_card":"summary_large_image","twitter_misc":{"Gesch\u00e4tzte Lesezeit":"1\u00a0Minute"},"schema":{"@context":"https:\/\/schema.org","@graph":[{"@type":"WebPage","@id":"https:\/\/marktxxl.de\/markt\/produkt\/barco-greys-anatomy-signature-damen-v-ausschnitt-mock-wrap-scrub-top\/","url":"https:\/\/marktxxl.de\/markt\/produkt\/barco-greys-anatomy-signature-damen-v-ausschnitt-mock-wrap-scrub-top\/","name":"Grey's Anatomy Signature 2130 Top - Markt-XXL","isPartOf":{"@id":"https:\/\/marktxxl.de\/markt\/#website"},"primaryImageOfPage":{"@id":"https:\/\/marktxxl.de\/markt\/produkt\/barco-greys-anatomy-signature-damen-v-ausschnitt-mock-wrap-scrub-top\/#primaryimage"},"image":{"@id":"https:\/\/marktxxl.de\/markt\/produkt\/barco-greys-anatomy-signature-damen-v-ausschnitt-mock-wrap-scrub-top\/#primaryimage"},"thumbnailUrl":"https:\/\/m.media-amazon.com\/images\/I\/31MyiYwUE-L._SL500_.jpg","datePublished":"2021-12-28T21:54:56+00:00","dateModified":"2023-04-09T00:50:55+00:00","description":"Markt-XXL Grey's Anatomy Signature 2130 Top","breadcrumb":{"@id":"https:\/\/marktxxl.de\/markt\/produkt\/barco-greys-anatomy-signature-damen-v-ausschnitt-mock-wrap-scrub-top\/#breadcrumb"},"inLanguage":"de","potentialAction":[{"@type":"ReadAction","target":["https:\/\/marktxxl.de\/markt\/produkt\/barco-greys-anatomy-signature-damen-v-ausschnitt-mock-wrap-scrub-top\/"]}]},{"@type":"ImageObject","inLanguage":"de","@id":"https:\/\/marktxxl.de\/markt\/produkt\/barco-greys-anatomy-signature-damen-v-ausschnitt-mock-wrap-scrub-top\/#primaryimage","url":"https:\/\/m.media-amazon.com\/images\/I\/31MyiYwUE-L._SL500_.jpg","contentUrl":"https:\/\/m.media-amazon.com\/images\/I\/31MyiYwUE-L._SL500_.jpg","width":375,"height":500},{"@type":"BreadcrumbList","@id":"https:\/\/marktxxl.de\/markt\/produkt\/barco-greys-anatomy-signature-damen-v-ausschnitt-mock-wrap-scrub-top\/#breadcrumb","itemListElement":[{"@type":"ListItem","position":1,"name":"Startseite","item":"https:\/\/marktxxl.de\/markt\/"},{"@type":"ListItem","position":2,"name":"Markt","item":"https:\/\/marktxxl.de\/markt\/"},{"@type":"ListItem","position":3,"name":"Grey&#8217;s Anatomy Signature 2130 Top"}]},{"@type":"WebSite","@id":"https:\/\/marktxxl.de\/markt\/#website","url":"https:\/\/marktxxl.de\/markt\/","name":"Markt-XXL","description":"Ihr Markt Online","publisher":{"@id":"https:\/\/marktxxl.de\/markt\/#organization"},"potentialAction":[{"@type":"SearchAction","target":{"@type":"EntryPoint","urlTemplate":"https:\/\/marktxxl.de\/markt\/?s={search_term_string}"},"query-input":{"@type":"PropertyValueSpecification","valueRequired":true,"valueName":"search_term_string"}}],"inLanguage":"de"},{"@type":"Organization","@id":"https:\/\/marktxxl.de\/markt\/#organization","name":"Markt-XXL","url":"https:\/\/marktxxl.de\/markt\/","logo":{"@type":"ImageObject","inLanguage":"de","@id":"https:\/\/marktxxl.de\/markt\/#\/schema\/logo\/image\/","url":"https:\/\/marktxxl.de\/markt\/wp-content\/uploads\/sites\/3\/2020\/12\/logo.png","contentUrl":"https:\/\/marktxxl.de\/markt\/wp-content\/uploads\/sites\/3\/2020\/12\/logo.png","width":200,"height":70,"caption":"Markt-XXL"},"image":{"@id":"https:\/\/marktxxl.de\/markt\/#\/schema\/logo\/image\/"}}]}},"_links":{"self":[{"href":"https:\/\/marktxxl.de\/markt\/wp-json\/wp\/v2\/product\/94377","targetHints":{"allow":["GET"]}}],"collection":[{"href":"https:\/\/marktxxl.de\/markt\/wp-json\/wp\/v2\/product"}],"about":[{"href":"https:\/\/marktxxl.de\/markt\/wp-json\/wp\/v2\/types\/product"}],"replies":[{"embeddable":true,"href":"https:\/\/marktxxl.de\/markt\/wp-json\/wp\/v2\/comments?post=94377"}],"wp:featuredmedia":[{"embeddable":true,"href":"https:\/\/marktxxl.de\/markt\/wp-json\/wp\/v2\/media\/94378"}],"wp:attachment":[{"href":"https:\/\/marktxxl.de\/markt\/wp-json\/wp\/v2\/media?parent=94377"}],"wp:term":[{"taxonomy":"product_brand","embeddable":true,"href":"https:\/\/marktxxl.de\/markt\/wp-json\/wp\/v2\/product_brand?post=94377"},{"taxonomy":"product_cat","embeddable":true,"href":"https:\/\/marktxxl.de\/markt\/wp-json\/wp\/v2\/product_cat?post=94377"},{"taxonomy":"product_tag","embeddable":true,"href":"https:\/\/marktxxl.de\/markt\/wp-json\/wp\/v2\/product_tag?post=94377"}],"curies":[{"name":"wp","href":"https:\/\/api.w.org\/{rel}","templated":true}]}}