{"id":91515,"date":"2021-12-28T20:18:53","date_gmt":"2021-12-28T19:18:53","guid":{"rendered":"https:\/\/marktxxl.de\/markt\/produkt\/shnuggle-behagliche-badewanne-mit-sitz-unterstuetzung-und-schaumstoff-rueckenlehne\/"},"modified":"2023-04-11T03:11:30","modified_gmt":"2023-04-11T01:11:30","slug":"shnuggle-behagliche-badewanne-mit-sitz-unterstuetzung-und-schaumstoff-rueckenlehne","status":"publish","type":"product","link":"https:\/\/marktxxl.de\/markt\/produkt\/shnuggle-behagliche-badewanne-mit-sitz-unterstuetzung-und-schaumstoff-rueckenlehne\/","title":{"rendered":"Shnuggle, behagliche Badewanne mit Sitz-Unterst\u00fctzung und Schaumstoff-R\u00fcckenlehne"},"content":{"rendered":"<div class=\"main-cross-sell\" data-asin=\"B0166WPZU0\">\n\n\t<div class=\"WooZone-cross-sell-loader\">\n\t\t<div>\n\t\t\t<div id=\"floatingBarsG\">\n\t\t\t\t<div class=\"blockG\" id=\"rotateG_01\"><\/div>\n\t\t\t\t<div class=\"blockG\" id=\"rotateG_02\"><\/div>\n\t\t\t\t<div class=\"blockG\" id=\"rotateG_03\"><\/div>\n\t\t\t\t<div class=\"blockG\" id=\"rotateG_04\"><\/div>\n\t\t\t\t<div class=\"blockG\" id=\"rotateG_05\"><\/div>\n\t\t\t\t<div class=\"blockG\" id=\"rotateG_06\"><\/div>\n\t\t\t\t<div class=\"blockG\" id=\"rotateG_07\"><\/div>\n\t\t\t\t<div class=\"blockG\" id=\"rotateG_08\"><\/div>\n\t\t\t<\/div>\n\t\t\t<div class=\"WooZone-cross-sell-loader-text\"><\/div>\n\t\t<\/div>\n\t<\/div>\n\n\t\t\n<\/div>\n<div style=\"clear:both;\"><\/div>\n","protected":false},"excerpt":{"rendered":"","protected":false},"featured_media":91516,"comment_status":"open","ping_status":"closed","template":"","meta":[],"product_brand":[],"product_cat":[21,9009],"product_tag":[],"class_list":{"0":"post-91515","1":"product","2":"type-product","3":"status-publish","4":"has-post-thumbnail","6":"product_cat-baby","7":"product_cat-babypflege-baby","8":"pa_binding-babyartikel","9":"pa_manufacturer-shnuggle","11":"first","12":"instock","13":"shipping-taxable","14":"purchasable","15":"product-type-simple","16":"customify-col","17":"product-has-gallery"},"yoast_head":"<!-- This site is optimized with the Yoast SEO plugin v27.4 - https:\/\/yoast.com\/product\/yoast-seo-wordpress\/ -->\n<title>Shnuggle, behagliche Badewanne mit Sitz-Unterst\u00fctzung und Schaumstoff-R\u00fcckenlehne - Markt-XXL<\/title>\n<meta name=\"description\" content=\"Markt-XXL Shnuggle, behagliche Badewanne mit Sitz-Unterst\u00fctzung und Schaumstoff-R\u00fcckenlehne\" \/>\n<meta name=\"robots\" content=\"index, follow, max-snippet:-1, max-image-preview:large, max-video-preview:-1\" \/>\n<link rel=\"canonical\" href=\"https:\/\/marktxxl.de\/markt\/produkt\/shnuggle-behagliche-badewanne-mit-sitz-unterstuetzung-und-schaumstoff-rueckenlehne\/\" \/>\n<meta property=\"og:locale\" content=\"de_DE\" \/>\n<meta property=\"og:type\" content=\"article\" \/>\n<meta property=\"og:title\" content=\"Shnuggle, behagliche Badewanne mit Sitz-Unterst\u00fctzung und Schaumstoff-R\u00fcckenlehne - Markt-XXL\" \/>\n<meta property=\"og:description\" content=\"Markt-XXL Shnuggle, behagliche Badewanne mit Sitz-Unterst\u00fctzung und Schaumstoff-R\u00fcckenlehne\" \/>\n<meta property=\"og:url\" content=\"https:\/\/marktxxl.de\/markt\/produkt\/shnuggle-behagliche-badewanne-mit-sitz-unterstuetzung-und-schaumstoff-rueckenlehne\/\" \/>\n<meta property=\"og:site_name\" content=\"Markt-XXL\" \/>\n<meta property=\"article:modified_time\" content=\"2023-04-11T01:11:30+00:00\" \/>\n<meta property=\"og:image\" content=\"https:\/\/m.media-amazon.com\/images\/I\/31VAGPZfPXL._SL500_.jpg\" \/>\n\t<meta property=\"og:image:width\" content=\"500\" \/>\n\t<meta property=\"og:image:height\" content=\"500\" \/>\n\t<meta property=\"og:image:type\" content=\"image\/jpeg\" \/>\n<meta name=\"twitter:card\" content=\"summary_large_image\" \/>\n<script type=\"application\/ld+json\" class=\"yoast-schema-graph\">{\"@context\":\"https:\\\/\\\/schema.org\",\"@graph\":[{\"@type\":\"WebPage\",\"@id\":\"https:\\\/\\\/marktxxl.de\\\/markt\\\/produkt\\\/shnuggle-behagliche-badewanne-mit-sitz-unterstuetzung-und-schaumstoff-rueckenlehne\\\/\",\"url\":\"https:\\\/\\\/marktxxl.de\\\/markt\\\/produkt\\\/shnuggle-behagliche-badewanne-mit-sitz-unterstuetzung-und-schaumstoff-rueckenlehne\\\/\",\"name\":\"Shnuggle, behagliche Badewanne mit Sitz-Unterst\u00fctzung und Schaumstoff-R\u00fcckenlehne - Markt-XXL\",\"isPartOf\":{\"@id\":\"https:\\\/\\\/marktxxl.de\\\/markt\\\/#website\"},\"primaryImageOfPage\":{\"@id\":\"https:\\\/\\\/marktxxl.de\\\/markt\\\/produkt\\\/shnuggle-behagliche-badewanne-mit-sitz-unterstuetzung-und-schaumstoff-rueckenlehne\\\/#primaryimage\"},\"image\":{\"@id\":\"https:\\\/\\\/marktxxl.de\\\/markt\\\/produkt\\\/shnuggle-behagliche-badewanne-mit-sitz-unterstuetzung-und-schaumstoff-rueckenlehne\\\/#primaryimage\"},\"thumbnailUrl\":\"https:\\\/\\\/m.media-amazon.com\\\/images\\\/I\\\/31VAGPZfPXL._SL500_.jpg\",\"datePublished\":\"2021-12-28T19:18:53+00:00\",\"dateModified\":\"2023-04-11T01:11:30+00:00\",\"description\":\"Markt-XXL Shnuggle, behagliche Badewanne mit Sitz-Unterst\u00fctzung und Schaumstoff-R\u00fcckenlehne\",\"breadcrumb\":{\"@id\":\"https:\\\/\\\/marktxxl.de\\\/markt\\\/produkt\\\/shnuggle-behagliche-badewanne-mit-sitz-unterstuetzung-und-schaumstoff-rueckenlehne\\\/#breadcrumb\"},\"inLanguage\":\"de\",\"potentialAction\":[{\"@type\":\"ReadAction\",\"target\":[\"https:\\\/\\\/marktxxl.de\\\/markt\\\/produkt\\\/shnuggle-behagliche-badewanne-mit-sitz-unterstuetzung-und-schaumstoff-rueckenlehne\\\/\"]}]},{\"@type\":\"ImageObject\",\"inLanguage\":\"de\",\"@id\":\"https:\\\/\\\/marktxxl.de\\\/markt\\\/produkt\\\/shnuggle-behagliche-badewanne-mit-sitz-unterstuetzung-und-schaumstoff-rueckenlehne\\\/#primaryimage\",\"url\":\"https:\\\/\\\/m.media-amazon.com\\\/images\\\/I\\\/31VAGPZfPXL._SL500_.jpg\",\"contentUrl\":\"https:\\\/\\\/m.media-amazon.com\\\/images\\\/I\\\/31VAGPZfPXL._SL500_.jpg\",\"width\":500,\"height\":500},{\"@type\":\"BreadcrumbList\",\"@id\":\"https:\\\/\\\/marktxxl.de\\\/markt\\\/produkt\\\/shnuggle-behagliche-badewanne-mit-sitz-unterstuetzung-und-schaumstoff-rueckenlehne\\\/#breadcrumb\",\"itemListElement\":[{\"@type\":\"ListItem\",\"position\":1,\"name\":\"Startseite\",\"item\":\"https:\\\/\\\/marktxxl.de\\\/markt\\\/\"},{\"@type\":\"ListItem\",\"position\":2,\"name\":\"Markt\",\"item\":\"https:\\\/\\\/marktxxl.de\\\/markt\\\/\"},{\"@type\":\"ListItem\",\"position\":3,\"name\":\"Shnuggle, behagliche Badewanne mit Sitz-Unterst\u00fctzung und Schaumstoff-R\u00fcckenlehne\"}]},{\"@type\":\"WebSite\",\"@id\":\"https:\\\/\\\/marktxxl.de\\\/markt\\\/#website\",\"url\":\"https:\\\/\\\/marktxxl.de\\\/markt\\\/\",\"name\":\"Markt-XXL\",\"description\":\"Ihr Markt Online\",\"publisher\":{\"@id\":\"https:\\\/\\\/marktxxl.de\\\/markt\\\/#organization\"},\"potentialAction\":[{\"@type\":\"SearchAction\",\"target\":{\"@type\":\"EntryPoint\",\"urlTemplate\":\"https:\\\/\\\/marktxxl.de\\\/markt\\\/?s={search_term_string}\"},\"query-input\":{\"@type\":\"PropertyValueSpecification\",\"valueRequired\":true,\"valueName\":\"search_term_string\"}}],\"inLanguage\":\"de\"},{\"@type\":\"Organization\",\"@id\":\"https:\\\/\\\/marktxxl.de\\\/markt\\\/#organization\",\"name\":\"Markt-XXL\",\"url\":\"https:\\\/\\\/marktxxl.de\\\/markt\\\/\",\"logo\":{\"@type\":\"ImageObject\",\"inLanguage\":\"de\",\"@id\":\"https:\\\/\\\/marktxxl.de\\\/markt\\\/#\\\/schema\\\/logo\\\/image\\\/\",\"url\":\"https:\\\/\\\/marktxxl.de\\\/markt\\\/wp-content\\\/uploads\\\/sites\\\/3\\\/2020\\\/12\\\/logo.png\",\"contentUrl\":\"https:\\\/\\\/marktxxl.de\\\/markt\\\/wp-content\\\/uploads\\\/sites\\\/3\\\/2020\\\/12\\\/logo.png\",\"width\":200,\"height\":70,\"caption\":\"Markt-XXL\"},\"image\":{\"@id\":\"https:\\\/\\\/marktxxl.de\\\/markt\\\/#\\\/schema\\\/logo\\\/image\\\/\"}}]}<\/script>\n<!-- \/ Yoast SEO plugin. -->","yoast_head_json":{"title":"Shnuggle, behagliche Badewanne mit Sitz-Unterst\u00fctzung und Schaumstoff-R\u00fcckenlehne - Markt-XXL","description":"Markt-XXL Shnuggle, behagliche Badewanne mit Sitz-Unterst\u00fctzung und Schaumstoff-R\u00fcckenlehne","robots":{"index":"index","follow":"follow","max-snippet":"max-snippet:-1","max-image-preview":"max-image-preview:large","max-video-preview":"max-video-preview:-1"},"canonical":"https:\/\/marktxxl.de\/markt\/produkt\/shnuggle-behagliche-badewanne-mit-sitz-unterstuetzung-und-schaumstoff-rueckenlehne\/","og_locale":"de_DE","og_type":"article","og_title":"Shnuggle, behagliche Badewanne mit Sitz-Unterst\u00fctzung und Schaumstoff-R\u00fcckenlehne - Markt-XXL","og_description":"Markt-XXL Shnuggle, behagliche Badewanne mit Sitz-Unterst\u00fctzung und Schaumstoff-R\u00fcckenlehne","og_url":"https:\/\/marktxxl.de\/markt\/produkt\/shnuggle-behagliche-badewanne-mit-sitz-unterstuetzung-und-schaumstoff-rueckenlehne\/","og_site_name":"Markt-XXL","article_modified_time":"2023-04-11T01:11:30+00:00","og_image":[{"width":500,"height":500,"url":"https:\/\/m.media-amazon.com\/images\/I\/31VAGPZfPXL._SL500_.jpg","type":"image\/jpeg"}],"twitter_card":"summary_large_image","schema":{"@context":"https:\/\/schema.org","@graph":[{"@type":"WebPage","@id":"https:\/\/marktxxl.de\/markt\/produkt\/shnuggle-behagliche-badewanne-mit-sitz-unterstuetzung-und-schaumstoff-rueckenlehne\/","url":"https:\/\/marktxxl.de\/markt\/produkt\/shnuggle-behagliche-badewanne-mit-sitz-unterstuetzung-und-schaumstoff-rueckenlehne\/","name":"Shnuggle, behagliche Badewanne mit Sitz-Unterst\u00fctzung und Schaumstoff-R\u00fcckenlehne - Markt-XXL","isPartOf":{"@id":"https:\/\/marktxxl.de\/markt\/#website"},"primaryImageOfPage":{"@id":"https:\/\/marktxxl.de\/markt\/produkt\/shnuggle-behagliche-badewanne-mit-sitz-unterstuetzung-und-schaumstoff-rueckenlehne\/#primaryimage"},"image":{"@id":"https:\/\/marktxxl.de\/markt\/produkt\/shnuggle-behagliche-badewanne-mit-sitz-unterstuetzung-und-schaumstoff-rueckenlehne\/#primaryimage"},"thumbnailUrl":"https:\/\/m.media-amazon.com\/images\/I\/31VAGPZfPXL._SL500_.jpg","datePublished":"2021-12-28T19:18:53+00:00","dateModified":"2023-04-11T01:11:30+00:00","description":"Markt-XXL Shnuggle, behagliche Badewanne mit Sitz-Unterst\u00fctzung und Schaumstoff-R\u00fcckenlehne","breadcrumb":{"@id":"https:\/\/marktxxl.de\/markt\/produkt\/shnuggle-behagliche-badewanne-mit-sitz-unterstuetzung-und-schaumstoff-rueckenlehne\/#breadcrumb"},"inLanguage":"de","potentialAction":[{"@type":"ReadAction","target":["https:\/\/marktxxl.de\/markt\/produkt\/shnuggle-behagliche-badewanne-mit-sitz-unterstuetzung-und-schaumstoff-rueckenlehne\/"]}]},{"@type":"ImageObject","inLanguage":"de","@id":"https:\/\/marktxxl.de\/markt\/produkt\/shnuggle-behagliche-badewanne-mit-sitz-unterstuetzung-und-schaumstoff-rueckenlehne\/#primaryimage","url":"https:\/\/m.media-amazon.com\/images\/I\/31VAGPZfPXL._SL500_.jpg","contentUrl":"https:\/\/m.media-amazon.com\/images\/I\/31VAGPZfPXL._SL500_.jpg","width":500,"height":500},{"@type":"BreadcrumbList","@id":"https:\/\/marktxxl.de\/markt\/produkt\/shnuggle-behagliche-badewanne-mit-sitz-unterstuetzung-und-schaumstoff-rueckenlehne\/#breadcrumb","itemListElement":[{"@type":"ListItem","position":1,"name":"Startseite","item":"https:\/\/marktxxl.de\/markt\/"},{"@type":"ListItem","position":2,"name":"Markt","item":"https:\/\/marktxxl.de\/markt\/"},{"@type":"ListItem","position":3,"name":"Shnuggle, behagliche Badewanne mit Sitz-Unterst\u00fctzung und Schaumstoff-R\u00fcckenlehne"}]},{"@type":"WebSite","@id":"https:\/\/marktxxl.de\/markt\/#website","url":"https:\/\/marktxxl.de\/markt\/","name":"Markt-XXL","description":"Ihr Markt Online","publisher":{"@id":"https:\/\/marktxxl.de\/markt\/#organization"},"potentialAction":[{"@type":"SearchAction","target":{"@type":"EntryPoint","urlTemplate":"https:\/\/marktxxl.de\/markt\/?s={search_term_string}"},"query-input":{"@type":"PropertyValueSpecification","valueRequired":true,"valueName":"search_term_string"}}],"inLanguage":"de"},{"@type":"Organization","@id":"https:\/\/marktxxl.de\/markt\/#organization","name":"Markt-XXL","url":"https:\/\/marktxxl.de\/markt\/","logo":{"@type":"ImageObject","inLanguage":"de","@id":"https:\/\/marktxxl.de\/markt\/#\/schema\/logo\/image\/","url":"https:\/\/marktxxl.de\/markt\/wp-content\/uploads\/sites\/3\/2020\/12\/logo.png","contentUrl":"https:\/\/marktxxl.de\/markt\/wp-content\/uploads\/sites\/3\/2020\/12\/logo.png","width":200,"height":70,"caption":"Markt-XXL"},"image":{"@id":"https:\/\/marktxxl.de\/markt\/#\/schema\/logo\/image\/"}}]}},"_links":{"self":[{"href":"https:\/\/marktxxl.de\/markt\/wp-json\/wp\/v2\/product\/91515","targetHints":{"allow":["GET"]}}],"collection":[{"href":"https:\/\/marktxxl.de\/markt\/wp-json\/wp\/v2\/product"}],"about":[{"href":"https:\/\/marktxxl.de\/markt\/wp-json\/wp\/v2\/types\/product"}],"replies":[{"embeddable":true,"href":"https:\/\/marktxxl.de\/markt\/wp-json\/wp\/v2\/comments?post=91515"}],"wp:featuredmedia":[{"embeddable":true,"href":"https:\/\/marktxxl.de\/markt\/wp-json\/wp\/v2\/media\/91516"}],"wp:attachment":[{"href":"https:\/\/marktxxl.de\/markt\/wp-json\/wp\/v2\/media?parent=91515"}],"wp:term":[{"taxonomy":"product_brand","embeddable":true,"href":"https:\/\/marktxxl.de\/markt\/wp-json\/wp\/v2\/product_brand?post=91515"},{"taxonomy":"product_cat","embeddable":true,"href":"https:\/\/marktxxl.de\/markt\/wp-json\/wp\/v2\/product_cat?post=91515"},{"taxonomy":"product_tag","embeddable":true,"href":"https:\/\/marktxxl.de\/markt\/wp-json\/wp\/v2\/product_tag?post=91515"}],"curies":[{"name":"wp","href":"https:\/\/api.w.org\/{rel}","templated":true}]}}