{"id":91290,"date":"2021-12-28T20:09:20","date_gmt":"2021-12-28T19:09:20","guid":{"rendered":"https:\/\/marktxxl.de\/markt\/produkt\/kapuzenhandtuch-baby-ideal-als-bademantel-badetuch-babydecke-kuscheldecke-babyhandtuch-babybademantel-kapuzenbadetuch-babybadetuch-mit-kapuze-aus-bio-baumwolle-von-san-francisco-baby\/"},"modified":"2023-04-11T03:11:25","modified_gmt":"2023-04-11T01:11:25","slug":"kapuzenhandtuch-baby-ideal-als-bademantel-badetuch-babydecke-kuscheldecke-babyhandtuch-babybademantel-kapuzenbadetuch-babybadetuch-mit-kapuze-aus-bio-baumwolle-von-san-francisco-baby","status":"publish","type":"product","link":"https:\/\/marktxxl.de\/markt\/produkt\/kapuzenhandtuch-baby-ideal-als-bademantel-badetuch-babydecke-kuscheldecke-babyhandtuch-babybademantel-kapuzenbadetuch-babybadetuch-mit-kapuze-aus-bio-baumwolle-von-san-francisco-baby\/","title":{"rendered":"Kapuzenhandtuch Baby | Ideal als Bademantel, Badetuch, Babydecke, Kuscheldecke, Babyhandtuch, Babybademantel\u2026"},"content":{"rendered":"<p>\u2705\u00a0 PURE FREUDE F\u00c3\u0153R IHR BABY \u00e2\u20ac\u201c Kinder lieben Tiere! Was k\u00c3nnte es da Sch\u00c3neres geben als sich in einen warmen, kuscheligen Tier Bademantel zu kuscheln w\u00c3\u00a4hrend man sich vom letzten Bad abtrocknet So geht der Badespa\u00c3\u0178 noch lange weiter!<\/p>\n<p>\u2705\u00a0 100% BIO | 100% BABYFREUNDLICH \u00e2\u20ac\u201c F\u00c3\u00bcr Ihren Liebling darf es nur das Beste sein! Unsere biologische Bambus Baumwolle ist hypoallergen, antibakteriell und umweltfreundlich! Nichts ist weicher, nimmt Feuchtigkeit besser auf und dabei so kuschelig!<\/p>\n<p>\u2705\u00a0 VIELSEITIG EINSETZBAR \u00e2\u20ac\u201c Ideal als Babydecke in den ersten Monaten. Zudem als Badetuch mit Kapuze. Weiterhin als Babybademantel und auch nach einem Jahr immer noch als Kuscheldecke. Dank des Unisex Designs eignen sich unsere Baby Handt\u00c3\u00bccher sowohl f\u00c3\u00bcr Junge als auch M\u00c3\u00a4dchen!<\/p>\n<p>\u2705\u00a0 DAS PERFEKTE GESCHENK \u00e2\u20ac\u201c Das ideale Neugeborenen Geschenk! Noch keine Idee f\u00c3\u00bcr die n\u00c3\u00a4chste Babyparty Kein geeignetes Geburtsgeschenk Kein Problem! Bereiten Sie den Eltern mit diesem hochwertigen Kapuzenhandtuch f\u00c3\u00bcr Babies eine wahre Freude! Besonders praktisch: auch wenn das Geschlecht noch nicht bekannt sein sollte, liegen Sie mit diesem Baby Bademantel nie daneben!<br \/>\nInternational products have separate terms, are sold from abroad and may differ from local products, including fit, age ratings, and language of product, labeling or instructions.<br \/>\n<div class=\"main-cross-sell\" data-asin=\"B075XM5Y86\">\n\n\t<div class=\"WooZone-cross-sell-loader\">\n\t\t<div>\n\t\t\t<div id=\"floatingBarsG\">\n\t\t\t\t<div class=\"blockG\" id=\"rotateG_01\"><\/div>\n\t\t\t\t<div class=\"blockG\" id=\"rotateG_02\"><\/div>\n\t\t\t\t<div class=\"blockG\" id=\"rotateG_03\"><\/div>\n\t\t\t\t<div class=\"blockG\" id=\"rotateG_04\"><\/div>\n\t\t\t\t<div class=\"blockG\" id=\"rotateG_05\"><\/div>\n\t\t\t\t<div class=\"blockG\" id=\"rotateG_06\"><\/div>\n\t\t\t\t<div class=\"blockG\" id=\"rotateG_07\"><\/div>\n\t\t\t\t<div class=\"blockG\" id=\"rotateG_08\"><\/div>\n\t\t\t<\/div>\n\t\t\t<div class=\"WooZone-cross-sell-loader-text\"><\/div>\n\t\t<\/div>\n\t<\/div>\n\n\t\t\n<\/div>\n<div style=\"clear:both;\"><\/div><\/p>\n","protected":false},"excerpt":{"rendered":"<p>\u2705\u00a0 PURE FREUDE F\u00c3\u0153R IHR BABY \u00e2\u20ac\u201c Kinder lieben Tiere! Was k\u00c3nnte es da Sch\u00c3neres geben als sich in einen warmen, kuscheligen Tier Bademantel zu kuscheln w\u00c3\u00a4hrend man sich vom letzten Bad abtrocknet So geht der Badespa\u00c3\u0178 noch lange weiter!<br \/>\n\u2705\u00a0 100% BIO | 100% BABYFREUNDLICH \u00e2\u20ac\u201c F\u00c3\u00bcr Ihren Liebling darf es nur das Beste sein! Unsere biologische Bambus Baumwolle ist hypoallergen, antibakteriell und umweltfreundlich! Nichts ist weicher, nimmt Feuchtigkeit besser auf und dabei so kuschelig!<br \/>\n\u2705\u00a0 VIELSEITIG EINSETZBAR \u00e2\u20ac\u201c Ideal als Babydecke in den ersten Monaten. Zudem als Badetuch mit Kapuze. Weiterhin als Babybademantel und auch nach einem Jahr immer noch als Kuscheldecke. Dank des Unisex Designs eignen sich unsere Baby Handt\u00c3\u00bccher sowohl f\u00c3\u00bcr Junge als auch M\u00c3\u00a4dchen!<\/p>\n","protected":false},"featured_media":91291,"comment_status":"open","ping_status":"closed","template":"","meta":[],"product_brand":[],"product_cat":[21,9009],"product_tag":[],"class_list":{"0":"post-91290","1":"product","2":"type-product","3":"status-publish","4":"has-post-thumbnail","6":"product_cat-baby","7":"product_cat-babypflege-baby","8":"pa_binding-babyartikel","9":"pa_brand-san-francisco-baby","10":"pa_color-white","11":"pa_height-0-1-zoll","12":"pa_length-35-zoll","13":"pa_manufacturer-san-francisco-baby","14":"pa_model-t1","15":"pa_size-89x89-cm-1er-pack","16":"pa_warranty-lifetime-guarantee-well-refund-your-money-within-12-hours-you-can-keep-the-towel-no-questions-asked-no-time-limit-asking-for-a-refund-its-our-way-of-saying-thank-you","17":"pa_weight-0-6-pfund","18":"pa_width-35-zoll","20":"first","21":"instock","22":"shipping-taxable","23":"purchasable","24":"product-type-simple","25":"customify-col","26":"product-has-gallery"},"yoast_head":"<!-- This site is optimized with the Yoast SEO plugin v27.4 - https:\/\/yoast.com\/product\/yoast-seo-wordpress\/ -->\n<title>Kapuzenhandtuch Baby | Ideal als Bademantel, Badetuch, Babydecke, Kuscheldecke, Babyhandtuch, Babybademantel\u2026 - Markt-XXL<\/title>\n<meta name=\"description\" content=\"Markt-XXL Kapuzenhandtuch Baby | Ideal als Bademantel, Badetuch, Babydecke, Kuscheldecke, Babyhandtuch, Babybademantel\u2026\" \/>\n<meta name=\"robots\" content=\"index, follow, max-snippet:-1, max-image-preview:large, max-video-preview:-1\" \/>\n<link rel=\"canonical\" href=\"https:\/\/marktxxl.de\/markt\/produkt\/kapuzenhandtuch-baby-ideal-als-bademantel-badetuch-babydecke-kuscheldecke-babyhandtuch-babybademantel-kapuzenbadetuch-babybadetuch-mit-kapuze-aus-bio-baumwolle-von-san-francisco-baby\/\" \/>\n<meta property=\"og:locale\" content=\"de_DE\" \/>\n<meta property=\"og:type\" content=\"article\" \/>\n<meta property=\"og:title\" content=\"Kapuzenhandtuch Baby | Ideal als Bademantel, Badetuch, Babydecke, Kuscheldecke, Babyhandtuch, Babybademantel\u2026 - Markt-XXL\" \/>\n<meta property=\"og:description\" content=\"Markt-XXL Kapuzenhandtuch Baby | Ideal als Bademantel, Badetuch, Babydecke, Kuscheldecke, Babyhandtuch, Babybademantel\u2026\" \/>\n<meta property=\"og:url\" content=\"https:\/\/marktxxl.de\/markt\/produkt\/kapuzenhandtuch-baby-ideal-als-bademantel-badetuch-babydecke-kuscheldecke-babyhandtuch-babybademantel-kapuzenbadetuch-babybadetuch-mit-kapuze-aus-bio-baumwolle-von-san-francisco-baby\/\" \/>\n<meta property=\"og:site_name\" content=\"Markt-XXL\" \/>\n<meta property=\"article:modified_time\" content=\"2023-04-11T01:11:25+00:00\" \/>\n<meta property=\"og:image\" content=\"https:\/\/m.media-amazon.com\/images\/I\/41GzHcD1k+L._SL500_.jpg\" \/>\n\t<meta property=\"og:image:width\" content=\"500\" \/>\n\t<meta property=\"og:image:height\" content=\"500\" \/>\n\t<meta property=\"og:image:type\" content=\"image\/jpeg\" \/>\n<meta name=\"twitter:card\" content=\"summary_large_image\" \/>\n<meta name=\"twitter:label1\" content=\"Gesch\u00e4tzte Lesezeit\" \/>\n\t<meta name=\"twitter:data1\" content=\"1\u00a0Minute\" \/>\n<script type=\"application\/ld+json\" class=\"yoast-schema-graph\">{\"@context\":\"https:\\\/\\\/schema.org\",\"@graph\":[{\"@type\":\"WebPage\",\"@id\":\"https:\\\/\\\/marktxxl.de\\\/markt\\\/produkt\\\/kapuzenhandtuch-baby-ideal-als-bademantel-badetuch-babydecke-kuscheldecke-babyhandtuch-babybademantel-kapuzenbadetuch-babybadetuch-mit-kapuze-aus-bio-baumwolle-von-san-francisco-baby\\\/\",\"url\":\"https:\\\/\\\/marktxxl.de\\\/markt\\\/produkt\\\/kapuzenhandtuch-baby-ideal-als-bademantel-badetuch-babydecke-kuscheldecke-babyhandtuch-babybademantel-kapuzenbadetuch-babybadetuch-mit-kapuze-aus-bio-baumwolle-von-san-francisco-baby\\\/\",\"name\":\"Kapuzenhandtuch Baby | Ideal als Bademantel, Badetuch, Babydecke, Kuscheldecke, Babyhandtuch, Babybademantel\u2026 - Markt-XXL\",\"isPartOf\":{\"@id\":\"https:\\\/\\\/marktxxl.de\\\/markt\\\/#website\"},\"primaryImageOfPage\":{\"@id\":\"https:\\\/\\\/marktxxl.de\\\/markt\\\/produkt\\\/kapuzenhandtuch-baby-ideal-als-bademantel-badetuch-babydecke-kuscheldecke-babyhandtuch-babybademantel-kapuzenbadetuch-babybadetuch-mit-kapuze-aus-bio-baumwolle-von-san-francisco-baby\\\/#primaryimage\"},\"image\":{\"@id\":\"https:\\\/\\\/marktxxl.de\\\/markt\\\/produkt\\\/kapuzenhandtuch-baby-ideal-als-bademantel-badetuch-babydecke-kuscheldecke-babyhandtuch-babybademantel-kapuzenbadetuch-babybadetuch-mit-kapuze-aus-bio-baumwolle-von-san-francisco-baby\\\/#primaryimage\"},\"thumbnailUrl\":\"https:\\\/\\\/m.media-amazon.com\\\/images\\\/I\\\/41GzHcD1k+L._SL500_.jpg\",\"datePublished\":\"2021-12-28T19:09:20+00:00\",\"dateModified\":\"2023-04-11T01:11:25+00:00\",\"description\":\"Markt-XXL Kapuzenhandtuch Baby | Ideal als Bademantel, Badetuch, Babydecke, Kuscheldecke, Babyhandtuch, Babybademantel\u2026\",\"breadcrumb\":{\"@id\":\"https:\\\/\\\/marktxxl.de\\\/markt\\\/produkt\\\/kapuzenhandtuch-baby-ideal-als-bademantel-badetuch-babydecke-kuscheldecke-babyhandtuch-babybademantel-kapuzenbadetuch-babybadetuch-mit-kapuze-aus-bio-baumwolle-von-san-francisco-baby\\\/#breadcrumb\"},\"inLanguage\":\"de\",\"potentialAction\":[{\"@type\":\"ReadAction\",\"target\":[\"https:\\\/\\\/marktxxl.de\\\/markt\\\/produkt\\\/kapuzenhandtuch-baby-ideal-als-bademantel-badetuch-babydecke-kuscheldecke-babyhandtuch-babybademantel-kapuzenbadetuch-babybadetuch-mit-kapuze-aus-bio-baumwolle-von-san-francisco-baby\\\/\"]}]},{\"@type\":\"ImageObject\",\"inLanguage\":\"de\",\"@id\":\"https:\\\/\\\/marktxxl.de\\\/markt\\\/produkt\\\/kapuzenhandtuch-baby-ideal-als-bademantel-badetuch-babydecke-kuscheldecke-babyhandtuch-babybademantel-kapuzenbadetuch-babybadetuch-mit-kapuze-aus-bio-baumwolle-von-san-francisco-baby\\\/#primaryimage\",\"url\":\"https:\\\/\\\/m.media-amazon.com\\\/images\\\/I\\\/41GzHcD1k+L._SL500_.jpg\",\"contentUrl\":\"https:\\\/\\\/m.media-amazon.com\\\/images\\\/I\\\/41GzHcD1k+L._SL500_.jpg\",\"width\":500,\"height\":500},{\"@type\":\"BreadcrumbList\",\"@id\":\"https:\\\/\\\/marktxxl.de\\\/markt\\\/produkt\\\/kapuzenhandtuch-baby-ideal-als-bademantel-badetuch-babydecke-kuscheldecke-babyhandtuch-babybademantel-kapuzenbadetuch-babybadetuch-mit-kapuze-aus-bio-baumwolle-von-san-francisco-baby\\\/#breadcrumb\",\"itemListElement\":[{\"@type\":\"ListItem\",\"position\":1,\"name\":\"Startseite\",\"item\":\"https:\\\/\\\/marktxxl.de\\\/markt\\\/\"},{\"@type\":\"ListItem\",\"position\":2,\"name\":\"Markt\",\"item\":\"https:\\\/\\\/marktxxl.de\\\/markt\\\/\"},{\"@type\":\"ListItem\",\"position\":3,\"name\":\"Kapuzenhandtuch Baby | Ideal als Bademantel, Badetuch, Babydecke, Kuscheldecke, Babyhandtuch, Babybademantel\u2026\"}]},{\"@type\":\"WebSite\",\"@id\":\"https:\\\/\\\/marktxxl.de\\\/markt\\\/#website\",\"url\":\"https:\\\/\\\/marktxxl.de\\\/markt\\\/\",\"name\":\"Markt-XXL\",\"description\":\"Ihr Markt Online\",\"publisher\":{\"@id\":\"https:\\\/\\\/marktxxl.de\\\/markt\\\/#organization\"},\"potentialAction\":[{\"@type\":\"SearchAction\",\"target\":{\"@type\":\"EntryPoint\",\"urlTemplate\":\"https:\\\/\\\/marktxxl.de\\\/markt\\\/?s={search_term_string}\"},\"query-input\":{\"@type\":\"PropertyValueSpecification\",\"valueRequired\":true,\"valueName\":\"search_term_string\"}}],\"inLanguage\":\"de\"},{\"@type\":\"Organization\",\"@id\":\"https:\\\/\\\/marktxxl.de\\\/markt\\\/#organization\",\"name\":\"Markt-XXL\",\"url\":\"https:\\\/\\\/marktxxl.de\\\/markt\\\/\",\"logo\":{\"@type\":\"ImageObject\",\"inLanguage\":\"de\",\"@id\":\"https:\\\/\\\/marktxxl.de\\\/markt\\\/#\\\/schema\\\/logo\\\/image\\\/\",\"url\":\"https:\\\/\\\/marktxxl.de\\\/markt\\\/wp-content\\\/uploads\\\/sites\\\/3\\\/2020\\\/12\\\/logo.png\",\"contentUrl\":\"https:\\\/\\\/marktxxl.de\\\/markt\\\/wp-content\\\/uploads\\\/sites\\\/3\\\/2020\\\/12\\\/logo.png\",\"width\":200,\"height\":70,\"caption\":\"Markt-XXL\"},\"image\":{\"@id\":\"https:\\\/\\\/marktxxl.de\\\/markt\\\/#\\\/schema\\\/logo\\\/image\\\/\"}}]}<\/script>\n<!-- \/ Yoast SEO plugin. -->","yoast_head_json":{"title":"Kapuzenhandtuch Baby | Ideal als Bademantel, Badetuch, Babydecke, Kuscheldecke, Babyhandtuch, Babybademantel\u2026 - Markt-XXL","description":"Markt-XXL Kapuzenhandtuch Baby | Ideal als Bademantel, Badetuch, Babydecke, Kuscheldecke, Babyhandtuch, Babybademantel\u2026","robots":{"index":"index","follow":"follow","max-snippet":"max-snippet:-1","max-image-preview":"max-image-preview:large","max-video-preview":"max-video-preview:-1"},"canonical":"https:\/\/marktxxl.de\/markt\/produkt\/kapuzenhandtuch-baby-ideal-als-bademantel-badetuch-babydecke-kuscheldecke-babyhandtuch-babybademantel-kapuzenbadetuch-babybadetuch-mit-kapuze-aus-bio-baumwolle-von-san-francisco-baby\/","og_locale":"de_DE","og_type":"article","og_title":"Kapuzenhandtuch Baby | Ideal als Bademantel, Badetuch, Babydecke, Kuscheldecke, Babyhandtuch, Babybademantel\u2026 - Markt-XXL","og_description":"Markt-XXL Kapuzenhandtuch Baby | Ideal als Bademantel, Badetuch, Babydecke, Kuscheldecke, Babyhandtuch, Babybademantel\u2026","og_url":"https:\/\/marktxxl.de\/markt\/produkt\/kapuzenhandtuch-baby-ideal-als-bademantel-badetuch-babydecke-kuscheldecke-babyhandtuch-babybademantel-kapuzenbadetuch-babybadetuch-mit-kapuze-aus-bio-baumwolle-von-san-francisco-baby\/","og_site_name":"Markt-XXL","article_modified_time":"2023-04-11T01:11:25+00:00","og_image":[{"width":500,"height":500,"url":"https:\/\/m.media-amazon.com\/images\/I\/41GzHcD1k+L._SL500_.jpg","type":"image\/jpeg"}],"twitter_card":"summary_large_image","twitter_misc":{"Gesch\u00e4tzte Lesezeit":"1\u00a0Minute"},"schema":{"@context":"https:\/\/schema.org","@graph":[{"@type":"WebPage","@id":"https:\/\/marktxxl.de\/markt\/produkt\/kapuzenhandtuch-baby-ideal-als-bademantel-badetuch-babydecke-kuscheldecke-babyhandtuch-babybademantel-kapuzenbadetuch-babybadetuch-mit-kapuze-aus-bio-baumwolle-von-san-francisco-baby\/","url":"https:\/\/marktxxl.de\/markt\/produkt\/kapuzenhandtuch-baby-ideal-als-bademantel-badetuch-babydecke-kuscheldecke-babyhandtuch-babybademantel-kapuzenbadetuch-babybadetuch-mit-kapuze-aus-bio-baumwolle-von-san-francisco-baby\/","name":"Kapuzenhandtuch Baby | Ideal als Bademantel, Badetuch, Babydecke, Kuscheldecke, Babyhandtuch, Babybademantel\u2026 - Markt-XXL","isPartOf":{"@id":"https:\/\/marktxxl.de\/markt\/#website"},"primaryImageOfPage":{"@id":"https:\/\/marktxxl.de\/markt\/produkt\/kapuzenhandtuch-baby-ideal-als-bademantel-badetuch-babydecke-kuscheldecke-babyhandtuch-babybademantel-kapuzenbadetuch-babybadetuch-mit-kapuze-aus-bio-baumwolle-von-san-francisco-baby\/#primaryimage"},"image":{"@id":"https:\/\/marktxxl.de\/markt\/produkt\/kapuzenhandtuch-baby-ideal-als-bademantel-badetuch-babydecke-kuscheldecke-babyhandtuch-babybademantel-kapuzenbadetuch-babybadetuch-mit-kapuze-aus-bio-baumwolle-von-san-francisco-baby\/#primaryimage"},"thumbnailUrl":"https:\/\/m.media-amazon.com\/images\/I\/41GzHcD1k+L._SL500_.jpg","datePublished":"2021-12-28T19:09:20+00:00","dateModified":"2023-04-11T01:11:25+00:00","description":"Markt-XXL Kapuzenhandtuch Baby | Ideal als Bademantel, Badetuch, Babydecke, Kuscheldecke, Babyhandtuch, Babybademantel\u2026","breadcrumb":{"@id":"https:\/\/marktxxl.de\/markt\/produkt\/kapuzenhandtuch-baby-ideal-als-bademantel-badetuch-babydecke-kuscheldecke-babyhandtuch-babybademantel-kapuzenbadetuch-babybadetuch-mit-kapuze-aus-bio-baumwolle-von-san-francisco-baby\/#breadcrumb"},"inLanguage":"de","potentialAction":[{"@type":"ReadAction","target":["https:\/\/marktxxl.de\/markt\/produkt\/kapuzenhandtuch-baby-ideal-als-bademantel-badetuch-babydecke-kuscheldecke-babyhandtuch-babybademantel-kapuzenbadetuch-babybadetuch-mit-kapuze-aus-bio-baumwolle-von-san-francisco-baby\/"]}]},{"@type":"ImageObject","inLanguage":"de","@id":"https:\/\/marktxxl.de\/markt\/produkt\/kapuzenhandtuch-baby-ideal-als-bademantel-badetuch-babydecke-kuscheldecke-babyhandtuch-babybademantel-kapuzenbadetuch-babybadetuch-mit-kapuze-aus-bio-baumwolle-von-san-francisco-baby\/#primaryimage","url":"https:\/\/m.media-amazon.com\/images\/I\/41GzHcD1k+L._SL500_.jpg","contentUrl":"https:\/\/m.media-amazon.com\/images\/I\/41GzHcD1k+L._SL500_.jpg","width":500,"height":500},{"@type":"BreadcrumbList","@id":"https:\/\/marktxxl.de\/markt\/produkt\/kapuzenhandtuch-baby-ideal-als-bademantel-badetuch-babydecke-kuscheldecke-babyhandtuch-babybademantel-kapuzenbadetuch-babybadetuch-mit-kapuze-aus-bio-baumwolle-von-san-francisco-baby\/#breadcrumb","itemListElement":[{"@type":"ListItem","position":1,"name":"Startseite","item":"https:\/\/marktxxl.de\/markt\/"},{"@type":"ListItem","position":2,"name":"Markt","item":"https:\/\/marktxxl.de\/markt\/"},{"@type":"ListItem","position":3,"name":"Kapuzenhandtuch Baby | Ideal als Bademantel, Badetuch, Babydecke, Kuscheldecke, Babyhandtuch, Babybademantel\u2026"}]},{"@type":"WebSite","@id":"https:\/\/marktxxl.de\/markt\/#website","url":"https:\/\/marktxxl.de\/markt\/","name":"Markt-XXL","description":"Ihr Markt Online","publisher":{"@id":"https:\/\/marktxxl.de\/markt\/#organization"},"potentialAction":[{"@type":"SearchAction","target":{"@type":"EntryPoint","urlTemplate":"https:\/\/marktxxl.de\/markt\/?s={search_term_string}"},"query-input":{"@type":"PropertyValueSpecification","valueRequired":true,"valueName":"search_term_string"}}],"inLanguage":"de"},{"@type":"Organization","@id":"https:\/\/marktxxl.de\/markt\/#organization","name":"Markt-XXL","url":"https:\/\/marktxxl.de\/markt\/","logo":{"@type":"ImageObject","inLanguage":"de","@id":"https:\/\/marktxxl.de\/markt\/#\/schema\/logo\/image\/","url":"https:\/\/marktxxl.de\/markt\/wp-content\/uploads\/sites\/3\/2020\/12\/logo.png","contentUrl":"https:\/\/marktxxl.de\/markt\/wp-content\/uploads\/sites\/3\/2020\/12\/logo.png","width":200,"height":70,"caption":"Markt-XXL"},"image":{"@id":"https:\/\/marktxxl.de\/markt\/#\/schema\/logo\/image\/"}}]}},"_links":{"self":[{"href":"https:\/\/marktxxl.de\/markt\/wp-json\/wp\/v2\/product\/91290","targetHints":{"allow":["GET"]}}],"collection":[{"href":"https:\/\/marktxxl.de\/markt\/wp-json\/wp\/v2\/product"}],"about":[{"href":"https:\/\/marktxxl.de\/markt\/wp-json\/wp\/v2\/types\/product"}],"replies":[{"embeddable":true,"href":"https:\/\/marktxxl.de\/markt\/wp-json\/wp\/v2\/comments?post=91290"}],"wp:featuredmedia":[{"embeddable":true,"href":"https:\/\/marktxxl.de\/markt\/wp-json\/wp\/v2\/media\/91291"}],"wp:attachment":[{"href":"https:\/\/marktxxl.de\/markt\/wp-json\/wp\/v2\/media?parent=91290"}],"wp:term":[{"taxonomy":"product_brand","embeddable":true,"href":"https:\/\/marktxxl.de\/markt\/wp-json\/wp\/v2\/product_brand?post=91290"},{"taxonomy":"product_cat","embeddable":true,"href":"https:\/\/marktxxl.de\/markt\/wp-json\/wp\/v2\/product_cat?post=91290"},{"taxonomy":"product_tag","embeddable":true,"href":"https:\/\/marktxxl.de\/markt\/wp-json\/wp\/v2\/product_tag?post=91290"}],"curies":[{"name":"wp","href":"https:\/\/api.w.org\/{rel}","templated":true}]}}