{"id":90102,"date":"2021-12-28T19:15:35","date_gmt":"2021-12-28T18:15:35","guid":{"rendered":"https:\/\/marktxxl.de\/markt\/produkt\/isuperb-leinwand-und-pu-verwandeln-maeppchen-etuischule-taeschchen-federmaeppchen-kosmetiktasche-organisator-stiftekoecher-suesse-kaetzchen-in-3-farbe-19-x-12-5-x-7-5cm\/"},"modified":"2023-04-07T02:24:41","modified_gmt":"2023-04-07T00:24:41","slug":"isuperb-leinwand-und-pu-verwandeln-maeppchen-etuischule-taeschchen-federmaeppchen-kosmetiktasche-organisator-stiftekoecher-suesse-kaetzchen-in-3-farbe-19-x-12-5-x-7-5cm","status":"publish","type":"product","link":"https:\/\/marktxxl.de\/markt\/produkt\/isuperb-leinwand-und-pu-verwandeln-maeppchen-etuischule-taeschchen-federmaeppchen-kosmetiktasche-organisator-stiftekoecher-suesse-kaetzchen-in-3-farbe-19-x-12-5-x-7-5cm\/","title":{"rendered":"iSuperb Leinwand und PU Verwandeln M\u00e4ppchen Etuischule T\u00e4schchen Federm\u00e4ppchen Kosmetiktasche Organisator S\u00fc\u00dfe K\u00e4tzchen\u2026"},"content":{"rendered":"<p>Material: aus Leinwand und PU, langlebig und leicht, 114g.<br \/>\nGr\u00f6\u00dfe: entfaltet 19 x 12,5 x 7,5cm \/ 7,5 x 4,9 x 3inch, gefaltet10,5 x7,5cm \/ 4.1 x3inch wirklich Bequemlichkeit und leicht zu umgehen.<br \/>\nNiedlich und lustig: nicht nur helle Farbe und niedliches K\u00e4tzchen in Deckel gedruckt, sondern auch die Tasche kann verwandelt werden.<br \/>\nStruktur: 1 Hauptfach mit 2 kleinen Innentaschen<br \/>\nGro\u00dfer Entwurf: kann als Bleistiftbeutel oder ein kosmetischer Beutel benutzt werden F\u00fcr seinen Stall kann sogar als Stiftbeh\u00e4lter verwendet werden.<br \/>\n<div class=\"main-cross-sell\" data-asin=\"B07CK1JYPT\">\n\n\t<div class=\"WooZone-cross-sell-loader\">\n\t\t<div>\n\t\t\t<div id=\"floatingBarsG\">\n\t\t\t\t<div class=\"blockG\" id=\"rotateG_01\"><\/div>\n\t\t\t\t<div class=\"blockG\" id=\"rotateG_02\"><\/div>\n\t\t\t\t<div class=\"blockG\" id=\"rotateG_03\"><\/div>\n\t\t\t\t<div class=\"blockG\" id=\"rotateG_04\"><\/div>\n\t\t\t\t<div class=\"blockG\" id=\"rotateG_05\"><\/div>\n\t\t\t\t<div class=\"blockG\" id=\"rotateG_06\"><\/div>\n\t\t\t\t<div class=\"blockG\" id=\"rotateG_07\"><\/div>\n\t\t\t\t<div class=\"blockG\" id=\"rotateG_08\"><\/div>\n\t\t\t<\/div>\n\t\t\t<div class=\"WooZone-cross-sell-loader-text\"><\/div>\n\t\t<\/div>\n\t<\/div>\n\n\t\t\n<\/div>\n<div style=\"clear:both;\"><\/div><\/p>\n","protected":false},"excerpt":{"rendered":"<p>Material: aus Leinwand und PU, langlebig und leicht, 114g.<br \/>\nGr\u00f6\u00dfe: entfaltet 19 x 12,5 x 7,5cm \/ 7,5 x 4,9 x 3inch, gefaltet10,5 x7,5cm \/ 4.1 x3inch wirklich Bequemlichkeit und leicht zu umgehen.<br \/>\nNiedlich und lustig: nicht nur helle Farbe und niedliches K\u00e4tzchen in Deckel gedruckt, sondern auch die Tasche kann verwandelt werden.<\/p>\n","protected":false},"featured_media":90103,"comment_status":"open","ping_status":"closed","template":"","meta":[],"product_brand":[],"product_cat":[504,8631],"product_tag":[],"class_list":{"0":"post-90102","1":"product","2":"type-product","3":"status-publish","4":"has-post-thumbnail","6":"product_cat-buerobedarf-schreibwaren","7":"product_cat-schul-unibedarf","8":"pa_binding-spielzeug","9":"pa_brand-isuperb","10":"pa_manufacturer-isuperb","12":"first","13":"instock","14":"shipping-taxable","15":"purchasable","16":"product-type-simple","17":"customify-col","18":"product-has-gallery"},"yoast_head":"<!-- This site is optimized with the Yoast SEO plugin v27.4 - https:\/\/yoast.com\/product\/yoast-seo-wordpress\/ -->\n<title>iSuperb Leinwand und PU Verwandeln M\u00e4ppchen Etuischule T\u00e4schchen Federm\u00e4ppchen Kosmetiktasche Organisator S\u00fc\u00dfe K\u00e4tzchen\u2026 - Markt-XXL<\/title>\n<meta name=\"description\" content=\"Markt-XXL iSuperb Leinwand und PU Verwandeln M\u00e4ppchen Etuischule T\u00e4schchen Federm\u00e4ppchen Kosmetiktasche Organisator S\u00fc\u00dfe K\u00e4tzchen\u2026\" \/>\n<meta name=\"robots\" content=\"index, follow, max-snippet:-1, max-image-preview:large, max-video-preview:-1\" \/>\n<link rel=\"canonical\" href=\"https:\/\/marktxxl.de\/markt\/produkt\/isuperb-leinwand-und-pu-verwandeln-maeppchen-etuischule-taeschchen-federmaeppchen-kosmetiktasche-organisator-stiftekoecher-suesse-kaetzchen-in-3-farbe-19-x-12-5-x-7-5cm\/\" \/>\n<meta property=\"og:locale\" content=\"de_DE\" \/>\n<meta property=\"og:type\" content=\"article\" \/>\n<meta property=\"og:title\" content=\"iSuperb Leinwand und PU Verwandeln M\u00e4ppchen Etuischule T\u00e4schchen Federm\u00e4ppchen Kosmetiktasche Organisator S\u00fc\u00dfe K\u00e4tzchen\u2026 - Markt-XXL\" \/>\n<meta property=\"og:description\" content=\"Markt-XXL iSuperb Leinwand und PU Verwandeln M\u00e4ppchen Etuischule T\u00e4schchen Federm\u00e4ppchen Kosmetiktasche Organisator S\u00fc\u00dfe K\u00e4tzchen\u2026\" \/>\n<meta property=\"og:url\" content=\"https:\/\/marktxxl.de\/markt\/produkt\/isuperb-leinwand-und-pu-verwandeln-maeppchen-etuischule-taeschchen-federmaeppchen-kosmetiktasche-organisator-stiftekoecher-suesse-kaetzchen-in-3-farbe-19-x-12-5-x-7-5cm\/\" \/>\n<meta property=\"og:site_name\" content=\"Markt-XXL\" \/>\n<meta property=\"article:modified_time\" content=\"2023-04-07T00:24:41+00:00\" \/>\n<meta property=\"og:image\" content=\"https:\/\/m.media-amazon.com\/images\/I\/41Xby7TyKVL._SL500_.jpg\" \/>\n\t<meta property=\"og:image:width\" content=\"500\" \/>\n\t<meta property=\"og:image:height\" content=\"500\" \/>\n\t<meta property=\"og:image:type\" content=\"image\/jpeg\" \/>\n<meta name=\"twitter:card\" content=\"summary_large_image\" \/>\n<script type=\"application\/ld+json\" class=\"yoast-schema-graph\">{\"@context\":\"https:\\\/\\\/schema.org\",\"@graph\":[{\"@type\":\"WebPage\",\"@id\":\"https:\\\/\\\/marktxxl.de\\\/markt\\\/produkt\\\/isuperb-leinwand-und-pu-verwandeln-maeppchen-etuischule-taeschchen-federmaeppchen-kosmetiktasche-organisator-stiftekoecher-suesse-kaetzchen-in-3-farbe-19-x-12-5-x-7-5cm\\\/\",\"url\":\"https:\\\/\\\/marktxxl.de\\\/markt\\\/produkt\\\/isuperb-leinwand-und-pu-verwandeln-maeppchen-etuischule-taeschchen-federmaeppchen-kosmetiktasche-organisator-stiftekoecher-suesse-kaetzchen-in-3-farbe-19-x-12-5-x-7-5cm\\\/\",\"name\":\"iSuperb Leinwand und PU Verwandeln M\u00e4ppchen Etuischule T\u00e4schchen Federm\u00e4ppchen Kosmetiktasche Organisator S\u00fc\u00dfe K\u00e4tzchen\u2026 - Markt-XXL\",\"isPartOf\":{\"@id\":\"https:\\\/\\\/marktxxl.de\\\/markt\\\/#website\"},\"primaryImageOfPage\":{\"@id\":\"https:\\\/\\\/marktxxl.de\\\/markt\\\/produkt\\\/isuperb-leinwand-und-pu-verwandeln-maeppchen-etuischule-taeschchen-federmaeppchen-kosmetiktasche-organisator-stiftekoecher-suesse-kaetzchen-in-3-farbe-19-x-12-5-x-7-5cm\\\/#primaryimage\"},\"image\":{\"@id\":\"https:\\\/\\\/marktxxl.de\\\/markt\\\/produkt\\\/isuperb-leinwand-und-pu-verwandeln-maeppchen-etuischule-taeschchen-federmaeppchen-kosmetiktasche-organisator-stiftekoecher-suesse-kaetzchen-in-3-farbe-19-x-12-5-x-7-5cm\\\/#primaryimage\"},\"thumbnailUrl\":\"https:\\\/\\\/m.media-amazon.com\\\/images\\\/I\\\/41Xby7TyKVL._SL500_.jpg\",\"datePublished\":\"2021-12-28T18:15:35+00:00\",\"dateModified\":\"2023-04-07T00:24:41+00:00\",\"description\":\"Markt-XXL iSuperb Leinwand und PU Verwandeln M\u00e4ppchen Etuischule T\u00e4schchen Federm\u00e4ppchen Kosmetiktasche Organisator S\u00fc\u00dfe K\u00e4tzchen\u2026\",\"breadcrumb\":{\"@id\":\"https:\\\/\\\/marktxxl.de\\\/markt\\\/produkt\\\/isuperb-leinwand-und-pu-verwandeln-maeppchen-etuischule-taeschchen-federmaeppchen-kosmetiktasche-organisator-stiftekoecher-suesse-kaetzchen-in-3-farbe-19-x-12-5-x-7-5cm\\\/#breadcrumb\"},\"inLanguage\":\"de\",\"potentialAction\":[{\"@type\":\"ReadAction\",\"target\":[\"https:\\\/\\\/marktxxl.de\\\/markt\\\/produkt\\\/isuperb-leinwand-und-pu-verwandeln-maeppchen-etuischule-taeschchen-federmaeppchen-kosmetiktasche-organisator-stiftekoecher-suesse-kaetzchen-in-3-farbe-19-x-12-5-x-7-5cm\\\/\"]}]},{\"@type\":\"ImageObject\",\"inLanguage\":\"de\",\"@id\":\"https:\\\/\\\/marktxxl.de\\\/markt\\\/produkt\\\/isuperb-leinwand-und-pu-verwandeln-maeppchen-etuischule-taeschchen-federmaeppchen-kosmetiktasche-organisator-stiftekoecher-suesse-kaetzchen-in-3-farbe-19-x-12-5-x-7-5cm\\\/#primaryimage\",\"url\":\"https:\\\/\\\/m.media-amazon.com\\\/images\\\/I\\\/41Xby7TyKVL._SL500_.jpg\",\"contentUrl\":\"https:\\\/\\\/m.media-amazon.com\\\/images\\\/I\\\/41Xby7TyKVL._SL500_.jpg\",\"width\":500,\"height\":500},{\"@type\":\"BreadcrumbList\",\"@id\":\"https:\\\/\\\/marktxxl.de\\\/markt\\\/produkt\\\/isuperb-leinwand-und-pu-verwandeln-maeppchen-etuischule-taeschchen-federmaeppchen-kosmetiktasche-organisator-stiftekoecher-suesse-kaetzchen-in-3-farbe-19-x-12-5-x-7-5cm\\\/#breadcrumb\",\"itemListElement\":[{\"@type\":\"ListItem\",\"position\":1,\"name\":\"Startseite\",\"item\":\"https:\\\/\\\/marktxxl.de\\\/markt\\\/\"},{\"@type\":\"ListItem\",\"position\":2,\"name\":\"Markt\",\"item\":\"https:\\\/\\\/marktxxl.de\\\/markt\\\/\"},{\"@type\":\"ListItem\",\"position\":3,\"name\":\"iSuperb Leinwand und PU Verwandeln M\u00e4ppchen Etuischule T\u00e4schchen Federm\u00e4ppchen Kosmetiktasche Organisator S\u00fc\u00dfe K\u00e4tzchen\u2026\"}]},{\"@type\":\"WebSite\",\"@id\":\"https:\\\/\\\/marktxxl.de\\\/markt\\\/#website\",\"url\":\"https:\\\/\\\/marktxxl.de\\\/markt\\\/\",\"name\":\"Markt-XXL\",\"description\":\"Ihr Markt Online\",\"publisher\":{\"@id\":\"https:\\\/\\\/marktxxl.de\\\/markt\\\/#organization\"},\"potentialAction\":[{\"@type\":\"SearchAction\",\"target\":{\"@type\":\"EntryPoint\",\"urlTemplate\":\"https:\\\/\\\/marktxxl.de\\\/markt\\\/?s={search_term_string}\"},\"query-input\":{\"@type\":\"PropertyValueSpecification\",\"valueRequired\":true,\"valueName\":\"search_term_string\"}}],\"inLanguage\":\"de\"},{\"@type\":\"Organization\",\"@id\":\"https:\\\/\\\/marktxxl.de\\\/markt\\\/#organization\",\"name\":\"Markt-XXL\",\"url\":\"https:\\\/\\\/marktxxl.de\\\/markt\\\/\",\"logo\":{\"@type\":\"ImageObject\",\"inLanguage\":\"de\",\"@id\":\"https:\\\/\\\/marktxxl.de\\\/markt\\\/#\\\/schema\\\/logo\\\/image\\\/\",\"url\":\"https:\\\/\\\/marktxxl.de\\\/markt\\\/wp-content\\\/uploads\\\/sites\\\/3\\\/2020\\\/12\\\/logo.png\",\"contentUrl\":\"https:\\\/\\\/marktxxl.de\\\/markt\\\/wp-content\\\/uploads\\\/sites\\\/3\\\/2020\\\/12\\\/logo.png\",\"width\":200,\"height\":70,\"caption\":\"Markt-XXL\"},\"image\":{\"@id\":\"https:\\\/\\\/marktxxl.de\\\/markt\\\/#\\\/schema\\\/logo\\\/image\\\/\"}}]}<\/script>\n<!-- \/ Yoast SEO plugin. -->","yoast_head_json":{"title":"iSuperb Leinwand und PU Verwandeln M\u00e4ppchen Etuischule T\u00e4schchen Federm\u00e4ppchen Kosmetiktasche Organisator S\u00fc\u00dfe K\u00e4tzchen\u2026 - Markt-XXL","description":"Markt-XXL iSuperb Leinwand und PU Verwandeln M\u00e4ppchen Etuischule T\u00e4schchen Federm\u00e4ppchen Kosmetiktasche Organisator S\u00fc\u00dfe K\u00e4tzchen\u2026","robots":{"index":"index","follow":"follow","max-snippet":"max-snippet:-1","max-image-preview":"max-image-preview:large","max-video-preview":"max-video-preview:-1"},"canonical":"https:\/\/marktxxl.de\/markt\/produkt\/isuperb-leinwand-und-pu-verwandeln-maeppchen-etuischule-taeschchen-federmaeppchen-kosmetiktasche-organisator-stiftekoecher-suesse-kaetzchen-in-3-farbe-19-x-12-5-x-7-5cm\/","og_locale":"de_DE","og_type":"article","og_title":"iSuperb Leinwand und PU Verwandeln M\u00e4ppchen Etuischule T\u00e4schchen Federm\u00e4ppchen Kosmetiktasche Organisator S\u00fc\u00dfe K\u00e4tzchen\u2026 - Markt-XXL","og_description":"Markt-XXL iSuperb Leinwand und PU Verwandeln M\u00e4ppchen Etuischule T\u00e4schchen Federm\u00e4ppchen Kosmetiktasche Organisator S\u00fc\u00dfe K\u00e4tzchen\u2026","og_url":"https:\/\/marktxxl.de\/markt\/produkt\/isuperb-leinwand-und-pu-verwandeln-maeppchen-etuischule-taeschchen-federmaeppchen-kosmetiktasche-organisator-stiftekoecher-suesse-kaetzchen-in-3-farbe-19-x-12-5-x-7-5cm\/","og_site_name":"Markt-XXL","article_modified_time":"2023-04-07T00:24:41+00:00","og_image":[{"width":500,"height":500,"url":"https:\/\/m.media-amazon.com\/images\/I\/41Xby7TyKVL._SL500_.jpg","type":"image\/jpeg"}],"twitter_card":"summary_large_image","schema":{"@context":"https:\/\/schema.org","@graph":[{"@type":"WebPage","@id":"https:\/\/marktxxl.de\/markt\/produkt\/isuperb-leinwand-und-pu-verwandeln-maeppchen-etuischule-taeschchen-federmaeppchen-kosmetiktasche-organisator-stiftekoecher-suesse-kaetzchen-in-3-farbe-19-x-12-5-x-7-5cm\/","url":"https:\/\/marktxxl.de\/markt\/produkt\/isuperb-leinwand-und-pu-verwandeln-maeppchen-etuischule-taeschchen-federmaeppchen-kosmetiktasche-organisator-stiftekoecher-suesse-kaetzchen-in-3-farbe-19-x-12-5-x-7-5cm\/","name":"iSuperb Leinwand und PU Verwandeln M\u00e4ppchen Etuischule T\u00e4schchen Federm\u00e4ppchen Kosmetiktasche Organisator S\u00fc\u00dfe K\u00e4tzchen\u2026 - Markt-XXL","isPartOf":{"@id":"https:\/\/marktxxl.de\/markt\/#website"},"primaryImageOfPage":{"@id":"https:\/\/marktxxl.de\/markt\/produkt\/isuperb-leinwand-und-pu-verwandeln-maeppchen-etuischule-taeschchen-federmaeppchen-kosmetiktasche-organisator-stiftekoecher-suesse-kaetzchen-in-3-farbe-19-x-12-5-x-7-5cm\/#primaryimage"},"image":{"@id":"https:\/\/marktxxl.de\/markt\/produkt\/isuperb-leinwand-und-pu-verwandeln-maeppchen-etuischule-taeschchen-federmaeppchen-kosmetiktasche-organisator-stiftekoecher-suesse-kaetzchen-in-3-farbe-19-x-12-5-x-7-5cm\/#primaryimage"},"thumbnailUrl":"https:\/\/m.media-amazon.com\/images\/I\/41Xby7TyKVL._SL500_.jpg","datePublished":"2021-12-28T18:15:35+00:00","dateModified":"2023-04-07T00:24:41+00:00","description":"Markt-XXL iSuperb Leinwand und PU Verwandeln M\u00e4ppchen Etuischule T\u00e4schchen Federm\u00e4ppchen Kosmetiktasche Organisator S\u00fc\u00dfe K\u00e4tzchen\u2026","breadcrumb":{"@id":"https:\/\/marktxxl.de\/markt\/produkt\/isuperb-leinwand-und-pu-verwandeln-maeppchen-etuischule-taeschchen-federmaeppchen-kosmetiktasche-organisator-stiftekoecher-suesse-kaetzchen-in-3-farbe-19-x-12-5-x-7-5cm\/#breadcrumb"},"inLanguage":"de","potentialAction":[{"@type":"ReadAction","target":["https:\/\/marktxxl.de\/markt\/produkt\/isuperb-leinwand-und-pu-verwandeln-maeppchen-etuischule-taeschchen-federmaeppchen-kosmetiktasche-organisator-stiftekoecher-suesse-kaetzchen-in-3-farbe-19-x-12-5-x-7-5cm\/"]}]},{"@type":"ImageObject","inLanguage":"de","@id":"https:\/\/marktxxl.de\/markt\/produkt\/isuperb-leinwand-und-pu-verwandeln-maeppchen-etuischule-taeschchen-federmaeppchen-kosmetiktasche-organisator-stiftekoecher-suesse-kaetzchen-in-3-farbe-19-x-12-5-x-7-5cm\/#primaryimage","url":"https:\/\/m.media-amazon.com\/images\/I\/41Xby7TyKVL._SL500_.jpg","contentUrl":"https:\/\/m.media-amazon.com\/images\/I\/41Xby7TyKVL._SL500_.jpg","width":500,"height":500},{"@type":"BreadcrumbList","@id":"https:\/\/marktxxl.de\/markt\/produkt\/isuperb-leinwand-und-pu-verwandeln-maeppchen-etuischule-taeschchen-federmaeppchen-kosmetiktasche-organisator-stiftekoecher-suesse-kaetzchen-in-3-farbe-19-x-12-5-x-7-5cm\/#breadcrumb","itemListElement":[{"@type":"ListItem","position":1,"name":"Startseite","item":"https:\/\/marktxxl.de\/markt\/"},{"@type":"ListItem","position":2,"name":"Markt","item":"https:\/\/marktxxl.de\/markt\/"},{"@type":"ListItem","position":3,"name":"iSuperb Leinwand und PU Verwandeln M\u00e4ppchen Etuischule T\u00e4schchen Federm\u00e4ppchen Kosmetiktasche Organisator S\u00fc\u00dfe K\u00e4tzchen\u2026"}]},{"@type":"WebSite","@id":"https:\/\/marktxxl.de\/markt\/#website","url":"https:\/\/marktxxl.de\/markt\/","name":"Markt-XXL","description":"Ihr Markt Online","publisher":{"@id":"https:\/\/marktxxl.de\/markt\/#organization"},"potentialAction":[{"@type":"SearchAction","target":{"@type":"EntryPoint","urlTemplate":"https:\/\/marktxxl.de\/markt\/?s={search_term_string}"},"query-input":{"@type":"PropertyValueSpecification","valueRequired":true,"valueName":"search_term_string"}}],"inLanguage":"de"},{"@type":"Organization","@id":"https:\/\/marktxxl.de\/markt\/#organization","name":"Markt-XXL","url":"https:\/\/marktxxl.de\/markt\/","logo":{"@type":"ImageObject","inLanguage":"de","@id":"https:\/\/marktxxl.de\/markt\/#\/schema\/logo\/image\/","url":"https:\/\/marktxxl.de\/markt\/wp-content\/uploads\/sites\/3\/2020\/12\/logo.png","contentUrl":"https:\/\/marktxxl.de\/markt\/wp-content\/uploads\/sites\/3\/2020\/12\/logo.png","width":200,"height":70,"caption":"Markt-XXL"},"image":{"@id":"https:\/\/marktxxl.de\/markt\/#\/schema\/logo\/image\/"}}]}},"_links":{"self":[{"href":"https:\/\/marktxxl.de\/markt\/wp-json\/wp\/v2\/product\/90102","targetHints":{"allow":["GET"]}}],"collection":[{"href":"https:\/\/marktxxl.de\/markt\/wp-json\/wp\/v2\/product"}],"about":[{"href":"https:\/\/marktxxl.de\/markt\/wp-json\/wp\/v2\/types\/product"}],"replies":[{"embeddable":true,"href":"https:\/\/marktxxl.de\/markt\/wp-json\/wp\/v2\/comments?post=90102"}],"wp:featuredmedia":[{"embeddable":true,"href":"https:\/\/marktxxl.de\/markt\/wp-json\/wp\/v2\/media\/90103"}],"wp:attachment":[{"href":"https:\/\/marktxxl.de\/markt\/wp-json\/wp\/v2\/media?parent=90102"}],"wp:term":[{"taxonomy":"product_brand","embeddable":true,"href":"https:\/\/marktxxl.de\/markt\/wp-json\/wp\/v2\/product_brand?post=90102"},{"taxonomy":"product_cat","embeddable":true,"href":"https:\/\/marktxxl.de\/markt\/wp-json\/wp\/v2\/product_cat?post=90102"},{"taxonomy":"product_tag","embeddable":true,"href":"https:\/\/marktxxl.de\/markt\/wp-json\/wp\/v2\/product_tag?post=90102"}],"curies":[{"name":"wp","href":"https:\/\/api.w.org\/{rel}","templated":true}]}}