{"id":90066,"date":"2021-12-28T19:15:03","date_gmt":"2021-12-28T18:15:03","guid":{"rendered":"https:\/\/marktxxl.de\/markt\/produkt\/720dgree-trinkflasche-uberbottle-softtouch-sieb-350ml-500ml-650ml-1000ml-15l-bpa-frei-wasserflasche-fuer-uni-sport-fitness-fahrrad-outdoor-leichte-tritan-spor\/"},"modified":"2023-04-07T02:24:40","modified_gmt":"2023-04-07T00:24:40","slug":"720dgree-trinkflasche-uberbottle-softtouch-sieb-350ml-500ml-650ml-1000ml-15l-bpa-frei-wasserflasche-fuer-uni-sport-fitness-fahrrad-outdoor-leichte-tritan-spor","status":"publish","type":"product","link":"https:\/\/marktxxl.de\/markt\/produkt\/720dgree-trinkflasche-uberbottle-softtouch-sieb-350ml-500ml-650ml-1000ml-15l-bpa-frei-wasserflasche-fuer-uni-sport-fitness-fahrrad-outdoor-leichte-tritan-spor\/","title":{"rendered":"720\u00b0DGREE Kinder Trinkflasche \u201cuberBottle\u201c crystalClear +Sieb &#8211; 350 ml &#8211; BPA-Frei, Auslaufsicher &#8211; F\u00fcr Schule\u2026"},"content":{"rendered":"<p>\u2714 TRINKE ENDLICH GENUG &amp; F\u00dcHL DICH BESSER &#8211; Du willst deine besondere 720\u00b0DGREE Trinkflasche IMMER bei dir haben, da die innovative anti-gluck Trink\u00f6ffnung deinen Durst super schnell stillt. Verfeinere deine Getr\u00e4nke zus\u00e4tzlich mit erfrischenden Fr\u00fcchten oder Eisw\u00fcrfeln &#8211; dank des EXTRA FRUCHT-SIEB und gro\u00dfer \u00d6ffnung. Hergestellt aus federleichtem &amp; langlebigem Tritan Copolyester &#8211; Nat\u00fcrlich frei von BPA, BPS &amp; Phthalaten &#8211; 100% PURER Geschmack.<br \/>\n\u2714 SP\u00dcRE DEN UNTERSCHIED &#8211; Die spezielle samtige Beschichtung sorgt f\u00fcr ein unbeschreibliches Gef\u00fchl &#8211; bei gleichzeitiger moderner &amp; minimalistischer Optik. Perfekt mit nur einer Hand unterwegs zu bedienen &#8211; dank 1-KLICK Trinkverschluss. Mit der Trageschlaufe hast du deine Flasche stets an deiner Seite. Trinke immer hygienisch durch den Schutz vor Schmutz &amp; Staub &#8211; das neuartige Federsystem 2.0 sorgt daf\u00fcr, dass die Verschlusskappe noch beim 1000sten \u00d6ffnen aufspringt wie am ersten Tag.<br \/>\n\u2714 VERTRAUE DER ORIGINAL QUALIT\u00c4T &#8211; Deine #1 Trinkflasche auf Amazon. Weit mehr als 7000 verifizierte 5-Sterne Kundenbewertungen sprechen f\u00fcr SICH. Werde Teil der 720\u00b0DGREE Familie und teile dein einzigartiges Trinkerlebnis mit tausenden begeisterten Kunden. Egal ob Yogi, Hausfrau\/Hausmann, Biker, Student, Manager, Sch\u00fcler, Pumper, Angesteller, Crossfitter, Beamter, Kinder, Frau oder Mann &#8211; JEDER will DIE \u201cuberBottle\u201c.<br \/>\n\u2714 UNSERER UMWELT ZULIEBE &#8211; Lange Produktlebensdauer durch nachkaufbare Verschlei\u00dfteile: https:\/\/www.amazon.de\/dp\/B07212GGDW &#8211; Trage mit der wiederverwendbaren uberBottle aktiv dazu bei, die M\u00fcllproduktion von Wegwerfflaschen zu senken &#8211; Spare hierbei zus\u00e4tzlich bares Geld. Um den Kreislauf zu schlie\u00dfen, ist die 720\u00b0DGREE Flasche vollst\u00e4ndig recycelbar. F\u00fcr h\u00f6chste Lebensdauer am besten per Hand reinigen.<br \/>\n\u2714 DU BIST 100% ZUFRIEDEN ODER GELD ZUR\u00dcCK &#8211; Deine Zufriedenheit ist garantiert! 720\u00b0DGREE steht f\u00fcr herausragenden DEUTSCHEN KUNDENSERVICE mit hunderttausenden GL\u00dcCKLICHEN Kunden. Falls du die uberBottle nicht \u00fcberToll finden solltest, schick diese einfach innerhalb von 60 Tagen zur\u00fcck und wir erstatten dir den vollen Betrag &#8211; ohne Wenn &amp; Aber! Lege dir deine Premium Wasserflasche JETZT in den Einkaufswagen.<br \/>\n<div class=\"main-cross-sell\" data-asin=\"B091BP88JH\">\n\n\t<div class=\"WooZone-cross-sell-loader\">\n\t\t<div>\n\t\t\t<div id=\"floatingBarsG\">\n\t\t\t\t<div class=\"blockG\" id=\"rotateG_01\"><\/div>\n\t\t\t\t<div class=\"blockG\" id=\"rotateG_02\"><\/div>\n\t\t\t\t<div class=\"blockG\" id=\"rotateG_03\"><\/div>\n\t\t\t\t<div class=\"blockG\" id=\"rotateG_04\"><\/div>\n\t\t\t\t<div class=\"blockG\" id=\"rotateG_05\"><\/div>\n\t\t\t\t<div class=\"blockG\" id=\"rotateG_06\"><\/div>\n\t\t\t\t<div class=\"blockG\" id=\"rotateG_07\"><\/div>\n\t\t\t\t<div class=\"blockG\" id=\"rotateG_08\"><\/div>\n\t\t\t<\/div>\n\t\t\t<div class=\"WooZone-cross-sell-loader-text\"><\/div>\n\t\t<\/div>\n\t<\/div>\n\n\t\t\n<\/div>\n<div style=\"clear:both;\"><\/div><\/p>\n","protected":false},"excerpt":{"rendered":"<p>\u2714 TRINKE ENDLICH GENUG &amp; F\u00dcHL DICH BESSER &#8211; Du willst deine besondere 720\u00b0DGREE Trinkflasche IMMER bei dir haben, da die innovative anti-gluck Trink\u00f6ffnung deinen Durst super schnell stillt. Verfeinere deine Getr\u00e4nke zus\u00e4tzlich mit erfrischenden Fr\u00fcchten oder Eisw\u00fcrfeln &#8211; dank des EXTRA FRUCHT-SIEB und gro\u00dfer \u00d6ffnung. Hergestellt aus federleichtem &amp; langlebigem Tritan Copolyester &#8211; Nat\u00fcrlich frei von BPA, BPS &amp; Phthalaten &#8211; 100% PURER Geschmack.<br \/>\n\u2714 SP\u00dcRE DEN UNTERSCHIED &#8211; Die spezielle samtige Beschichtung sorgt f\u00fcr ein unbeschreibliches Gef\u00fchl &#8211; bei gleichzeitiger moderner &amp; minimalistischer Optik. Perfekt mit nur einer Hand unterwegs zu bedienen &#8211; dank 1-KLICK Trinkverschluss. Mit der Trageschlaufe hast du deine Flasche stets an deiner Seite. Trinke immer hygienisch durch den Schutz vor Schmutz &amp; Staub &#8211; das neuartige Federsystem 2.0 sorgt daf\u00fcr, dass die Verschlusskappe noch beim 1000sten \u00d6ffnen aufspringt wie am ersten Tag.<br \/>\n\u2714 VERTRAUE DER ORIGINAL QUALIT\u00c4T &#8211; Deine #1 Trinkflasche auf Amazon. Weit mehr als 7000 verifizierte 5-Sterne Kundenbewertungen sprechen f\u00fcr SICH. Werde Teil der 720\u00b0DGREE Familie und teile dein einzigartiges Trinkerlebnis mit tausenden begeisterten Kunden. Egal ob Yogi, Hausfrau\/Hausmann, Biker, Student, Manager, Sch\u00fcler, Pumper, Angesteller, Crossfitter, Beamter, Kinder, Frau oder Mann &#8211; JEDER will DIE \u201cuberBottle\u201c.<\/p>\n","protected":false},"featured_media":90067,"comment_status":"open","ping_status":"closed","template":"","meta":[],"product_brand":[],"product_cat":[504,8631],"product_tag":[],"class_list":{"0":"post-90066","1":"product","2":"type-product","3":"status-publish","4":"has-post-thumbnail","6":"product_cat-buerobedarf-schreibwaren","7":"product_cat-schul-unibedarf","8":"pa_binding-misc","9":"pa_brand-720dgree","10":"pa_manufacturer-720dgree","11":"pa_weight-0-4960400895-pfund","13":"first","14":"instock","15":"shipping-taxable","16":"purchasable","17":"product-type-simple","18":"customify-col","19":"product-has-gallery"},"yoast_head":"<!-- This site is optimized with the Yoast SEO plugin v27.4 - https:\/\/yoast.com\/product\/yoast-seo-wordpress\/ -->\n<title>720\u00b0DGREE Kinder Trinkflasche \u201cuberBottle\u201c crystalClear +Sieb - 350 ml - BPA-Frei, Auslaufsicher - F\u00fcr Schule\u2026 - Markt-XXL<\/title>\n<meta name=\"description\" content=\"Markt-XXL 720\u00b0DGREE Kinder Trinkflasche \u201cuberBottle\u201c crystalClear +Sieb - 350 ml - BPA-Frei, Auslaufsicher - F\u00fcr Schule\u2026\" \/>\n<meta name=\"robots\" content=\"index, follow, max-snippet:-1, max-image-preview:large, max-video-preview:-1\" \/>\n<link rel=\"canonical\" href=\"https:\/\/marktxxl.de\/markt\/produkt\/720dgree-trinkflasche-uberbottle-softtouch-sieb-350ml-500ml-650ml-1000ml-15l-bpa-frei-wasserflasche-fuer-uni-sport-fitness-fahrrad-outdoor-leichte-tritan-spor\/\" \/>\n<meta property=\"og:locale\" content=\"de_DE\" \/>\n<meta property=\"og:type\" content=\"article\" \/>\n<meta property=\"og:title\" content=\"720\u00b0DGREE Kinder Trinkflasche \u201cuberBottle\u201c crystalClear +Sieb - 350 ml - BPA-Frei, Auslaufsicher - F\u00fcr Schule\u2026 - Markt-XXL\" \/>\n<meta property=\"og:description\" content=\"Markt-XXL 720\u00b0DGREE Kinder Trinkflasche \u201cuberBottle\u201c crystalClear +Sieb - 350 ml - BPA-Frei, Auslaufsicher - F\u00fcr Schule\u2026\" \/>\n<meta property=\"og:url\" content=\"https:\/\/marktxxl.de\/markt\/produkt\/720dgree-trinkflasche-uberbottle-softtouch-sieb-350ml-500ml-650ml-1000ml-15l-bpa-frei-wasserflasche-fuer-uni-sport-fitness-fahrrad-outdoor-leichte-tritan-spor\/\" \/>\n<meta property=\"og:site_name\" content=\"Markt-XXL\" \/>\n<meta property=\"article:modified_time\" content=\"2023-04-07T00:24:40+00:00\" \/>\n<meta property=\"og:image\" content=\"https:\/\/m.media-amazon.com\/images\/I\/41Fl4Hv4BqL._SL500_.jpg\" \/>\n\t<meta property=\"og:image:width\" content=\"500\" \/>\n\t<meta property=\"og:image:height\" content=\"500\" \/>\n\t<meta property=\"og:image:type\" content=\"image\/jpeg\" \/>\n<meta name=\"twitter:card\" content=\"summary_large_image\" \/>\n<meta name=\"twitter:label1\" content=\"Gesch\u00e4tzte Lesezeit\" \/>\n\t<meta name=\"twitter:data1\" content=\"2\u00a0Minuten\" \/>\n<script type=\"application\/ld+json\" class=\"yoast-schema-graph\">{\"@context\":\"https:\\\/\\\/schema.org\",\"@graph\":[{\"@type\":\"WebPage\",\"@id\":\"https:\\\/\\\/marktxxl.de\\\/markt\\\/produkt\\\/720dgree-trinkflasche-uberbottle-softtouch-sieb-350ml-500ml-650ml-1000ml-15l-bpa-frei-wasserflasche-fuer-uni-sport-fitness-fahrrad-outdoor-leichte-tritan-spor\\\/\",\"url\":\"https:\\\/\\\/marktxxl.de\\\/markt\\\/produkt\\\/720dgree-trinkflasche-uberbottle-softtouch-sieb-350ml-500ml-650ml-1000ml-15l-bpa-frei-wasserflasche-fuer-uni-sport-fitness-fahrrad-outdoor-leichte-tritan-spor\\\/\",\"name\":\"720\u00b0DGREE Kinder Trinkflasche \u201cuberBottle\u201c crystalClear +Sieb - 350 ml - BPA-Frei, Auslaufsicher - F\u00fcr Schule\u2026 - Markt-XXL\",\"isPartOf\":{\"@id\":\"https:\\\/\\\/marktxxl.de\\\/markt\\\/#website\"},\"primaryImageOfPage\":{\"@id\":\"https:\\\/\\\/marktxxl.de\\\/markt\\\/produkt\\\/720dgree-trinkflasche-uberbottle-softtouch-sieb-350ml-500ml-650ml-1000ml-15l-bpa-frei-wasserflasche-fuer-uni-sport-fitness-fahrrad-outdoor-leichte-tritan-spor\\\/#primaryimage\"},\"image\":{\"@id\":\"https:\\\/\\\/marktxxl.de\\\/markt\\\/produkt\\\/720dgree-trinkflasche-uberbottle-softtouch-sieb-350ml-500ml-650ml-1000ml-15l-bpa-frei-wasserflasche-fuer-uni-sport-fitness-fahrrad-outdoor-leichte-tritan-spor\\\/#primaryimage\"},\"thumbnailUrl\":\"https:\\\/\\\/m.media-amazon.com\\\/images\\\/I\\\/41Fl4Hv4BqL._SL500_.jpg\",\"datePublished\":\"2021-12-28T18:15:03+00:00\",\"dateModified\":\"2023-04-07T00:24:40+00:00\",\"description\":\"Markt-XXL 720\u00b0DGREE Kinder Trinkflasche \u201cuberBottle\u201c crystalClear +Sieb - 350 ml - BPA-Frei, Auslaufsicher - F\u00fcr Schule\u2026\",\"breadcrumb\":{\"@id\":\"https:\\\/\\\/marktxxl.de\\\/markt\\\/produkt\\\/720dgree-trinkflasche-uberbottle-softtouch-sieb-350ml-500ml-650ml-1000ml-15l-bpa-frei-wasserflasche-fuer-uni-sport-fitness-fahrrad-outdoor-leichte-tritan-spor\\\/#breadcrumb\"},\"inLanguage\":\"de\",\"potentialAction\":[{\"@type\":\"ReadAction\",\"target\":[\"https:\\\/\\\/marktxxl.de\\\/markt\\\/produkt\\\/720dgree-trinkflasche-uberbottle-softtouch-sieb-350ml-500ml-650ml-1000ml-15l-bpa-frei-wasserflasche-fuer-uni-sport-fitness-fahrrad-outdoor-leichte-tritan-spor\\\/\"]}]},{\"@type\":\"ImageObject\",\"inLanguage\":\"de\",\"@id\":\"https:\\\/\\\/marktxxl.de\\\/markt\\\/produkt\\\/720dgree-trinkflasche-uberbottle-softtouch-sieb-350ml-500ml-650ml-1000ml-15l-bpa-frei-wasserflasche-fuer-uni-sport-fitness-fahrrad-outdoor-leichte-tritan-spor\\\/#primaryimage\",\"url\":\"https:\\\/\\\/m.media-amazon.com\\\/images\\\/I\\\/41Fl4Hv4BqL._SL500_.jpg\",\"contentUrl\":\"https:\\\/\\\/m.media-amazon.com\\\/images\\\/I\\\/41Fl4Hv4BqL._SL500_.jpg\",\"width\":500,\"height\":500},{\"@type\":\"BreadcrumbList\",\"@id\":\"https:\\\/\\\/marktxxl.de\\\/markt\\\/produkt\\\/720dgree-trinkflasche-uberbottle-softtouch-sieb-350ml-500ml-650ml-1000ml-15l-bpa-frei-wasserflasche-fuer-uni-sport-fitness-fahrrad-outdoor-leichte-tritan-spor\\\/#breadcrumb\",\"itemListElement\":[{\"@type\":\"ListItem\",\"position\":1,\"name\":\"Startseite\",\"item\":\"https:\\\/\\\/marktxxl.de\\\/markt\\\/\"},{\"@type\":\"ListItem\",\"position\":2,\"name\":\"Markt\",\"item\":\"https:\\\/\\\/marktxxl.de\\\/markt\\\/\"},{\"@type\":\"ListItem\",\"position\":3,\"name\":\"720\u00b0DGREE Kinder Trinkflasche \u201cuberBottle\u201c crystalClear +Sieb &#8211; 350 ml &#8211; BPA-Frei, Auslaufsicher &#8211; F\u00fcr Schule\u2026\"}]},{\"@type\":\"WebSite\",\"@id\":\"https:\\\/\\\/marktxxl.de\\\/markt\\\/#website\",\"url\":\"https:\\\/\\\/marktxxl.de\\\/markt\\\/\",\"name\":\"Markt-XXL\",\"description\":\"Ihr Markt Online\",\"publisher\":{\"@id\":\"https:\\\/\\\/marktxxl.de\\\/markt\\\/#organization\"},\"potentialAction\":[{\"@type\":\"SearchAction\",\"target\":{\"@type\":\"EntryPoint\",\"urlTemplate\":\"https:\\\/\\\/marktxxl.de\\\/markt\\\/?s={search_term_string}\"},\"query-input\":{\"@type\":\"PropertyValueSpecification\",\"valueRequired\":true,\"valueName\":\"search_term_string\"}}],\"inLanguage\":\"de\"},{\"@type\":\"Organization\",\"@id\":\"https:\\\/\\\/marktxxl.de\\\/markt\\\/#organization\",\"name\":\"Markt-XXL\",\"url\":\"https:\\\/\\\/marktxxl.de\\\/markt\\\/\",\"logo\":{\"@type\":\"ImageObject\",\"inLanguage\":\"de\",\"@id\":\"https:\\\/\\\/marktxxl.de\\\/markt\\\/#\\\/schema\\\/logo\\\/image\\\/\",\"url\":\"https:\\\/\\\/marktxxl.de\\\/markt\\\/wp-content\\\/uploads\\\/sites\\\/3\\\/2020\\\/12\\\/logo.png\",\"contentUrl\":\"https:\\\/\\\/marktxxl.de\\\/markt\\\/wp-content\\\/uploads\\\/sites\\\/3\\\/2020\\\/12\\\/logo.png\",\"width\":200,\"height\":70,\"caption\":\"Markt-XXL\"},\"image\":{\"@id\":\"https:\\\/\\\/marktxxl.de\\\/markt\\\/#\\\/schema\\\/logo\\\/image\\\/\"}}]}<\/script>\n<!-- \/ Yoast SEO plugin. -->","yoast_head_json":{"title":"720\u00b0DGREE Kinder Trinkflasche \u201cuberBottle\u201c crystalClear +Sieb - 350 ml - BPA-Frei, Auslaufsicher - F\u00fcr Schule\u2026 - Markt-XXL","description":"Markt-XXL 720\u00b0DGREE Kinder Trinkflasche \u201cuberBottle\u201c crystalClear +Sieb - 350 ml - BPA-Frei, Auslaufsicher - F\u00fcr Schule\u2026","robots":{"index":"index","follow":"follow","max-snippet":"max-snippet:-1","max-image-preview":"max-image-preview:large","max-video-preview":"max-video-preview:-1"},"canonical":"https:\/\/marktxxl.de\/markt\/produkt\/720dgree-trinkflasche-uberbottle-softtouch-sieb-350ml-500ml-650ml-1000ml-15l-bpa-frei-wasserflasche-fuer-uni-sport-fitness-fahrrad-outdoor-leichte-tritan-spor\/","og_locale":"de_DE","og_type":"article","og_title":"720\u00b0DGREE Kinder Trinkflasche \u201cuberBottle\u201c crystalClear +Sieb - 350 ml - BPA-Frei, Auslaufsicher - F\u00fcr Schule\u2026 - Markt-XXL","og_description":"Markt-XXL 720\u00b0DGREE Kinder Trinkflasche \u201cuberBottle\u201c crystalClear +Sieb - 350 ml - BPA-Frei, Auslaufsicher - F\u00fcr Schule\u2026","og_url":"https:\/\/marktxxl.de\/markt\/produkt\/720dgree-trinkflasche-uberbottle-softtouch-sieb-350ml-500ml-650ml-1000ml-15l-bpa-frei-wasserflasche-fuer-uni-sport-fitness-fahrrad-outdoor-leichte-tritan-spor\/","og_site_name":"Markt-XXL","article_modified_time":"2023-04-07T00:24:40+00:00","og_image":[{"width":500,"height":500,"url":"https:\/\/m.media-amazon.com\/images\/I\/41Fl4Hv4BqL._SL500_.jpg","type":"image\/jpeg"}],"twitter_card":"summary_large_image","twitter_misc":{"Gesch\u00e4tzte Lesezeit":"2\u00a0Minuten"},"schema":{"@context":"https:\/\/schema.org","@graph":[{"@type":"WebPage","@id":"https:\/\/marktxxl.de\/markt\/produkt\/720dgree-trinkflasche-uberbottle-softtouch-sieb-350ml-500ml-650ml-1000ml-15l-bpa-frei-wasserflasche-fuer-uni-sport-fitness-fahrrad-outdoor-leichte-tritan-spor\/","url":"https:\/\/marktxxl.de\/markt\/produkt\/720dgree-trinkflasche-uberbottle-softtouch-sieb-350ml-500ml-650ml-1000ml-15l-bpa-frei-wasserflasche-fuer-uni-sport-fitness-fahrrad-outdoor-leichte-tritan-spor\/","name":"720\u00b0DGREE Kinder Trinkflasche \u201cuberBottle\u201c crystalClear +Sieb - 350 ml - BPA-Frei, Auslaufsicher - F\u00fcr Schule\u2026 - Markt-XXL","isPartOf":{"@id":"https:\/\/marktxxl.de\/markt\/#website"},"primaryImageOfPage":{"@id":"https:\/\/marktxxl.de\/markt\/produkt\/720dgree-trinkflasche-uberbottle-softtouch-sieb-350ml-500ml-650ml-1000ml-15l-bpa-frei-wasserflasche-fuer-uni-sport-fitness-fahrrad-outdoor-leichte-tritan-spor\/#primaryimage"},"image":{"@id":"https:\/\/marktxxl.de\/markt\/produkt\/720dgree-trinkflasche-uberbottle-softtouch-sieb-350ml-500ml-650ml-1000ml-15l-bpa-frei-wasserflasche-fuer-uni-sport-fitness-fahrrad-outdoor-leichte-tritan-spor\/#primaryimage"},"thumbnailUrl":"https:\/\/m.media-amazon.com\/images\/I\/41Fl4Hv4BqL._SL500_.jpg","datePublished":"2021-12-28T18:15:03+00:00","dateModified":"2023-04-07T00:24:40+00:00","description":"Markt-XXL 720\u00b0DGREE Kinder Trinkflasche \u201cuberBottle\u201c crystalClear +Sieb - 350 ml - BPA-Frei, Auslaufsicher - F\u00fcr Schule\u2026","breadcrumb":{"@id":"https:\/\/marktxxl.de\/markt\/produkt\/720dgree-trinkflasche-uberbottle-softtouch-sieb-350ml-500ml-650ml-1000ml-15l-bpa-frei-wasserflasche-fuer-uni-sport-fitness-fahrrad-outdoor-leichte-tritan-spor\/#breadcrumb"},"inLanguage":"de","potentialAction":[{"@type":"ReadAction","target":["https:\/\/marktxxl.de\/markt\/produkt\/720dgree-trinkflasche-uberbottle-softtouch-sieb-350ml-500ml-650ml-1000ml-15l-bpa-frei-wasserflasche-fuer-uni-sport-fitness-fahrrad-outdoor-leichte-tritan-spor\/"]}]},{"@type":"ImageObject","inLanguage":"de","@id":"https:\/\/marktxxl.de\/markt\/produkt\/720dgree-trinkflasche-uberbottle-softtouch-sieb-350ml-500ml-650ml-1000ml-15l-bpa-frei-wasserflasche-fuer-uni-sport-fitness-fahrrad-outdoor-leichte-tritan-spor\/#primaryimage","url":"https:\/\/m.media-amazon.com\/images\/I\/41Fl4Hv4BqL._SL500_.jpg","contentUrl":"https:\/\/m.media-amazon.com\/images\/I\/41Fl4Hv4BqL._SL500_.jpg","width":500,"height":500},{"@type":"BreadcrumbList","@id":"https:\/\/marktxxl.de\/markt\/produkt\/720dgree-trinkflasche-uberbottle-softtouch-sieb-350ml-500ml-650ml-1000ml-15l-bpa-frei-wasserflasche-fuer-uni-sport-fitness-fahrrad-outdoor-leichte-tritan-spor\/#breadcrumb","itemListElement":[{"@type":"ListItem","position":1,"name":"Startseite","item":"https:\/\/marktxxl.de\/markt\/"},{"@type":"ListItem","position":2,"name":"Markt","item":"https:\/\/marktxxl.de\/markt\/"},{"@type":"ListItem","position":3,"name":"720\u00b0DGREE Kinder Trinkflasche \u201cuberBottle\u201c crystalClear +Sieb &#8211; 350 ml &#8211; BPA-Frei, Auslaufsicher &#8211; F\u00fcr Schule\u2026"}]},{"@type":"WebSite","@id":"https:\/\/marktxxl.de\/markt\/#website","url":"https:\/\/marktxxl.de\/markt\/","name":"Markt-XXL","description":"Ihr Markt Online","publisher":{"@id":"https:\/\/marktxxl.de\/markt\/#organization"},"potentialAction":[{"@type":"SearchAction","target":{"@type":"EntryPoint","urlTemplate":"https:\/\/marktxxl.de\/markt\/?s={search_term_string}"},"query-input":{"@type":"PropertyValueSpecification","valueRequired":true,"valueName":"search_term_string"}}],"inLanguage":"de"},{"@type":"Organization","@id":"https:\/\/marktxxl.de\/markt\/#organization","name":"Markt-XXL","url":"https:\/\/marktxxl.de\/markt\/","logo":{"@type":"ImageObject","inLanguage":"de","@id":"https:\/\/marktxxl.de\/markt\/#\/schema\/logo\/image\/","url":"https:\/\/marktxxl.de\/markt\/wp-content\/uploads\/sites\/3\/2020\/12\/logo.png","contentUrl":"https:\/\/marktxxl.de\/markt\/wp-content\/uploads\/sites\/3\/2020\/12\/logo.png","width":200,"height":70,"caption":"Markt-XXL"},"image":{"@id":"https:\/\/marktxxl.de\/markt\/#\/schema\/logo\/image\/"}}]}},"_links":{"self":[{"href":"https:\/\/marktxxl.de\/markt\/wp-json\/wp\/v2\/product\/90066","targetHints":{"allow":["GET"]}}],"collection":[{"href":"https:\/\/marktxxl.de\/markt\/wp-json\/wp\/v2\/product"}],"about":[{"href":"https:\/\/marktxxl.de\/markt\/wp-json\/wp\/v2\/types\/product"}],"replies":[{"embeddable":true,"href":"https:\/\/marktxxl.de\/markt\/wp-json\/wp\/v2\/comments?post=90066"}],"wp:featuredmedia":[{"embeddable":true,"href":"https:\/\/marktxxl.de\/markt\/wp-json\/wp\/v2\/media\/90067"}],"wp:attachment":[{"href":"https:\/\/marktxxl.de\/markt\/wp-json\/wp\/v2\/media?parent=90066"}],"wp:term":[{"taxonomy":"product_brand","embeddable":true,"href":"https:\/\/marktxxl.de\/markt\/wp-json\/wp\/v2\/product_brand?post=90066"},{"taxonomy":"product_cat","embeddable":true,"href":"https:\/\/marktxxl.de\/markt\/wp-json\/wp\/v2\/product_cat?post=90066"},{"taxonomy":"product_tag","embeddable":true,"href":"https:\/\/marktxxl.de\/markt\/wp-json\/wp\/v2\/product_tag?post=90066"}],"curies":[{"name":"wp","href":"https:\/\/api.w.org\/{rel}","templated":true}]}}