{"id":89852,"date":"2021-12-28T19:03:38","date_gmt":"2021-12-28T18:03:38","guid":{"rendered":"https:\/\/marktxxl.de\/markt\/produkt\/zmile-cosmetics-schminkkoffer-my-treasure-case\/"},"modified":"2023-04-11T03:09:42","modified_gmt":"2023-04-11T01:09:42","slug":"zmile-cosmetics-schminkkoffer-my-treasure-case","status":"publish","type":"product","link":"https:\/\/marktxxl.de\/markt\/produkt\/zmile-cosmetics-schminkkoffer-my-treasure-case\/","title":{"rendered":"Zmile Cosmetics Schminkkoffer My Treasure Case , 113 St\u00fcck (1Er Pack)"},"content":{"rendered":"<p>113 Teile + Alu-Rahmen Koffer<br \/>\n80 x Lidschatten, 14 x Lipgloss, 3 x Rouge, 3 x Nagellack<br \/>\n2 x Lippenstift, 1 x Gesichtspuder, 1 x Eyeliner<br \/>\n1 x Mascara, 1 x Kajal, 1 x Lippenkonturenstift,<br \/>\n1 x 5-tlg. Pinsel-\/Applikatoren-Set, 1 x integrierter Spiegel<br \/>\nEine wahre &#8216;Schatzkiste&#8217; voller M\u00f6glichkeiten und Varianten f\u00fcr Ihren vertrauten Look sowie f\u00fcr neue Styles. \u00dcberw\u00e4ltigende Vielfalt, \u00fcbersichtlich dargestellt und dabei kompakt im praktischen Koffer im Alu Design zu transportieren. Das alles bietet der Schminkkoffer &#8216;My Treasure Case&#8217;. Lassen Sie sich verf\u00fchren und Inspirieren von der reichhaltigen Auswahl.<br \/>\n<div class=\"main-cross-sell\" data-asin=\"B01MYGUBL2\">\n\n\t<div class=\"WooZone-cross-sell-loader\">\n\t\t<div>\n\t\t\t<div id=\"floatingBarsG\">\n\t\t\t\t<div class=\"blockG\" id=\"rotateG_01\"><\/div>\n\t\t\t\t<div class=\"blockG\" id=\"rotateG_02\"><\/div>\n\t\t\t\t<div class=\"blockG\" id=\"rotateG_03\"><\/div>\n\t\t\t\t<div class=\"blockG\" id=\"rotateG_04\"><\/div>\n\t\t\t\t<div class=\"blockG\" id=\"rotateG_05\"><\/div>\n\t\t\t\t<div class=\"blockG\" id=\"rotateG_06\"><\/div>\n\t\t\t\t<div class=\"blockG\" id=\"rotateG_07\"><\/div>\n\t\t\t\t<div class=\"blockG\" id=\"rotateG_08\"><\/div>\n\t\t\t<\/div>\n\t\t\t<div class=\"WooZone-cross-sell-loader-text\"><\/div>\n\t\t<\/div>\n\t<\/div>\n\n\t\t\n<\/div>\n<div style=\"clear:both;\"><\/div><\/p>\n","protected":false},"excerpt":{"rendered":"<p>113 Teile + Alu-Rahmen Koffer<br \/>\n80 x Lidschatten, 14 x Lipgloss, 3 x Rouge, 3 x Nagellack<br \/>\n2 x Lippenstift, 1 x Gesichtspuder, 1 x Eyeliner<\/p>\n","protected":false},"featured_media":89853,"comment_status":"open","ping_status":"closed","template":"","meta":[],"product_brand":[],"product_cat":[2858,7575],"product_tag":[],"class_list":{"0":"post-89852","1":"product","2":"type-product","3":"status-publish","4":"has-post-thumbnail","6":"product_cat-beauty","7":"product_cat-make-up","8":"pa_binding-badartikel","9":"pa_brand-zmile-cosmetics","10":"pa_height-5-511811018-zoll","11":"pa_length-10-236220462-zoll","12":"pa_manufacturer-briconti","13":"pa_model-schmink1117","14":"pa_size-113-stueck-1er-pack","15":"pa_weight-3-1305641204-pfund","16":"pa_width-7-9921259761-zoll","18":"first","19":"instock","20":"shipping-taxable","21":"purchasable","22":"product-type-simple","23":"customify-col","24":"product-has-gallery"},"yoast_head":"<!-- This site is optimized with the Yoast SEO plugin v27.4 - https:\/\/yoast.com\/product\/yoast-seo-wordpress\/ -->\n<title>Zmile Cosmetics Schminkkoffer My Treasure Case , 113 St\u00fcck (1Er Pack) - Markt-XXL<\/title>\n<meta name=\"description\" content=\"Markt-XXL Zmile Cosmetics Schminkkoffer My Treasure Case , 113 St\u00fcck (1Er Pack)\" \/>\n<meta name=\"robots\" content=\"index, follow, max-snippet:-1, max-image-preview:large, max-video-preview:-1\" \/>\n<link rel=\"canonical\" href=\"https:\/\/marktxxl.de\/markt\/produkt\/zmile-cosmetics-schminkkoffer-my-treasure-case\/\" \/>\n<meta property=\"og:locale\" content=\"de_DE\" \/>\n<meta property=\"og:type\" content=\"article\" \/>\n<meta property=\"og:title\" content=\"Zmile Cosmetics Schminkkoffer My Treasure Case , 113 St\u00fcck (1Er Pack) - Markt-XXL\" \/>\n<meta property=\"og:description\" content=\"Markt-XXL Zmile Cosmetics Schminkkoffer My Treasure Case , 113 St\u00fcck (1Er Pack)\" \/>\n<meta property=\"og:url\" content=\"https:\/\/marktxxl.de\/markt\/produkt\/zmile-cosmetics-schminkkoffer-my-treasure-case\/\" \/>\n<meta property=\"og:site_name\" content=\"Markt-XXL\" \/>\n<meta property=\"article:modified_time\" content=\"2023-04-11T01:09:42+00:00\" \/>\n<meta property=\"og:image\" content=\"https:\/\/m.media-amazon.com\/images\/I\/51epxaqzXPL._SL500_.jpg\" \/>\n\t<meta property=\"og:image:width\" content=\"500\" \/>\n\t<meta property=\"og:image:height\" content=\"412\" \/>\n\t<meta property=\"og:image:type\" content=\"image\/jpeg\" \/>\n<meta name=\"twitter:card\" content=\"summary_large_image\" \/>\n<script type=\"application\/ld+json\" class=\"yoast-schema-graph\">{\"@context\":\"https:\\\/\\\/schema.org\",\"@graph\":[{\"@type\":\"WebPage\",\"@id\":\"https:\\\/\\\/marktxxl.de\\\/markt\\\/produkt\\\/zmile-cosmetics-schminkkoffer-my-treasure-case\\\/\",\"url\":\"https:\\\/\\\/marktxxl.de\\\/markt\\\/produkt\\\/zmile-cosmetics-schminkkoffer-my-treasure-case\\\/\",\"name\":\"Zmile Cosmetics Schminkkoffer My Treasure Case , 113 St\u00fcck (1Er Pack) - Markt-XXL\",\"isPartOf\":{\"@id\":\"https:\\\/\\\/marktxxl.de\\\/markt\\\/#website\"},\"primaryImageOfPage\":{\"@id\":\"https:\\\/\\\/marktxxl.de\\\/markt\\\/produkt\\\/zmile-cosmetics-schminkkoffer-my-treasure-case\\\/#primaryimage\"},\"image\":{\"@id\":\"https:\\\/\\\/marktxxl.de\\\/markt\\\/produkt\\\/zmile-cosmetics-schminkkoffer-my-treasure-case\\\/#primaryimage\"},\"thumbnailUrl\":\"https:\\\/\\\/m.media-amazon.com\\\/images\\\/I\\\/51epxaqzXPL._SL500_.jpg\",\"datePublished\":\"2021-12-28T18:03:38+00:00\",\"dateModified\":\"2023-04-11T01:09:42+00:00\",\"description\":\"Markt-XXL Zmile Cosmetics Schminkkoffer My Treasure Case , 113 St\u00fcck (1Er Pack)\",\"breadcrumb\":{\"@id\":\"https:\\\/\\\/marktxxl.de\\\/markt\\\/produkt\\\/zmile-cosmetics-schminkkoffer-my-treasure-case\\\/#breadcrumb\"},\"inLanguage\":\"de\",\"potentialAction\":[{\"@type\":\"ReadAction\",\"target\":[\"https:\\\/\\\/marktxxl.de\\\/markt\\\/produkt\\\/zmile-cosmetics-schminkkoffer-my-treasure-case\\\/\"]}]},{\"@type\":\"ImageObject\",\"inLanguage\":\"de\",\"@id\":\"https:\\\/\\\/marktxxl.de\\\/markt\\\/produkt\\\/zmile-cosmetics-schminkkoffer-my-treasure-case\\\/#primaryimage\",\"url\":\"https:\\\/\\\/m.media-amazon.com\\\/images\\\/I\\\/51epxaqzXPL._SL500_.jpg\",\"contentUrl\":\"https:\\\/\\\/m.media-amazon.com\\\/images\\\/I\\\/51epxaqzXPL._SL500_.jpg\",\"width\":500,\"height\":412},{\"@type\":\"BreadcrumbList\",\"@id\":\"https:\\\/\\\/marktxxl.de\\\/markt\\\/produkt\\\/zmile-cosmetics-schminkkoffer-my-treasure-case\\\/#breadcrumb\",\"itemListElement\":[{\"@type\":\"ListItem\",\"position\":1,\"name\":\"Startseite\",\"item\":\"https:\\\/\\\/marktxxl.de\\\/markt\\\/\"},{\"@type\":\"ListItem\",\"position\":2,\"name\":\"Markt\",\"item\":\"https:\\\/\\\/marktxxl.de\\\/markt\\\/\"},{\"@type\":\"ListItem\",\"position\":3,\"name\":\"Zmile Cosmetics Schminkkoffer My Treasure Case , 113 St\u00fcck (1Er Pack)\"}]},{\"@type\":\"WebSite\",\"@id\":\"https:\\\/\\\/marktxxl.de\\\/markt\\\/#website\",\"url\":\"https:\\\/\\\/marktxxl.de\\\/markt\\\/\",\"name\":\"Markt-XXL\",\"description\":\"Ihr Markt Online\",\"publisher\":{\"@id\":\"https:\\\/\\\/marktxxl.de\\\/markt\\\/#organization\"},\"potentialAction\":[{\"@type\":\"SearchAction\",\"target\":{\"@type\":\"EntryPoint\",\"urlTemplate\":\"https:\\\/\\\/marktxxl.de\\\/markt\\\/?s={search_term_string}\"},\"query-input\":{\"@type\":\"PropertyValueSpecification\",\"valueRequired\":true,\"valueName\":\"search_term_string\"}}],\"inLanguage\":\"de\"},{\"@type\":\"Organization\",\"@id\":\"https:\\\/\\\/marktxxl.de\\\/markt\\\/#organization\",\"name\":\"Markt-XXL\",\"url\":\"https:\\\/\\\/marktxxl.de\\\/markt\\\/\",\"logo\":{\"@type\":\"ImageObject\",\"inLanguage\":\"de\",\"@id\":\"https:\\\/\\\/marktxxl.de\\\/markt\\\/#\\\/schema\\\/logo\\\/image\\\/\",\"url\":\"https:\\\/\\\/marktxxl.de\\\/markt\\\/wp-content\\\/uploads\\\/sites\\\/3\\\/2020\\\/12\\\/logo.png\",\"contentUrl\":\"https:\\\/\\\/marktxxl.de\\\/markt\\\/wp-content\\\/uploads\\\/sites\\\/3\\\/2020\\\/12\\\/logo.png\",\"width\":200,\"height\":70,\"caption\":\"Markt-XXL\"},\"image\":{\"@id\":\"https:\\\/\\\/marktxxl.de\\\/markt\\\/#\\\/schema\\\/logo\\\/image\\\/\"}}]}<\/script>\n<!-- \/ Yoast SEO plugin. -->","yoast_head_json":{"title":"Zmile Cosmetics Schminkkoffer My Treasure Case , 113 St\u00fcck (1Er Pack) - Markt-XXL","description":"Markt-XXL Zmile Cosmetics Schminkkoffer My Treasure Case , 113 St\u00fcck (1Er Pack)","robots":{"index":"index","follow":"follow","max-snippet":"max-snippet:-1","max-image-preview":"max-image-preview:large","max-video-preview":"max-video-preview:-1"},"canonical":"https:\/\/marktxxl.de\/markt\/produkt\/zmile-cosmetics-schminkkoffer-my-treasure-case\/","og_locale":"de_DE","og_type":"article","og_title":"Zmile Cosmetics Schminkkoffer My Treasure Case , 113 St\u00fcck (1Er Pack) - Markt-XXL","og_description":"Markt-XXL Zmile Cosmetics Schminkkoffer My Treasure Case , 113 St\u00fcck (1Er Pack)","og_url":"https:\/\/marktxxl.de\/markt\/produkt\/zmile-cosmetics-schminkkoffer-my-treasure-case\/","og_site_name":"Markt-XXL","article_modified_time":"2023-04-11T01:09:42+00:00","og_image":[{"width":500,"height":412,"url":"https:\/\/m.media-amazon.com\/images\/I\/51epxaqzXPL._SL500_.jpg","type":"image\/jpeg"}],"twitter_card":"summary_large_image","schema":{"@context":"https:\/\/schema.org","@graph":[{"@type":"WebPage","@id":"https:\/\/marktxxl.de\/markt\/produkt\/zmile-cosmetics-schminkkoffer-my-treasure-case\/","url":"https:\/\/marktxxl.de\/markt\/produkt\/zmile-cosmetics-schminkkoffer-my-treasure-case\/","name":"Zmile Cosmetics Schminkkoffer My Treasure Case , 113 St\u00fcck (1Er Pack) - Markt-XXL","isPartOf":{"@id":"https:\/\/marktxxl.de\/markt\/#website"},"primaryImageOfPage":{"@id":"https:\/\/marktxxl.de\/markt\/produkt\/zmile-cosmetics-schminkkoffer-my-treasure-case\/#primaryimage"},"image":{"@id":"https:\/\/marktxxl.de\/markt\/produkt\/zmile-cosmetics-schminkkoffer-my-treasure-case\/#primaryimage"},"thumbnailUrl":"https:\/\/m.media-amazon.com\/images\/I\/51epxaqzXPL._SL500_.jpg","datePublished":"2021-12-28T18:03:38+00:00","dateModified":"2023-04-11T01:09:42+00:00","description":"Markt-XXL Zmile Cosmetics Schminkkoffer My Treasure Case , 113 St\u00fcck (1Er Pack)","breadcrumb":{"@id":"https:\/\/marktxxl.de\/markt\/produkt\/zmile-cosmetics-schminkkoffer-my-treasure-case\/#breadcrumb"},"inLanguage":"de","potentialAction":[{"@type":"ReadAction","target":["https:\/\/marktxxl.de\/markt\/produkt\/zmile-cosmetics-schminkkoffer-my-treasure-case\/"]}]},{"@type":"ImageObject","inLanguage":"de","@id":"https:\/\/marktxxl.de\/markt\/produkt\/zmile-cosmetics-schminkkoffer-my-treasure-case\/#primaryimage","url":"https:\/\/m.media-amazon.com\/images\/I\/51epxaqzXPL._SL500_.jpg","contentUrl":"https:\/\/m.media-amazon.com\/images\/I\/51epxaqzXPL._SL500_.jpg","width":500,"height":412},{"@type":"BreadcrumbList","@id":"https:\/\/marktxxl.de\/markt\/produkt\/zmile-cosmetics-schminkkoffer-my-treasure-case\/#breadcrumb","itemListElement":[{"@type":"ListItem","position":1,"name":"Startseite","item":"https:\/\/marktxxl.de\/markt\/"},{"@type":"ListItem","position":2,"name":"Markt","item":"https:\/\/marktxxl.de\/markt\/"},{"@type":"ListItem","position":3,"name":"Zmile Cosmetics Schminkkoffer My Treasure Case , 113 St\u00fcck (1Er Pack)"}]},{"@type":"WebSite","@id":"https:\/\/marktxxl.de\/markt\/#website","url":"https:\/\/marktxxl.de\/markt\/","name":"Markt-XXL","description":"Ihr Markt Online","publisher":{"@id":"https:\/\/marktxxl.de\/markt\/#organization"},"potentialAction":[{"@type":"SearchAction","target":{"@type":"EntryPoint","urlTemplate":"https:\/\/marktxxl.de\/markt\/?s={search_term_string}"},"query-input":{"@type":"PropertyValueSpecification","valueRequired":true,"valueName":"search_term_string"}}],"inLanguage":"de"},{"@type":"Organization","@id":"https:\/\/marktxxl.de\/markt\/#organization","name":"Markt-XXL","url":"https:\/\/marktxxl.de\/markt\/","logo":{"@type":"ImageObject","inLanguage":"de","@id":"https:\/\/marktxxl.de\/markt\/#\/schema\/logo\/image\/","url":"https:\/\/marktxxl.de\/markt\/wp-content\/uploads\/sites\/3\/2020\/12\/logo.png","contentUrl":"https:\/\/marktxxl.de\/markt\/wp-content\/uploads\/sites\/3\/2020\/12\/logo.png","width":200,"height":70,"caption":"Markt-XXL"},"image":{"@id":"https:\/\/marktxxl.de\/markt\/#\/schema\/logo\/image\/"}}]}},"_links":{"self":[{"href":"https:\/\/marktxxl.de\/markt\/wp-json\/wp\/v2\/product\/89852","targetHints":{"allow":["GET"]}}],"collection":[{"href":"https:\/\/marktxxl.de\/markt\/wp-json\/wp\/v2\/product"}],"about":[{"href":"https:\/\/marktxxl.de\/markt\/wp-json\/wp\/v2\/types\/product"}],"replies":[{"embeddable":true,"href":"https:\/\/marktxxl.de\/markt\/wp-json\/wp\/v2\/comments?post=89852"}],"wp:featuredmedia":[{"embeddable":true,"href":"https:\/\/marktxxl.de\/markt\/wp-json\/wp\/v2\/media\/89853"}],"wp:attachment":[{"href":"https:\/\/marktxxl.de\/markt\/wp-json\/wp\/v2\/media?parent=89852"}],"wp:term":[{"taxonomy":"product_brand","embeddable":true,"href":"https:\/\/marktxxl.de\/markt\/wp-json\/wp\/v2\/product_brand?post=89852"},{"taxonomy":"product_cat","embeddable":true,"href":"https:\/\/marktxxl.de\/markt\/wp-json\/wp\/v2\/product_cat?post=89852"},{"taxonomy":"product_tag","embeddable":true,"href":"https:\/\/marktxxl.de\/markt\/wp-json\/wp\/v2\/product_tag?post=89852"}],"curies":[{"name":"wp","href":"https:\/\/api.w.org\/{rel}","templated":true}]}}