{"id":88615,"date":"2021-12-28T18:09:09","date_gmt":"2021-12-28T17:09:09","guid":{"rendered":"https:\/\/marktxxl.de\/markt\/produkt\/lil-lets-extra-comfort-super-plus-saugfaehigkeit-non-applicator-tampons-16-tampons\/"},"modified":"2023-04-11T03:08:30","modified_gmt":"2023-04-11T01:08:30","slug":"lil-lets-extra-comfort-super-plus-saugfaehigkeit-non-applicator-tampons-16-tampons","status":"publish","type":"product","link":"https:\/\/marktxxl.de\/markt\/produkt\/lil-lets-extra-comfort-super-plus-saugfaehigkeit-non-applicator-tampons-16-tampons\/","title":{"rendered":"Lil-Lets Super Plus Tampons, ohne Applikator, 1er Pack (1 x 16 St\u00fcck)"},"content":{"rendered":"<p>non-applicator Super Plus Tampons f\u00fcr schwere Flow<br \/>Erweitern auch querelastisch f\u00fcr besseren Schutz<br \/>Soft Cover f\u00fcr extra Komfort<br \/>Abgerundete Spitze f\u00fcr leichtes Einf\u00fchren<br \/>Diskreter zu verwenden und tragen<br \/>\n32\u00a0lil-lets non-applicator Super Plus Tampons, 4\u00a0Wassertropfen Aufnahmef\u00e4higkeit f\u00fcr schwere Flow Saugf\u00e4higkeit (12\u201315\u00a0g). Einzeln verpackt.<br \/>\nSuper Plus non-applicator Tampons f\u00fcr schwere flie\u00dfen. Passen sich Ihrer nat\u00fcrlichen Form quer zu auch f\u00fcr \u00fcberlegenen Schutz. Weiche und gepolsterte f\u00fcr Komfort mit einer abgerundeten Spitze und festem Kern f\u00fcr einfaches Einf\u00fchren. Richtungen: verwenden Sie immer die niedrigsten Saugf\u00e4higkeit f\u00fcr Ihre Bed\u00fcrfnisse und \u00e4ndern Sie Ihre Tampon alle 4\u00a0bis 8\u00a0Stunden. Achtung: Tampons sind mit Toxic Shock Syndrome (TSS) verbunden. Dies ist eine seltene, aber schwere Krankheit, die brandrauch t\u00f6dlich sein kann. Bitte lesen und speichern Sie die Parabel eingefasst mit jeder Packung von lil-lets Tampons.<br \/>\n<div class=\"main-cross-sell\" data-asin=\"B0017VLEAG\">\n\n\t<div class=\"WooZone-cross-sell-loader\">\n\t\t<div>\n\t\t\t<div id=\"floatingBarsG\">\n\t\t\t\t<div class=\"blockG\" id=\"rotateG_01\"><\/div>\n\t\t\t\t<div class=\"blockG\" id=\"rotateG_02\"><\/div>\n\t\t\t\t<div class=\"blockG\" id=\"rotateG_03\"><\/div>\n\t\t\t\t<div class=\"blockG\" id=\"rotateG_04\"><\/div>\n\t\t\t\t<div class=\"blockG\" id=\"rotateG_05\"><\/div>\n\t\t\t\t<div class=\"blockG\" id=\"rotateG_06\"><\/div>\n\t\t\t\t<div class=\"blockG\" id=\"rotateG_07\"><\/div>\n\t\t\t\t<div class=\"blockG\" id=\"rotateG_08\"><\/div>\n\t\t\t<\/div>\n\t\t\t<div class=\"WooZone-cross-sell-loader-text\"><\/div>\n\t\t<\/div>\n\t<\/div>\n\n\t\t\n<\/div>\n<div style=\"clear:both;\"><\/div><\/p>\n","protected":false},"excerpt":{"rendered":"<p>non-applicator Super Plus Tampons f\u00fcr schwere FlowErweitern auch querelastisch f\u00fcr besseren SchutzSoft Cover f\u00fcr extra KomfortAbgerundete Spitze f\u00fcr leichtes Einf\u00fchrenDiskreter zu verwenden und tragen<br \/>\n32\u00a0lil-lets non-applicator Super Plus Tampons, 4\u00a0Wassertropfen Aufnahmef\u00e4higkeit f\u00fcr schwere Flow Saugf\u00e4higkeit (12\u201315\u00a0g). Einzeln verpackt.<br \/>\nSuper Plus non-applicator Tampons f\u00fcr schwere flie\u00dfen. Passen sich Ihrer nat\u00fcrlichen Form quer zu auch f\u00fcr \u00fcberlegenen Schutz. Weiche und gepolsterte f\u00fcr Komfort mit einer abgerundeten Spitze und festem Kern f\u00fcr einfaches Einf\u00fchren. Richtungen: verwenden Sie immer die niedrigsten Saugf\u00e4higkeit f\u00fcr Ihre Bed\u00fcrfnisse und \u00e4ndern Sie Ihre Tampon alle 4\u00a0bis 8\u00a0Stunden. Achtung: Tampons sind mit Toxic Shock Syndrome (TSS) verbunden. Dies ist eine seltene, aber schwere Krankheit, die brandrauch t\u00f6dlich sein kann. Bitte lesen und speichern Sie die Parabel eingefasst mit jeder Packung von lil-lets Tampons.<\/p>\n","protected":false},"featured_media":88616,"comment_status":"open","ping_status":"closed","template":"","meta":[],"product_brand":[],"product_cat":[566,5680],"product_tag":[],"class_list":{"0":"post-88615","1":"product","2":"type-product","3":"status-publish","4":"has-post-thumbnail","6":"product_cat-drogerie-koerperpflege","7":"product_cat-intime-pflege-hygiene","8":"pa_binding-badartikel","9":"pa_brand-lil-lets","10":"pa_height-2-1653543285-zoll","11":"pa_length-5-3149606245-zoll","12":"pa_manufacturer-lil-lets","13":"pa_model-5728","14":"pa_weight-0-0001543235834-pfund","15":"pa_width-1-3779527545-zoll","17":"first","18":"instock","19":"shipping-taxable","20":"purchasable","21":"product-type-simple","22":"customify-col","23":"product-has-gallery"},"yoast_head":"<!-- This site is optimized with the Yoast SEO plugin v27.3 - https:\/\/yoast.com\/product\/yoast-seo-wordpress\/ -->\n<title>Lil-Lets Super Plus Tampons, ohne Applikator, 1er Pack (1 x 16 St\u00fcck) - Markt-XXL<\/title>\n<meta name=\"description\" content=\"Markt-XXL Lil-Lets Super Plus Tampons, ohne Applikator, 1er Pack (1 x 16 St\u00fcck)\" \/>\n<meta name=\"robots\" content=\"index, follow, max-snippet:-1, max-image-preview:large, max-video-preview:-1\" \/>\n<link rel=\"canonical\" href=\"https:\/\/marktxxl.de\/markt\/produkt\/lil-lets-extra-comfort-super-plus-saugfaehigkeit-non-applicator-tampons-16-tampons\/\" \/>\n<meta property=\"og:locale\" content=\"de_DE\" \/>\n<meta property=\"og:type\" content=\"article\" \/>\n<meta property=\"og:title\" content=\"Lil-Lets Super Plus Tampons, ohne Applikator, 1er Pack (1 x 16 St\u00fcck) - Markt-XXL\" \/>\n<meta property=\"og:description\" content=\"Markt-XXL Lil-Lets Super Plus Tampons, ohne Applikator, 1er Pack (1 x 16 St\u00fcck)\" \/>\n<meta property=\"og:url\" content=\"https:\/\/marktxxl.de\/markt\/produkt\/lil-lets-extra-comfort-super-plus-saugfaehigkeit-non-applicator-tampons-16-tampons\/\" \/>\n<meta property=\"og:site_name\" content=\"Markt-XXL\" \/>\n<meta property=\"article:modified_time\" content=\"2023-04-11T01:08:30+00:00\" \/>\n<meta property=\"og:image\" content=\"https:\/\/m.media-amazon.com\/images\/I\/41l5nxSVu1L._SL500_.jpg\" \/>\n\t<meta property=\"og:image:width\" content=\"500\" \/>\n\t<meta property=\"og:image:height\" content=\"500\" \/>\n\t<meta property=\"og:image:type\" content=\"image\/jpeg\" \/>\n<meta name=\"twitter:card\" content=\"summary_large_image\" \/>\n<meta name=\"twitter:label1\" content=\"Gesch\u00e4tzte Lesezeit\" \/>\n\t<meta name=\"twitter:data1\" content=\"1\u00a0Minute\" \/>\n<script type=\"application\/ld+json\" class=\"yoast-schema-graph\">{\"@context\":\"https:\\\/\\\/schema.org\",\"@graph\":[{\"@type\":\"WebPage\",\"@id\":\"https:\\\/\\\/marktxxl.de\\\/markt\\\/produkt\\\/lil-lets-extra-comfort-super-plus-saugfaehigkeit-non-applicator-tampons-16-tampons\\\/\",\"url\":\"https:\\\/\\\/marktxxl.de\\\/markt\\\/produkt\\\/lil-lets-extra-comfort-super-plus-saugfaehigkeit-non-applicator-tampons-16-tampons\\\/\",\"name\":\"Lil-Lets Super Plus Tampons, ohne Applikator, 1er Pack (1 x 16 St\u00fcck) - Markt-XXL\",\"isPartOf\":{\"@id\":\"https:\\\/\\\/marktxxl.de\\\/markt\\\/#website\"},\"primaryImageOfPage\":{\"@id\":\"https:\\\/\\\/marktxxl.de\\\/markt\\\/produkt\\\/lil-lets-extra-comfort-super-plus-saugfaehigkeit-non-applicator-tampons-16-tampons\\\/#primaryimage\"},\"image\":{\"@id\":\"https:\\\/\\\/marktxxl.de\\\/markt\\\/produkt\\\/lil-lets-extra-comfort-super-plus-saugfaehigkeit-non-applicator-tampons-16-tampons\\\/#primaryimage\"},\"thumbnailUrl\":\"https:\\\/\\\/m.media-amazon.com\\\/images\\\/I\\\/41l5nxSVu1L._SL500_.jpg\",\"datePublished\":\"2021-12-28T17:09:09+00:00\",\"dateModified\":\"2023-04-11T01:08:30+00:00\",\"description\":\"Markt-XXL Lil-Lets Super Plus Tampons, ohne Applikator, 1er Pack (1 x 16 St\u00fcck)\",\"breadcrumb\":{\"@id\":\"https:\\\/\\\/marktxxl.de\\\/markt\\\/produkt\\\/lil-lets-extra-comfort-super-plus-saugfaehigkeit-non-applicator-tampons-16-tampons\\\/#breadcrumb\"},\"inLanguage\":\"de\",\"potentialAction\":[{\"@type\":\"ReadAction\",\"target\":[\"https:\\\/\\\/marktxxl.de\\\/markt\\\/produkt\\\/lil-lets-extra-comfort-super-plus-saugfaehigkeit-non-applicator-tampons-16-tampons\\\/\"]}]},{\"@type\":\"ImageObject\",\"inLanguage\":\"de\",\"@id\":\"https:\\\/\\\/marktxxl.de\\\/markt\\\/produkt\\\/lil-lets-extra-comfort-super-plus-saugfaehigkeit-non-applicator-tampons-16-tampons\\\/#primaryimage\",\"url\":\"https:\\\/\\\/m.media-amazon.com\\\/images\\\/I\\\/41l5nxSVu1L._SL500_.jpg\",\"contentUrl\":\"https:\\\/\\\/m.media-amazon.com\\\/images\\\/I\\\/41l5nxSVu1L._SL500_.jpg\",\"width\":500,\"height\":500},{\"@type\":\"BreadcrumbList\",\"@id\":\"https:\\\/\\\/marktxxl.de\\\/markt\\\/produkt\\\/lil-lets-extra-comfort-super-plus-saugfaehigkeit-non-applicator-tampons-16-tampons\\\/#breadcrumb\",\"itemListElement\":[{\"@type\":\"ListItem\",\"position\":1,\"name\":\"Startseite\",\"item\":\"https:\\\/\\\/marktxxl.de\\\/markt\\\/\"},{\"@type\":\"ListItem\",\"position\":2,\"name\":\"Markt\",\"item\":\"https:\\\/\\\/marktxxl.de\\\/markt\\\/\"},{\"@type\":\"ListItem\",\"position\":3,\"name\":\"Lil-Lets Super Plus Tampons, ohne Applikator, 1er Pack (1 x 16 St\u00fcck)\"}]},{\"@type\":\"WebSite\",\"@id\":\"https:\\\/\\\/marktxxl.de\\\/markt\\\/#website\",\"url\":\"https:\\\/\\\/marktxxl.de\\\/markt\\\/\",\"name\":\"Markt-XXL\",\"description\":\"Ihr Markt Online\",\"publisher\":{\"@id\":\"https:\\\/\\\/marktxxl.de\\\/markt\\\/#organization\"},\"potentialAction\":[{\"@type\":\"SearchAction\",\"target\":{\"@type\":\"EntryPoint\",\"urlTemplate\":\"https:\\\/\\\/marktxxl.de\\\/markt\\\/?s={search_term_string}\"},\"query-input\":{\"@type\":\"PropertyValueSpecification\",\"valueRequired\":true,\"valueName\":\"search_term_string\"}}],\"inLanguage\":\"de\"},{\"@type\":\"Organization\",\"@id\":\"https:\\\/\\\/marktxxl.de\\\/markt\\\/#organization\",\"name\":\"Markt-XXL\",\"url\":\"https:\\\/\\\/marktxxl.de\\\/markt\\\/\",\"logo\":{\"@type\":\"ImageObject\",\"inLanguage\":\"de\",\"@id\":\"https:\\\/\\\/marktxxl.de\\\/markt\\\/#\\\/schema\\\/logo\\\/image\\\/\",\"url\":\"https:\\\/\\\/marktxxl.de\\\/markt\\\/wp-content\\\/uploads\\\/sites\\\/3\\\/2020\\\/12\\\/logo.png\",\"contentUrl\":\"https:\\\/\\\/marktxxl.de\\\/markt\\\/wp-content\\\/uploads\\\/sites\\\/3\\\/2020\\\/12\\\/logo.png\",\"width\":200,\"height\":70,\"caption\":\"Markt-XXL\"},\"image\":{\"@id\":\"https:\\\/\\\/marktxxl.de\\\/markt\\\/#\\\/schema\\\/logo\\\/image\\\/\"}}]}<\/script>\n<!-- \/ Yoast SEO plugin. -->","yoast_head_json":{"title":"Lil-Lets Super Plus Tampons, ohne Applikator, 1er Pack (1 x 16 St\u00fcck) - Markt-XXL","description":"Markt-XXL Lil-Lets Super Plus Tampons, ohne Applikator, 1er Pack (1 x 16 St\u00fcck)","robots":{"index":"index","follow":"follow","max-snippet":"max-snippet:-1","max-image-preview":"max-image-preview:large","max-video-preview":"max-video-preview:-1"},"canonical":"https:\/\/marktxxl.de\/markt\/produkt\/lil-lets-extra-comfort-super-plus-saugfaehigkeit-non-applicator-tampons-16-tampons\/","og_locale":"de_DE","og_type":"article","og_title":"Lil-Lets Super Plus Tampons, ohne Applikator, 1er Pack (1 x 16 St\u00fcck) - Markt-XXL","og_description":"Markt-XXL Lil-Lets Super Plus Tampons, ohne Applikator, 1er Pack (1 x 16 St\u00fcck)","og_url":"https:\/\/marktxxl.de\/markt\/produkt\/lil-lets-extra-comfort-super-plus-saugfaehigkeit-non-applicator-tampons-16-tampons\/","og_site_name":"Markt-XXL","article_modified_time":"2023-04-11T01:08:30+00:00","og_image":[{"width":500,"height":500,"url":"https:\/\/m.media-amazon.com\/images\/I\/41l5nxSVu1L._SL500_.jpg","type":"image\/jpeg"}],"twitter_card":"summary_large_image","twitter_misc":{"Gesch\u00e4tzte Lesezeit":"1\u00a0Minute"},"schema":{"@context":"https:\/\/schema.org","@graph":[{"@type":"WebPage","@id":"https:\/\/marktxxl.de\/markt\/produkt\/lil-lets-extra-comfort-super-plus-saugfaehigkeit-non-applicator-tampons-16-tampons\/","url":"https:\/\/marktxxl.de\/markt\/produkt\/lil-lets-extra-comfort-super-plus-saugfaehigkeit-non-applicator-tampons-16-tampons\/","name":"Lil-Lets Super Plus Tampons, ohne Applikator, 1er Pack (1 x 16 St\u00fcck) - Markt-XXL","isPartOf":{"@id":"https:\/\/marktxxl.de\/markt\/#website"},"primaryImageOfPage":{"@id":"https:\/\/marktxxl.de\/markt\/produkt\/lil-lets-extra-comfort-super-plus-saugfaehigkeit-non-applicator-tampons-16-tampons\/#primaryimage"},"image":{"@id":"https:\/\/marktxxl.de\/markt\/produkt\/lil-lets-extra-comfort-super-plus-saugfaehigkeit-non-applicator-tampons-16-tampons\/#primaryimage"},"thumbnailUrl":"https:\/\/m.media-amazon.com\/images\/I\/41l5nxSVu1L._SL500_.jpg","datePublished":"2021-12-28T17:09:09+00:00","dateModified":"2023-04-11T01:08:30+00:00","description":"Markt-XXL Lil-Lets Super Plus Tampons, ohne Applikator, 1er Pack (1 x 16 St\u00fcck)","breadcrumb":{"@id":"https:\/\/marktxxl.de\/markt\/produkt\/lil-lets-extra-comfort-super-plus-saugfaehigkeit-non-applicator-tampons-16-tampons\/#breadcrumb"},"inLanguage":"de","potentialAction":[{"@type":"ReadAction","target":["https:\/\/marktxxl.de\/markt\/produkt\/lil-lets-extra-comfort-super-plus-saugfaehigkeit-non-applicator-tampons-16-tampons\/"]}]},{"@type":"ImageObject","inLanguage":"de","@id":"https:\/\/marktxxl.de\/markt\/produkt\/lil-lets-extra-comfort-super-plus-saugfaehigkeit-non-applicator-tampons-16-tampons\/#primaryimage","url":"https:\/\/m.media-amazon.com\/images\/I\/41l5nxSVu1L._SL500_.jpg","contentUrl":"https:\/\/m.media-amazon.com\/images\/I\/41l5nxSVu1L._SL500_.jpg","width":500,"height":500},{"@type":"BreadcrumbList","@id":"https:\/\/marktxxl.de\/markt\/produkt\/lil-lets-extra-comfort-super-plus-saugfaehigkeit-non-applicator-tampons-16-tampons\/#breadcrumb","itemListElement":[{"@type":"ListItem","position":1,"name":"Startseite","item":"https:\/\/marktxxl.de\/markt\/"},{"@type":"ListItem","position":2,"name":"Markt","item":"https:\/\/marktxxl.de\/markt\/"},{"@type":"ListItem","position":3,"name":"Lil-Lets Super Plus Tampons, ohne Applikator, 1er Pack (1 x 16 St\u00fcck)"}]},{"@type":"WebSite","@id":"https:\/\/marktxxl.de\/markt\/#website","url":"https:\/\/marktxxl.de\/markt\/","name":"Markt-XXL","description":"Ihr Markt Online","publisher":{"@id":"https:\/\/marktxxl.de\/markt\/#organization"},"potentialAction":[{"@type":"SearchAction","target":{"@type":"EntryPoint","urlTemplate":"https:\/\/marktxxl.de\/markt\/?s={search_term_string}"},"query-input":{"@type":"PropertyValueSpecification","valueRequired":true,"valueName":"search_term_string"}}],"inLanguage":"de"},{"@type":"Organization","@id":"https:\/\/marktxxl.de\/markt\/#organization","name":"Markt-XXL","url":"https:\/\/marktxxl.de\/markt\/","logo":{"@type":"ImageObject","inLanguage":"de","@id":"https:\/\/marktxxl.de\/markt\/#\/schema\/logo\/image\/","url":"https:\/\/marktxxl.de\/markt\/wp-content\/uploads\/sites\/3\/2020\/12\/logo.png","contentUrl":"https:\/\/marktxxl.de\/markt\/wp-content\/uploads\/sites\/3\/2020\/12\/logo.png","width":200,"height":70,"caption":"Markt-XXL"},"image":{"@id":"https:\/\/marktxxl.de\/markt\/#\/schema\/logo\/image\/"}}]}},"_links":{"self":[{"href":"https:\/\/marktxxl.de\/markt\/wp-json\/wp\/v2\/product\/88615","targetHints":{"allow":["GET"]}}],"collection":[{"href":"https:\/\/marktxxl.de\/markt\/wp-json\/wp\/v2\/product"}],"about":[{"href":"https:\/\/marktxxl.de\/markt\/wp-json\/wp\/v2\/types\/product"}],"replies":[{"embeddable":true,"href":"https:\/\/marktxxl.de\/markt\/wp-json\/wp\/v2\/comments?post=88615"}],"wp:featuredmedia":[{"embeddable":true,"href":"https:\/\/marktxxl.de\/markt\/wp-json\/wp\/v2\/media\/88616"}],"wp:attachment":[{"href":"https:\/\/marktxxl.de\/markt\/wp-json\/wp\/v2\/media?parent=88615"}],"wp:term":[{"taxonomy":"product_brand","embeddable":true,"href":"https:\/\/marktxxl.de\/markt\/wp-json\/wp\/v2\/product_brand?post=88615"},{"taxonomy":"product_cat","embeddable":true,"href":"https:\/\/marktxxl.de\/markt\/wp-json\/wp\/v2\/product_cat?post=88615"},{"taxonomy":"product_tag","embeddable":true,"href":"https:\/\/marktxxl.de\/markt\/wp-json\/wp\/v2\/product_tag?post=88615"}],"curies":[{"name":"wp","href":"https:\/\/api.w.org\/{rel}","templated":true}]}}