{"id":88411,"date":"2021-12-28T18:00:09","date_gmt":"2021-12-28T17:00:09","guid":{"rendered":"https:\/\/marktxxl.de\/markt\/produkt\/poo-pourri-before-you-go-toilettenspray\/"},"modified":"2023-04-11T03:08:26","modified_gmt":"2023-04-11T01:08:26","slug":"poo-pourri-before-you-go-toilettenspray","status":"publish","type":"product","link":"https:\/\/marktxxl.de\/markt\/produkt\/poo-pourri-before-you-go-toilettenspray\/","title":{"rendered":"Poo-Pourri Before-You-Go Toilettenspray Tropischer Hibiskus Reisegr\u00f6\u00dfe 10 ml &#8211; Hibiskus, Aprikose und Zitrusfr\u00fcchte"},"content":{"rendered":"<p>Spr\u00fchen Sie die Sch\u00fcssel bevor Sie gehen und niemand anderes wird es jemals wissen; unser beliebtester Duft. Wenn das Leben Ihnen Zitronen gibt, geben Sie sie wieder zur\u00fcck. Poo Pourri Original Citrus ist eine erhebende Mischung aus nat\u00fcrlichen \u00e4therischen \u00d6len, Zitrone, Bergamotte und Zitronengras.<br \/>\nDas urspr\u00fcngliche ungiftige WC-Spray, das Badezimmerger\u00fcche stoppt, bevor sie jemals anfangen \u2013 ernsthaft. Kein Versuchen mehr, Ger\u00fcche bereits in der Luft zu \u00fcberdecken<br \/>\nWissenschaftlich getestete Formel aus \u00e4therischen \u00d6len und anderen nat\u00fcrlichen Verbindungen; keine aggressiven Chemikalien, Aerosol, Parabene, Phthalate oder Formaldehyd; alle stinkbek\u00e4mpfenden guten Sachen.<br \/>\nHergestellt in den USA f\u00fcr bis zu 70 Anwendungen in der Flasche mit 40 ml Fassungsverm\u00f6gen<br \/>\nWarum spr\u00fchen Sie Chemikalien, wenn Sie pflanzliche Stoffe bespr\u00fchen k\u00f6nnen? Einzigartige Formel mit rein nat\u00fcrlichen \u00e4therischen \u00d6len hilft Ihrem Zuhause au\u00dferhalb des Badezimmers \u2013 verwenden Sie es, um starke W\u00e4sche, Kinderzimmer und M\u00fclleimer Ger\u00fcche zu bek\u00e4mpfen<br \/>\n<div class=\"main-cross-sell\" data-asin=\"B014HE18XM\">\n\n\t<div class=\"WooZone-cross-sell-loader\">\n\t\t<div>\n\t\t\t<div id=\"floatingBarsG\">\n\t\t\t\t<div class=\"blockG\" id=\"rotateG_01\"><\/div>\n\t\t\t\t<div class=\"blockG\" id=\"rotateG_02\"><\/div>\n\t\t\t\t<div class=\"blockG\" id=\"rotateG_03\"><\/div>\n\t\t\t\t<div class=\"blockG\" id=\"rotateG_04\"><\/div>\n\t\t\t\t<div class=\"blockG\" id=\"rotateG_05\"><\/div>\n\t\t\t\t<div class=\"blockG\" id=\"rotateG_06\"><\/div>\n\t\t\t\t<div class=\"blockG\" id=\"rotateG_07\"><\/div>\n\t\t\t\t<div class=\"blockG\" id=\"rotateG_08\"><\/div>\n\t\t\t<\/div>\n\t\t\t<div class=\"WooZone-cross-sell-loader-text\"><\/div>\n\t\t<\/div>\n\t<\/div>\n\n\t\t\n<\/div>\n<div style=\"clear:both;\"><\/div><\/p>\n","protected":false},"excerpt":{"rendered":"<p>Spr\u00fchen Sie die Sch\u00fcssel bevor Sie gehen und niemand anderes wird es jemals wissen; unser beliebtester Duft. Wenn das Leben Ihnen Zitronen gibt, geben Sie sie wieder zur\u00fcck. Poo Pourri Original Citrus ist eine erhebende Mischung aus nat\u00fcrlichen \u00e4therischen \u00d6len, Zitrone, Bergamotte und Zitronengras.<br \/>\nDas urspr\u00fcngliche ungiftige WC-Spray, das Badezimmerger\u00fcche stoppt, bevor sie jemals anfangen \u2013 ernsthaft. Kein Versuchen mehr, Ger\u00fcche bereits in der Luft zu \u00fcberdecken<br \/>\nWissenschaftlich getestete Formel aus \u00e4therischen \u00d6len und anderen nat\u00fcrlichen Verbindungen; keine aggressiven Chemikalien, Aerosol, Parabene, Phthalate oder Formaldehyd; alle stinkbek\u00e4mpfenden guten Sachen.<\/p>\n","protected":false},"featured_media":88412,"comment_status":"open","ping_status":"closed","template":"","meta":[],"product_brand":[],"product_cat":[566,5467],"product_tag":[],"class_list":{"0":"post-88411","1":"product","2":"type-product","3":"status-publish","4":"has-post-thumbnail","6":"product_cat-drogerie-koerperpflege","7":"product_cat-haushaltswaren-reinigungsmittel","8":"pa_binding-badartikel","9":"pa_brand-poo-pourri","10":"pa_color-parent","11":"pa_manufacturer-poo-pourri","12":"pa_model-trap-4ml","13":"pa_size-parent","15":"first","16":"instock","17":"shipping-taxable","18":"purchasable","19":"product-type-simple","20":"customify-col","21":"product-has-gallery"},"yoast_head":"<!-- This site is optimized with the Yoast SEO plugin v27.3 - https:\/\/yoast.com\/product\/yoast-seo-wordpress\/ -->\n<title>Poo-Pourri Before-You-Go Toilettenspray Tropischer Hibiskus Reisegr\u00f6\u00dfe 10 ml - Hibiskus, Aprikose und Zitrusfr\u00fcchte - Markt-XXL<\/title>\n<meta name=\"description\" content=\"Markt-XXL Poo-Pourri Before-You-Go Toilettenspray Tropischer Hibiskus Reisegr\u00f6\u00dfe 10 ml - Hibiskus, Aprikose und Zitrusfr\u00fcchte\" \/>\n<meta name=\"robots\" content=\"index, follow, max-snippet:-1, max-image-preview:large, max-video-preview:-1\" \/>\n<link rel=\"canonical\" href=\"https:\/\/marktxxl.de\/markt\/produkt\/poo-pourri-before-you-go-toilettenspray\/\" \/>\n<meta property=\"og:locale\" content=\"de_DE\" \/>\n<meta property=\"og:type\" content=\"article\" \/>\n<meta property=\"og:title\" content=\"Poo-Pourri Before-You-Go Toilettenspray Tropischer Hibiskus Reisegr\u00f6\u00dfe 10 ml - Hibiskus, Aprikose und Zitrusfr\u00fcchte - Markt-XXL\" \/>\n<meta property=\"og:description\" content=\"Markt-XXL Poo-Pourri Before-You-Go Toilettenspray Tropischer Hibiskus Reisegr\u00f6\u00dfe 10 ml - Hibiskus, Aprikose und Zitrusfr\u00fcchte\" \/>\n<meta property=\"og:url\" content=\"https:\/\/marktxxl.de\/markt\/produkt\/poo-pourri-before-you-go-toilettenspray\/\" \/>\n<meta property=\"og:site_name\" content=\"Markt-XXL\" \/>\n<meta property=\"article:modified_time\" content=\"2023-04-11T01:08:26+00:00\" \/>\n<meta property=\"og:image\" content=\"https:\/\/m.media-amazon.com\/images\/I\/41Ws-doPj5L._SL500_.jpg\" \/>\n\t<meta property=\"og:image:width\" content=\"500\" \/>\n\t<meta property=\"og:image:height\" content=\"500\" \/>\n\t<meta property=\"og:image:type\" content=\"image\/jpeg\" \/>\n<meta name=\"twitter:card\" content=\"summary_large_image\" \/>\n<meta name=\"twitter:label1\" content=\"Gesch\u00e4tzte Lesezeit\" \/>\n\t<meta name=\"twitter:data1\" content=\"1\u00a0Minute\" \/>\n<script type=\"application\/ld+json\" class=\"yoast-schema-graph\">{\"@context\":\"https:\\\/\\\/schema.org\",\"@graph\":[{\"@type\":\"WebPage\",\"@id\":\"https:\\\/\\\/marktxxl.de\\\/markt\\\/produkt\\\/poo-pourri-before-you-go-toilettenspray\\\/\",\"url\":\"https:\\\/\\\/marktxxl.de\\\/markt\\\/produkt\\\/poo-pourri-before-you-go-toilettenspray\\\/\",\"name\":\"Poo-Pourri Before-You-Go Toilettenspray Tropischer Hibiskus Reisegr\u00f6\u00dfe 10 ml - Hibiskus, Aprikose und Zitrusfr\u00fcchte - Markt-XXL\",\"isPartOf\":{\"@id\":\"https:\\\/\\\/marktxxl.de\\\/markt\\\/#website\"},\"primaryImageOfPage\":{\"@id\":\"https:\\\/\\\/marktxxl.de\\\/markt\\\/produkt\\\/poo-pourri-before-you-go-toilettenspray\\\/#primaryimage\"},\"image\":{\"@id\":\"https:\\\/\\\/marktxxl.de\\\/markt\\\/produkt\\\/poo-pourri-before-you-go-toilettenspray\\\/#primaryimage\"},\"thumbnailUrl\":\"https:\\\/\\\/m.media-amazon.com\\\/images\\\/I\\\/41Ws-doPj5L._SL500_.jpg\",\"datePublished\":\"2021-12-28T17:00:09+00:00\",\"dateModified\":\"2023-04-11T01:08:26+00:00\",\"description\":\"Markt-XXL Poo-Pourri Before-You-Go Toilettenspray Tropischer Hibiskus Reisegr\u00f6\u00dfe 10 ml - Hibiskus, Aprikose und Zitrusfr\u00fcchte\",\"breadcrumb\":{\"@id\":\"https:\\\/\\\/marktxxl.de\\\/markt\\\/produkt\\\/poo-pourri-before-you-go-toilettenspray\\\/#breadcrumb\"},\"inLanguage\":\"de\",\"potentialAction\":[{\"@type\":\"ReadAction\",\"target\":[\"https:\\\/\\\/marktxxl.de\\\/markt\\\/produkt\\\/poo-pourri-before-you-go-toilettenspray\\\/\"]}]},{\"@type\":\"ImageObject\",\"inLanguage\":\"de\",\"@id\":\"https:\\\/\\\/marktxxl.de\\\/markt\\\/produkt\\\/poo-pourri-before-you-go-toilettenspray\\\/#primaryimage\",\"url\":\"https:\\\/\\\/m.media-amazon.com\\\/images\\\/I\\\/41Ws-doPj5L._SL500_.jpg\",\"contentUrl\":\"https:\\\/\\\/m.media-amazon.com\\\/images\\\/I\\\/41Ws-doPj5L._SL500_.jpg\",\"width\":500,\"height\":500},{\"@type\":\"BreadcrumbList\",\"@id\":\"https:\\\/\\\/marktxxl.de\\\/markt\\\/produkt\\\/poo-pourri-before-you-go-toilettenspray\\\/#breadcrumb\",\"itemListElement\":[{\"@type\":\"ListItem\",\"position\":1,\"name\":\"Startseite\",\"item\":\"https:\\\/\\\/marktxxl.de\\\/markt\\\/\"},{\"@type\":\"ListItem\",\"position\":2,\"name\":\"Markt\",\"item\":\"https:\\\/\\\/marktxxl.de\\\/markt\\\/\"},{\"@type\":\"ListItem\",\"position\":3,\"name\":\"Poo-Pourri Before-You-Go Toilettenspray Tropischer Hibiskus Reisegr\u00f6\u00dfe 10 ml &#8211; Hibiskus, Aprikose und Zitrusfr\u00fcchte\"}]},{\"@type\":\"WebSite\",\"@id\":\"https:\\\/\\\/marktxxl.de\\\/markt\\\/#website\",\"url\":\"https:\\\/\\\/marktxxl.de\\\/markt\\\/\",\"name\":\"Markt-XXL\",\"description\":\"Ihr Markt Online\",\"publisher\":{\"@id\":\"https:\\\/\\\/marktxxl.de\\\/markt\\\/#organization\"},\"potentialAction\":[{\"@type\":\"SearchAction\",\"target\":{\"@type\":\"EntryPoint\",\"urlTemplate\":\"https:\\\/\\\/marktxxl.de\\\/markt\\\/?s={search_term_string}\"},\"query-input\":{\"@type\":\"PropertyValueSpecification\",\"valueRequired\":true,\"valueName\":\"search_term_string\"}}],\"inLanguage\":\"de\"},{\"@type\":\"Organization\",\"@id\":\"https:\\\/\\\/marktxxl.de\\\/markt\\\/#organization\",\"name\":\"Markt-XXL\",\"url\":\"https:\\\/\\\/marktxxl.de\\\/markt\\\/\",\"logo\":{\"@type\":\"ImageObject\",\"inLanguage\":\"de\",\"@id\":\"https:\\\/\\\/marktxxl.de\\\/markt\\\/#\\\/schema\\\/logo\\\/image\\\/\",\"url\":\"https:\\\/\\\/marktxxl.de\\\/markt\\\/wp-content\\\/uploads\\\/sites\\\/3\\\/2020\\\/12\\\/logo.png\",\"contentUrl\":\"https:\\\/\\\/marktxxl.de\\\/markt\\\/wp-content\\\/uploads\\\/sites\\\/3\\\/2020\\\/12\\\/logo.png\",\"width\":200,\"height\":70,\"caption\":\"Markt-XXL\"},\"image\":{\"@id\":\"https:\\\/\\\/marktxxl.de\\\/markt\\\/#\\\/schema\\\/logo\\\/image\\\/\"}}]}<\/script>\n<!-- \/ Yoast SEO plugin. -->","yoast_head_json":{"title":"Poo-Pourri Before-You-Go Toilettenspray Tropischer Hibiskus Reisegr\u00f6\u00dfe 10 ml - Hibiskus, Aprikose und Zitrusfr\u00fcchte - Markt-XXL","description":"Markt-XXL Poo-Pourri Before-You-Go Toilettenspray Tropischer Hibiskus Reisegr\u00f6\u00dfe 10 ml - Hibiskus, Aprikose und Zitrusfr\u00fcchte","robots":{"index":"index","follow":"follow","max-snippet":"max-snippet:-1","max-image-preview":"max-image-preview:large","max-video-preview":"max-video-preview:-1"},"canonical":"https:\/\/marktxxl.de\/markt\/produkt\/poo-pourri-before-you-go-toilettenspray\/","og_locale":"de_DE","og_type":"article","og_title":"Poo-Pourri Before-You-Go Toilettenspray Tropischer Hibiskus Reisegr\u00f6\u00dfe 10 ml - Hibiskus, Aprikose und Zitrusfr\u00fcchte - Markt-XXL","og_description":"Markt-XXL Poo-Pourri Before-You-Go Toilettenspray Tropischer Hibiskus Reisegr\u00f6\u00dfe 10 ml - Hibiskus, Aprikose und Zitrusfr\u00fcchte","og_url":"https:\/\/marktxxl.de\/markt\/produkt\/poo-pourri-before-you-go-toilettenspray\/","og_site_name":"Markt-XXL","article_modified_time":"2023-04-11T01:08:26+00:00","og_image":[{"width":500,"height":500,"url":"https:\/\/m.media-amazon.com\/images\/I\/41Ws-doPj5L._SL500_.jpg","type":"image\/jpeg"}],"twitter_card":"summary_large_image","twitter_misc":{"Gesch\u00e4tzte Lesezeit":"1\u00a0Minute"},"schema":{"@context":"https:\/\/schema.org","@graph":[{"@type":"WebPage","@id":"https:\/\/marktxxl.de\/markt\/produkt\/poo-pourri-before-you-go-toilettenspray\/","url":"https:\/\/marktxxl.de\/markt\/produkt\/poo-pourri-before-you-go-toilettenspray\/","name":"Poo-Pourri Before-You-Go Toilettenspray Tropischer Hibiskus Reisegr\u00f6\u00dfe 10 ml - Hibiskus, Aprikose und Zitrusfr\u00fcchte - Markt-XXL","isPartOf":{"@id":"https:\/\/marktxxl.de\/markt\/#website"},"primaryImageOfPage":{"@id":"https:\/\/marktxxl.de\/markt\/produkt\/poo-pourri-before-you-go-toilettenspray\/#primaryimage"},"image":{"@id":"https:\/\/marktxxl.de\/markt\/produkt\/poo-pourri-before-you-go-toilettenspray\/#primaryimage"},"thumbnailUrl":"https:\/\/m.media-amazon.com\/images\/I\/41Ws-doPj5L._SL500_.jpg","datePublished":"2021-12-28T17:00:09+00:00","dateModified":"2023-04-11T01:08:26+00:00","description":"Markt-XXL Poo-Pourri Before-You-Go Toilettenspray Tropischer Hibiskus Reisegr\u00f6\u00dfe 10 ml - Hibiskus, Aprikose und Zitrusfr\u00fcchte","breadcrumb":{"@id":"https:\/\/marktxxl.de\/markt\/produkt\/poo-pourri-before-you-go-toilettenspray\/#breadcrumb"},"inLanguage":"de","potentialAction":[{"@type":"ReadAction","target":["https:\/\/marktxxl.de\/markt\/produkt\/poo-pourri-before-you-go-toilettenspray\/"]}]},{"@type":"ImageObject","inLanguage":"de","@id":"https:\/\/marktxxl.de\/markt\/produkt\/poo-pourri-before-you-go-toilettenspray\/#primaryimage","url":"https:\/\/m.media-amazon.com\/images\/I\/41Ws-doPj5L._SL500_.jpg","contentUrl":"https:\/\/m.media-amazon.com\/images\/I\/41Ws-doPj5L._SL500_.jpg","width":500,"height":500},{"@type":"BreadcrumbList","@id":"https:\/\/marktxxl.de\/markt\/produkt\/poo-pourri-before-you-go-toilettenspray\/#breadcrumb","itemListElement":[{"@type":"ListItem","position":1,"name":"Startseite","item":"https:\/\/marktxxl.de\/markt\/"},{"@type":"ListItem","position":2,"name":"Markt","item":"https:\/\/marktxxl.de\/markt\/"},{"@type":"ListItem","position":3,"name":"Poo-Pourri Before-You-Go Toilettenspray Tropischer Hibiskus Reisegr\u00f6\u00dfe 10 ml &#8211; Hibiskus, Aprikose und Zitrusfr\u00fcchte"}]},{"@type":"WebSite","@id":"https:\/\/marktxxl.de\/markt\/#website","url":"https:\/\/marktxxl.de\/markt\/","name":"Markt-XXL","description":"Ihr Markt Online","publisher":{"@id":"https:\/\/marktxxl.de\/markt\/#organization"},"potentialAction":[{"@type":"SearchAction","target":{"@type":"EntryPoint","urlTemplate":"https:\/\/marktxxl.de\/markt\/?s={search_term_string}"},"query-input":{"@type":"PropertyValueSpecification","valueRequired":true,"valueName":"search_term_string"}}],"inLanguage":"de"},{"@type":"Organization","@id":"https:\/\/marktxxl.de\/markt\/#organization","name":"Markt-XXL","url":"https:\/\/marktxxl.de\/markt\/","logo":{"@type":"ImageObject","inLanguage":"de","@id":"https:\/\/marktxxl.de\/markt\/#\/schema\/logo\/image\/","url":"https:\/\/marktxxl.de\/markt\/wp-content\/uploads\/sites\/3\/2020\/12\/logo.png","contentUrl":"https:\/\/marktxxl.de\/markt\/wp-content\/uploads\/sites\/3\/2020\/12\/logo.png","width":200,"height":70,"caption":"Markt-XXL"},"image":{"@id":"https:\/\/marktxxl.de\/markt\/#\/schema\/logo\/image\/"}}]}},"_links":{"self":[{"href":"https:\/\/marktxxl.de\/markt\/wp-json\/wp\/v2\/product\/88411","targetHints":{"allow":["GET"]}}],"collection":[{"href":"https:\/\/marktxxl.de\/markt\/wp-json\/wp\/v2\/product"}],"about":[{"href":"https:\/\/marktxxl.de\/markt\/wp-json\/wp\/v2\/types\/product"}],"replies":[{"embeddable":true,"href":"https:\/\/marktxxl.de\/markt\/wp-json\/wp\/v2\/comments?post=88411"}],"wp:featuredmedia":[{"embeddable":true,"href":"https:\/\/marktxxl.de\/markt\/wp-json\/wp\/v2\/media\/88412"}],"wp:attachment":[{"href":"https:\/\/marktxxl.de\/markt\/wp-json\/wp\/v2\/media?parent=88411"}],"wp:term":[{"taxonomy":"product_brand","embeddable":true,"href":"https:\/\/marktxxl.de\/markt\/wp-json\/wp\/v2\/product_brand?post=88411"},{"taxonomy":"product_cat","embeddable":true,"href":"https:\/\/marktxxl.de\/markt\/wp-json\/wp\/v2\/product_cat?post=88411"},{"taxonomy":"product_tag","embeddable":true,"href":"https:\/\/marktxxl.de\/markt\/wp-json\/wp\/v2\/product_tag?post=88411"}],"curies":[{"name":"wp","href":"https:\/\/api.w.org\/{rel}","templated":true}]}}