{"id":87933,"date":"2021-12-28T17:36:54","date_gmt":"2021-12-28T16:36:54","guid":{"rendered":"https:\/\/marktxxl.de\/markt\/produkt\/ecoye2-stueck10-2021-10-plus-2021-10-kids-pro-202111-generation-tablet-panzerglas-schutzfolie-displayschutz-2-5d-hd-9h-haerte-anti-kratzen-blaeschenfrei-panzerfolie-glas-folie\/"},"modified":"2023-04-11T03:07:17","modified_gmt":"2023-04-11T01:07:17","slug":"ecoye2-stueck10-2021-10-plus-2021-10-kids-pro-202111-generation-tablet-panzerglas-schutzfolie-displayschutz-2-5d-hd-9h-haerte-anti-kratzen-blaeschenfrei-panzerfolie-glas-folie","status":"publish","type":"product","link":"https:\/\/marktxxl.de\/markt\/produkt\/ecoye2-stueck10-2021-10-plus-2021-10-kids-pro-202111-generation-tablet-panzerglas-schutzfolie-displayschutz-2-5d-hd-9h-haerte-anti-kratzen-blaeschenfrei-panzerfolie-glas-folie\/","title":{"rendered":"Ecoye[2 St\u00fcck Kompatibel mit Fire 10 2021\/10 Plus 2021\/10 Kids Pro 2021(11. Generation) Tablet Panzerglas Schutzfolie\u2026"},"content":{"rendered":"<p>Speziell entwickelt f\u00fcr 10 2021\/10 Plus 2021\/10 Kids Pro 2021(11. Generation)<br \/>\nEmpfindliche Ber\u00fchrung: Selbst in einem angespannten Spiel kann es auch eine gute Reaktion auf die Ber\u00fchrung geben.<br \/>\n9H Anti-Scratch: Hohe Qualit\u00e4t, selbst Steine, Schl\u00fcssel, Messer und andere harte Gegenst\u00e4nde k\u00f6nnen es nicht zerkratzen.<br \/>\nKristallklar: HD Clear und Oleophobic Coating k\u00f6nnen Fingerabdr\u00fccke und Schwei\u00df auf dem Bildschirm reduzieren<br \/>\nSplitterschutz: Wenn das geh\u00e4rtete Glas versehentlich zerbricht, bricht es in ein Filmgitter, alle Teile werden zusammengeklebt und spritzen nicht heraus.<br \/>\n<div class=\"main-cross-sell\" data-asin=\"B09JBHVMLB\">\n\n\t<div class=\"WooZone-cross-sell-loader\">\n\t\t<div>\n\t\t\t<div id=\"floatingBarsG\">\n\t\t\t\t<div class=\"blockG\" id=\"rotateG_01\"><\/div>\n\t\t\t\t<div class=\"blockG\" id=\"rotateG_02\"><\/div>\n\t\t\t\t<div class=\"blockG\" id=\"rotateG_03\"><\/div>\n\t\t\t\t<div class=\"blockG\" id=\"rotateG_04\"><\/div>\n\t\t\t\t<div class=\"blockG\" id=\"rotateG_05\"><\/div>\n\t\t\t\t<div class=\"blockG\" id=\"rotateG_06\"><\/div>\n\t\t\t\t<div class=\"blockG\" id=\"rotateG_07\"><\/div>\n\t\t\t\t<div class=\"blockG\" id=\"rotateG_08\"><\/div>\n\t\t\t<\/div>\n\t\t\t<div class=\"WooZone-cross-sell-loader-text\"><\/div>\n\t\t<\/div>\n\t<\/div>\n\n\t\t\n<\/div>\n<div style=\"clear:both;\"><\/div><\/p>\n","protected":false},"excerpt":{"rendered":"<p>Speziell entwickelt f\u00fcr 10 2021\/10 Plus 2021\/10 Kids Pro 2021(11. Generation)<br \/>\nEmpfindliche Ber\u00fchrung: Selbst in einem angespannten Spiel kann es auch eine gute Reaktion auf die Ber\u00fchrung geben.<br \/>\n9H Anti-Scratch: Hohe Qualit\u00e4t, selbst Steine, Schl\u00fcssel, Messer und andere harte Gegenst\u00e4nde k\u00f6nnen es nicht zerkratzen.<\/p>\n","protected":false},"featured_media":87934,"comment_status":"open","ping_status":"closed","template":"","meta":[],"product_brand":[],"product_cat":[863],"product_tag":[],"class_list":{"0":"post-87933","1":"product","2":"type-product","3":"status-publish","4":"has-post-thumbnail","6":"product_cat-computer-zubehoer","7":"pa_brand-ecoye","8":"pa_manufacturer-ecoye","9":"pa_model-10-2021-10-plus-2021-10-kids-pro-2021","11":"first","12":"instock","13":"shipping-taxable","14":"purchasable","15":"product-type-simple","16":"customify-col","17":"product-has-gallery"},"yoast_head":"<!-- This site is optimized with the Yoast SEO plugin v27.4 - https:\/\/yoast.com\/product\/yoast-seo-wordpress\/ -->\n<title>Ecoye[2 St\u00fcck Kompatibel mit Fire 10 2021\/10 Plus 2021\/10 Kids Pro 2021(11. Generation) Tablet Panzerglas Schutzfolie\u2026 - Markt-XXL<\/title>\n<meta name=\"description\" content=\"Markt-XXL Ecoye[2 St\u00fcck Kompatibel mit Fire 10 2021\/10 Plus 2021\/10 Kids Pro 2021(11. Generation) Tablet Panzerglas Schutzfolie\u2026\" \/>\n<meta name=\"robots\" content=\"index, follow, max-snippet:-1, max-image-preview:large, max-video-preview:-1\" \/>\n<link rel=\"canonical\" href=\"https:\/\/marktxxl.de\/markt\/produkt\/ecoye2-stueck10-2021-10-plus-2021-10-kids-pro-202111-generation-tablet-panzerglas-schutzfolie-displayschutz-2-5d-hd-9h-haerte-anti-kratzen-blaeschenfrei-panzerfolie-glas-folie\/\" \/>\n<meta property=\"og:locale\" content=\"de_DE\" \/>\n<meta property=\"og:type\" content=\"article\" \/>\n<meta property=\"og:title\" content=\"Ecoye[2 St\u00fcck Kompatibel mit Fire 10 2021\/10 Plus 2021\/10 Kids Pro 2021(11. Generation) Tablet Panzerglas Schutzfolie\u2026 - Markt-XXL\" \/>\n<meta property=\"og:description\" content=\"Markt-XXL Ecoye[2 St\u00fcck Kompatibel mit Fire 10 2021\/10 Plus 2021\/10 Kids Pro 2021(11. Generation) Tablet Panzerglas Schutzfolie\u2026\" \/>\n<meta property=\"og:url\" content=\"https:\/\/marktxxl.de\/markt\/produkt\/ecoye2-stueck10-2021-10-plus-2021-10-kids-pro-202111-generation-tablet-panzerglas-schutzfolie-displayschutz-2-5d-hd-9h-haerte-anti-kratzen-blaeschenfrei-panzerfolie-glas-folie\/\" \/>\n<meta property=\"og:site_name\" content=\"Markt-XXL\" \/>\n<meta property=\"article:modified_time\" content=\"2023-04-11T01:07:17+00:00\" \/>\n<meta property=\"og:image\" content=\"https:\/\/m.media-amazon.com\/images\/I\/51FdfmK05-S._SL500_.jpg\" \/>\n\t<meta property=\"og:image:width\" content=\"500\" \/>\n\t<meta property=\"og:image:height\" content=\"500\" \/>\n\t<meta property=\"og:image:type\" content=\"image\/jpeg\" \/>\n<meta name=\"twitter:card\" content=\"summary_large_image\" \/>\n<script type=\"application\/ld+json\" class=\"yoast-schema-graph\">{\"@context\":\"https:\\\/\\\/schema.org\",\"@graph\":[{\"@type\":\"WebPage\",\"@id\":\"https:\\\/\\\/marktxxl.de\\\/markt\\\/produkt\\\/ecoye2-stueck10-2021-10-plus-2021-10-kids-pro-202111-generation-tablet-panzerglas-schutzfolie-displayschutz-2-5d-hd-9h-haerte-anti-kratzen-blaeschenfrei-panzerfolie-glas-folie\\\/\",\"url\":\"https:\\\/\\\/marktxxl.de\\\/markt\\\/produkt\\\/ecoye2-stueck10-2021-10-plus-2021-10-kids-pro-202111-generation-tablet-panzerglas-schutzfolie-displayschutz-2-5d-hd-9h-haerte-anti-kratzen-blaeschenfrei-panzerfolie-glas-folie\\\/\",\"name\":\"Ecoye[2 St\u00fcck Kompatibel mit Fire 10 2021\\\/10 Plus 2021\\\/10 Kids Pro 2021(11. Generation) Tablet Panzerglas Schutzfolie\u2026 - Markt-XXL\",\"isPartOf\":{\"@id\":\"https:\\\/\\\/marktxxl.de\\\/markt\\\/#website\"},\"primaryImageOfPage\":{\"@id\":\"https:\\\/\\\/marktxxl.de\\\/markt\\\/produkt\\\/ecoye2-stueck10-2021-10-plus-2021-10-kids-pro-202111-generation-tablet-panzerglas-schutzfolie-displayschutz-2-5d-hd-9h-haerte-anti-kratzen-blaeschenfrei-panzerfolie-glas-folie\\\/#primaryimage\"},\"image\":{\"@id\":\"https:\\\/\\\/marktxxl.de\\\/markt\\\/produkt\\\/ecoye2-stueck10-2021-10-plus-2021-10-kids-pro-202111-generation-tablet-panzerglas-schutzfolie-displayschutz-2-5d-hd-9h-haerte-anti-kratzen-blaeschenfrei-panzerfolie-glas-folie\\\/#primaryimage\"},\"thumbnailUrl\":\"https:\\\/\\\/m.media-amazon.com\\\/images\\\/I\\\/51FdfmK05-S._SL500_.jpg\",\"datePublished\":\"2021-12-28T16:36:54+00:00\",\"dateModified\":\"2023-04-11T01:07:17+00:00\",\"description\":\"Markt-XXL Ecoye[2 St\u00fcck Kompatibel mit Fire 10 2021\\\/10 Plus 2021\\\/10 Kids Pro 2021(11. Generation) Tablet Panzerglas Schutzfolie\u2026\",\"breadcrumb\":{\"@id\":\"https:\\\/\\\/marktxxl.de\\\/markt\\\/produkt\\\/ecoye2-stueck10-2021-10-plus-2021-10-kids-pro-202111-generation-tablet-panzerglas-schutzfolie-displayschutz-2-5d-hd-9h-haerte-anti-kratzen-blaeschenfrei-panzerfolie-glas-folie\\\/#breadcrumb\"},\"inLanguage\":\"de\",\"potentialAction\":[{\"@type\":\"ReadAction\",\"target\":[\"https:\\\/\\\/marktxxl.de\\\/markt\\\/produkt\\\/ecoye2-stueck10-2021-10-plus-2021-10-kids-pro-202111-generation-tablet-panzerglas-schutzfolie-displayschutz-2-5d-hd-9h-haerte-anti-kratzen-blaeschenfrei-panzerfolie-glas-folie\\\/\"]}]},{\"@type\":\"ImageObject\",\"inLanguage\":\"de\",\"@id\":\"https:\\\/\\\/marktxxl.de\\\/markt\\\/produkt\\\/ecoye2-stueck10-2021-10-plus-2021-10-kids-pro-202111-generation-tablet-panzerglas-schutzfolie-displayschutz-2-5d-hd-9h-haerte-anti-kratzen-blaeschenfrei-panzerfolie-glas-folie\\\/#primaryimage\",\"url\":\"https:\\\/\\\/m.media-amazon.com\\\/images\\\/I\\\/51FdfmK05-S._SL500_.jpg\",\"contentUrl\":\"https:\\\/\\\/m.media-amazon.com\\\/images\\\/I\\\/51FdfmK05-S._SL500_.jpg\",\"width\":500,\"height\":500},{\"@type\":\"BreadcrumbList\",\"@id\":\"https:\\\/\\\/marktxxl.de\\\/markt\\\/produkt\\\/ecoye2-stueck10-2021-10-plus-2021-10-kids-pro-202111-generation-tablet-panzerglas-schutzfolie-displayschutz-2-5d-hd-9h-haerte-anti-kratzen-blaeschenfrei-panzerfolie-glas-folie\\\/#breadcrumb\",\"itemListElement\":[{\"@type\":\"ListItem\",\"position\":1,\"name\":\"Startseite\",\"item\":\"https:\\\/\\\/marktxxl.de\\\/markt\\\/\"},{\"@type\":\"ListItem\",\"position\":2,\"name\":\"Markt\",\"item\":\"https:\\\/\\\/marktxxl.de\\\/markt\\\/\"},{\"@type\":\"ListItem\",\"position\":3,\"name\":\"Ecoye[2 St\u00fcck Kompatibel mit Fire 10 2021\\\/10 Plus 2021\\\/10 Kids Pro 2021(11. Generation) Tablet Panzerglas Schutzfolie\u2026\"}]},{\"@type\":\"WebSite\",\"@id\":\"https:\\\/\\\/marktxxl.de\\\/markt\\\/#website\",\"url\":\"https:\\\/\\\/marktxxl.de\\\/markt\\\/\",\"name\":\"Markt-XXL\",\"description\":\"Ihr Markt Online\",\"publisher\":{\"@id\":\"https:\\\/\\\/marktxxl.de\\\/markt\\\/#organization\"},\"potentialAction\":[{\"@type\":\"SearchAction\",\"target\":{\"@type\":\"EntryPoint\",\"urlTemplate\":\"https:\\\/\\\/marktxxl.de\\\/markt\\\/?s={search_term_string}\"},\"query-input\":{\"@type\":\"PropertyValueSpecification\",\"valueRequired\":true,\"valueName\":\"search_term_string\"}}],\"inLanguage\":\"de\"},{\"@type\":\"Organization\",\"@id\":\"https:\\\/\\\/marktxxl.de\\\/markt\\\/#organization\",\"name\":\"Markt-XXL\",\"url\":\"https:\\\/\\\/marktxxl.de\\\/markt\\\/\",\"logo\":{\"@type\":\"ImageObject\",\"inLanguage\":\"de\",\"@id\":\"https:\\\/\\\/marktxxl.de\\\/markt\\\/#\\\/schema\\\/logo\\\/image\\\/\",\"url\":\"https:\\\/\\\/marktxxl.de\\\/markt\\\/wp-content\\\/uploads\\\/sites\\\/3\\\/2020\\\/12\\\/logo.png\",\"contentUrl\":\"https:\\\/\\\/marktxxl.de\\\/markt\\\/wp-content\\\/uploads\\\/sites\\\/3\\\/2020\\\/12\\\/logo.png\",\"width\":200,\"height\":70,\"caption\":\"Markt-XXL\"},\"image\":{\"@id\":\"https:\\\/\\\/marktxxl.de\\\/markt\\\/#\\\/schema\\\/logo\\\/image\\\/\"}}]}<\/script>\n<!-- \/ Yoast SEO plugin. -->","yoast_head_json":{"title":"Ecoye[2 St\u00fcck Kompatibel mit Fire 10 2021\/10 Plus 2021\/10 Kids Pro 2021(11. Generation) Tablet Panzerglas Schutzfolie\u2026 - Markt-XXL","description":"Markt-XXL Ecoye[2 St\u00fcck Kompatibel mit Fire 10 2021\/10 Plus 2021\/10 Kids Pro 2021(11. Generation) Tablet Panzerglas Schutzfolie\u2026","robots":{"index":"index","follow":"follow","max-snippet":"max-snippet:-1","max-image-preview":"max-image-preview:large","max-video-preview":"max-video-preview:-1"},"canonical":"https:\/\/marktxxl.de\/markt\/produkt\/ecoye2-stueck10-2021-10-plus-2021-10-kids-pro-202111-generation-tablet-panzerglas-schutzfolie-displayschutz-2-5d-hd-9h-haerte-anti-kratzen-blaeschenfrei-panzerfolie-glas-folie\/","og_locale":"de_DE","og_type":"article","og_title":"Ecoye[2 St\u00fcck Kompatibel mit Fire 10 2021\/10 Plus 2021\/10 Kids Pro 2021(11. Generation) Tablet Panzerglas Schutzfolie\u2026 - Markt-XXL","og_description":"Markt-XXL Ecoye[2 St\u00fcck Kompatibel mit Fire 10 2021\/10 Plus 2021\/10 Kids Pro 2021(11. Generation) Tablet Panzerglas Schutzfolie\u2026","og_url":"https:\/\/marktxxl.de\/markt\/produkt\/ecoye2-stueck10-2021-10-plus-2021-10-kids-pro-202111-generation-tablet-panzerglas-schutzfolie-displayschutz-2-5d-hd-9h-haerte-anti-kratzen-blaeschenfrei-panzerfolie-glas-folie\/","og_site_name":"Markt-XXL","article_modified_time":"2023-04-11T01:07:17+00:00","og_image":[{"width":500,"height":500,"url":"https:\/\/m.media-amazon.com\/images\/I\/51FdfmK05-S._SL500_.jpg","type":"image\/jpeg"}],"twitter_card":"summary_large_image","schema":{"@context":"https:\/\/schema.org","@graph":[{"@type":"WebPage","@id":"https:\/\/marktxxl.de\/markt\/produkt\/ecoye2-stueck10-2021-10-plus-2021-10-kids-pro-202111-generation-tablet-panzerglas-schutzfolie-displayschutz-2-5d-hd-9h-haerte-anti-kratzen-blaeschenfrei-panzerfolie-glas-folie\/","url":"https:\/\/marktxxl.de\/markt\/produkt\/ecoye2-stueck10-2021-10-plus-2021-10-kids-pro-202111-generation-tablet-panzerglas-schutzfolie-displayschutz-2-5d-hd-9h-haerte-anti-kratzen-blaeschenfrei-panzerfolie-glas-folie\/","name":"Ecoye[2 St\u00fcck Kompatibel mit Fire 10 2021\/10 Plus 2021\/10 Kids Pro 2021(11. Generation) Tablet Panzerglas Schutzfolie\u2026 - Markt-XXL","isPartOf":{"@id":"https:\/\/marktxxl.de\/markt\/#website"},"primaryImageOfPage":{"@id":"https:\/\/marktxxl.de\/markt\/produkt\/ecoye2-stueck10-2021-10-plus-2021-10-kids-pro-202111-generation-tablet-panzerglas-schutzfolie-displayschutz-2-5d-hd-9h-haerte-anti-kratzen-blaeschenfrei-panzerfolie-glas-folie\/#primaryimage"},"image":{"@id":"https:\/\/marktxxl.de\/markt\/produkt\/ecoye2-stueck10-2021-10-plus-2021-10-kids-pro-202111-generation-tablet-panzerglas-schutzfolie-displayschutz-2-5d-hd-9h-haerte-anti-kratzen-blaeschenfrei-panzerfolie-glas-folie\/#primaryimage"},"thumbnailUrl":"https:\/\/m.media-amazon.com\/images\/I\/51FdfmK05-S._SL500_.jpg","datePublished":"2021-12-28T16:36:54+00:00","dateModified":"2023-04-11T01:07:17+00:00","description":"Markt-XXL Ecoye[2 St\u00fcck Kompatibel mit Fire 10 2021\/10 Plus 2021\/10 Kids Pro 2021(11. Generation) Tablet Panzerglas Schutzfolie\u2026","breadcrumb":{"@id":"https:\/\/marktxxl.de\/markt\/produkt\/ecoye2-stueck10-2021-10-plus-2021-10-kids-pro-202111-generation-tablet-panzerglas-schutzfolie-displayschutz-2-5d-hd-9h-haerte-anti-kratzen-blaeschenfrei-panzerfolie-glas-folie\/#breadcrumb"},"inLanguage":"de","potentialAction":[{"@type":"ReadAction","target":["https:\/\/marktxxl.de\/markt\/produkt\/ecoye2-stueck10-2021-10-plus-2021-10-kids-pro-202111-generation-tablet-panzerglas-schutzfolie-displayschutz-2-5d-hd-9h-haerte-anti-kratzen-blaeschenfrei-panzerfolie-glas-folie\/"]}]},{"@type":"ImageObject","inLanguage":"de","@id":"https:\/\/marktxxl.de\/markt\/produkt\/ecoye2-stueck10-2021-10-plus-2021-10-kids-pro-202111-generation-tablet-panzerglas-schutzfolie-displayschutz-2-5d-hd-9h-haerte-anti-kratzen-blaeschenfrei-panzerfolie-glas-folie\/#primaryimage","url":"https:\/\/m.media-amazon.com\/images\/I\/51FdfmK05-S._SL500_.jpg","contentUrl":"https:\/\/m.media-amazon.com\/images\/I\/51FdfmK05-S._SL500_.jpg","width":500,"height":500},{"@type":"BreadcrumbList","@id":"https:\/\/marktxxl.de\/markt\/produkt\/ecoye2-stueck10-2021-10-plus-2021-10-kids-pro-202111-generation-tablet-panzerglas-schutzfolie-displayschutz-2-5d-hd-9h-haerte-anti-kratzen-blaeschenfrei-panzerfolie-glas-folie\/#breadcrumb","itemListElement":[{"@type":"ListItem","position":1,"name":"Startseite","item":"https:\/\/marktxxl.de\/markt\/"},{"@type":"ListItem","position":2,"name":"Markt","item":"https:\/\/marktxxl.de\/markt\/"},{"@type":"ListItem","position":3,"name":"Ecoye[2 St\u00fcck Kompatibel mit Fire 10 2021\/10 Plus 2021\/10 Kids Pro 2021(11. Generation) Tablet Panzerglas Schutzfolie\u2026"}]},{"@type":"WebSite","@id":"https:\/\/marktxxl.de\/markt\/#website","url":"https:\/\/marktxxl.de\/markt\/","name":"Markt-XXL","description":"Ihr Markt Online","publisher":{"@id":"https:\/\/marktxxl.de\/markt\/#organization"},"potentialAction":[{"@type":"SearchAction","target":{"@type":"EntryPoint","urlTemplate":"https:\/\/marktxxl.de\/markt\/?s={search_term_string}"},"query-input":{"@type":"PropertyValueSpecification","valueRequired":true,"valueName":"search_term_string"}}],"inLanguage":"de"},{"@type":"Organization","@id":"https:\/\/marktxxl.de\/markt\/#organization","name":"Markt-XXL","url":"https:\/\/marktxxl.de\/markt\/","logo":{"@type":"ImageObject","inLanguage":"de","@id":"https:\/\/marktxxl.de\/markt\/#\/schema\/logo\/image\/","url":"https:\/\/marktxxl.de\/markt\/wp-content\/uploads\/sites\/3\/2020\/12\/logo.png","contentUrl":"https:\/\/marktxxl.de\/markt\/wp-content\/uploads\/sites\/3\/2020\/12\/logo.png","width":200,"height":70,"caption":"Markt-XXL"},"image":{"@id":"https:\/\/marktxxl.de\/markt\/#\/schema\/logo\/image\/"}}]}},"_links":{"self":[{"href":"https:\/\/marktxxl.de\/markt\/wp-json\/wp\/v2\/product\/87933","targetHints":{"allow":["GET"]}}],"collection":[{"href":"https:\/\/marktxxl.de\/markt\/wp-json\/wp\/v2\/product"}],"about":[{"href":"https:\/\/marktxxl.de\/markt\/wp-json\/wp\/v2\/types\/product"}],"replies":[{"embeddable":true,"href":"https:\/\/marktxxl.de\/markt\/wp-json\/wp\/v2\/comments?post=87933"}],"wp:featuredmedia":[{"embeddable":true,"href":"https:\/\/marktxxl.de\/markt\/wp-json\/wp\/v2\/media\/87934"}],"wp:attachment":[{"href":"https:\/\/marktxxl.de\/markt\/wp-json\/wp\/v2\/media?parent=87933"}],"wp:term":[{"taxonomy":"product_brand","embeddable":true,"href":"https:\/\/marktxxl.de\/markt\/wp-json\/wp\/v2\/product_brand?post=87933"},{"taxonomy":"product_cat","embeddable":true,"href":"https:\/\/marktxxl.de\/markt\/wp-json\/wp\/v2\/product_cat?post=87933"},{"taxonomy":"product_tag","embeddable":true,"href":"https:\/\/marktxxl.de\/markt\/wp-json\/wp\/v2\/product_tag?post=87933"}],"curies":[{"name":"wp","href":"https:\/\/api.w.org\/{rel}","templated":true}]}}