{"id":87831,"date":"2021-12-28T17:34:36","date_gmt":"2021-12-28T16:34:36","guid":{"rendered":"https:\/\/marktxxl.de\/markt\/produkt\/paddington-bear-rucksack-fuer-kinder-lizenzierter-paddington-bear-rucksack-fuer-jungen-oder-maedchen-paddington-bear-schultasche-fuer-maedchen-oder-fuer-jungen-zwischen-3-9-jahren-qualitaet-gewa\/"},"modified":"2023-04-11T03:07:16","modified_gmt":"2023-04-11T01:07:16","slug":"paddington-bear-rucksack-fuer-kinder-lizenzierter-paddington-bear-rucksack-fuer-jungen-oder-maedchen-paddington-bear-schultasche-fuer-maedchen-oder-fuer-jungen-zwischen-3-9-jahren-qualitaet-gewa","status":"publish","type":"product","link":"https:\/\/marktxxl.de\/markt\/produkt\/paddington-bear-rucksack-fuer-kinder-lizenzierter-paddington-bear-rucksack-fuer-jungen-oder-maedchen-paddington-bear-schultasche-fuer-maedchen-oder-fuer-jungen-zwischen-3-9-jahren-qualitaet-gewa\/","title":{"rendered":"Paddington Bear Rucksack f\u00fcr Kinder | Lizenzierter Paddington Bear Rucksack f\u00fcr Jungen oder M\u00e4dchen | Paddington Bear\u2026"},"content":{"rendered":"<p>EINZIGARTIGES DESIGN: Exklusiver Paddington Bear Rucksack, lizenziert und inspiriert durch den Paddington Bear 2 Film. Dieses witzige Design mit Logoelementen ist ein Ausdruck f\u00fcr den Spielspa\u00df und den Charakter von Paddington Bear und seinen Reisen und wird Ihre Kleinen inspirieren, ihre Tr\u00e4ume zu verwirklichen.<br \/>\nPADDINGTON BEAR REISEKOFFER &#8211; Entwickelt, um den Paddington Bear Koffer mit seinen coolen, lustigen Paddington Bear Reiselogos nachzubilden. Es kann das ganze Jahr \u00fcber als Schultasche f\u00fcr Jungen oder M\u00e4dchen und am Tag des Buches eingesetzt werden.<br \/>\nSUPERWEICHE R\u00dcCKENPOLSTERUNG &#8211; Hochwertiges Premium-Design mit dem R\u00fccken Ihres Kindes als oberste Priorit\u00e4t. Dieser Paddington Bear Rucksack wurde mit einer superweichen R\u00fcckenpolsterung entwickelt, um den R\u00fccken und die Schultern Ihres Kindes zu schonen. Au\u00dferdem ist es mit Brustverschl\u00fcssen ausgestattet, um Ihrem Kind zus\u00e4tzliche Unterst\u00fctzung f\u00fcr den R\u00fccken zu geben.<br \/>\nGER\u00c4UMIG &amp; FARBENFROH &#8211; 35cm hoch, 40cm tief und 15cm breit. Er ist ger\u00e4umig und bietet viel Platz f\u00fcr Ihr Kind, um sein Mittagessen oder seine Stifte und B\u00fccher zu verstauen! Er wird mit einem \u00e4u\u00dferen Getr\u00e4nkehalter und einer leicht zug\u00e4nglichen Vordertasche geliefert.<br \/>\nZUR\u00dcCK ZUR SCHULE &amp; FARBENFROH &#8211; Dieser Paddington-Rucksack f\u00fcr M\u00e4dchen oder Jungen kann als Rucksack, Schultasche oder Reisetasche verwendet werden. Super s\u00fc\u00dfer, authentische Paddington Bear Fanartikel, ideal als Geschenk zu Weihnachten, f\u00fcr die Schule oder als perfektes Geburtstagsgeschenk f\u00fcr Paddington 1 oder Paddington 2 Filmfans.<br \/>\n<div class=\"main-cross-sell\" data-asin=\"B07WHFNBPS\">\n\n\t<div class=\"WooZone-cross-sell-loader\">\n\t\t<div>\n\t\t\t<div id=\"floatingBarsG\">\n\t\t\t\t<div class=\"blockG\" id=\"rotateG_01\"><\/div>\n\t\t\t\t<div class=\"blockG\" id=\"rotateG_02\"><\/div>\n\t\t\t\t<div class=\"blockG\" id=\"rotateG_03\"><\/div>\n\t\t\t\t<div class=\"blockG\" id=\"rotateG_04\"><\/div>\n\t\t\t\t<div class=\"blockG\" id=\"rotateG_05\"><\/div>\n\t\t\t\t<div class=\"blockG\" id=\"rotateG_06\"><\/div>\n\t\t\t\t<div class=\"blockG\" id=\"rotateG_07\"><\/div>\n\t\t\t\t<div class=\"blockG\" id=\"rotateG_08\"><\/div>\n\t\t\t<\/div>\n\t\t\t<div class=\"WooZone-cross-sell-loader-text\"><\/div>\n\t\t<\/div>\n\t<\/div>\n\n\t\t\n<\/div>\n<div style=\"clear:both;\"><\/div><\/p>\n","protected":false},"excerpt":{"rendered":"<p>EINZIGARTIGES DESIGN: Exklusiver Paddington Bear Rucksack, lizenziert und inspiriert durch den Paddington Bear 2 Film. Dieses witzige Design mit Logoelementen ist ein Ausdruck f\u00fcr den Spielspa\u00df und den Charakter von Paddington Bear und seinen Reisen und wird Ihre Kleinen inspirieren, ihre Tr\u00e4ume zu verwirklichen.<br \/>\nPADDINGTON BEAR REISEKOFFER &#8211; Entwickelt, um den Paddington Bear Koffer mit seinen coolen, lustigen Paddington Bear Reiselogos nachzubilden. Es kann das ganze Jahr \u00fcber als Schultasche f\u00fcr Jungen oder M\u00e4dchen und am Tag des Buches eingesetzt werden.<br \/>\nSUPERWEICHE R\u00dcCKENPOLSTERUNG &#8211; Hochwertiges Premium-Design mit dem R\u00fccken Ihres Kindes als oberste Priorit\u00e4t. Dieser Paddington Bear Rucksack wurde mit einer superweichen R\u00fcckenpolsterung entwickelt, um den R\u00fccken und die Schultern Ihres Kindes zu schonen. Au\u00dferdem ist es mit Brustverschl\u00fcssen ausgestattet, um Ihrem Kind zus\u00e4tzliche Unterst\u00fctzung f\u00fcr den R\u00fccken zu geben.<\/p>\n","protected":false},"featured_media":87832,"comment_status":"open","ping_status":"closed","template":"","meta":[],"product_brand":[],"product_cat":[504,8631],"product_tag":[],"class_list":{"0":"post-87831","1":"product","2":"type-product","3":"status-publish","4":"has-post-thumbnail","6":"product_cat-buerobedarf-schreibwaren","7":"product_cat-schul-unibedarf","8":"pa_brand-paddington-bear","9":"pa_color-brown","10":"pa_height-1-968503935-zoll","11":"pa_length-14-960629906-zoll","12":"pa_model-c8-8cxr-dklf","13":"pa_size-m","14":"pa_weight-1-19270083742-pfund","15":"pa_width-12-598425184-zoll","17":"first","18":"instock","19":"shipping-taxable","20":"purchasable","21":"product-type-simple","22":"customify-col","23":"product-has-gallery"},"yoast_head":"<!-- This site is optimized with the Yoast SEO plugin v27.4 - https:\/\/yoast.com\/product\/yoast-seo-wordpress\/ -->\n<title>Paddington Bear Rucksack f\u00fcr Kinder | Lizenzierter Paddington Bear Rucksack f\u00fcr Jungen oder M\u00e4dchen | Paddington Bear\u2026 - Markt-XXL<\/title>\n<meta name=\"description\" content=\"Markt-XXL Paddington Bear Rucksack f\u00fcr Kinder | Lizenzierter Paddington Bear Rucksack f\u00fcr Jungen oder M\u00e4dchen | Paddington Bear\u2026\" \/>\n<meta name=\"robots\" content=\"index, follow, max-snippet:-1, max-image-preview:large, max-video-preview:-1\" \/>\n<link rel=\"canonical\" href=\"https:\/\/marktxxl.de\/markt\/produkt\/paddington-bear-rucksack-fuer-kinder-lizenzierter-paddington-bear-rucksack-fuer-jungen-oder-maedchen-paddington-bear-schultasche-fuer-maedchen-oder-fuer-jungen-zwischen-3-9-jahren-qualitaet-gewa\/\" \/>\n<meta property=\"og:locale\" content=\"de_DE\" \/>\n<meta property=\"og:type\" content=\"article\" \/>\n<meta property=\"og:title\" content=\"Paddington Bear Rucksack f\u00fcr Kinder | Lizenzierter Paddington Bear Rucksack f\u00fcr Jungen oder M\u00e4dchen | Paddington Bear\u2026 - Markt-XXL\" \/>\n<meta property=\"og:description\" content=\"Markt-XXL Paddington Bear Rucksack f\u00fcr Kinder | Lizenzierter Paddington Bear Rucksack f\u00fcr Jungen oder M\u00e4dchen | Paddington Bear\u2026\" \/>\n<meta property=\"og:url\" content=\"https:\/\/marktxxl.de\/markt\/produkt\/paddington-bear-rucksack-fuer-kinder-lizenzierter-paddington-bear-rucksack-fuer-jungen-oder-maedchen-paddington-bear-schultasche-fuer-maedchen-oder-fuer-jungen-zwischen-3-9-jahren-qualitaet-gewa\/\" \/>\n<meta property=\"og:site_name\" content=\"Markt-XXL\" \/>\n<meta property=\"article:modified_time\" content=\"2023-04-11T01:07:16+00:00\" \/>\n<meta property=\"og:image\" content=\"https:\/\/m.media-amazon.com\/images\/I\/4107Ycly2zL._SL500_.jpg\" \/>\n\t<meta property=\"og:image:width\" content=\"333\" \/>\n\t<meta property=\"og:image:height\" content=\"500\" \/>\n\t<meta property=\"og:image:type\" content=\"image\/jpeg\" \/>\n<meta name=\"twitter:card\" content=\"summary_large_image\" \/>\n<meta name=\"twitter:label1\" content=\"Gesch\u00e4tzte Lesezeit\" \/>\n\t<meta name=\"twitter:data1\" content=\"1\u00a0Minute\" \/>\n<script type=\"application\/ld+json\" class=\"yoast-schema-graph\">{\"@context\":\"https:\\\/\\\/schema.org\",\"@graph\":[{\"@type\":\"WebPage\",\"@id\":\"https:\\\/\\\/marktxxl.de\\\/markt\\\/produkt\\\/paddington-bear-rucksack-fuer-kinder-lizenzierter-paddington-bear-rucksack-fuer-jungen-oder-maedchen-paddington-bear-schultasche-fuer-maedchen-oder-fuer-jungen-zwischen-3-9-jahren-qualitaet-gewa\\\/\",\"url\":\"https:\\\/\\\/marktxxl.de\\\/markt\\\/produkt\\\/paddington-bear-rucksack-fuer-kinder-lizenzierter-paddington-bear-rucksack-fuer-jungen-oder-maedchen-paddington-bear-schultasche-fuer-maedchen-oder-fuer-jungen-zwischen-3-9-jahren-qualitaet-gewa\\\/\",\"name\":\"Paddington Bear Rucksack f\u00fcr Kinder | Lizenzierter Paddington Bear Rucksack f\u00fcr Jungen oder M\u00e4dchen | Paddington Bear\u2026 - Markt-XXL\",\"isPartOf\":{\"@id\":\"https:\\\/\\\/marktxxl.de\\\/markt\\\/#website\"},\"primaryImageOfPage\":{\"@id\":\"https:\\\/\\\/marktxxl.de\\\/markt\\\/produkt\\\/paddington-bear-rucksack-fuer-kinder-lizenzierter-paddington-bear-rucksack-fuer-jungen-oder-maedchen-paddington-bear-schultasche-fuer-maedchen-oder-fuer-jungen-zwischen-3-9-jahren-qualitaet-gewa\\\/#primaryimage\"},\"image\":{\"@id\":\"https:\\\/\\\/marktxxl.de\\\/markt\\\/produkt\\\/paddington-bear-rucksack-fuer-kinder-lizenzierter-paddington-bear-rucksack-fuer-jungen-oder-maedchen-paddington-bear-schultasche-fuer-maedchen-oder-fuer-jungen-zwischen-3-9-jahren-qualitaet-gewa\\\/#primaryimage\"},\"thumbnailUrl\":\"https:\\\/\\\/m.media-amazon.com\\\/images\\\/I\\\/4107Ycly2zL._SL500_.jpg\",\"datePublished\":\"2021-12-28T16:34:36+00:00\",\"dateModified\":\"2023-04-11T01:07:16+00:00\",\"description\":\"Markt-XXL Paddington Bear Rucksack f\u00fcr Kinder | Lizenzierter Paddington Bear Rucksack f\u00fcr Jungen oder M\u00e4dchen | Paddington Bear\u2026\",\"breadcrumb\":{\"@id\":\"https:\\\/\\\/marktxxl.de\\\/markt\\\/produkt\\\/paddington-bear-rucksack-fuer-kinder-lizenzierter-paddington-bear-rucksack-fuer-jungen-oder-maedchen-paddington-bear-schultasche-fuer-maedchen-oder-fuer-jungen-zwischen-3-9-jahren-qualitaet-gewa\\\/#breadcrumb\"},\"inLanguage\":\"de\",\"potentialAction\":[{\"@type\":\"ReadAction\",\"target\":[\"https:\\\/\\\/marktxxl.de\\\/markt\\\/produkt\\\/paddington-bear-rucksack-fuer-kinder-lizenzierter-paddington-bear-rucksack-fuer-jungen-oder-maedchen-paddington-bear-schultasche-fuer-maedchen-oder-fuer-jungen-zwischen-3-9-jahren-qualitaet-gewa\\\/\"]}]},{\"@type\":\"ImageObject\",\"inLanguage\":\"de\",\"@id\":\"https:\\\/\\\/marktxxl.de\\\/markt\\\/produkt\\\/paddington-bear-rucksack-fuer-kinder-lizenzierter-paddington-bear-rucksack-fuer-jungen-oder-maedchen-paddington-bear-schultasche-fuer-maedchen-oder-fuer-jungen-zwischen-3-9-jahren-qualitaet-gewa\\\/#primaryimage\",\"url\":\"https:\\\/\\\/m.media-amazon.com\\\/images\\\/I\\\/4107Ycly2zL._SL500_.jpg\",\"contentUrl\":\"https:\\\/\\\/m.media-amazon.com\\\/images\\\/I\\\/4107Ycly2zL._SL500_.jpg\",\"width\":333,\"height\":500},{\"@type\":\"BreadcrumbList\",\"@id\":\"https:\\\/\\\/marktxxl.de\\\/markt\\\/produkt\\\/paddington-bear-rucksack-fuer-kinder-lizenzierter-paddington-bear-rucksack-fuer-jungen-oder-maedchen-paddington-bear-schultasche-fuer-maedchen-oder-fuer-jungen-zwischen-3-9-jahren-qualitaet-gewa\\\/#breadcrumb\",\"itemListElement\":[{\"@type\":\"ListItem\",\"position\":1,\"name\":\"Startseite\",\"item\":\"https:\\\/\\\/marktxxl.de\\\/markt\\\/\"},{\"@type\":\"ListItem\",\"position\":2,\"name\":\"Markt\",\"item\":\"https:\\\/\\\/marktxxl.de\\\/markt\\\/\"},{\"@type\":\"ListItem\",\"position\":3,\"name\":\"Paddington Bear Rucksack f\u00fcr Kinder | Lizenzierter Paddington Bear Rucksack f\u00fcr Jungen oder M\u00e4dchen | Paddington Bear\u2026\"}]},{\"@type\":\"WebSite\",\"@id\":\"https:\\\/\\\/marktxxl.de\\\/markt\\\/#website\",\"url\":\"https:\\\/\\\/marktxxl.de\\\/markt\\\/\",\"name\":\"Markt-XXL\",\"description\":\"Ihr Markt Online\",\"publisher\":{\"@id\":\"https:\\\/\\\/marktxxl.de\\\/markt\\\/#organization\"},\"potentialAction\":[{\"@type\":\"SearchAction\",\"target\":{\"@type\":\"EntryPoint\",\"urlTemplate\":\"https:\\\/\\\/marktxxl.de\\\/markt\\\/?s={search_term_string}\"},\"query-input\":{\"@type\":\"PropertyValueSpecification\",\"valueRequired\":true,\"valueName\":\"search_term_string\"}}],\"inLanguage\":\"de\"},{\"@type\":\"Organization\",\"@id\":\"https:\\\/\\\/marktxxl.de\\\/markt\\\/#organization\",\"name\":\"Markt-XXL\",\"url\":\"https:\\\/\\\/marktxxl.de\\\/markt\\\/\",\"logo\":{\"@type\":\"ImageObject\",\"inLanguage\":\"de\",\"@id\":\"https:\\\/\\\/marktxxl.de\\\/markt\\\/#\\\/schema\\\/logo\\\/image\\\/\",\"url\":\"https:\\\/\\\/marktxxl.de\\\/markt\\\/wp-content\\\/uploads\\\/sites\\\/3\\\/2020\\\/12\\\/logo.png\",\"contentUrl\":\"https:\\\/\\\/marktxxl.de\\\/markt\\\/wp-content\\\/uploads\\\/sites\\\/3\\\/2020\\\/12\\\/logo.png\",\"width\":200,\"height\":70,\"caption\":\"Markt-XXL\"},\"image\":{\"@id\":\"https:\\\/\\\/marktxxl.de\\\/markt\\\/#\\\/schema\\\/logo\\\/image\\\/\"}}]}<\/script>\n<!-- \/ Yoast SEO plugin. -->","yoast_head_json":{"title":"Paddington Bear Rucksack f\u00fcr Kinder | Lizenzierter Paddington Bear Rucksack f\u00fcr Jungen oder M\u00e4dchen | Paddington Bear\u2026 - Markt-XXL","description":"Markt-XXL Paddington Bear Rucksack f\u00fcr Kinder | Lizenzierter Paddington Bear Rucksack f\u00fcr Jungen oder M\u00e4dchen | Paddington Bear\u2026","robots":{"index":"index","follow":"follow","max-snippet":"max-snippet:-1","max-image-preview":"max-image-preview:large","max-video-preview":"max-video-preview:-1"},"canonical":"https:\/\/marktxxl.de\/markt\/produkt\/paddington-bear-rucksack-fuer-kinder-lizenzierter-paddington-bear-rucksack-fuer-jungen-oder-maedchen-paddington-bear-schultasche-fuer-maedchen-oder-fuer-jungen-zwischen-3-9-jahren-qualitaet-gewa\/","og_locale":"de_DE","og_type":"article","og_title":"Paddington Bear Rucksack f\u00fcr Kinder | Lizenzierter Paddington Bear Rucksack f\u00fcr Jungen oder M\u00e4dchen | Paddington Bear\u2026 - Markt-XXL","og_description":"Markt-XXL Paddington Bear Rucksack f\u00fcr Kinder | Lizenzierter Paddington Bear Rucksack f\u00fcr Jungen oder M\u00e4dchen | Paddington Bear\u2026","og_url":"https:\/\/marktxxl.de\/markt\/produkt\/paddington-bear-rucksack-fuer-kinder-lizenzierter-paddington-bear-rucksack-fuer-jungen-oder-maedchen-paddington-bear-schultasche-fuer-maedchen-oder-fuer-jungen-zwischen-3-9-jahren-qualitaet-gewa\/","og_site_name":"Markt-XXL","article_modified_time":"2023-04-11T01:07:16+00:00","og_image":[{"width":333,"height":500,"url":"https:\/\/m.media-amazon.com\/images\/I\/4107Ycly2zL._SL500_.jpg","type":"image\/jpeg"}],"twitter_card":"summary_large_image","twitter_misc":{"Gesch\u00e4tzte Lesezeit":"1\u00a0Minute"},"schema":{"@context":"https:\/\/schema.org","@graph":[{"@type":"WebPage","@id":"https:\/\/marktxxl.de\/markt\/produkt\/paddington-bear-rucksack-fuer-kinder-lizenzierter-paddington-bear-rucksack-fuer-jungen-oder-maedchen-paddington-bear-schultasche-fuer-maedchen-oder-fuer-jungen-zwischen-3-9-jahren-qualitaet-gewa\/","url":"https:\/\/marktxxl.de\/markt\/produkt\/paddington-bear-rucksack-fuer-kinder-lizenzierter-paddington-bear-rucksack-fuer-jungen-oder-maedchen-paddington-bear-schultasche-fuer-maedchen-oder-fuer-jungen-zwischen-3-9-jahren-qualitaet-gewa\/","name":"Paddington Bear Rucksack f\u00fcr Kinder | Lizenzierter Paddington Bear Rucksack f\u00fcr Jungen oder M\u00e4dchen | Paddington Bear\u2026 - Markt-XXL","isPartOf":{"@id":"https:\/\/marktxxl.de\/markt\/#website"},"primaryImageOfPage":{"@id":"https:\/\/marktxxl.de\/markt\/produkt\/paddington-bear-rucksack-fuer-kinder-lizenzierter-paddington-bear-rucksack-fuer-jungen-oder-maedchen-paddington-bear-schultasche-fuer-maedchen-oder-fuer-jungen-zwischen-3-9-jahren-qualitaet-gewa\/#primaryimage"},"image":{"@id":"https:\/\/marktxxl.de\/markt\/produkt\/paddington-bear-rucksack-fuer-kinder-lizenzierter-paddington-bear-rucksack-fuer-jungen-oder-maedchen-paddington-bear-schultasche-fuer-maedchen-oder-fuer-jungen-zwischen-3-9-jahren-qualitaet-gewa\/#primaryimage"},"thumbnailUrl":"https:\/\/m.media-amazon.com\/images\/I\/4107Ycly2zL._SL500_.jpg","datePublished":"2021-12-28T16:34:36+00:00","dateModified":"2023-04-11T01:07:16+00:00","description":"Markt-XXL Paddington Bear Rucksack f\u00fcr Kinder | Lizenzierter Paddington Bear Rucksack f\u00fcr Jungen oder M\u00e4dchen | Paddington Bear\u2026","breadcrumb":{"@id":"https:\/\/marktxxl.de\/markt\/produkt\/paddington-bear-rucksack-fuer-kinder-lizenzierter-paddington-bear-rucksack-fuer-jungen-oder-maedchen-paddington-bear-schultasche-fuer-maedchen-oder-fuer-jungen-zwischen-3-9-jahren-qualitaet-gewa\/#breadcrumb"},"inLanguage":"de","potentialAction":[{"@type":"ReadAction","target":["https:\/\/marktxxl.de\/markt\/produkt\/paddington-bear-rucksack-fuer-kinder-lizenzierter-paddington-bear-rucksack-fuer-jungen-oder-maedchen-paddington-bear-schultasche-fuer-maedchen-oder-fuer-jungen-zwischen-3-9-jahren-qualitaet-gewa\/"]}]},{"@type":"ImageObject","inLanguage":"de","@id":"https:\/\/marktxxl.de\/markt\/produkt\/paddington-bear-rucksack-fuer-kinder-lizenzierter-paddington-bear-rucksack-fuer-jungen-oder-maedchen-paddington-bear-schultasche-fuer-maedchen-oder-fuer-jungen-zwischen-3-9-jahren-qualitaet-gewa\/#primaryimage","url":"https:\/\/m.media-amazon.com\/images\/I\/4107Ycly2zL._SL500_.jpg","contentUrl":"https:\/\/m.media-amazon.com\/images\/I\/4107Ycly2zL._SL500_.jpg","width":333,"height":500},{"@type":"BreadcrumbList","@id":"https:\/\/marktxxl.de\/markt\/produkt\/paddington-bear-rucksack-fuer-kinder-lizenzierter-paddington-bear-rucksack-fuer-jungen-oder-maedchen-paddington-bear-schultasche-fuer-maedchen-oder-fuer-jungen-zwischen-3-9-jahren-qualitaet-gewa\/#breadcrumb","itemListElement":[{"@type":"ListItem","position":1,"name":"Startseite","item":"https:\/\/marktxxl.de\/markt\/"},{"@type":"ListItem","position":2,"name":"Markt","item":"https:\/\/marktxxl.de\/markt\/"},{"@type":"ListItem","position":3,"name":"Paddington Bear Rucksack f\u00fcr Kinder | Lizenzierter Paddington Bear Rucksack f\u00fcr Jungen oder M\u00e4dchen | Paddington Bear\u2026"}]},{"@type":"WebSite","@id":"https:\/\/marktxxl.de\/markt\/#website","url":"https:\/\/marktxxl.de\/markt\/","name":"Markt-XXL","description":"Ihr Markt Online","publisher":{"@id":"https:\/\/marktxxl.de\/markt\/#organization"},"potentialAction":[{"@type":"SearchAction","target":{"@type":"EntryPoint","urlTemplate":"https:\/\/marktxxl.de\/markt\/?s={search_term_string}"},"query-input":{"@type":"PropertyValueSpecification","valueRequired":true,"valueName":"search_term_string"}}],"inLanguage":"de"},{"@type":"Organization","@id":"https:\/\/marktxxl.de\/markt\/#organization","name":"Markt-XXL","url":"https:\/\/marktxxl.de\/markt\/","logo":{"@type":"ImageObject","inLanguage":"de","@id":"https:\/\/marktxxl.de\/markt\/#\/schema\/logo\/image\/","url":"https:\/\/marktxxl.de\/markt\/wp-content\/uploads\/sites\/3\/2020\/12\/logo.png","contentUrl":"https:\/\/marktxxl.de\/markt\/wp-content\/uploads\/sites\/3\/2020\/12\/logo.png","width":200,"height":70,"caption":"Markt-XXL"},"image":{"@id":"https:\/\/marktxxl.de\/markt\/#\/schema\/logo\/image\/"}}]}},"_links":{"self":[{"href":"https:\/\/marktxxl.de\/markt\/wp-json\/wp\/v2\/product\/87831","targetHints":{"allow":["GET"]}}],"collection":[{"href":"https:\/\/marktxxl.de\/markt\/wp-json\/wp\/v2\/product"}],"about":[{"href":"https:\/\/marktxxl.de\/markt\/wp-json\/wp\/v2\/types\/product"}],"replies":[{"embeddable":true,"href":"https:\/\/marktxxl.de\/markt\/wp-json\/wp\/v2\/comments?post=87831"}],"wp:featuredmedia":[{"embeddable":true,"href":"https:\/\/marktxxl.de\/markt\/wp-json\/wp\/v2\/media\/87832"}],"wp:attachment":[{"href":"https:\/\/marktxxl.de\/markt\/wp-json\/wp\/v2\/media?parent=87831"}],"wp:term":[{"taxonomy":"product_brand","embeddable":true,"href":"https:\/\/marktxxl.de\/markt\/wp-json\/wp\/v2\/product_brand?post=87831"},{"taxonomy":"product_cat","embeddable":true,"href":"https:\/\/marktxxl.de\/markt\/wp-json\/wp\/v2\/product_cat?post=87831"},{"taxonomy":"product_tag","embeddable":true,"href":"https:\/\/marktxxl.de\/markt\/wp-json\/wp\/v2\/product_tag?post=87831"}],"curies":[{"name":"wp","href":"https:\/\/api.w.org\/{rel}","templated":true}]}}