{"id":86638,"date":"2021-12-28T16:04:10","date_gmt":"2021-12-28T15:04:10","guid":{"rendered":"https:\/\/marktxxl.de\/markt\/produkt\/pokemon-t-shirt-jungen-pikachu-pika-comic-gamer-kinder-white-top\/"},"modified":"2023-04-09T02:40:12","modified_gmt":"2023-04-09T00:40:12","slug":"pokemon-t-shirt-jungen-pikachu-pika-comic-gamer-kinder-white-top","status":"publish","type":"product","link":"https:\/\/marktxxl.de\/markt\/produkt\/pokemon-t-shirt-jungen-pikachu-pika-comic-gamer-kinder-white-top\/","title":{"rendered":"Pokemon T-Shirt Jungen Pikachu Pika Comic Gamer Kinder White Top"},"content":{"rendered":"<p>POKEMON T-SHIRT F\u00dcR JUNGEN &amp; M\u00c4DCHEN &#8211; Das Pok\u00e9mon-Oberteil f\u00fcr Kinder und Jugendliche hat kurze \u00c4rmel und einen Rundhalsausschnitt f\u00fcr ein stilvolles und bequemes Gef\u00fchl. Das stylische Pok\u00e9mon-Shirt ist perfekt f\u00fcr Pok\u00e9mon-Spiele oder wenn Sie im Winter, Fr\u00fchling, Sommer und Herbst etwas Spa\u00df haben m\u00f6chten!<br \/>\nVERF\u00dcGBAR IN VIELF\u00c4LTIGEN GR\u00d6SSEN POKEMON MERCH &#8211; Dieses Pok\u00e9mon-Top f\u00fcr Jungen ist in verschiedenen Gr\u00f6\u00dfen erh\u00e4ltlich. 3-4, 5-6, 7-8, 9-10, 11-12 und 13-14 Jahre. Sie sind normal f\u00fcr Kinder geeignet und bieten ultimativen Komfort. Sie eignen sich hervorragend als Pok\u00e9mon-Geburtstagsgeschenk oder f\u00fcr besondere Anl\u00e4sse.<br \/>\n100% BAUMWOLLE T-SHIRT POKEMON GESCHENK &#8211; Die Pok\u00e9mon-Kleidung f\u00fcr Jungen besteht aus Baumwolle und f\u00fchlt sich weich und bequem an. Genial f\u00fcr Pok\u00e9mon-Spiele und wenn Sie etwas brauchen, das Spa\u00df macht und das Sie f\u00fcr Ihre t\u00e4gliche Garderobe tragen k\u00f6nnen.<br \/>\nPIKACHU &amp; COMIC PRINT TEE &#8211; Pok\u00e9mon-Artikel f\u00fcr Gamer pr\u00e4sentieren die beliebtesten Pok\u00e9mon-Charaktere der Fans, Pikachu, Mewtwo, Charizard und Psyduck, umgeben von einem wiederholten Comic-Panel-Effekt, der das perfekte Pok\u00e9mon-Geschenk f\u00fcr Geburtstage, Weihnachten und alle Gelegenheiten darstellt.<br \/>\nOFFIZIELL LIZENZIERTE POKEMON-WAREN &#8211; Dieses Pok\u00e9mon-Top f\u00fcr Sie und Ihn ist 100% offizielle Pok\u00e9mon-Ware und das perfekte Geschenk f\u00fcr alle Pok\u00e9mon-Liebhaber! Um dieses Produkt optimal nutzen zu k\u00f6nnen, befolgen Sie bitte vor dem Gebrauch alle Anweisungen auf dem Wasch- und Pflegeetikett.<br \/>\n<div class=\"main-cross-sell\" data-asin=\"B0784GGZG1\">\n\n\t<div class=\"WooZone-cross-sell-loader\">\n\t\t<div>\n\t\t\t<div id=\"floatingBarsG\">\n\t\t\t\t<div class=\"blockG\" id=\"rotateG_01\"><\/div>\n\t\t\t\t<div class=\"blockG\" id=\"rotateG_02\"><\/div>\n\t\t\t\t<div class=\"blockG\" id=\"rotateG_03\"><\/div>\n\t\t\t\t<div class=\"blockG\" id=\"rotateG_04\"><\/div>\n\t\t\t\t<div class=\"blockG\" id=\"rotateG_05\"><\/div>\n\t\t\t\t<div class=\"blockG\" id=\"rotateG_06\"><\/div>\n\t\t\t\t<div class=\"blockG\" id=\"rotateG_07\"><\/div>\n\t\t\t\t<div class=\"blockG\" id=\"rotateG_08\"><\/div>\n\t\t\t<\/div>\n\t\t\t<div class=\"WooZone-cross-sell-loader-text\"><\/div>\n\t\t<\/div>\n\t<\/div>\n\n\t\t\n<\/div>\n<div style=\"clear:both;\"><\/div><\/p>\n","protected":false},"excerpt":{"rendered":"<p>POKEMON T-SHIRT F\u00dcR JUNGEN &amp; M\u00c4DCHEN &#8211; Das Pok\u00e9mon-Oberteil f\u00fcr Kinder und Jugendliche hat kurze \u00c4rmel und einen Rundhalsausschnitt f\u00fcr ein stilvolles und bequemes Gef\u00fchl. Das stylische Pok\u00e9mon-Shirt ist perfekt f\u00fcr Pok\u00e9mon-Spiele oder wenn Sie im Winter, Fr\u00fchling, Sommer und Herbst etwas Spa\u00df haben m\u00f6chten!<br \/>\nVERF\u00dcGBAR IN VIELF\u00c4LTIGEN GR\u00d6SSEN POKEMON MERCH &#8211; Dieses Pok\u00e9mon-Top f\u00fcr Jungen ist in verschiedenen Gr\u00f6\u00dfen erh\u00e4ltlich. 3-4, 5-6, 7-8, 9-10, 11-12 und 13-14 Jahre. Sie sind normal f\u00fcr Kinder geeignet und bieten ultimativen Komfort. Sie eignen sich hervorragend als Pok\u00e9mon-Geburtstagsgeschenk oder f\u00fcr besondere Anl\u00e4sse.<br \/>\n100% BAUMWOLLE T-SHIRT POKEMON GESCHENK &#8211; Die Pok\u00e9mon-Kleidung f\u00fcr Jungen besteht aus Baumwolle und f\u00fchlt sich weich und bequem an. Genial f\u00fcr Pok\u00e9mon-Spiele und wenn Sie etwas brauchen, das Spa\u00df macht und das Sie f\u00fcr Ihre t\u00e4gliche Garderobe tragen k\u00f6nnen.<\/p>\n","protected":false},"featured_media":86639,"comment_status":"open","ping_status":"closed","template":"","meta":[],"product_brand":[],"product_cat":[1186,4069],"product_tag":[],"class_list":{"0":"post-86638","1":"product","2":"type-product","3":"status-publish","4":"has-post-thumbnail","6":"product_cat-bekleidung","7":"product_cat-spezielle-anlaesse","8":"pa_binding-textilien","9":"pa_brand-pokemon","10":"pa_color-grau","11":"pa_manufacturer-vanilla-underground","13":"first","14":"instock","15":"shipping-taxable","16":"purchasable","17":"product-type-simple","18":"customify-col","19":"product-has-gallery"},"yoast_head":"<!-- This site is optimized with the Yoast SEO plugin v27.4 - https:\/\/yoast.com\/product\/yoast-seo-wordpress\/ -->\n<title>Pokemon T-Shirt Jungen Pikachu Pika Comic Gamer Kinder White Top - Markt-XXL<\/title>\n<meta name=\"description\" content=\"Markt-XXL Pokemon T-Shirt Jungen Pikachu Pika Comic Gamer Kinder White Top\" \/>\n<meta name=\"robots\" content=\"index, follow, max-snippet:-1, max-image-preview:large, max-video-preview:-1\" \/>\n<link rel=\"canonical\" href=\"https:\/\/marktxxl.de\/markt\/produkt\/pokemon-t-shirt-jungen-pikachu-pika-comic-gamer-kinder-white-top\/\" \/>\n<meta property=\"og:locale\" content=\"de_DE\" \/>\n<meta property=\"og:type\" content=\"article\" \/>\n<meta property=\"og:title\" content=\"Pokemon T-Shirt Jungen Pikachu Pika Comic Gamer Kinder White Top - Markt-XXL\" \/>\n<meta property=\"og:description\" content=\"Markt-XXL Pokemon T-Shirt Jungen Pikachu Pika Comic Gamer Kinder White Top\" \/>\n<meta property=\"og:url\" content=\"https:\/\/marktxxl.de\/markt\/produkt\/pokemon-t-shirt-jungen-pikachu-pika-comic-gamer-kinder-white-top\/\" \/>\n<meta property=\"og:site_name\" content=\"Markt-XXL\" \/>\n<meta property=\"article:modified_time\" content=\"2023-04-09T00:40:12+00:00\" \/>\n<meta property=\"og:image\" content=\"https:\/\/m.media-amazon.com\/images\/I\/41cdCeZILuL._SL500_.jpg\" \/>\n\t<meta property=\"og:image:width\" content=\"393\" \/>\n\t<meta property=\"og:image:height\" content=\"500\" \/>\n\t<meta property=\"og:image:type\" content=\"image\/jpeg\" \/>\n<meta name=\"twitter:card\" content=\"summary_large_image\" \/>\n<meta name=\"twitter:label1\" content=\"Gesch\u00e4tzte Lesezeit\" \/>\n\t<meta name=\"twitter:data1\" content=\"1\u00a0Minute\" \/>\n<script type=\"application\/ld+json\" class=\"yoast-schema-graph\">{\"@context\":\"https:\\\/\\\/schema.org\",\"@graph\":[{\"@type\":\"WebPage\",\"@id\":\"https:\\\/\\\/marktxxl.de\\\/markt\\\/produkt\\\/pokemon-t-shirt-jungen-pikachu-pika-comic-gamer-kinder-white-top\\\/\",\"url\":\"https:\\\/\\\/marktxxl.de\\\/markt\\\/produkt\\\/pokemon-t-shirt-jungen-pikachu-pika-comic-gamer-kinder-white-top\\\/\",\"name\":\"Pokemon T-Shirt Jungen Pikachu Pika Comic Gamer Kinder White Top - Markt-XXL\",\"isPartOf\":{\"@id\":\"https:\\\/\\\/marktxxl.de\\\/markt\\\/#website\"},\"primaryImageOfPage\":{\"@id\":\"https:\\\/\\\/marktxxl.de\\\/markt\\\/produkt\\\/pokemon-t-shirt-jungen-pikachu-pika-comic-gamer-kinder-white-top\\\/#primaryimage\"},\"image\":{\"@id\":\"https:\\\/\\\/marktxxl.de\\\/markt\\\/produkt\\\/pokemon-t-shirt-jungen-pikachu-pika-comic-gamer-kinder-white-top\\\/#primaryimage\"},\"thumbnailUrl\":\"https:\\\/\\\/m.media-amazon.com\\\/images\\\/I\\\/41cdCeZILuL._SL500_.jpg\",\"datePublished\":\"2021-12-28T15:04:10+00:00\",\"dateModified\":\"2023-04-09T00:40:12+00:00\",\"description\":\"Markt-XXL Pokemon T-Shirt Jungen Pikachu Pika Comic Gamer Kinder White Top\",\"breadcrumb\":{\"@id\":\"https:\\\/\\\/marktxxl.de\\\/markt\\\/produkt\\\/pokemon-t-shirt-jungen-pikachu-pika-comic-gamer-kinder-white-top\\\/#breadcrumb\"},\"inLanguage\":\"de\",\"potentialAction\":[{\"@type\":\"ReadAction\",\"target\":[\"https:\\\/\\\/marktxxl.de\\\/markt\\\/produkt\\\/pokemon-t-shirt-jungen-pikachu-pika-comic-gamer-kinder-white-top\\\/\"]}]},{\"@type\":\"ImageObject\",\"inLanguage\":\"de\",\"@id\":\"https:\\\/\\\/marktxxl.de\\\/markt\\\/produkt\\\/pokemon-t-shirt-jungen-pikachu-pika-comic-gamer-kinder-white-top\\\/#primaryimage\",\"url\":\"https:\\\/\\\/m.media-amazon.com\\\/images\\\/I\\\/41cdCeZILuL._SL500_.jpg\",\"contentUrl\":\"https:\\\/\\\/m.media-amazon.com\\\/images\\\/I\\\/41cdCeZILuL._SL500_.jpg\",\"width\":393,\"height\":500},{\"@type\":\"BreadcrumbList\",\"@id\":\"https:\\\/\\\/marktxxl.de\\\/markt\\\/produkt\\\/pokemon-t-shirt-jungen-pikachu-pika-comic-gamer-kinder-white-top\\\/#breadcrumb\",\"itemListElement\":[{\"@type\":\"ListItem\",\"position\":1,\"name\":\"Startseite\",\"item\":\"https:\\\/\\\/marktxxl.de\\\/markt\\\/\"},{\"@type\":\"ListItem\",\"position\":2,\"name\":\"Markt\",\"item\":\"https:\\\/\\\/marktxxl.de\\\/markt\\\/\"},{\"@type\":\"ListItem\",\"position\":3,\"name\":\"Pokemon T-Shirt Jungen Pikachu Pika Comic Gamer Kinder White Top\"}]},{\"@type\":\"WebSite\",\"@id\":\"https:\\\/\\\/marktxxl.de\\\/markt\\\/#website\",\"url\":\"https:\\\/\\\/marktxxl.de\\\/markt\\\/\",\"name\":\"Markt-XXL\",\"description\":\"Ihr Markt Online\",\"publisher\":{\"@id\":\"https:\\\/\\\/marktxxl.de\\\/markt\\\/#organization\"},\"potentialAction\":[{\"@type\":\"SearchAction\",\"target\":{\"@type\":\"EntryPoint\",\"urlTemplate\":\"https:\\\/\\\/marktxxl.de\\\/markt\\\/?s={search_term_string}\"},\"query-input\":{\"@type\":\"PropertyValueSpecification\",\"valueRequired\":true,\"valueName\":\"search_term_string\"}}],\"inLanguage\":\"de\"},{\"@type\":\"Organization\",\"@id\":\"https:\\\/\\\/marktxxl.de\\\/markt\\\/#organization\",\"name\":\"Markt-XXL\",\"url\":\"https:\\\/\\\/marktxxl.de\\\/markt\\\/\",\"logo\":{\"@type\":\"ImageObject\",\"inLanguage\":\"de\",\"@id\":\"https:\\\/\\\/marktxxl.de\\\/markt\\\/#\\\/schema\\\/logo\\\/image\\\/\",\"url\":\"https:\\\/\\\/marktxxl.de\\\/markt\\\/wp-content\\\/uploads\\\/sites\\\/3\\\/2020\\\/12\\\/logo.png\",\"contentUrl\":\"https:\\\/\\\/marktxxl.de\\\/markt\\\/wp-content\\\/uploads\\\/sites\\\/3\\\/2020\\\/12\\\/logo.png\",\"width\":200,\"height\":70,\"caption\":\"Markt-XXL\"},\"image\":{\"@id\":\"https:\\\/\\\/marktxxl.de\\\/markt\\\/#\\\/schema\\\/logo\\\/image\\\/\"}}]}<\/script>\n<!-- \/ Yoast SEO plugin. -->","yoast_head_json":{"title":"Pokemon T-Shirt Jungen Pikachu Pika Comic Gamer Kinder White Top - Markt-XXL","description":"Markt-XXL Pokemon T-Shirt Jungen Pikachu Pika Comic Gamer Kinder White Top","robots":{"index":"index","follow":"follow","max-snippet":"max-snippet:-1","max-image-preview":"max-image-preview:large","max-video-preview":"max-video-preview:-1"},"canonical":"https:\/\/marktxxl.de\/markt\/produkt\/pokemon-t-shirt-jungen-pikachu-pika-comic-gamer-kinder-white-top\/","og_locale":"de_DE","og_type":"article","og_title":"Pokemon T-Shirt Jungen Pikachu Pika Comic Gamer Kinder White Top - Markt-XXL","og_description":"Markt-XXL Pokemon T-Shirt Jungen Pikachu Pika Comic Gamer Kinder White Top","og_url":"https:\/\/marktxxl.de\/markt\/produkt\/pokemon-t-shirt-jungen-pikachu-pika-comic-gamer-kinder-white-top\/","og_site_name":"Markt-XXL","article_modified_time":"2023-04-09T00:40:12+00:00","og_image":[{"width":393,"height":500,"url":"https:\/\/m.media-amazon.com\/images\/I\/41cdCeZILuL._SL500_.jpg","type":"image\/jpeg"}],"twitter_card":"summary_large_image","twitter_misc":{"Gesch\u00e4tzte Lesezeit":"1\u00a0Minute"},"schema":{"@context":"https:\/\/schema.org","@graph":[{"@type":"WebPage","@id":"https:\/\/marktxxl.de\/markt\/produkt\/pokemon-t-shirt-jungen-pikachu-pika-comic-gamer-kinder-white-top\/","url":"https:\/\/marktxxl.de\/markt\/produkt\/pokemon-t-shirt-jungen-pikachu-pika-comic-gamer-kinder-white-top\/","name":"Pokemon T-Shirt Jungen Pikachu Pika Comic Gamer Kinder White Top - Markt-XXL","isPartOf":{"@id":"https:\/\/marktxxl.de\/markt\/#website"},"primaryImageOfPage":{"@id":"https:\/\/marktxxl.de\/markt\/produkt\/pokemon-t-shirt-jungen-pikachu-pika-comic-gamer-kinder-white-top\/#primaryimage"},"image":{"@id":"https:\/\/marktxxl.de\/markt\/produkt\/pokemon-t-shirt-jungen-pikachu-pika-comic-gamer-kinder-white-top\/#primaryimage"},"thumbnailUrl":"https:\/\/m.media-amazon.com\/images\/I\/41cdCeZILuL._SL500_.jpg","datePublished":"2021-12-28T15:04:10+00:00","dateModified":"2023-04-09T00:40:12+00:00","description":"Markt-XXL Pokemon T-Shirt Jungen Pikachu Pika Comic Gamer Kinder White Top","breadcrumb":{"@id":"https:\/\/marktxxl.de\/markt\/produkt\/pokemon-t-shirt-jungen-pikachu-pika-comic-gamer-kinder-white-top\/#breadcrumb"},"inLanguage":"de","potentialAction":[{"@type":"ReadAction","target":["https:\/\/marktxxl.de\/markt\/produkt\/pokemon-t-shirt-jungen-pikachu-pika-comic-gamer-kinder-white-top\/"]}]},{"@type":"ImageObject","inLanguage":"de","@id":"https:\/\/marktxxl.de\/markt\/produkt\/pokemon-t-shirt-jungen-pikachu-pika-comic-gamer-kinder-white-top\/#primaryimage","url":"https:\/\/m.media-amazon.com\/images\/I\/41cdCeZILuL._SL500_.jpg","contentUrl":"https:\/\/m.media-amazon.com\/images\/I\/41cdCeZILuL._SL500_.jpg","width":393,"height":500},{"@type":"BreadcrumbList","@id":"https:\/\/marktxxl.de\/markt\/produkt\/pokemon-t-shirt-jungen-pikachu-pika-comic-gamer-kinder-white-top\/#breadcrumb","itemListElement":[{"@type":"ListItem","position":1,"name":"Startseite","item":"https:\/\/marktxxl.de\/markt\/"},{"@type":"ListItem","position":2,"name":"Markt","item":"https:\/\/marktxxl.de\/markt\/"},{"@type":"ListItem","position":3,"name":"Pokemon T-Shirt Jungen Pikachu Pika Comic Gamer Kinder White Top"}]},{"@type":"WebSite","@id":"https:\/\/marktxxl.de\/markt\/#website","url":"https:\/\/marktxxl.de\/markt\/","name":"Markt-XXL","description":"Ihr Markt Online","publisher":{"@id":"https:\/\/marktxxl.de\/markt\/#organization"},"potentialAction":[{"@type":"SearchAction","target":{"@type":"EntryPoint","urlTemplate":"https:\/\/marktxxl.de\/markt\/?s={search_term_string}"},"query-input":{"@type":"PropertyValueSpecification","valueRequired":true,"valueName":"search_term_string"}}],"inLanguage":"de"},{"@type":"Organization","@id":"https:\/\/marktxxl.de\/markt\/#organization","name":"Markt-XXL","url":"https:\/\/marktxxl.de\/markt\/","logo":{"@type":"ImageObject","inLanguage":"de","@id":"https:\/\/marktxxl.de\/markt\/#\/schema\/logo\/image\/","url":"https:\/\/marktxxl.de\/markt\/wp-content\/uploads\/sites\/3\/2020\/12\/logo.png","contentUrl":"https:\/\/marktxxl.de\/markt\/wp-content\/uploads\/sites\/3\/2020\/12\/logo.png","width":200,"height":70,"caption":"Markt-XXL"},"image":{"@id":"https:\/\/marktxxl.de\/markt\/#\/schema\/logo\/image\/"}}]}},"_links":{"self":[{"href":"https:\/\/marktxxl.de\/markt\/wp-json\/wp\/v2\/product\/86638","targetHints":{"allow":["GET"]}}],"collection":[{"href":"https:\/\/marktxxl.de\/markt\/wp-json\/wp\/v2\/product"}],"about":[{"href":"https:\/\/marktxxl.de\/markt\/wp-json\/wp\/v2\/types\/product"}],"replies":[{"embeddable":true,"href":"https:\/\/marktxxl.de\/markt\/wp-json\/wp\/v2\/comments?post=86638"}],"wp:featuredmedia":[{"embeddable":true,"href":"https:\/\/marktxxl.de\/markt\/wp-json\/wp\/v2\/media\/86639"}],"wp:attachment":[{"href":"https:\/\/marktxxl.de\/markt\/wp-json\/wp\/v2\/media?parent=86638"}],"wp:term":[{"taxonomy":"product_brand","embeddable":true,"href":"https:\/\/marktxxl.de\/markt\/wp-json\/wp\/v2\/product_brand?post=86638"},{"taxonomy":"product_cat","embeddable":true,"href":"https:\/\/marktxxl.de\/markt\/wp-json\/wp\/v2\/product_cat?post=86638"},{"taxonomy":"product_tag","embeddable":true,"href":"https:\/\/marktxxl.de\/markt\/wp-json\/wp\/v2\/product_tag?post=86638"}],"curies":[{"name":"wp","href":"https:\/\/api.w.org\/{rel}","templated":true}]}}