{"id":86487,"date":"2021-12-28T15:57:25","date_gmt":"2021-12-28T14:57:25","guid":{"rendered":"https:\/\/marktxxl.de\/markt\/produkt\/magnetische-wimpern-eyeliner-kit-5-paare-wiederverwendet-magnet-wimpern-mit-magnet-eyeliner-und-pinzette-wasserdicht-natuerlich-aussehend-kein-kleber-erforderlich\/"},"modified":"2023-04-09T02:39:33","modified_gmt":"2023-04-09T00:39:33","slug":"magnetische-wimpern-eyeliner-kit-5-paare-wiederverwendet-magnet-wimpern-mit-magnet-eyeliner-und-pinzette-wasserdicht-natuerlich-aussehend-kein-kleber-erforderlich","status":"publish","type":"product","link":"https:\/\/marktxxl.de\/markt\/produkt\/magnetische-wimpern-eyeliner-kit-5-paare-wiederverwendet-magnet-wimpern-mit-magnet-eyeliner-und-pinzette-wasserdicht-natuerlich-aussehend-kein-kleber-erforderlich\/","title":{"rendered":"Magnetische Wimpern Eyeliner Kit 5 Paare Wiederverwendet Magnet Wimpern mit Magnet Eyeliner Und Pinzette Wasserdicht\u2026"},"content":{"rendered":"<p>\ud83c\udf1fDIE ERSTE WAHL F\u00dcR ANF\u00c4NGER\ud83c\udf1fSch\u00fctteln sie den magnetischen eyeliner vor dem gebrauch einige male vorsichtig. Dann tragen sie den eyeliner auf das augenlid auf, wobei sie mehrere schichten auftragen, um den magnetismus zu erh\u00f6hen. Wenn der eyeliner fast trocken ist, setzen sie die von Ihnen gew\u00e4hlten falschen wimpern auf und nehmen sie kleinere korrekturen vor. Um den meisten menschen gerecht zu werden, haben wir es so bequem wie m\u00f6glich gemacht.<br \/>\n\ud83c\udf1fVERWENDBAR &amp; EINFACH ZU BENUTZEN UND ENTFERNEN\ud83c\udf1fWie entferne ich sie? Tragen sie zun\u00e4chst ein mit Make-up-Entferner angefeuchtetes wattepad auf die augenpartie auf, warten sie 1-2 minuten und entfernen sie die magnetischen wimpern vorsichtig. Entfernen sie anschlie\u00dfend Ihr Augen-Make-up auf die von Ihnen bevorzugte weise. Die magnetischen wimpern k\u00f6nnen wiederverwendet werden, wenn sie den fleck nach jedem gebrauch entfernen und gut aufbewahren.<br \/>\n\ud83c\udf1fDIE PERFEKTEN EIGENSCHAFTEN F\u00dcR SIE\ud83c\udf1fDer magnetic eyeliner ist wasserfest, h\u00e4lt lange und ist praktisch geruchsneutral. Sie k\u00f6nnen mit hingabe gehen, auch im regen, aber stellen sie sicher, dass sie den magnetischen eyeliner mehrmals anwenden, um seine magnetischen eigenschaften zu erh\u00f6hen. Es wird eine sichere technologie verwendet, damit die wimpern so lange wie m\u00f6glich halten, aber sie werden trotzdem daran erinnert, Ihr Make-up zu entfernen, bevor sie sich zur nachtruhe begeben.<br \/>\n\ud83c\udf1fMAGNETISCHES EYELINER-KIT MIT STARKEM HOLD\ud83c\udf1fUnser eyeliner enth\u00e4lt magnetische Inhaltsstoffe und ben\u00f6tigt keinen wimpernkleber mehr wie bei herk\u00f6mmlichen falschen wimpern. Die m\u00f6glichkeit von allergien wird stark reduziert. Tragen sie einfach 2-3 schichten magnetischen eyeliner wie einen normalen eyeliner auf das augenlid auf, um den magnetismus zu verst\u00e4rken.<br \/>\n\ud83c\udf1fMAGNETISCHER EYELINER UND WIMPERN KIT\ud83c\udf1fUnser produkt enth\u00e4lt 5 paar magnetische falsche wimpern und 2 magnetische eyeliner. 5 paar magnetwimpern in verschiedenen styles und l\u00e4ngen. Geeignet f\u00fcr viele Anl\u00e4sse, Schule, Arbeit, Partys, Termine usw.<br \/>\n<div class=\"main-cross-sell\" data-asin=\"B09C5WR4KL\">\n\n\t<div class=\"WooZone-cross-sell-loader\">\n\t\t<div>\n\t\t\t<div id=\"floatingBarsG\">\n\t\t\t\t<div class=\"blockG\" id=\"rotateG_01\"><\/div>\n\t\t\t\t<div class=\"blockG\" id=\"rotateG_02\"><\/div>\n\t\t\t\t<div class=\"blockG\" id=\"rotateG_03\"><\/div>\n\t\t\t\t<div class=\"blockG\" id=\"rotateG_04\"><\/div>\n\t\t\t\t<div class=\"blockG\" id=\"rotateG_05\"><\/div>\n\t\t\t\t<div class=\"blockG\" id=\"rotateG_06\"><\/div>\n\t\t\t\t<div class=\"blockG\" id=\"rotateG_07\"><\/div>\n\t\t\t\t<div class=\"blockG\" id=\"rotateG_08\"><\/div>\n\t\t\t<\/div>\n\t\t\t<div class=\"WooZone-cross-sell-loader-text\"><\/div>\n\t\t<\/div>\n\t<\/div>\n\n\t\t\n<\/div>\n<div style=\"clear:both;\"><\/div><\/p>\n","protected":false},"excerpt":{"rendered":"<p>\ud83c\udf1fDIE ERSTE WAHL F\u00dcR ANF\u00c4NGER\ud83c\udf1fSch\u00fctteln sie den magnetischen eyeliner vor dem gebrauch einige male vorsichtig. Dann tragen sie den eyeliner auf das augenlid auf, wobei sie mehrere schichten auftragen, um den magnetismus zu erh\u00f6hen. Wenn der eyeliner fast trocken ist, setzen sie die von Ihnen gew\u00e4hlten falschen wimpern auf und nehmen sie kleinere korrekturen vor. Um den meisten menschen gerecht zu werden, haben wir es so bequem wie m\u00f6glich gemacht.<br \/>\n\ud83c\udf1fVERWENDBAR &amp; EINFACH ZU BENUTZEN UND ENTFERNEN\ud83c\udf1fWie entferne ich sie? Tragen sie zun\u00e4chst ein mit Make-up-Entferner angefeuchtetes wattepad auf die augenpartie auf, warten sie 1-2 minuten und entfernen sie die magnetischen wimpern vorsichtig. Entfernen sie anschlie\u00dfend Ihr Augen-Make-up auf die von Ihnen bevorzugte weise. Die magnetischen wimpern k\u00f6nnen wiederverwendet werden, wenn sie den fleck nach jedem gebrauch entfernen und gut aufbewahren.<br \/>\n\ud83c\udf1fDIE PERFEKTEN EIGENSCHAFTEN F\u00dcR SIE\ud83c\udf1fDer magnetic eyeliner ist wasserfest, h\u00e4lt lange und ist praktisch geruchsneutral. Sie k\u00f6nnen mit hingabe gehen, auch im regen, aber stellen sie sicher, dass sie den magnetischen eyeliner mehrmals anwenden, um seine magnetischen eigenschaften zu erh\u00f6hen. Es wird eine sichere technologie verwendet, damit die wimpern so lange wie m\u00f6glich halten, aber sie werden trotzdem daran erinnert, Ihr Make-up zu entfernen, bevor sie sich zur nachtruhe begeben.<\/p>\n","protected":false},"featured_media":86488,"comment_status":"open","ping_status":"closed","template":"","meta":[],"product_brand":[],"product_cat":[2858,7575],"product_tag":[],"class_list":{"0":"post-86487","1":"product","2":"type-product","3":"status-publish","4":"has-post-thumbnail","6":"product_cat-beauty","7":"product_cat-make-up","8":"pa_brand-magnetic-sl","9":"pa_height-0-5511811018-zoll","10":"pa_length-5-6299212541-zoll","11":"pa_manufacturer-magnetic-sl","12":"pa_size-13-teiliges-set","13":"pa_width-5-3149606245-zoll","15":"first","16":"instock","17":"shipping-taxable","18":"purchasable","19":"product-type-simple","20":"customify-col","21":"product-has-gallery"},"yoast_head":"<!-- This site is optimized with the Yoast SEO plugin v27.4 - https:\/\/yoast.com\/product\/yoast-seo-wordpress\/ -->\n<title>Magnetische Wimpern Eyeliner Kit 5 Paare Wiederverwendet Magnet Wimpern mit Magnet Eyeliner Und Pinzette Wasserdicht\u2026 - Markt-XXL<\/title>\n<meta name=\"description\" content=\"Markt-XXL Magnetische Wimpern Eyeliner Kit 5 Paare Wiederverwendet Magnet Wimpern mit Magnet Eyeliner Und Pinzette Wasserdicht\u2026\" \/>\n<meta name=\"robots\" content=\"index, follow, max-snippet:-1, max-image-preview:large, max-video-preview:-1\" \/>\n<link rel=\"canonical\" href=\"https:\/\/marktxxl.de\/markt\/produkt\/magnetische-wimpern-eyeliner-kit-5-paare-wiederverwendet-magnet-wimpern-mit-magnet-eyeliner-und-pinzette-wasserdicht-natuerlich-aussehend-kein-kleber-erforderlich\/\" \/>\n<meta property=\"og:locale\" content=\"de_DE\" \/>\n<meta property=\"og:type\" content=\"article\" \/>\n<meta property=\"og:title\" content=\"Magnetische Wimpern Eyeliner Kit 5 Paare Wiederverwendet Magnet Wimpern mit Magnet Eyeliner Und Pinzette Wasserdicht\u2026 - Markt-XXL\" \/>\n<meta property=\"og:description\" content=\"Markt-XXL Magnetische Wimpern Eyeliner Kit 5 Paare Wiederverwendet Magnet Wimpern mit Magnet Eyeliner Und Pinzette Wasserdicht\u2026\" \/>\n<meta property=\"og:url\" content=\"https:\/\/marktxxl.de\/markt\/produkt\/magnetische-wimpern-eyeliner-kit-5-paare-wiederverwendet-magnet-wimpern-mit-magnet-eyeliner-und-pinzette-wasserdicht-natuerlich-aussehend-kein-kleber-erforderlich\/\" \/>\n<meta property=\"og:site_name\" content=\"Markt-XXL\" \/>\n<meta property=\"article:modified_time\" content=\"2023-04-09T00:39:33+00:00\" \/>\n<meta property=\"og:image\" content=\"https:\/\/m.media-amazon.com\/images\/I\/41fCf8yI2iL._SL500_.jpg\" \/>\n\t<meta property=\"og:image:width\" content=\"500\" \/>\n\t<meta property=\"og:image:height\" content=\"500\" \/>\n\t<meta property=\"og:image:type\" content=\"image\/jpeg\" \/>\n<meta name=\"twitter:card\" content=\"summary_large_image\" \/>\n<meta name=\"twitter:label1\" content=\"Gesch\u00e4tzte Lesezeit\" \/>\n\t<meta name=\"twitter:data1\" content=\"2\u00a0Minuten\" \/>\n<script type=\"application\/ld+json\" class=\"yoast-schema-graph\">{\"@context\":\"https:\\\/\\\/schema.org\",\"@graph\":[{\"@type\":\"WebPage\",\"@id\":\"https:\\\/\\\/marktxxl.de\\\/markt\\\/produkt\\\/magnetische-wimpern-eyeliner-kit-5-paare-wiederverwendet-magnet-wimpern-mit-magnet-eyeliner-und-pinzette-wasserdicht-natuerlich-aussehend-kein-kleber-erforderlich\\\/\",\"url\":\"https:\\\/\\\/marktxxl.de\\\/markt\\\/produkt\\\/magnetische-wimpern-eyeliner-kit-5-paare-wiederverwendet-magnet-wimpern-mit-magnet-eyeliner-und-pinzette-wasserdicht-natuerlich-aussehend-kein-kleber-erforderlich\\\/\",\"name\":\"Magnetische Wimpern Eyeliner Kit 5 Paare Wiederverwendet Magnet Wimpern mit Magnet Eyeliner Und Pinzette Wasserdicht\u2026 - Markt-XXL\",\"isPartOf\":{\"@id\":\"https:\\\/\\\/marktxxl.de\\\/markt\\\/#website\"},\"primaryImageOfPage\":{\"@id\":\"https:\\\/\\\/marktxxl.de\\\/markt\\\/produkt\\\/magnetische-wimpern-eyeliner-kit-5-paare-wiederverwendet-magnet-wimpern-mit-magnet-eyeliner-und-pinzette-wasserdicht-natuerlich-aussehend-kein-kleber-erforderlich\\\/#primaryimage\"},\"image\":{\"@id\":\"https:\\\/\\\/marktxxl.de\\\/markt\\\/produkt\\\/magnetische-wimpern-eyeliner-kit-5-paare-wiederverwendet-magnet-wimpern-mit-magnet-eyeliner-und-pinzette-wasserdicht-natuerlich-aussehend-kein-kleber-erforderlich\\\/#primaryimage\"},\"thumbnailUrl\":\"https:\\\/\\\/m.media-amazon.com\\\/images\\\/I\\\/41fCf8yI2iL._SL500_.jpg\",\"datePublished\":\"2021-12-28T14:57:25+00:00\",\"dateModified\":\"2023-04-09T00:39:33+00:00\",\"description\":\"Markt-XXL Magnetische Wimpern Eyeliner Kit 5 Paare Wiederverwendet Magnet Wimpern mit Magnet Eyeliner Und Pinzette Wasserdicht\u2026\",\"breadcrumb\":{\"@id\":\"https:\\\/\\\/marktxxl.de\\\/markt\\\/produkt\\\/magnetische-wimpern-eyeliner-kit-5-paare-wiederverwendet-magnet-wimpern-mit-magnet-eyeliner-und-pinzette-wasserdicht-natuerlich-aussehend-kein-kleber-erforderlich\\\/#breadcrumb\"},\"inLanguage\":\"de\",\"potentialAction\":[{\"@type\":\"ReadAction\",\"target\":[\"https:\\\/\\\/marktxxl.de\\\/markt\\\/produkt\\\/magnetische-wimpern-eyeliner-kit-5-paare-wiederverwendet-magnet-wimpern-mit-magnet-eyeliner-und-pinzette-wasserdicht-natuerlich-aussehend-kein-kleber-erforderlich\\\/\"]}]},{\"@type\":\"ImageObject\",\"inLanguage\":\"de\",\"@id\":\"https:\\\/\\\/marktxxl.de\\\/markt\\\/produkt\\\/magnetische-wimpern-eyeliner-kit-5-paare-wiederverwendet-magnet-wimpern-mit-magnet-eyeliner-und-pinzette-wasserdicht-natuerlich-aussehend-kein-kleber-erforderlich\\\/#primaryimage\",\"url\":\"https:\\\/\\\/m.media-amazon.com\\\/images\\\/I\\\/41fCf8yI2iL._SL500_.jpg\",\"contentUrl\":\"https:\\\/\\\/m.media-amazon.com\\\/images\\\/I\\\/41fCf8yI2iL._SL500_.jpg\",\"width\":500,\"height\":500},{\"@type\":\"BreadcrumbList\",\"@id\":\"https:\\\/\\\/marktxxl.de\\\/markt\\\/produkt\\\/magnetische-wimpern-eyeliner-kit-5-paare-wiederverwendet-magnet-wimpern-mit-magnet-eyeliner-und-pinzette-wasserdicht-natuerlich-aussehend-kein-kleber-erforderlich\\\/#breadcrumb\",\"itemListElement\":[{\"@type\":\"ListItem\",\"position\":1,\"name\":\"Startseite\",\"item\":\"https:\\\/\\\/marktxxl.de\\\/markt\\\/\"},{\"@type\":\"ListItem\",\"position\":2,\"name\":\"Markt\",\"item\":\"https:\\\/\\\/marktxxl.de\\\/markt\\\/\"},{\"@type\":\"ListItem\",\"position\":3,\"name\":\"Magnetische Wimpern Eyeliner Kit 5 Paare Wiederverwendet Magnet Wimpern mit Magnet Eyeliner Und Pinzette Wasserdicht\u2026\"}]},{\"@type\":\"WebSite\",\"@id\":\"https:\\\/\\\/marktxxl.de\\\/markt\\\/#website\",\"url\":\"https:\\\/\\\/marktxxl.de\\\/markt\\\/\",\"name\":\"Markt-XXL\",\"description\":\"Ihr Markt Online\",\"publisher\":{\"@id\":\"https:\\\/\\\/marktxxl.de\\\/markt\\\/#organization\"},\"potentialAction\":[{\"@type\":\"SearchAction\",\"target\":{\"@type\":\"EntryPoint\",\"urlTemplate\":\"https:\\\/\\\/marktxxl.de\\\/markt\\\/?s={search_term_string}\"},\"query-input\":{\"@type\":\"PropertyValueSpecification\",\"valueRequired\":true,\"valueName\":\"search_term_string\"}}],\"inLanguage\":\"de\"},{\"@type\":\"Organization\",\"@id\":\"https:\\\/\\\/marktxxl.de\\\/markt\\\/#organization\",\"name\":\"Markt-XXL\",\"url\":\"https:\\\/\\\/marktxxl.de\\\/markt\\\/\",\"logo\":{\"@type\":\"ImageObject\",\"inLanguage\":\"de\",\"@id\":\"https:\\\/\\\/marktxxl.de\\\/markt\\\/#\\\/schema\\\/logo\\\/image\\\/\",\"url\":\"https:\\\/\\\/marktxxl.de\\\/markt\\\/wp-content\\\/uploads\\\/sites\\\/3\\\/2020\\\/12\\\/logo.png\",\"contentUrl\":\"https:\\\/\\\/marktxxl.de\\\/markt\\\/wp-content\\\/uploads\\\/sites\\\/3\\\/2020\\\/12\\\/logo.png\",\"width\":200,\"height\":70,\"caption\":\"Markt-XXL\"},\"image\":{\"@id\":\"https:\\\/\\\/marktxxl.de\\\/markt\\\/#\\\/schema\\\/logo\\\/image\\\/\"}}]}<\/script>\n<!-- \/ Yoast SEO plugin. -->","yoast_head_json":{"title":"Magnetische Wimpern Eyeliner Kit 5 Paare Wiederverwendet Magnet Wimpern mit Magnet Eyeliner Und Pinzette Wasserdicht\u2026 - Markt-XXL","description":"Markt-XXL Magnetische Wimpern Eyeliner Kit 5 Paare Wiederverwendet Magnet Wimpern mit Magnet Eyeliner Und Pinzette Wasserdicht\u2026","robots":{"index":"index","follow":"follow","max-snippet":"max-snippet:-1","max-image-preview":"max-image-preview:large","max-video-preview":"max-video-preview:-1"},"canonical":"https:\/\/marktxxl.de\/markt\/produkt\/magnetische-wimpern-eyeliner-kit-5-paare-wiederverwendet-magnet-wimpern-mit-magnet-eyeliner-und-pinzette-wasserdicht-natuerlich-aussehend-kein-kleber-erforderlich\/","og_locale":"de_DE","og_type":"article","og_title":"Magnetische Wimpern Eyeliner Kit 5 Paare Wiederverwendet Magnet Wimpern mit Magnet Eyeliner Und Pinzette Wasserdicht\u2026 - Markt-XXL","og_description":"Markt-XXL Magnetische Wimpern Eyeliner Kit 5 Paare Wiederverwendet Magnet Wimpern mit Magnet Eyeliner Und Pinzette Wasserdicht\u2026","og_url":"https:\/\/marktxxl.de\/markt\/produkt\/magnetische-wimpern-eyeliner-kit-5-paare-wiederverwendet-magnet-wimpern-mit-magnet-eyeliner-und-pinzette-wasserdicht-natuerlich-aussehend-kein-kleber-erforderlich\/","og_site_name":"Markt-XXL","article_modified_time":"2023-04-09T00:39:33+00:00","og_image":[{"width":500,"height":500,"url":"https:\/\/m.media-amazon.com\/images\/I\/41fCf8yI2iL._SL500_.jpg","type":"image\/jpeg"}],"twitter_card":"summary_large_image","twitter_misc":{"Gesch\u00e4tzte Lesezeit":"2\u00a0Minuten"},"schema":{"@context":"https:\/\/schema.org","@graph":[{"@type":"WebPage","@id":"https:\/\/marktxxl.de\/markt\/produkt\/magnetische-wimpern-eyeliner-kit-5-paare-wiederverwendet-magnet-wimpern-mit-magnet-eyeliner-und-pinzette-wasserdicht-natuerlich-aussehend-kein-kleber-erforderlich\/","url":"https:\/\/marktxxl.de\/markt\/produkt\/magnetische-wimpern-eyeliner-kit-5-paare-wiederverwendet-magnet-wimpern-mit-magnet-eyeliner-und-pinzette-wasserdicht-natuerlich-aussehend-kein-kleber-erforderlich\/","name":"Magnetische Wimpern Eyeliner Kit 5 Paare Wiederverwendet Magnet Wimpern mit Magnet Eyeliner Und Pinzette Wasserdicht\u2026 - Markt-XXL","isPartOf":{"@id":"https:\/\/marktxxl.de\/markt\/#website"},"primaryImageOfPage":{"@id":"https:\/\/marktxxl.de\/markt\/produkt\/magnetische-wimpern-eyeliner-kit-5-paare-wiederverwendet-magnet-wimpern-mit-magnet-eyeliner-und-pinzette-wasserdicht-natuerlich-aussehend-kein-kleber-erforderlich\/#primaryimage"},"image":{"@id":"https:\/\/marktxxl.de\/markt\/produkt\/magnetische-wimpern-eyeliner-kit-5-paare-wiederverwendet-magnet-wimpern-mit-magnet-eyeliner-und-pinzette-wasserdicht-natuerlich-aussehend-kein-kleber-erforderlich\/#primaryimage"},"thumbnailUrl":"https:\/\/m.media-amazon.com\/images\/I\/41fCf8yI2iL._SL500_.jpg","datePublished":"2021-12-28T14:57:25+00:00","dateModified":"2023-04-09T00:39:33+00:00","description":"Markt-XXL Magnetische Wimpern Eyeliner Kit 5 Paare Wiederverwendet Magnet Wimpern mit Magnet Eyeliner Und Pinzette Wasserdicht\u2026","breadcrumb":{"@id":"https:\/\/marktxxl.de\/markt\/produkt\/magnetische-wimpern-eyeliner-kit-5-paare-wiederverwendet-magnet-wimpern-mit-magnet-eyeliner-und-pinzette-wasserdicht-natuerlich-aussehend-kein-kleber-erforderlich\/#breadcrumb"},"inLanguage":"de","potentialAction":[{"@type":"ReadAction","target":["https:\/\/marktxxl.de\/markt\/produkt\/magnetische-wimpern-eyeliner-kit-5-paare-wiederverwendet-magnet-wimpern-mit-magnet-eyeliner-und-pinzette-wasserdicht-natuerlich-aussehend-kein-kleber-erforderlich\/"]}]},{"@type":"ImageObject","inLanguage":"de","@id":"https:\/\/marktxxl.de\/markt\/produkt\/magnetische-wimpern-eyeliner-kit-5-paare-wiederverwendet-magnet-wimpern-mit-magnet-eyeliner-und-pinzette-wasserdicht-natuerlich-aussehend-kein-kleber-erforderlich\/#primaryimage","url":"https:\/\/m.media-amazon.com\/images\/I\/41fCf8yI2iL._SL500_.jpg","contentUrl":"https:\/\/m.media-amazon.com\/images\/I\/41fCf8yI2iL._SL500_.jpg","width":500,"height":500},{"@type":"BreadcrumbList","@id":"https:\/\/marktxxl.de\/markt\/produkt\/magnetische-wimpern-eyeliner-kit-5-paare-wiederverwendet-magnet-wimpern-mit-magnet-eyeliner-und-pinzette-wasserdicht-natuerlich-aussehend-kein-kleber-erforderlich\/#breadcrumb","itemListElement":[{"@type":"ListItem","position":1,"name":"Startseite","item":"https:\/\/marktxxl.de\/markt\/"},{"@type":"ListItem","position":2,"name":"Markt","item":"https:\/\/marktxxl.de\/markt\/"},{"@type":"ListItem","position":3,"name":"Magnetische Wimpern Eyeliner Kit 5 Paare Wiederverwendet Magnet Wimpern mit Magnet Eyeliner Und Pinzette Wasserdicht\u2026"}]},{"@type":"WebSite","@id":"https:\/\/marktxxl.de\/markt\/#website","url":"https:\/\/marktxxl.de\/markt\/","name":"Markt-XXL","description":"Ihr Markt Online","publisher":{"@id":"https:\/\/marktxxl.de\/markt\/#organization"},"potentialAction":[{"@type":"SearchAction","target":{"@type":"EntryPoint","urlTemplate":"https:\/\/marktxxl.de\/markt\/?s={search_term_string}"},"query-input":{"@type":"PropertyValueSpecification","valueRequired":true,"valueName":"search_term_string"}}],"inLanguage":"de"},{"@type":"Organization","@id":"https:\/\/marktxxl.de\/markt\/#organization","name":"Markt-XXL","url":"https:\/\/marktxxl.de\/markt\/","logo":{"@type":"ImageObject","inLanguage":"de","@id":"https:\/\/marktxxl.de\/markt\/#\/schema\/logo\/image\/","url":"https:\/\/marktxxl.de\/markt\/wp-content\/uploads\/sites\/3\/2020\/12\/logo.png","contentUrl":"https:\/\/marktxxl.de\/markt\/wp-content\/uploads\/sites\/3\/2020\/12\/logo.png","width":200,"height":70,"caption":"Markt-XXL"},"image":{"@id":"https:\/\/marktxxl.de\/markt\/#\/schema\/logo\/image\/"}}]}},"_links":{"self":[{"href":"https:\/\/marktxxl.de\/markt\/wp-json\/wp\/v2\/product\/86487","targetHints":{"allow":["GET"]}}],"collection":[{"href":"https:\/\/marktxxl.de\/markt\/wp-json\/wp\/v2\/product"}],"about":[{"href":"https:\/\/marktxxl.de\/markt\/wp-json\/wp\/v2\/types\/product"}],"replies":[{"embeddable":true,"href":"https:\/\/marktxxl.de\/markt\/wp-json\/wp\/v2\/comments?post=86487"}],"wp:featuredmedia":[{"embeddable":true,"href":"https:\/\/marktxxl.de\/markt\/wp-json\/wp\/v2\/media\/86488"}],"wp:attachment":[{"href":"https:\/\/marktxxl.de\/markt\/wp-json\/wp\/v2\/media?parent=86487"}],"wp:term":[{"taxonomy":"product_brand","embeddable":true,"href":"https:\/\/marktxxl.de\/markt\/wp-json\/wp\/v2\/product_brand?post=86487"},{"taxonomy":"product_cat","embeddable":true,"href":"https:\/\/marktxxl.de\/markt\/wp-json\/wp\/v2\/product_cat?post=86487"},{"taxonomy":"product_tag","embeddable":true,"href":"https:\/\/marktxxl.de\/markt\/wp-json\/wp\/v2\/product_tag?post=86487"}],"curies":[{"name":"wp","href":"https:\/\/api.w.org\/{rel}","templated":true}]}}