{"id":85681,"date":"2021-12-28T14:54:24","date_gmt":"2021-12-28T13:54:24","guid":{"rendered":"https:\/\/marktxxl.de\/markt\/produkt\/goldene-unrafinierte-shea-butter-von-gruene-valerie-500g-grade-a-kaltgepresst-enthaelt-alle-naehrstoffe-100-natuerlich-echtes-fair-trade-lebensmittelqualitaet-wildsammlung-laborgeprue\/"},"modified":"2023-04-11T03:04:13","modified_gmt":"2023-04-11T01:04:13","slug":"goldene-unrafinierte-shea-butter-von-gruene-valerie-500g-grade-a-kaltgepresst-enthaelt-alle-naehrstoffe-100-natuerlich-echtes-fair-trade-lebensmittelqualitaet-wildsammlung-laborgeprue","status":"publish","type":"product","link":"https:\/\/marktxxl.de\/markt\/produkt\/goldene-unrafinierte-shea-butter-von-gruene-valerie-500g-grade-a-kaltgepresst-enthaelt-alle-naehrstoffe-100-natuerlich-echtes-fair-trade-lebensmittelqualitaet-wildsammlung-laborgeprue\/","title":{"rendered":"Goldene unrafinierte Shea Butter von Gr\u00fcne Valerie | 500g Grade A+ | kaltgepresst, enth\u00e4lt alle N\u00e4hrstoffe! | 100\u2026"},"content":{"rendered":"<p>\u2705 GOLDENE Shea Butter: Du wirst einen leichten nussigen Duft versp\u00fcren von einer zarten und cremigen unraffinierten Shea Butter. Goldene Shea Butter ist die edelste und feinste Shea Butter die es weltweit gibt. Mehrfach ausgezeichnet und immer wieder preisgekr\u00f6nt.<br \/>\n\u2705 REIN NAT\u00dcRLICH &#8211; Du bekommst bei unsere goldene Shea Butter aus Ghana ohne Hitze- oder chemische Ver\u00e4nderungen\u00a0aus reinen afrikanischen Shea N\u00fcssen von Hand kalt gepresst. Unsere\u00a0Shea\u00a0Butter\u00a0hat Grad A+, was bedeutet, dass sie niemals gebleicht oder desodoriert wurde, wodurch sie im Vergleich zu anderen Marken den h\u00f6chsten Gehalt an N\u00e4hrstoffen aufweist. 100% nat\u00fcrlich, ohne k\u00fcnstliche Zusatzstoffe frei von Chemie,\u00a0Parabenen, Aromastoffen, Kunststoffen.\u00a0<br \/>\n\u2705 FAIR TRADE &#8211; Du erh\u00e4ltst Shea Butter die von lokalen afrikanischen Bauern (haupts\u00e4chlich Frauen) in traditioneller Handarbeit hergestellt und zu fairen Preisen gehandelt wurde. \u00dcber 600 Frauen leben und arbeiten in einer Kooperative die Ihnen Sicherheit und Wohlstand garantiert.<br \/>\n\u2705 ANTI AGING &#8211;\u00a0Die Heilkr\u00e4fte unserer Shea Butter sind legend\u00e4r! Sie hilft dir Falten zu reduzieren und erh\u00f6ht die Regeneration von Haut und Haar. Sie ist sehr reich an Vitaminen A, E und Omega- S\u00e4uren, was f\u00fcr eine samte und gesunde Haut sorgt.\u00a0Im Gegensatz zu anderen Marken hat unsere goldene unraffinierte Sheabutter alle seine wertvollen Haut feuchtigkeitsspendende, Anti-Aging und heilende Eigenschaften behalten. Sie sch\u00fctzt dich vor Sonnenbrand mit einem SPF von 8 &#8211; 10.<br \/>\n\u2705 100 % ZUFRIEDENHEITSVERSPRECHEN &#8211; H\u00f6chste Qualit\u00e4t ist bei uns erste Priorit\u00e4t! Wir sind \u00fcberzeugt, die Beste und reinste Shea Butter \u00fcberhaupt anzubieten! Bist du also nicht zu 100 % zufrieden, erstatten wir dir sofort dein Geld zur\u00fcck. Du kannst nur gewinnen! Dr\u00fccke jetzt auf &#8220;In den Einkaufswagen&#8221;.<br \/>\n<div class=\"main-cross-sell\" data-asin=\"B097YZKJ9X\">\n\n\t<div class=\"WooZone-cross-sell-loader\">\n\t\t<div>\n\t\t\t<div id=\"floatingBarsG\">\n\t\t\t\t<div class=\"blockG\" id=\"rotateG_01\"><\/div>\n\t\t\t\t<div class=\"blockG\" id=\"rotateG_02\"><\/div>\n\t\t\t\t<div class=\"blockG\" id=\"rotateG_03\"><\/div>\n\t\t\t\t<div class=\"blockG\" id=\"rotateG_04\"><\/div>\n\t\t\t\t<div class=\"blockG\" id=\"rotateG_05\"><\/div>\n\t\t\t\t<div class=\"blockG\" id=\"rotateG_06\"><\/div>\n\t\t\t\t<div class=\"blockG\" id=\"rotateG_07\"><\/div>\n\t\t\t\t<div class=\"blockG\" id=\"rotateG_08\"><\/div>\n\t\t\t<\/div>\n\t\t\t<div class=\"WooZone-cross-sell-loader-text\"><\/div>\n\t\t<\/div>\n\t<\/div>\n\n\t\t\n<\/div>\n<div style=\"clear:both;\"><\/div><\/p>\n","protected":false},"excerpt":{"rendered":"<p>\u2705 GOLDENE Shea Butter: Du wirst einen leichten nussigen Duft versp\u00fcren von einer zarten und cremigen unraffinierten Shea Butter. Goldene Shea Butter ist die edelste und feinste Shea Butter die es weltweit gibt. Mehrfach ausgezeichnet und immer wieder preisgekr\u00f6nt.<br \/>\n\u2705 REIN NAT\u00dcRLICH &#8211; Du bekommst bei unsere goldene Shea Butter aus Ghana ohne Hitze- oder chemische Ver\u00e4nderungen\u00a0aus reinen afrikanischen Shea N\u00fcssen von Hand kalt gepresst. Unsere\u00a0Shea\u00a0Butter\u00a0hat Grad A+, was bedeutet, dass sie niemals gebleicht oder desodoriert wurde, wodurch sie im Vergleich zu anderen Marken den h\u00f6chsten Gehalt an N\u00e4hrstoffen aufweist. 100% nat\u00fcrlich, ohne k\u00fcnstliche Zusatzstoffe frei von Chemie,\u00a0Parabenen, Aromastoffen, Kunststoffen.\u00a0<br \/>\n\u2705 FAIR TRADE &#8211; Du erh\u00e4ltst Shea Butter die von lokalen afrikanischen Bauern (haupts\u00e4chlich Frauen) in traditioneller Handarbeit hergestellt und zu fairen Preisen gehandelt wurde. \u00dcber 600 Frauen leben und arbeiten in einer Kooperative die Ihnen Sicherheit und Wohlstand garantiert.<\/p>\n","protected":false},"featured_media":85682,"comment_status":"open","ping_status":"closed","template":"","meta":[],"product_brand":[],"product_cat":[2858,6632],"product_tag":[],"class_list":{"0":"post-85681","1":"product","2":"type-product","3":"status-publish","4":"has-post-thumbnail","6":"product_cat-beauty","7":"product_cat-beauty-pflegesets","8":"pa_brand-gruene-valerie-naturkosmetik","9":"pa_manufacturer-gruene-valerie-naturkosmetik","11":"first","12":"instock","13":"shipping-taxable","14":"purchasable","15":"product-type-simple","16":"customify-col","17":"product-has-gallery"},"yoast_head":"<!-- This site is optimized with the Yoast SEO plugin v27.4 - https:\/\/yoast.com\/product\/yoast-seo-wordpress\/ -->\n<title>Goldene unrafinierte Shea Butter von Gr\u00fcne Valerie | 500g Grade A+ | kaltgepresst, enth\u00e4lt alle N\u00e4hrstoffe! | 100\u2026 - Markt-XXL<\/title>\n<meta name=\"description\" content=\"Markt-XXL Goldene unrafinierte Shea Butter von Gr\u00fcne Valerie | 500g Grade A+ | kaltgepresst, enth\u00e4lt alle N\u00e4hrstoffe! | 100\u2026\" \/>\n<meta name=\"robots\" content=\"index, follow, max-snippet:-1, max-image-preview:large, max-video-preview:-1\" \/>\n<link rel=\"canonical\" href=\"https:\/\/marktxxl.de\/markt\/produkt\/goldene-unrafinierte-shea-butter-von-gruene-valerie-500g-grade-a-kaltgepresst-enthaelt-alle-naehrstoffe-100-natuerlich-echtes-fair-trade-lebensmittelqualitaet-wildsammlung-laborgeprue\/\" \/>\n<meta property=\"og:locale\" content=\"de_DE\" \/>\n<meta property=\"og:type\" content=\"article\" \/>\n<meta property=\"og:title\" content=\"Goldene unrafinierte Shea Butter von Gr\u00fcne Valerie | 500g Grade A+ | kaltgepresst, enth\u00e4lt alle N\u00e4hrstoffe! | 100\u2026 - Markt-XXL\" \/>\n<meta property=\"og:description\" content=\"Markt-XXL Goldene unrafinierte Shea Butter von Gr\u00fcne Valerie | 500g Grade A+ | kaltgepresst, enth\u00e4lt alle N\u00e4hrstoffe! | 100\u2026\" \/>\n<meta property=\"og:url\" content=\"https:\/\/marktxxl.de\/markt\/produkt\/goldene-unrafinierte-shea-butter-von-gruene-valerie-500g-grade-a-kaltgepresst-enthaelt-alle-naehrstoffe-100-natuerlich-echtes-fair-trade-lebensmittelqualitaet-wildsammlung-laborgeprue\/\" \/>\n<meta property=\"og:site_name\" content=\"Markt-XXL\" \/>\n<meta property=\"article:modified_time\" content=\"2023-04-11T01:04:13+00:00\" \/>\n<meta property=\"og:image\" content=\"https:\/\/m.media-amazon.com\/images\/I\/411Qq3AJQoL._SL500_.jpg\" \/>\n\t<meta property=\"og:image:width\" content=\"500\" \/>\n\t<meta property=\"og:image:height\" content=\"500\" \/>\n\t<meta property=\"og:image:type\" content=\"image\/jpeg\" \/>\n<meta name=\"twitter:card\" content=\"summary_large_image\" \/>\n<meta name=\"twitter:label1\" content=\"Gesch\u00e4tzte Lesezeit\" \/>\n\t<meta name=\"twitter:data1\" content=\"1\u00a0Minute\" \/>\n<script type=\"application\/ld+json\" class=\"yoast-schema-graph\">{\"@context\":\"https:\\\/\\\/schema.org\",\"@graph\":[{\"@type\":\"WebPage\",\"@id\":\"https:\\\/\\\/marktxxl.de\\\/markt\\\/produkt\\\/goldene-unrafinierte-shea-butter-von-gruene-valerie-500g-grade-a-kaltgepresst-enthaelt-alle-naehrstoffe-100-natuerlich-echtes-fair-trade-lebensmittelqualitaet-wildsammlung-laborgeprue\\\/\",\"url\":\"https:\\\/\\\/marktxxl.de\\\/markt\\\/produkt\\\/goldene-unrafinierte-shea-butter-von-gruene-valerie-500g-grade-a-kaltgepresst-enthaelt-alle-naehrstoffe-100-natuerlich-echtes-fair-trade-lebensmittelqualitaet-wildsammlung-laborgeprue\\\/\",\"name\":\"Goldene unrafinierte Shea Butter von Gr\u00fcne Valerie | 500g Grade A+ | kaltgepresst, enth\u00e4lt alle N\u00e4hrstoffe! | 100\u2026 - Markt-XXL\",\"isPartOf\":{\"@id\":\"https:\\\/\\\/marktxxl.de\\\/markt\\\/#website\"},\"primaryImageOfPage\":{\"@id\":\"https:\\\/\\\/marktxxl.de\\\/markt\\\/produkt\\\/goldene-unrafinierte-shea-butter-von-gruene-valerie-500g-grade-a-kaltgepresst-enthaelt-alle-naehrstoffe-100-natuerlich-echtes-fair-trade-lebensmittelqualitaet-wildsammlung-laborgeprue\\\/#primaryimage\"},\"image\":{\"@id\":\"https:\\\/\\\/marktxxl.de\\\/markt\\\/produkt\\\/goldene-unrafinierte-shea-butter-von-gruene-valerie-500g-grade-a-kaltgepresst-enthaelt-alle-naehrstoffe-100-natuerlich-echtes-fair-trade-lebensmittelqualitaet-wildsammlung-laborgeprue\\\/#primaryimage\"},\"thumbnailUrl\":\"https:\\\/\\\/m.media-amazon.com\\\/images\\\/I\\\/411Qq3AJQoL._SL500_.jpg\",\"datePublished\":\"2021-12-28T13:54:24+00:00\",\"dateModified\":\"2023-04-11T01:04:13+00:00\",\"description\":\"Markt-XXL Goldene unrafinierte Shea Butter von Gr\u00fcne Valerie | 500g Grade A+ | kaltgepresst, enth\u00e4lt alle N\u00e4hrstoffe! | 100\u2026\",\"breadcrumb\":{\"@id\":\"https:\\\/\\\/marktxxl.de\\\/markt\\\/produkt\\\/goldene-unrafinierte-shea-butter-von-gruene-valerie-500g-grade-a-kaltgepresst-enthaelt-alle-naehrstoffe-100-natuerlich-echtes-fair-trade-lebensmittelqualitaet-wildsammlung-laborgeprue\\\/#breadcrumb\"},\"inLanguage\":\"de\",\"potentialAction\":[{\"@type\":\"ReadAction\",\"target\":[\"https:\\\/\\\/marktxxl.de\\\/markt\\\/produkt\\\/goldene-unrafinierte-shea-butter-von-gruene-valerie-500g-grade-a-kaltgepresst-enthaelt-alle-naehrstoffe-100-natuerlich-echtes-fair-trade-lebensmittelqualitaet-wildsammlung-laborgeprue\\\/\"]}]},{\"@type\":\"ImageObject\",\"inLanguage\":\"de\",\"@id\":\"https:\\\/\\\/marktxxl.de\\\/markt\\\/produkt\\\/goldene-unrafinierte-shea-butter-von-gruene-valerie-500g-grade-a-kaltgepresst-enthaelt-alle-naehrstoffe-100-natuerlich-echtes-fair-trade-lebensmittelqualitaet-wildsammlung-laborgeprue\\\/#primaryimage\",\"url\":\"https:\\\/\\\/m.media-amazon.com\\\/images\\\/I\\\/411Qq3AJQoL._SL500_.jpg\",\"contentUrl\":\"https:\\\/\\\/m.media-amazon.com\\\/images\\\/I\\\/411Qq3AJQoL._SL500_.jpg\",\"width\":500,\"height\":500},{\"@type\":\"BreadcrumbList\",\"@id\":\"https:\\\/\\\/marktxxl.de\\\/markt\\\/produkt\\\/goldene-unrafinierte-shea-butter-von-gruene-valerie-500g-grade-a-kaltgepresst-enthaelt-alle-naehrstoffe-100-natuerlich-echtes-fair-trade-lebensmittelqualitaet-wildsammlung-laborgeprue\\\/#breadcrumb\",\"itemListElement\":[{\"@type\":\"ListItem\",\"position\":1,\"name\":\"Startseite\",\"item\":\"https:\\\/\\\/marktxxl.de\\\/markt\\\/\"},{\"@type\":\"ListItem\",\"position\":2,\"name\":\"Markt\",\"item\":\"https:\\\/\\\/marktxxl.de\\\/markt\\\/\"},{\"@type\":\"ListItem\",\"position\":3,\"name\":\"Goldene unrafinierte Shea Butter von Gr\u00fcne Valerie | 500g Grade A+ | kaltgepresst, enth\u00e4lt alle N\u00e4hrstoffe! | 100\u2026\"}]},{\"@type\":\"WebSite\",\"@id\":\"https:\\\/\\\/marktxxl.de\\\/markt\\\/#website\",\"url\":\"https:\\\/\\\/marktxxl.de\\\/markt\\\/\",\"name\":\"Markt-XXL\",\"description\":\"Ihr Markt Online\",\"publisher\":{\"@id\":\"https:\\\/\\\/marktxxl.de\\\/markt\\\/#organization\"},\"potentialAction\":[{\"@type\":\"SearchAction\",\"target\":{\"@type\":\"EntryPoint\",\"urlTemplate\":\"https:\\\/\\\/marktxxl.de\\\/markt\\\/?s={search_term_string}\"},\"query-input\":{\"@type\":\"PropertyValueSpecification\",\"valueRequired\":true,\"valueName\":\"search_term_string\"}}],\"inLanguage\":\"de\"},{\"@type\":\"Organization\",\"@id\":\"https:\\\/\\\/marktxxl.de\\\/markt\\\/#organization\",\"name\":\"Markt-XXL\",\"url\":\"https:\\\/\\\/marktxxl.de\\\/markt\\\/\",\"logo\":{\"@type\":\"ImageObject\",\"inLanguage\":\"de\",\"@id\":\"https:\\\/\\\/marktxxl.de\\\/markt\\\/#\\\/schema\\\/logo\\\/image\\\/\",\"url\":\"https:\\\/\\\/marktxxl.de\\\/markt\\\/wp-content\\\/uploads\\\/sites\\\/3\\\/2020\\\/12\\\/logo.png\",\"contentUrl\":\"https:\\\/\\\/marktxxl.de\\\/markt\\\/wp-content\\\/uploads\\\/sites\\\/3\\\/2020\\\/12\\\/logo.png\",\"width\":200,\"height\":70,\"caption\":\"Markt-XXL\"},\"image\":{\"@id\":\"https:\\\/\\\/marktxxl.de\\\/markt\\\/#\\\/schema\\\/logo\\\/image\\\/\"}}]}<\/script>\n<!-- \/ Yoast SEO plugin. -->","yoast_head_json":{"title":"Goldene unrafinierte Shea Butter von Gr\u00fcne Valerie | 500g Grade A+ | kaltgepresst, enth\u00e4lt alle N\u00e4hrstoffe! | 100\u2026 - Markt-XXL","description":"Markt-XXL Goldene unrafinierte Shea Butter von Gr\u00fcne Valerie | 500g Grade A+ | kaltgepresst, enth\u00e4lt alle N\u00e4hrstoffe! | 100\u2026","robots":{"index":"index","follow":"follow","max-snippet":"max-snippet:-1","max-image-preview":"max-image-preview:large","max-video-preview":"max-video-preview:-1"},"canonical":"https:\/\/marktxxl.de\/markt\/produkt\/goldene-unrafinierte-shea-butter-von-gruene-valerie-500g-grade-a-kaltgepresst-enthaelt-alle-naehrstoffe-100-natuerlich-echtes-fair-trade-lebensmittelqualitaet-wildsammlung-laborgeprue\/","og_locale":"de_DE","og_type":"article","og_title":"Goldene unrafinierte Shea Butter von Gr\u00fcne Valerie | 500g Grade A+ | kaltgepresst, enth\u00e4lt alle N\u00e4hrstoffe! | 100\u2026 - Markt-XXL","og_description":"Markt-XXL Goldene unrafinierte Shea Butter von Gr\u00fcne Valerie | 500g Grade A+ | kaltgepresst, enth\u00e4lt alle N\u00e4hrstoffe! | 100\u2026","og_url":"https:\/\/marktxxl.de\/markt\/produkt\/goldene-unrafinierte-shea-butter-von-gruene-valerie-500g-grade-a-kaltgepresst-enthaelt-alle-naehrstoffe-100-natuerlich-echtes-fair-trade-lebensmittelqualitaet-wildsammlung-laborgeprue\/","og_site_name":"Markt-XXL","article_modified_time":"2023-04-11T01:04:13+00:00","og_image":[{"width":500,"height":500,"url":"https:\/\/m.media-amazon.com\/images\/I\/411Qq3AJQoL._SL500_.jpg","type":"image\/jpeg"}],"twitter_card":"summary_large_image","twitter_misc":{"Gesch\u00e4tzte Lesezeit":"1\u00a0Minute"},"schema":{"@context":"https:\/\/schema.org","@graph":[{"@type":"WebPage","@id":"https:\/\/marktxxl.de\/markt\/produkt\/goldene-unrafinierte-shea-butter-von-gruene-valerie-500g-grade-a-kaltgepresst-enthaelt-alle-naehrstoffe-100-natuerlich-echtes-fair-trade-lebensmittelqualitaet-wildsammlung-laborgeprue\/","url":"https:\/\/marktxxl.de\/markt\/produkt\/goldene-unrafinierte-shea-butter-von-gruene-valerie-500g-grade-a-kaltgepresst-enthaelt-alle-naehrstoffe-100-natuerlich-echtes-fair-trade-lebensmittelqualitaet-wildsammlung-laborgeprue\/","name":"Goldene unrafinierte Shea Butter von Gr\u00fcne Valerie | 500g Grade A+ | kaltgepresst, enth\u00e4lt alle N\u00e4hrstoffe! | 100\u2026 - Markt-XXL","isPartOf":{"@id":"https:\/\/marktxxl.de\/markt\/#website"},"primaryImageOfPage":{"@id":"https:\/\/marktxxl.de\/markt\/produkt\/goldene-unrafinierte-shea-butter-von-gruene-valerie-500g-grade-a-kaltgepresst-enthaelt-alle-naehrstoffe-100-natuerlich-echtes-fair-trade-lebensmittelqualitaet-wildsammlung-laborgeprue\/#primaryimage"},"image":{"@id":"https:\/\/marktxxl.de\/markt\/produkt\/goldene-unrafinierte-shea-butter-von-gruene-valerie-500g-grade-a-kaltgepresst-enthaelt-alle-naehrstoffe-100-natuerlich-echtes-fair-trade-lebensmittelqualitaet-wildsammlung-laborgeprue\/#primaryimage"},"thumbnailUrl":"https:\/\/m.media-amazon.com\/images\/I\/411Qq3AJQoL._SL500_.jpg","datePublished":"2021-12-28T13:54:24+00:00","dateModified":"2023-04-11T01:04:13+00:00","description":"Markt-XXL Goldene unrafinierte Shea Butter von Gr\u00fcne Valerie | 500g Grade A+ | kaltgepresst, enth\u00e4lt alle N\u00e4hrstoffe! | 100\u2026","breadcrumb":{"@id":"https:\/\/marktxxl.de\/markt\/produkt\/goldene-unrafinierte-shea-butter-von-gruene-valerie-500g-grade-a-kaltgepresst-enthaelt-alle-naehrstoffe-100-natuerlich-echtes-fair-trade-lebensmittelqualitaet-wildsammlung-laborgeprue\/#breadcrumb"},"inLanguage":"de","potentialAction":[{"@type":"ReadAction","target":["https:\/\/marktxxl.de\/markt\/produkt\/goldene-unrafinierte-shea-butter-von-gruene-valerie-500g-grade-a-kaltgepresst-enthaelt-alle-naehrstoffe-100-natuerlich-echtes-fair-trade-lebensmittelqualitaet-wildsammlung-laborgeprue\/"]}]},{"@type":"ImageObject","inLanguage":"de","@id":"https:\/\/marktxxl.de\/markt\/produkt\/goldene-unrafinierte-shea-butter-von-gruene-valerie-500g-grade-a-kaltgepresst-enthaelt-alle-naehrstoffe-100-natuerlich-echtes-fair-trade-lebensmittelqualitaet-wildsammlung-laborgeprue\/#primaryimage","url":"https:\/\/m.media-amazon.com\/images\/I\/411Qq3AJQoL._SL500_.jpg","contentUrl":"https:\/\/m.media-amazon.com\/images\/I\/411Qq3AJQoL._SL500_.jpg","width":500,"height":500},{"@type":"BreadcrumbList","@id":"https:\/\/marktxxl.de\/markt\/produkt\/goldene-unrafinierte-shea-butter-von-gruene-valerie-500g-grade-a-kaltgepresst-enthaelt-alle-naehrstoffe-100-natuerlich-echtes-fair-trade-lebensmittelqualitaet-wildsammlung-laborgeprue\/#breadcrumb","itemListElement":[{"@type":"ListItem","position":1,"name":"Startseite","item":"https:\/\/marktxxl.de\/markt\/"},{"@type":"ListItem","position":2,"name":"Markt","item":"https:\/\/marktxxl.de\/markt\/"},{"@type":"ListItem","position":3,"name":"Goldene unrafinierte Shea Butter von Gr\u00fcne Valerie | 500g Grade A+ | kaltgepresst, enth\u00e4lt alle N\u00e4hrstoffe! | 100\u2026"}]},{"@type":"WebSite","@id":"https:\/\/marktxxl.de\/markt\/#website","url":"https:\/\/marktxxl.de\/markt\/","name":"Markt-XXL","description":"Ihr Markt Online","publisher":{"@id":"https:\/\/marktxxl.de\/markt\/#organization"},"potentialAction":[{"@type":"SearchAction","target":{"@type":"EntryPoint","urlTemplate":"https:\/\/marktxxl.de\/markt\/?s={search_term_string}"},"query-input":{"@type":"PropertyValueSpecification","valueRequired":true,"valueName":"search_term_string"}}],"inLanguage":"de"},{"@type":"Organization","@id":"https:\/\/marktxxl.de\/markt\/#organization","name":"Markt-XXL","url":"https:\/\/marktxxl.de\/markt\/","logo":{"@type":"ImageObject","inLanguage":"de","@id":"https:\/\/marktxxl.de\/markt\/#\/schema\/logo\/image\/","url":"https:\/\/marktxxl.de\/markt\/wp-content\/uploads\/sites\/3\/2020\/12\/logo.png","contentUrl":"https:\/\/marktxxl.de\/markt\/wp-content\/uploads\/sites\/3\/2020\/12\/logo.png","width":200,"height":70,"caption":"Markt-XXL"},"image":{"@id":"https:\/\/marktxxl.de\/markt\/#\/schema\/logo\/image\/"}}]}},"_links":{"self":[{"href":"https:\/\/marktxxl.de\/markt\/wp-json\/wp\/v2\/product\/85681","targetHints":{"allow":["GET"]}}],"collection":[{"href":"https:\/\/marktxxl.de\/markt\/wp-json\/wp\/v2\/product"}],"about":[{"href":"https:\/\/marktxxl.de\/markt\/wp-json\/wp\/v2\/types\/product"}],"replies":[{"embeddable":true,"href":"https:\/\/marktxxl.de\/markt\/wp-json\/wp\/v2\/comments?post=85681"}],"wp:featuredmedia":[{"embeddable":true,"href":"https:\/\/marktxxl.de\/markt\/wp-json\/wp\/v2\/media\/85682"}],"wp:attachment":[{"href":"https:\/\/marktxxl.de\/markt\/wp-json\/wp\/v2\/media?parent=85681"}],"wp:term":[{"taxonomy":"product_brand","embeddable":true,"href":"https:\/\/marktxxl.de\/markt\/wp-json\/wp\/v2\/product_brand?post=85681"},{"taxonomy":"product_cat","embeddable":true,"href":"https:\/\/marktxxl.de\/markt\/wp-json\/wp\/v2\/product_cat?post=85681"},{"taxonomy":"product_tag","embeddable":true,"href":"https:\/\/marktxxl.de\/markt\/wp-json\/wp\/v2\/product_tag?post=85681"}],"curies":[{"name":"wp","href":"https:\/\/api.w.org\/{rel}","templated":true}]}}