{"id":84247,"date":"2021-12-28T13:36:12","date_gmt":"2021-12-28T12:36:12","guid":{"rendered":"https:\/\/marktxxl.de\/markt\/produkt\/metzler-briefkasten-mit-edelstahl-namensschild-toma-anthrazit-ral-7016-modernes-design-inkl-beschriftung-hausnummer-name-gravur-tueranschlag-waehlbar-groesse-355-x-435-x-10-c\/"},"modified":"2023-04-06T02:15:34","modified_gmt":"2023-04-06T00:15:34","slug":"metzler-briefkasten-mit-edelstahl-namensschild-toma-anthrazit-ral-7016-modernes-design-inkl-beschriftung-hausnummer-name-gravur-tueranschlag-waehlbar-groesse-355-x-435-x-10-c","status":"publish","type":"product","link":"https:\/\/marktxxl.de\/markt\/produkt\/metzler-briefkasten-mit-edelstahl-namensschild-toma-anthrazit-ral-7016-modernes-design-inkl-beschriftung-hausnummer-name-gravur-tueranschlag-waehlbar-groesse-355-x-435-x-10-c\/","title":{"rendered":"Metzler Briefkasten mit Edelstahl Namensschild Toma &#8211; Anthrazit RAL 7016 &#8211; Modernes Design &#8211; inkl. Beschriftung\u2026"},"content":{"rendered":"<p>Massive Verarbeitung &amp; exzellente Qualit\u00e4t &#8211; Aus solidem Metall gefertigt &#8211; 100% UV- und witterungsbest\u00e4ndig &#8211; Die Pulverbeschichtung in Anthrazit RAL7016 verleiht ein mattes Finish und sch\u00fctzt den Briefkasten Korpus vor Wind und Regen<br \/>\nHohes Fassungsverm\u00f6gen &amp; gro\u00dfen Einwurfklappe, auch f\u00fcr A4 Sendungen &#8211; Die sauber auf 2 Gummid\u00e4mpfern schlie\u00dfende Briefkastenklappe sch\u00fctzt ihre Briefe und Postsendungen zuverl\u00e4ssig vor Wind und Wetter<br \/>\nKorpus aus rostfreiem Metall und Briefkastenschild aus solidem V2A Edelstahl &#8211; UV-Best\u00e4ndig und unempfindlich gegen starke Temperaturschwankungen<br \/>\nInklusive Gravur &#8211; Briefkasten mit Namen gravierbar &#8211; W\u00e4hrend des Bestellvorganges, haben Sie die M\u00f6glichkeit aus verschiedenen Schriftarten, Ihre Lieblingsschrift zu w\u00e4hlen<br \/>\nBriefkasten zur Wandmontage &#8211; T\u00fcranschlag w\u00e4hlbar &#8211; Befestigungsmaterial und 2 Schl\u00fcssel sind im Lieferumfang enthalten &#8211; Gr\u00f6\u00dfe: 35,5 x 43,5 x 10 cm &#8211; Heben Sie sich von Ihren Nachbarn stilvoll mit diesem hochwertigen Manufaktur Briefkasten aus der &#8220;Lepo&#8221; Serie von Metzler ab<br \/>\n<div class=\"main-cross-sell\" data-asin=\"B087FYNMXR\">\n\n\t<div class=\"WooZone-cross-sell-loader\">\n\t\t<div>\n\t\t\t<div id=\"floatingBarsG\">\n\t\t\t\t<div class=\"blockG\" id=\"rotateG_01\"><\/div>\n\t\t\t\t<div class=\"blockG\" id=\"rotateG_02\"><\/div>\n\t\t\t\t<div class=\"blockG\" id=\"rotateG_03\"><\/div>\n\t\t\t\t<div class=\"blockG\" id=\"rotateG_04\"><\/div>\n\t\t\t\t<div class=\"blockG\" id=\"rotateG_05\"><\/div>\n\t\t\t\t<div class=\"blockG\" id=\"rotateG_06\"><\/div>\n\t\t\t\t<div class=\"blockG\" id=\"rotateG_07\"><\/div>\n\t\t\t\t<div class=\"blockG\" id=\"rotateG_08\"><\/div>\n\t\t\t<\/div>\n\t\t\t<div class=\"WooZone-cross-sell-loader-text\"><\/div>\n\t\t<\/div>\n\t<\/div>\n\n\t\t\n<\/div>\n<div style=\"clear:both;\"><\/div><\/p>\n","protected":false},"excerpt":{"rendered":"<p>Massive Verarbeitung &amp; exzellente Qualit\u00e4t &#8211; Aus solidem Metall gefertigt &#8211; 100% UV- und witterungsbest\u00e4ndig &#8211; Die Pulverbeschichtung in Anthrazit RAL7016 verleiht ein mattes Finish und sch\u00fctzt den Briefkasten Korpus vor Wind und Regen<br \/>\nHohes Fassungsverm\u00f6gen &amp; gro\u00dfen Einwurfklappe, auch f\u00fcr A4 Sendungen &#8211; Die sauber auf 2 Gummid\u00e4mpfern schlie\u00dfende Briefkastenklappe sch\u00fctzt ihre Briefe und Postsendungen zuverl\u00e4ssig vor Wind und Wetter<br \/>\nKorpus aus rostfreiem Metall und Briefkastenschild aus solidem V2A Edelstahl &#8211; UV-Best\u00e4ndig und unempfindlich gegen starke Temperaturschwankungen<\/p>\n","protected":false},"featured_media":84248,"comment_status":"open","ping_status":"closed","template":"","meta":[],"product_brand":[],"product_cat":[1983,10865],"product_tag":[],"class_list":{"0":"post-84247","1":"product","2":"type-product","3":"status-publish","4":"has-post-thumbnail","6":"product_cat-baumarkt","7":"product_cat-eisenwaren","8":"pa_brand-metzler","9":"pa_color-briefkasten-toma","10":"pa_height-17-1259842345-zoll","11":"pa_length-13-9763779385-zoll","12":"pa_manufacturer-metzler-gmbh","13":"pa_size-355-x-435-x-10-cm","14":"pa_width-3-93700787-zoll","16":"first","17":"instock","18":"shipping-taxable","19":"purchasable","20":"product-type-simple","21":"customify-col","22":"product-has-gallery"},"yoast_head":"<!-- This site is optimized with the Yoast SEO plugin v27.3 - https:\/\/yoast.com\/product\/yoast-seo-wordpress\/ -->\n<title>Metzler Briefkasten mit Edelstahl Namensschild Toma - Anthrazit RAL 7016 - Modernes Design - inkl. Beschriftung\u2026 - Markt-XXL<\/title>\n<meta name=\"description\" content=\"Markt-XXL Metzler Briefkasten mit Edelstahl Namensschild Toma - Anthrazit RAL 7016 - Modernes Design - inkl. Beschriftung\u2026\" \/>\n<meta name=\"robots\" content=\"index, follow, max-snippet:-1, max-image-preview:large, max-video-preview:-1\" \/>\n<link rel=\"canonical\" href=\"https:\/\/marktxxl.de\/markt\/produkt\/metzler-briefkasten-mit-edelstahl-namensschild-toma-anthrazit-ral-7016-modernes-design-inkl-beschriftung-hausnummer-name-gravur-tueranschlag-waehlbar-groesse-355-x-435-x-10-c\/\" \/>\n<meta property=\"og:locale\" content=\"de_DE\" \/>\n<meta property=\"og:type\" content=\"article\" \/>\n<meta property=\"og:title\" content=\"Metzler Briefkasten mit Edelstahl Namensschild Toma - Anthrazit RAL 7016 - Modernes Design - inkl. Beschriftung\u2026 - Markt-XXL\" \/>\n<meta property=\"og:description\" content=\"Markt-XXL Metzler Briefkasten mit Edelstahl Namensschild Toma - Anthrazit RAL 7016 - Modernes Design - inkl. Beschriftung\u2026\" \/>\n<meta property=\"og:url\" content=\"https:\/\/marktxxl.de\/markt\/produkt\/metzler-briefkasten-mit-edelstahl-namensschild-toma-anthrazit-ral-7016-modernes-design-inkl-beschriftung-hausnummer-name-gravur-tueranschlag-waehlbar-groesse-355-x-435-x-10-c\/\" \/>\n<meta property=\"og:site_name\" content=\"Markt-XXL\" \/>\n<meta property=\"article:modified_time\" content=\"2023-04-06T00:15:34+00:00\" \/>\n<meta property=\"og:image\" content=\"https:\/\/m.media-amazon.com\/images\/I\/31s4xsm5GuL._SL500_.jpg\" \/>\n\t<meta property=\"og:image:width\" content=\"500\" \/>\n\t<meta property=\"og:image:height\" content=\"500\" \/>\n\t<meta property=\"og:image:type\" content=\"image\/jpeg\" \/>\n<meta name=\"twitter:card\" content=\"summary_large_image\" \/>\n<meta name=\"twitter:label1\" content=\"Gesch\u00e4tzte Lesezeit\" \/>\n\t<meta name=\"twitter:data1\" content=\"1\u00a0Minute\" \/>\n<script type=\"application\/ld+json\" class=\"yoast-schema-graph\">{\"@context\":\"https:\\\/\\\/schema.org\",\"@graph\":[{\"@type\":\"WebPage\",\"@id\":\"https:\\\/\\\/marktxxl.de\\\/markt\\\/produkt\\\/metzler-briefkasten-mit-edelstahl-namensschild-toma-anthrazit-ral-7016-modernes-design-inkl-beschriftung-hausnummer-name-gravur-tueranschlag-waehlbar-groesse-355-x-435-x-10-c\\\/\",\"url\":\"https:\\\/\\\/marktxxl.de\\\/markt\\\/produkt\\\/metzler-briefkasten-mit-edelstahl-namensschild-toma-anthrazit-ral-7016-modernes-design-inkl-beschriftung-hausnummer-name-gravur-tueranschlag-waehlbar-groesse-355-x-435-x-10-c\\\/\",\"name\":\"Metzler Briefkasten mit Edelstahl Namensschild Toma - Anthrazit RAL 7016 - Modernes Design - inkl. Beschriftung\u2026 - Markt-XXL\",\"isPartOf\":{\"@id\":\"https:\\\/\\\/marktxxl.de\\\/markt\\\/#website\"},\"primaryImageOfPage\":{\"@id\":\"https:\\\/\\\/marktxxl.de\\\/markt\\\/produkt\\\/metzler-briefkasten-mit-edelstahl-namensschild-toma-anthrazit-ral-7016-modernes-design-inkl-beschriftung-hausnummer-name-gravur-tueranschlag-waehlbar-groesse-355-x-435-x-10-c\\\/#primaryimage\"},\"image\":{\"@id\":\"https:\\\/\\\/marktxxl.de\\\/markt\\\/produkt\\\/metzler-briefkasten-mit-edelstahl-namensschild-toma-anthrazit-ral-7016-modernes-design-inkl-beschriftung-hausnummer-name-gravur-tueranschlag-waehlbar-groesse-355-x-435-x-10-c\\\/#primaryimage\"},\"thumbnailUrl\":\"https:\\\/\\\/m.media-amazon.com\\\/images\\\/I\\\/31s4xsm5GuL._SL500_.jpg\",\"datePublished\":\"2021-12-28T12:36:12+00:00\",\"dateModified\":\"2023-04-06T00:15:34+00:00\",\"description\":\"Markt-XXL Metzler Briefkasten mit Edelstahl Namensschild Toma - Anthrazit RAL 7016 - Modernes Design - inkl. Beschriftung\u2026\",\"breadcrumb\":{\"@id\":\"https:\\\/\\\/marktxxl.de\\\/markt\\\/produkt\\\/metzler-briefkasten-mit-edelstahl-namensschild-toma-anthrazit-ral-7016-modernes-design-inkl-beschriftung-hausnummer-name-gravur-tueranschlag-waehlbar-groesse-355-x-435-x-10-c\\\/#breadcrumb\"},\"inLanguage\":\"de\",\"potentialAction\":[{\"@type\":\"ReadAction\",\"target\":[\"https:\\\/\\\/marktxxl.de\\\/markt\\\/produkt\\\/metzler-briefkasten-mit-edelstahl-namensschild-toma-anthrazit-ral-7016-modernes-design-inkl-beschriftung-hausnummer-name-gravur-tueranschlag-waehlbar-groesse-355-x-435-x-10-c\\\/\"]}]},{\"@type\":\"ImageObject\",\"inLanguage\":\"de\",\"@id\":\"https:\\\/\\\/marktxxl.de\\\/markt\\\/produkt\\\/metzler-briefkasten-mit-edelstahl-namensschild-toma-anthrazit-ral-7016-modernes-design-inkl-beschriftung-hausnummer-name-gravur-tueranschlag-waehlbar-groesse-355-x-435-x-10-c\\\/#primaryimage\",\"url\":\"https:\\\/\\\/m.media-amazon.com\\\/images\\\/I\\\/31s4xsm5GuL._SL500_.jpg\",\"contentUrl\":\"https:\\\/\\\/m.media-amazon.com\\\/images\\\/I\\\/31s4xsm5GuL._SL500_.jpg\",\"width\":500,\"height\":500},{\"@type\":\"BreadcrumbList\",\"@id\":\"https:\\\/\\\/marktxxl.de\\\/markt\\\/produkt\\\/metzler-briefkasten-mit-edelstahl-namensschild-toma-anthrazit-ral-7016-modernes-design-inkl-beschriftung-hausnummer-name-gravur-tueranschlag-waehlbar-groesse-355-x-435-x-10-c\\\/#breadcrumb\",\"itemListElement\":[{\"@type\":\"ListItem\",\"position\":1,\"name\":\"Startseite\",\"item\":\"https:\\\/\\\/marktxxl.de\\\/markt\\\/\"},{\"@type\":\"ListItem\",\"position\":2,\"name\":\"Markt\",\"item\":\"https:\\\/\\\/marktxxl.de\\\/markt\\\/\"},{\"@type\":\"ListItem\",\"position\":3,\"name\":\"Metzler Briefkasten mit Edelstahl Namensschild Toma &#8211; Anthrazit RAL 7016 &#8211; Modernes Design &#8211; inkl. Beschriftung\u2026\"}]},{\"@type\":\"WebSite\",\"@id\":\"https:\\\/\\\/marktxxl.de\\\/markt\\\/#website\",\"url\":\"https:\\\/\\\/marktxxl.de\\\/markt\\\/\",\"name\":\"Markt-XXL\",\"description\":\"Ihr Markt Online\",\"publisher\":{\"@id\":\"https:\\\/\\\/marktxxl.de\\\/markt\\\/#organization\"},\"potentialAction\":[{\"@type\":\"SearchAction\",\"target\":{\"@type\":\"EntryPoint\",\"urlTemplate\":\"https:\\\/\\\/marktxxl.de\\\/markt\\\/?s={search_term_string}\"},\"query-input\":{\"@type\":\"PropertyValueSpecification\",\"valueRequired\":true,\"valueName\":\"search_term_string\"}}],\"inLanguage\":\"de\"},{\"@type\":\"Organization\",\"@id\":\"https:\\\/\\\/marktxxl.de\\\/markt\\\/#organization\",\"name\":\"Markt-XXL\",\"url\":\"https:\\\/\\\/marktxxl.de\\\/markt\\\/\",\"logo\":{\"@type\":\"ImageObject\",\"inLanguage\":\"de\",\"@id\":\"https:\\\/\\\/marktxxl.de\\\/markt\\\/#\\\/schema\\\/logo\\\/image\\\/\",\"url\":\"https:\\\/\\\/marktxxl.de\\\/markt\\\/wp-content\\\/uploads\\\/sites\\\/3\\\/2020\\\/12\\\/logo.png\",\"contentUrl\":\"https:\\\/\\\/marktxxl.de\\\/markt\\\/wp-content\\\/uploads\\\/sites\\\/3\\\/2020\\\/12\\\/logo.png\",\"width\":200,\"height\":70,\"caption\":\"Markt-XXL\"},\"image\":{\"@id\":\"https:\\\/\\\/marktxxl.de\\\/markt\\\/#\\\/schema\\\/logo\\\/image\\\/\"}}]}<\/script>\n<!-- \/ Yoast SEO plugin. -->","yoast_head_json":{"title":"Metzler Briefkasten mit Edelstahl Namensschild Toma - Anthrazit RAL 7016 - Modernes Design - inkl. Beschriftung\u2026 - Markt-XXL","description":"Markt-XXL Metzler Briefkasten mit Edelstahl Namensschild Toma - Anthrazit RAL 7016 - Modernes Design - inkl. Beschriftung\u2026","robots":{"index":"index","follow":"follow","max-snippet":"max-snippet:-1","max-image-preview":"max-image-preview:large","max-video-preview":"max-video-preview:-1"},"canonical":"https:\/\/marktxxl.de\/markt\/produkt\/metzler-briefkasten-mit-edelstahl-namensschild-toma-anthrazit-ral-7016-modernes-design-inkl-beschriftung-hausnummer-name-gravur-tueranschlag-waehlbar-groesse-355-x-435-x-10-c\/","og_locale":"de_DE","og_type":"article","og_title":"Metzler Briefkasten mit Edelstahl Namensschild Toma - Anthrazit RAL 7016 - Modernes Design - inkl. Beschriftung\u2026 - Markt-XXL","og_description":"Markt-XXL Metzler Briefkasten mit Edelstahl Namensschild Toma - Anthrazit RAL 7016 - Modernes Design - inkl. Beschriftung\u2026","og_url":"https:\/\/marktxxl.de\/markt\/produkt\/metzler-briefkasten-mit-edelstahl-namensschild-toma-anthrazit-ral-7016-modernes-design-inkl-beschriftung-hausnummer-name-gravur-tueranschlag-waehlbar-groesse-355-x-435-x-10-c\/","og_site_name":"Markt-XXL","article_modified_time":"2023-04-06T00:15:34+00:00","og_image":[{"width":500,"height":500,"url":"https:\/\/m.media-amazon.com\/images\/I\/31s4xsm5GuL._SL500_.jpg","type":"image\/jpeg"}],"twitter_card":"summary_large_image","twitter_misc":{"Gesch\u00e4tzte Lesezeit":"1\u00a0Minute"},"schema":{"@context":"https:\/\/schema.org","@graph":[{"@type":"WebPage","@id":"https:\/\/marktxxl.de\/markt\/produkt\/metzler-briefkasten-mit-edelstahl-namensschild-toma-anthrazit-ral-7016-modernes-design-inkl-beschriftung-hausnummer-name-gravur-tueranschlag-waehlbar-groesse-355-x-435-x-10-c\/","url":"https:\/\/marktxxl.de\/markt\/produkt\/metzler-briefkasten-mit-edelstahl-namensschild-toma-anthrazit-ral-7016-modernes-design-inkl-beschriftung-hausnummer-name-gravur-tueranschlag-waehlbar-groesse-355-x-435-x-10-c\/","name":"Metzler Briefkasten mit Edelstahl Namensschild Toma - Anthrazit RAL 7016 - Modernes Design - inkl. Beschriftung\u2026 - Markt-XXL","isPartOf":{"@id":"https:\/\/marktxxl.de\/markt\/#website"},"primaryImageOfPage":{"@id":"https:\/\/marktxxl.de\/markt\/produkt\/metzler-briefkasten-mit-edelstahl-namensschild-toma-anthrazit-ral-7016-modernes-design-inkl-beschriftung-hausnummer-name-gravur-tueranschlag-waehlbar-groesse-355-x-435-x-10-c\/#primaryimage"},"image":{"@id":"https:\/\/marktxxl.de\/markt\/produkt\/metzler-briefkasten-mit-edelstahl-namensschild-toma-anthrazit-ral-7016-modernes-design-inkl-beschriftung-hausnummer-name-gravur-tueranschlag-waehlbar-groesse-355-x-435-x-10-c\/#primaryimage"},"thumbnailUrl":"https:\/\/m.media-amazon.com\/images\/I\/31s4xsm5GuL._SL500_.jpg","datePublished":"2021-12-28T12:36:12+00:00","dateModified":"2023-04-06T00:15:34+00:00","description":"Markt-XXL Metzler Briefkasten mit Edelstahl Namensschild Toma - Anthrazit RAL 7016 - Modernes Design - inkl. Beschriftung\u2026","breadcrumb":{"@id":"https:\/\/marktxxl.de\/markt\/produkt\/metzler-briefkasten-mit-edelstahl-namensschild-toma-anthrazit-ral-7016-modernes-design-inkl-beschriftung-hausnummer-name-gravur-tueranschlag-waehlbar-groesse-355-x-435-x-10-c\/#breadcrumb"},"inLanguage":"de","potentialAction":[{"@type":"ReadAction","target":["https:\/\/marktxxl.de\/markt\/produkt\/metzler-briefkasten-mit-edelstahl-namensschild-toma-anthrazit-ral-7016-modernes-design-inkl-beschriftung-hausnummer-name-gravur-tueranschlag-waehlbar-groesse-355-x-435-x-10-c\/"]}]},{"@type":"ImageObject","inLanguage":"de","@id":"https:\/\/marktxxl.de\/markt\/produkt\/metzler-briefkasten-mit-edelstahl-namensschild-toma-anthrazit-ral-7016-modernes-design-inkl-beschriftung-hausnummer-name-gravur-tueranschlag-waehlbar-groesse-355-x-435-x-10-c\/#primaryimage","url":"https:\/\/m.media-amazon.com\/images\/I\/31s4xsm5GuL._SL500_.jpg","contentUrl":"https:\/\/m.media-amazon.com\/images\/I\/31s4xsm5GuL._SL500_.jpg","width":500,"height":500},{"@type":"BreadcrumbList","@id":"https:\/\/marktxxl.de\/markt\/produkt\/metzler-briefkasten-mit-edelstahl-namensschild-toma-anthrazit-ral-7016-modernes-design-inkl-beschriftung-hausnummer-name-gravur-tueranschlag-waehlbar-groesse-355-x-435-x-10-c\/#breadcrumb","itemListElement":[{"@type":"ListItem","position":1,"name":"Startseite","item":"https:\/\/marktxxl.de\/markt\/"},{"@type":"ListItem","position":2,"name":"Markt","item":"https:\/\/marktxxl.de\/markt\/"},{"@type":"ListItem","position":3,"name":"Metzler Briefkasten mit Edelstahl Namensschild Toma &#8211; Anthrazit RAL 7016 &#8211; Modernes Design &#8211; inkl. Beschriftung\u2026"}]},{"@type":"WebSite","@id":"https:\/\/marktxxl.de\/markt\/#website","url":"https:\/\/marktxxl.de\/markt\/","name":"Markt-XXL","description":"Ihr Markt Online","publisher":{"@id":"https:\/\/marktxxl.de\/markt\/#organization"},"potentialAction":[{"@type":"SearchAction","target":{"@type":"EntryPoint","urlTemplate":"https:\/\/marktxxl.de\/markt\/?s={search_term_string}"},"query-input":{"@type":"PropertyValueSpecification","valueRequired":true,"valueName":"search_term_string"}}],"inLanguage":"de"},{"@type":"Organization","@id":"https:\/\/marktxxl.de\/markt\/#organization","name":"Markt-XXL","url":"https:\/\/marktxxl.de\/markt\/","logo":{"@type":"ImageObject","inLanguage":"de","@id":"https:\/\/marktxxl.de\/markt\/#\/schema\/logo\/image\/","url":"https:\/\/marktxxl.de\/markt\/wp-content\/uploads\/sites\/3\/2020\/12\/logo.png","contentUrl":"https:\/\/marktxxl.de\/markt\/wp-content\/uploads\/sites\/3\/2020\/12\/logo.png","width":200,"height":70,"caption":"Markt-XXL"},"image":{"@id":"https:\/\/marktxxl.de\/markt\/#\/schema\/logo\/image\/"}}]}},"_links":{"self":[{"href":"https:\/\/marktxxl.de\/markt\/wp-json\/wp\/v2\/product\/84247","targetHints":{"allow":["GET"]}}],"collection":[{"href":"https:\/\/marktxxl.de\/markt\/wp-json\/wp\/v2\/product"}],"about":[{"href":"https:\/\/marktxxl.de\/markt\/wp-json\/wp\/v2\/types\/product"}],"replies":[{"embeddable":true,"href":"https:\/\/marktxxl.de\/markt\/wp-json\/wp\/v2\/comments?post=84247"}],"wp:featuredmedia":[{"embeddable":true,"href":"https:\/\/marktxxl.de\/markt\/wp-json\/wp\/v2\/media\/84248"}],"wp:attachment":[{"href":"https:\/\/marktxxl.de\/markt\/wp-json\/wp\/v2\/media?parent=84247"}],"wp:term":[{"taxonomy":"product_brand","embeddable":true,"href":"https:\/\/marktxxl.de\/markt\/wp-json\/wp\/v2\/product_brand?post=84247"},{"taxonomy":"product_cat","embeddable":true,"href":"https:\/\/marktxxl.de\/markt\/wp-json\/wp\/v2\/product_cat?post=84247"},{"taxonomy":"product_tag","embeddable":true,"href":"https:\/\/marktxxl.de\/markt\/wp-json\/wp\/v2\/product_tag?post=84247"}],"curies":[{"name":"wp","href":"https:\/\/api.w.org\/{rel}","templated":true}]}}