{"id":83392,"date":"2021-12-28T12:12:08","date_gmt":"2021-12-28T11:12:08","guid":{"rendered":"https:\/\/marktxxl.de\/markt\/produkt\/mario-hut-mocchi-mocchi-large-das-nintendo-mario-kart-mocchi-mocchi-pluesch-spielzeug-kissen-ist-das-perfekte-kuscheltier-fuer-das-kinderzimmer-oder-sofa-fuer-kinder-erwachsene-und-nintendo-fans\/"},"modified":"2023-04-11T03:00:14","modified_gmt":"2023-04-11T01:00:14","slug":"mario-hut-mocchi-mocchi-large-das-nintendo-mario-kart-mocchi-mocchi-pluesch-spielzeug-kissen-ist-das-perfekte-kuscheltier-fuer-das-kinderzimmer-oder-sofa-fuer-kinder-erwachsene-und-nintendo-fans","status":"publish","type":"product","link":"https:\/\/marktxxl.de\/markt\/produkt\/mario-hut-mocchi-mocchi-large-das-nintendo-mario-kart-mocchi-mocchi-pluesch-spielzeug-kissen-ist-das-perfekte-kuscheltier-fuer-das-kinderzimmer-oder-sofa-fuer-kinder-erwachsene-und-nintendo-fans\/","title":{"rendered":"Nintendo Mario Hut Mocchi Mocchi (Large), Mario Kart Mocchi Mocchi Pl\u00fcsch Spielzeug Kissen ist das perfekte Kuscheltier\u2026"},"content":{"rendered":"<p>SUPER FLAUSCHIG \u2013 Pl\u00fcschfigur ist sehr weich, rei\u00dffest und findet immer in seine urspr\u00fcngliche Form zur\u00fcck, egal wie lange man sie knuddelt! Perfekt f\u00fcr Jungen und M\u00e4dchen und Fans der Nintendo-Spiele!<br \/>\nHOCHWERTIGES MATERIAL \u2013 Das Pl\u00fcschtier ist aus hochwertigem und samtigem Pl\u00fcsch hergestellt. Ein fusselfreies, weiches Kissen im Super Mario Design ohne chemischen Geruch an der Pl\u00fcschfigur f\u00fcr den absoluten Wohlf\u00fchlfaktor<br \/>\nORIGINAL NINTENDO \u2013 Bei dieser Pl\u00fcschfigur handelt es sich um ein offiziell lizenziertes Produkt von Nintendo, erkenntlich am Nintendo-Siegel. Wer bereits Nintendo Konsolen besitzt, kann nun auch sein Sofa im Nintendo-Stil umgestalten<br \/>\nDAS NINTENDO KUSCHELTIER \u2013 Perfekt zum Kuscheln oder zum Sammeln f\u00fcr Nintendo Fans und Freunde der Mario Kart Serie. So wird das Videospiel lebendig! Das ideale Geschenk f\u00fcr gro\u00df und klein!<br \/>\nLIEFERUMFANG \u2013 1x Pl\u00fcschkissen f\u00fcr Kinder ab 3 Jahren und Fans von Nintendo und Super Mario. Das Kuscheltier ist ideal als Geschenk f\u00fcr gro\u00df und klein! Verpackungsma\u00dfe (BxTxH): 37x36x19cm<br \/>\n<div class=\"main-cross-sell\" data-asin=\"B07PPVR3RH\">\n\n\t<div class=\"WooZone-cross-sell-loader\">\n\t\t<div>\n\t\t\t<div id=\"floatingBarsG\">\n\t\t\t\t<div class=\"blockG\" id=\"rotateG_01\"><\/div>\n\t\t\t\t<div class=\"blockG\" id=\"rotateG_02\"><\/div>\n\t\t\t\t<div class=\"blockG\" id=\"rotateG_03\"><\/div>\n\t\t\t\t<div class=\"blockG\" id=\"rotateG_04\"><\/div>\n\t\t\t\t<div class=\"blockG\" id=\"rotateG_05\"><\/div>\n\t\t\t\t<div class=\"blockG\" id=\"rotateG_06\"><\/div>\n\t\t\t\t<div class=\"blockG\" id=\"rotateG_07\"><\/div>\n\t\t\t\t<div class=\"blockG\" id=\"rotateG_08\"><\/div>\n\t\t\t<\/div>\n\t\t\t<div class=\"WooZone-cross-sell-loader-text\"><\/div>\n\t\t<\/div>\n\t<\/div>\n\n\t\t\n<\/div>\n<div style=\"clear:both;\"><\/div><\/p>\n","protected":false},"excerpt":{"rendered":"<p>SUPER FLAUSCHIG \u2013 Pl\u00fcschfigur ist sehr weich, rei\u00dffest und findet immer in seine urspr\u00fcngliche Form zur\u00fcck, egal wie lange man sie knuddelt! Perfekt f\u00fcr Jungen und M\u00e4dchen und Fans der Nintendo-Spiele!<br \/>\nHOCHWERTIGES MATERIAL \u2013 Das Pl\u00fcschtier ist aus hochwertigem und samtigem Pl\u00fcsch hergestellt. Ein fusselfreies, weiches Kissen im Super Mario Design ohne chemischen Geruch an der Pl\u00fcschfigur f\u00fcr den absoluten Wohlf\u00fchlfaktor<br \/>\nORIGINAL NINTENDO \u2013 Bei dieser Pl\u00fcschfigur handelt es sich um ein offiziell lizenziertes Produkt von Nintendo, erkenntlich am Nintendo-Siegel. Wer bereits Nintendo Konsolen besitzt, kann nun auch sein Sofa im Nintendo-Stil umgestalten<\/p>\n","protected":false},"featured_media":83393,"comment_status":"open","ping_status":"closed","template":"","meta":[],"product_brand":[],"product_cat":[21,8825],"product_tag":[],"class_list":{"0":"post-83392","1":"product","2":"type-product","3":"status-publish","4":"has-post-thumbnail","6":"product_cat-baby","7":"product_cat-baby-kleinkinderzimmer-baby","8":"pa_binding-spielzeug","9":"pa_brand-nintendo","10":"pa_color-rot","11":"pa_height-12-75-zoll","12":"pa_length-13-zoll","13":"pa_manufacturer-tomy","14":"pa_model-t12961","15":"pa_warranty-keine-garantie","16":"pa_weight-1-35-pfund","17":"pa_width-6-zoll","19":"first","20":"instock","21":"shipping-taxable","22":"purchasable","23":"product-type-simple","24":"customify-col","25":"product-has-gallery"},"yoast_head":"<!-- This site is optimized with the Yoast SEO plugin v27.4 - https:\/\/yoast.com\/product\/yoast-seo-wordpress\/ -->\n<title>Nintendo Mario Hut Mocchi Mocchi (Large), Mario Kart Mocchi Mocchi Pl\u00fcsch Spielzeug Kissen ist das perfekte Kuscheltier\u2026 - Markt-XXL<\/title>\n<meta name=\"description\" content=\"Markt-XXL Nintendo Mario Hut Mocchi Mocchi (Large), Mario Kart Mocchi Mocchi Pl\u00fcsch Spielzeug Kissen ist das perfekte Kuscheltier\u2026\" \/>\n<meta name=\"robots\" content=\"index, follow, max-snippet:-1, max-image-preview:large, max-video-preview:-1\" \/>\n<link rel=\"canonical\" href=\"https:\/\/marktxxl.de\/markt\/produkt\/mario-hut-mocchi-mocchi-large-das-nintendo-mario-kart-mocchi-mocchi-pluesch-spielzeug-kissen-ist-das-perfekte-kuscheltier-fuer-das-kinderzimmer-oder-sofa-fuer-kinder-erwachsene-und-nintendo-fans\/\" \/>\n<meta property=\"og:locale\" content=\"de_DE\" \/>\n<meta property=\"og:type\" content=\"article\" \/>\n<meta property=\"og:title\" content=\"Nintendo Mario Hut Mocchi Mocchi (Large), Mario Kart Mocchi Mocchi Pl\u00fcsch Spielzeug Kissen ist das perfekte Kuscheltier\u2026 - Markt-XXL\" \/>\n<meta property=\"og:description\" content=\"Markt-XXL Nintendo Mario Hut Mocchi Mocchi (Large), Mario Kart Mocchi Mocchi Pl\u00fcsch Spielzeug Kissen ist das perfekte Kuscheltier\u2026\" \/>\n<meta property=\"og:url\" content=\"https:\/\/marktxxl.de\/markt\/produkt\/mario-hut-mocchi-mocchi-large-das-nintendo-mario-kart-mocchi-mocchi-pluesch-spielzeug-kissen-ist-das-perfekte-kuscheltier-fuer-das-kinderzimmer-oder-sofa-fuer-kinder-erwachsene-und-nintendo-fans\/\" \/>\n<meta property=\"og:site_name\" content=\"Markt-XXL\" \/>\n<meta property=\"article:modified_time\" content=\"2023-04-11T01:00:14+00:00\" \/>\n<meta property=\"og:image\" content=\"https:\/\/m.media-amazon.com\/images\/I\/41CagwcslkL._SL500_.jpg\" \/>\n\t<meta property=\"og:image:width\" content=\"500\" \/>\n\t<meta property=\"og:image:height\" content=\"500\" \/>\n\t<meta property=\"og:image:type\" content=\"image\/jpeg\" \/>\n<meta name=\"twitter:card\" content=\"summary_large_image\" \/>\n<meta name=\"twitter:label1\" content=\"Gesch\u00e4tzte Lesezeit\" \/>\n\t<meta name=\"twitter:data1\" content=\"1\u00a0Minute\" \/>\n<script type=\"application\/ld+json\" class=\"yoast-schema-graph\">{\"@context\":\"https:\\\/\\\/schema.org\",\"@graph\":[{\"@type\":\"WebPage\",\"@id\":\"https:\\\/\\\/marktxxl.de\\\/markt\\\/produkt\\\/mario-hut-mocchi-mocchi-large-das-nintendo-mario-kart-mocchi-mocchi-pluesch-spielzeug-kissen-ist-das-perfekte-kuscheltier-fuer-das-kinderzimmer-oder-sofa-fuer-kinder-erwachsene-und-nintendo-fans\\\/\",\"url\":\"https:\\\/\\\/marktxxl.de\\\/markt\\\/produkt\\\/mario-hut-mocchi-mocchi-large-das-nintendo-mario-kart-mocchi-mocchi-pluesch-spielzeug-kissen-ist-das-perfekte-kuscheltier-fuer-das-kinderzimmer-oder-sofa-fuer-kinder-erwachsene-und-nintendo-fans\\\/\",\"name\":\"Nintendo Mario Hut Mocchi Mocchi (Large), Mario Kart Mocchi Mocchi Pl\u00fcsch Spielzeug Kissen ist das perfekte Kuscheltier\u2026 - Markt-XXL\",\"isPartOf\":{\"@id\":\"https:\\\/\\\/marktxxl.de\\\/markt\\\/#website\"},\"primaryImageOfPage\":{\"@id\":\"https:\\\/\\\/marktxxl.de\\\/markt\\\/produkt\\\/mario-hut-mocchi-mocchi-large-das-nintendo-mario-kart-mocchi-mocchi-pluesch-spielzeug-kissen-ist-das-perfekte-kuscheltier-fuer-das-kinderzimmer-oder-sofa-fuer-kinder-erwachsene-und-nintendo-fans\\\/#primaryimage\"},\"image\":{\"@id\":\"https:\\\/\\\/marktxxl.de\\\/markt\\\/produkt\\\/mario-hut-mocchi-mocchi-large-das-nintendo-mario-kart-mocchi-mocchi-pluesch-spielzeug-kissen-ist-das-perfekte-kuscheltier-fuer-das-kinderzimmer-oder-sofa-fuer-kinder-erwachsene-und-nintendo-fans\\\/#primaryimage\"},\"thumbnailUrl\":\"https:\\\/\\\/m.media-amazon.com\\\/images\\\/I\\\/41CagwcslkL._SL500_.jpg\",\"datePublished\":\"2021-12-28T11:12:08+00:00\",\"dateModified\":\"2023-04-11T01:00:14+00:00\",\"description\":\"Markt-XXL Nintendo Mario Hut Mocchi Mocchi (Large), Mario Kart Mocchi Mocchi Pl\u00fcsch Spielzeug Kissen ist das perfekte Kuscheltier\u2026\",\"breadcrumb\":{\"@id\":\"https:\\\/\\\/marktxxl.de\\\/markt\\\/produkt\\\/mario-hut-mocchi-mocchi-large-das-nintendo-mario-kart-mocchi-mocchi-pluesch-spielzeug-kissen-ist-das-perfekte-kuscheltier-fuer-das-kinderzimmer-oder-sofa-fuer-kinder-erwachsene-und-nintendo-fans\\\/#breadcrumb\"},\"inLanguage\":\"de\",\"potentialAction\":[{\"@type\":\"ReadAction\",\"target\":[\"https:\\\/\\\/marktxxl.de\\\/markt\\\/produkt\\\/mario-hut-mocchi-mocchi-large-das-nintendo-mario-kart-mocchi-mocchi-pluesch-spielzeug-kissen-ist-das-perfekte-kuscheltier-fuer-das-kinderzimmer-oder-sofa-fuer-kinder-erwachsene-und-nintendo-fans\\\/\"]}]},{\"@type\":\"ImageObject\",\"inLanguage\":\"de\",\"@id\":\"https:\\\/\\\/marktxxl.de\\\/markt\\\/produkt\\\/mario-hut-mocchi-mocchi-large-das-nintendo-mario-kart-mocchi-mocchi-pluesch-spielzeug-kissen-ist-das-perfekte-kuscheltier-fuer-das-kinderzimmer-oder-sofa-fuer-kinder-erwachsene-und-nintendo-fans\\\/#primaryimage\",\"url\":\"https:\\\/\\\/m.media-amazon.com\\\/images\\\/I\\\/41CagwcslkL._SL500_.jpg\",\"contentUrl\":\"https:\\\/\\\/m.media-amazon.com\\\/images\\\/I\\\/41CagwcslkL._SL500_.jpg\",\"width\":500,\"height\":500},{\"@type\":\"BreadcrumbList\",\"@id\":\"https:\\\/\\\/marktxxl.de\\\/markt\\\/produkt\\\/mario-hut-mocchi-mocchi-large-das-nintendo-mario-kart-mocchi-mocchi-pluesch-spielzeug-kissen-ist-das-perfekte-kuscheltier-fuer-das-kinderzimmer-oder-sofa-fuer-kinder-erwachsene-und-nintendo-fans\\\/#breadcrumb\",\"itemListElement\":[{\"@type\":\"ListItem\",\"position\":1,\"name\":\"Startseite\",\"item\":\"https:\\\/\\\/marktxxl.de\\\/markt\\\/\"},{\"@type\":\"ListItem\",\"position\":2,\"name\":\"Markt\",\"item\":\"https:\\\/\\\/marktxxl.de\\\/markt\\\/\"},{\"@type\":\"ListItem\",\"position\":3,\"name\":\"Nintendo Mario Hut Mocchi Mocchi (Large), Mario Kart Mocchi Mocchi Pl\u00fcsch Spielzeug Kissen ist das perfekte Kuscheltier\u2026\"}]},{\"@type\":\"WebSite\",\"@id\":\"https:\\\/\\\/marktxxl.de\\\/markt\\\/#website\",\"url\":\"https:\\\/\\\/marktxxl.de\\\/markt\\\/\",\"name\":\"Markt-XXL\",\"description\":\"Ihr Markt Online\",\"publisher\":{\"@id\":\"https:\\\/\\\/marktxxl.de\\\/markt\\\/#organization\"},\"potentialAction\":[{\"@type\":\"SearchAction\",\"target\":{\"@type\":\"EntryPoint\",\"urlTemplate\":\"https:\\\/\\\/marktxxl.de\\\/markt\\\/?s={search_term_string}\"},\"query-input\":{\"@type\":\"PropertyValueSpecification\",\"valueRequired\":true,\"valueName\":\"search_term_string\"}}],\"inLanguage\":\"de\"},{\"@type\":\"Organization\",\"@id\":\"https:\\\/\\\/marktxxl.de\\\/markt\\\/#organization\",\"name\":\"Markt-XXL\",\"url\":\"https:\\\/\\\/marktxxl.de\\\/markt\\\/\",\"logo\":{\"@type\":\"ImageObject\",\"inLanguage\":\"de\",\"@id\":\"https:\\\/\\\/marktxxl.de\\\/markt\\\/#\\\/schema\\\/logo\\\/image\\\/\",\"url\":\"https:\\\/\\\/marktxxl.de\\\/markt\\\/wp-content\\\/uploads\\\/sites\\\/3\\\/2020\\\/12\\\/logo.png\",\"contentUrl\":\"https:\\\/\\\/marktxxl.de\\\/markt\\\/wp-content\\\/uploads\\\/sites\\\/3\\\/2020\\\/12\\\/logo.png\",\"width\":200,\"height\":70,\"caption\":\"Markt-XXL\"},\"image\":{\"@id\":\"https:\\\/\\\/marktxxl.de\\\/markt\\\/#\\\/schema\\\/logo\\\/image\\\/\"}}]}<\/script>\n<!-- \/ Yoast SEO plugin. -->","yoast_head_json":{"title":"Nintendo Mario Hut Mocchi Mocchi (Large), Mario Kart Mocchi Mocchi Pl\u00fcsch Spielzeug Kissen ist das perfekte Kuscheltier\u2026 - Markt-XXL","description":"Markt-XXL Nintendo Mario Hut Mocchi Mocchi (Large), Mario Kart Mocchi Mocchi Pl\u00fcsch Spielzeug Kissen ist das perfekte Kuscheltier\u2026","robots":{"index":"index","follow":"follow","max-snippet":"max-snippet:-1","max-image-preview":"max-image-preview:large","max-video-preview":"max-video-preview:-1"},"canonical":"https:\/\/marktxxl.de\/markt\/produkt\/mario-hut-mocchi-mocchi-large-das-nintendo-mario-kart-mocchi-mocchi-pluesch-spielzeug-kissen-ist-das-perfekte-kuscheltier-fuer-das-kinderzimmer-oder-sofa-fuer-kinder-erwachsene-und-nintendo-fans\/","og_locale":"de_DE","og_type":"article","og_title":"Nintendo Mario Hut Mocchi Mocchi (Large), Mario Kart Mocchi Mocchi Pl\u00fcsch Spielzeug Kissen ist das perfekte Kuscheltier\u2026 - Markt-XXL","og_description":"Markt-XXL Nintendo Mario Hut Mocchi Mocchi (Large), Mario Kart Mocchi Mocchi Pl\u00fcsch Spielzeug Kissen ist das perfekte Kuscheltier\u2026","og_url":"https:\/\/marktxxl.de\/markt\/produkt\/mario-hut-mocchi-mocchi-large-das-nintendo-mario-kart-mocchi-mocchi-pluesch-spielzeug-kissen-ist-das-perfekte-kuscheltier-fuer-das-kinderzimmer-oder-sofa-fuer-kinder-erwachsene-und-nintendo-fans\/","og_site_name":"Markt-XXL","article_modified_time":"2023-04-11T01:00:14+00:00","og_image":[{"width":500,"height":500,"url":"https:\/\/m.media-amazon.com\/images\/I\/41CagwcslkL._SL500_.jpg","type":"image\/jpeg"}],"twitter_card":"summary_large_image","twitter_misc":{"Gesch\u00e4tzte Lesezeit":"1\u00a0Minute"},"schema":{"@context":"https:\/\/schema.org","@graph":[{"@type":"WebPage","@id":"https:\/\/marktxxl.de\/markt\/produkt\/mario-hut-mocchi-mocchi-large-das-nintendo-mario-kart-mocchi-mocchi-pluesch-spielzeug-kissen-ist-das-perfekte-kuscheltier-fuer-das-kinderzimmer-oder-sofa-fuer-kinder-erwachsene-und-nintendo-fans\/","url":"https:\/\/marktxxl.de\/markt\/produkt\/mario-hut-mocchi-mocchi-large-das-nintendo-mario-kart-mocchi-mocchi-pluesch-spielzeug-kissen-ist-das-perfekte-kuscheltier-fuer-das-kinderzimmer-oder-sofa-fuer-kinder-erwachsene-und-nintendo-fans\/","name":"Nintendo Mario Hut Mocchi Mocchi (Large), Mario Kart Mocchi Mocchi Pl\u00fcsch Spielzeug Kissen ist das perfekte Kuscheltier\u2026 - Markt-XXL","isPartOf":{"@id":"https:\/\/marktxxl.de\/markt\/#website"},"primaryImageOfPage":{"@id":"https:\/\/marktxxl.de\/markt\/produkt\/mario-hut-mocchi-mocchi-large-das-nintendo-mario-kart-mocchi-mocchi-pluesch-spielzeug-kissen-ist-das-perfekte-kuscheltier-fuer-das-kinderzimmer-oder-sofa-fuer-kinder-erwachsene-und-nintendo-fans\/#primaryimage"},"image":{"@id":"https:\/\/marktxxl.de\/markt\/produkt\/mario-hut-mocchi-mocchi-large-das-nintendo-mario-kart-mocchi-mocchi-pluesch-spielzeug-kissen-ist-das-perfekte-kuscheltier-fuer-das-kinderzimmer-oder-sofa-fuer-kinder-erwachsene-und-nintendo-fans\/#primaryimage"},"thumbnailUrl":"https:\/\/m.media-amazon.com\/images\/I\/41CagwcslkL._SL500_.jpg","datePublished":"2021-12-28T11:12:08+00:00","dateModified":"2023-04-11T01:00:14+00:00","description":"Markt-XXL Nintendo Mario Hut Mocchi Mocchi (Large), Mario Kart Mocchi Mocchi Pl\u00fcsch Spielzeug Kissen ist das perfekte Kuscheltier\u2026","breadcrumb":{"@id":"https:\/\/marktxxl.de\/markt\/produkt\/mario-hut-mocchi-mocchi-large-das-nintendo-mario-kart-mocchi-mocchi-pluesch-spielzeug-kissen-ist-das-perfekte-kuscheltier-fuer-das-kinderzimmer-oder-sofa-fuer-kinder-erwachsene-und-nintendo-fans\/#breadcrumb"},"inLanguage":"de","potentialAction":[{"@type":"ReadAction","target":["https:\/\/marktxxl.de\/markt\/produkt\/mario-hut-mocchi-mocchi-large-das-nintendo-mario-kart-mocchi-mocchi-pluesch-spielzeug-kissen-ist-das-perfekte-kuscheltier-fuer-das-kinderzimmer-oder-sofa-fuer-kinder-erwachsene-und-nintendo-fans\/"]}]},{"@type":"ImageObject","inLanguage":"de","@id":"https:\/\/marktxxl.de\/markt\/produkt\/mario-hut-mocchi-mocchi-large-das-nintendo-mario-kart-mocchi-mocchi-pluesch-spielzeug-kissen-ist-das-perfekte-kuscheltier-fuer-das-kinderzimmer-oder-sofa-fuer-kinder-erwachsene-und-nintendo-fans\/#primaryimage","url":"https:\/\/m.media-amazon.com\/images\/I\/41CagwcslkL._SL500_.jpg","contentUrl":"https:\/\/m.media-amazon.com\/images\/I\/41CagwcslkL._SL500_.jpg","width":500,"height":500},{"@type":"BreadcrumbList","@id":"https:\/\/marktxxl.de\/markt\/produkt\/mario-hut-mocchi-mocchi-large-das-nintendo-mario-kart-mocchi-mocchi-pluesch-spielzeug-kissen-ist-das-perfekte-kuscheltier-fuer-das-kinderzimmer-oder-sofa-fuer-kinder-erwachsene-und-nintendo-fans\/#breadcrumb","itemListElement":[{"@type":"ListItem","position":1,"name":"Startseite","item":"https:\/\/marktxxl.de\/markt\/"},{"@type":"ListItem","position":2,"name":"Markt","item":"https:\/\/marktxxl.de\/markt\/"},{"@type":"ListItem","position":3,"name":"Nintendo Mario Hut Mocchi Mocchi (Large), Mario Kart Mocchi Mocchi Pl\u00fcsch Spielzeug Kissen ist das perfekte Kuscheltier\u2026"}]},{"@type":"WebSite","@id":"https:\/\/marktxxl.de\/markt\/#website","url":"https:\/\/marktxxl.de\/markt\/","name":"Markt-XXL","description":"Ihr Markt Online","publisher":{"@id":"https:\/\/marktxxl.de\/markt\/#organization"},"potentialAction":[{"@type":"SearchAction","target":{"@type":"EntryPoint","urlTemplate":"https:\/\/marktxxl.de\/markt\/?s={search_term_string}"},"query-input":{"@type":"PropertyValueSpecification","valueRequired":true,"valueName":"search_term_string"}}],"inLanguage":"de"},{"@type":"Organization","@id":"https:\/\/marktxxl.de\/markt\/#organization","name":"Markt-XXL","url":"https:\/\/marktxxl.de\/markt\/","logo":{"@type":"ImageObject","inLanguage":"de","@id":"https:\/\/marktxxl.de\/markt\/#\/schema\/logo\/image\/","url":"https:\/\/marktxxl.de\/markt\/wp-content\/uploads\/sites\/3\/2020\/12\/logo.png","contentUrl":"https:\/\/marktxxl.de\/markt\/wp-content\/uploads\/sites\/3\/2020\/12\/logo.png","width":200,"height":70,"caption":"Markt-XXL"},"image":{"@id":"https:\/\/marktxxl.de\/markt\/#\/schema\/logo\/image\/"}}]}},"_links":{"self":[{"href":"https:\/\/marktxxl.de\/markt\/wp-json\/wp\/v2\/product\/83392","targetHints":{"allow":["GET"]}}],"collection":[{"href":"https:\/\/marktxxl.de\/markt\/wp-json\/wp\/v2\/product"}],"about":[{"href":"https:\/\/marktxxl.de\/markt\/wp-json\/wp\/v2\/types\/product"}],"replies":[{"embeddable":true,"href":"https:\/\/marktxxl.de\/markt\/wp-json\/wp\/v2\/comments?post=83392"}],"wp:featuredmedia":[{"embeddable":true,"href":"https:\/\/marktxxl.de\/markt\/wp-json\/wp\/v2\/media\/83393"}],"wp:attachment":[{"href":"https:\/\/marktxxl.de\/markt\/wp-json\/wp\/v2\/media?parent=83392"}],"wp:term":[{"taxonomy":"product_brand","embeddable":true,"href":"https:\/\/marktxxl.de\/markt\/wp-json\/wp\/v2\/product_brand?post=83392"},{"taxonomy":"product_cat","embeddable":true,"href":"https:\/\/marktxxl.de\/markt\/wp-json\/wp\/v2\/product_cat?post=83392"},{"taxonomy":"product_tag","embeddable":true,"href":"https:\/\/marktxxl.de\/markt\/wp-json\/wp\/v2\/product_tag?post=83392"}],"curies":[{"name":"wp","href":"https:\/\/api.w.org\/{rel}","templated":true}]}}