{"id":81812,"date":"2021-11-25T18:48:16","date_gmt":"2021-11-25T17:48:16","guid":{"rendered":"https:\/\/marktxxl.de\/markt\/produkt\/boopan-premium-rasierpinsel-vegan-mit-bambus-holz-fuer-herren-und-damen-weich-wie-dachshaar-shaving-brush\/"},"modified":"2023-04-07T02:12:22","modified_gmt":"2023-04-07T00:12:22","slug":"boopan-premium-rasierpinsel-vegan-mit-bambus-holz-fuer-herren-und-damen-weich-wie-dachshaar-shaving-brush","status":"publish","type":"product","link":"https:\/\/marktxxl.de\/markt\/produkt\/boopan-premium-rasierpinsel-vegan-mit-bambus-holz-fuer-herren-und-damen-weich-wie-dachshaar-shaving-brush\/","title":{"rendered":"boopan\u00ae Premium Rasierpinsel vegan mit Bambus-Holz f\u00fcr Herren und Damen &#8211; weich wie Dachshaar &#8211; shaving brush"},"content":{"rendered":"<p>NACHHALTIG \u2013 Unser boopan Premium Rasierpinsel set mit Bambusgriff ist umweltfreundlich, tierfreundlich und die perfekte Alternative zu Echthaarpinseln. Der beste vegane Rasierpinsel f\u00fcr M\u00e4nner und Frauen!<br \/>\nHOCHWERTIG \u2013 Durch die hochwertigen und dichten Nylonfasern ist dein Kunsthaar-Pinsel extrem langlebig, weich und steht einem Dachshaarrasierpinsel in nichts nach. Dein Bartpinsel mit Bambus ist vegan und komplett ohne Plastikverpackung!<br \/>\nOPTIMALE SCHAUMBILDUNG \u2013 Ideal f\u00fcr die t\u00e4gliche Rasur und die perfekte Erg\u00e4nzung zu deinem Rasierhobel und deiner Rasierseife. Bereitet deine Haut optimal auf eine sanfte Rasur vor. Zudem hast du immer trockene H\u00e4nde!<br \/>\nSEHR GRIFFIG \u2013 Dank des Bambusgriffes, hat dein Rasierpinsel einen sehr guten Halt und macht das Aufsch\u00e4umen, sowie das Auftragen zu einem Kinderspiel. Dein Pinsel l\u00e4sst sich ganz einfach unter flie\u00dfendem Wasser aussp\u00fclen!<br \/>\nRASURGUIDE \u2013 Zu unserem Rasurpinsel bekommst du nicht nur eine sch\u00f6ne plastikfreie Geschenkverpackung, sondern auch ein eBook (auf der R\u00fcckseite der Verpackung) mit wertvollen Pflegehinweisen, Tipps und DIY-Rasierschaum!<br \/>\n<div class=\"main-cross-sell\" data-asin=\"B08LZB34RG\">\n\n\t<div class=\"WooZone-cross-sell-loader\">\n\t\t<div>\n\t\t\t<div id=\"floatingBarsG\">\n\t\t\t\t<div class=\"blockG\" id=\"rotateG_01\"><\/div>\n\t\t\t\t<div class=\"blockG\" id=\"rotateG_02\"><\/div>\n\t\t\t\t<div class=\"blockG\" id=\"rotateG_03\"><\/div>\n\t\t\t\t<div class=\"blockG\" id=\"rotateG_04\"><\/div>\n\t\t\t\t<div class=\"blockG\" id=\"rotateG_05\"><\/div>\n\t\t\t\t<div class=\"blockG\" id=\"rotateG_06\"><\/div>\n\t\t\t\t<div class=\"blockG\" id=\"rotateG_07\"><\/div>\n\t\t\t\t<div class=\"blockG\" id=\"rotateG_08\"><\/div>\n\t\t\t<\/div>\n\t\t\t<div class=\"WooZone-cross-sell-loader-text\"><\/div>\n\t\t<\/div>\n\t<\/div>\n\n\t\t\n<\/div>\n<div style=\"clear:both;\"><\/div><\/p>\n","protected":false},"excerpt":{"rendered":"<p>NACHHALTIG \u2013 Unser boopan Premium Rasierpinsel set mit Bambusgriff ist umweltfreundlich, tierfreundlich und die perfekte Alternative zu Echthaarpinseln. Der beste vegane Rasierpinsel f\u00fcr M\u00e4nner und Frauen!<br \/>\nHOCHWERTIG \u2013 Durch die hochwertigen und dichten Nylonfasern ist dein Kunsthaar-Pinsel extrem langlebig, weich und steht einem Dachshaarrasierpinsel in nichts nach. Dein Bartpinsel mit Bambus ist vegan und komplett ohne Plastikverpackung!<br \/>\nOPTIMALE SCHAUMBILDUNG \u2013 Ideal f\u00fcr die t\u00e4gliche Rasur und die perfekte Erg\u00e4nzung zu deinem Rasierhobel und deiner Rasierseife. Bereitet deine Haut optimal auf eine sanfte Rasur vor. Zudem hast du immer trockene H\u00e4nde!<\/p>\n","protected":false},"featured_media":81813,"comment_status":"open","ping_status":"closed","template":"","meta":[],"product_brand":[],"product_cat":[566,6190],"product_tag":[],"class_list":{"0":"post-81812","1":"product","2":"type-product","3":"status-publish","4":"has-post-thumbnail","6":"product_cat-drogerie-koerperpflege","7":"product_cat-rasur-enthaarung","8":"pa_binding-badartikel","9":"pa_brand-boopan-makes-the-world-better","10":"pa_manufacturer-boopan-makes-the-world-better","11":"pa_model-6690","12":"pa_size-1-stueck-1er-pack","14":"first","15":"instock","16":"shipping-taxable","17":"purchasable","18":"product-type-simple","19":"customify-col","20":"product-has-gallery"},"yoast_head":"<!-- This site is optimized with the Yoast SEO plugin v27.4 - https:\/\/yoast.com\/product\/yoast-seo-wordpress\/ -->\n<title>boopan\u00ae Premium Rasierpinsel vegan mit Bambus-Holz f\u00fcr Herren und Damen - weich wie Dachshaar - shaving brush - Markt-XXL<\/title>\n<meta name=\"description\" content=\"Markt-XXL boopan\u00ae Premium Rasierpinsel vegan mit Bambus-Holz f\u00fcr Herren und Damen - weich wie Dachshaar - shaving brush\" \/>\n<meta name=\"robots\" content=\"index, follow, max-snippet:-1, max-image-preview:large, max-video-preview:-1\" \/>\n<link rel=\"canonical\" href=\"https:\/\/marktxxl.de\/markt\/produkt\/boopan-premium-rasierpinsel-vegan-mit-bambus-holz-fuer-herren-und-damen-weich-wie-dachshaar-shaving-brush\/\" \/>\n<meta property=\"og:locale\" content=\"de_DE\" \/>\n<meta property=\"og:type\" content=\"article\" \/>\n<meta property=\"og:title\" content=\"boopan\u00ae Premium Rasierpinsel vegan mit Bambus-Holz f\u00fcr Herren und Damen - weich wie Dachshaar - shaving brush - Markt-XXL\" \/>\n<meta property=\"og:description\" content=\"Markt-XXL boopan\u00ae Premium Rasierpinsel vegan mit Bambus-Holz f\u00fcr Herren und Damen - weich wie Dachshaar - shaving brush\" \/>\n<meta property=\"og:url\" content=\"https:\/\/marktxxl.de\/markt\/produkt\/boopan-premium-rasierpinsel-vegan-mit-bambus-holz-fuer-herren-und-damen-weich-wie-dachshaar-shaving-brush\/\" \/>\n<meta property=\"og:site_name\" content=\"Markt-XXL\" \/>\n<meta property=\"article:modified_time\" content=\"2023-04-07T00:12:22+00:00\" \/>\n<meta property=\"og:image\" content=\"https:\/\/m.media-amazon.com\/images\/I\/515KscxFq7L._SL500_.jpg\" \/>\n\t<meta property=\"og:image:width\" content=\"500\" \/>\n\t<meta property=\"og:image:height\" content=\"500\" \/>\n\t<meta property=\"og:image:type\" content=\"image\/jpeg\" \/>\n<meta name=\"twitter:card\" content=\"summary_large_image\" \/>\n<meta name=\"twitter:label1\" content=\"Gesch\u00e4tzte Lesezeit\" \/>\n\t<meta name=\"twitter:data1\" content=\"1\u00a0Minute\" \/>\n<script type=\"application\/ld+json\" class=\"yoast-schema-graph\">{\"@context\":\"https:\\\/\\\/schema.org\",\"@graph\":[{\"@type\":\"WebPage\",\"@id\":\"https:\\\/\\\/marktxxl.de\\\/markt\\\/produkt\\\/boopan-premium-rasierpinsel-vegan-mit-bambus-holz-fuer-herren-und-damen-weich-wie-dachshaar-shaving-brush\\\/\",\"url\":\"https:\\\/\\\/marktxxl.de\\\/markt\\\/produkt\\\/boopan-premium-rasierpinsel-vegan-mit-bambus-holz-fuer-herren-und-damen-weich-wie-dachshaar-shaving-brush\\\/\",\"name\":\"boopan\u00ae Premium Rasierpinsel vegan mit Bambus-Holz f\u00fcr Herren und Damen - weich wie Dachshaar - shaving brush - Markt-XXL\",\"isPartOf\":{\"@id\":\"https:\\\/\\\/marktxxl.de\\\/markt\\\/#website\"},\"primaryImageOfPage\":{\"@id\":\"https:\\\/\\\/marktxxl.de\\\/markt\\\/produkt\\\/boopan-premium-rasierpinsel-vegan-mit-bambus-holz-fuer-herren-und-damen-weich-wie-dachshaar-shaving-brush\\\/#primaryimage\"},\"image\":{\"@id\":\"https:\\\/\\\/marktxxl.de\\\/markt\\\/produkt\\\/boopan-premium-rasierpinsel-vegan-mit-bambus-holz-fuer-herren-und-damen-weich-wie-dachshaar-shaving-brush\\\/#primaryimage\"},\"thumbnailUrl\":\"https:\\\/\\\/m.media-amazon.com\\\/images\\\/I\\\/515KscxFq7L._SL500_.jpg\",\"datePublished\":\"2021-11-25T17:48:16+00:00\",\"dateModified\":\"2023-04-07T00:12:22+00:00\",\"description\":\"Markt-XXL boopan\u00ae Premium Rasierpinsel vegan mit Bambus-Holz f\u00fcr Herren und Damen - weich wie Dachshaar - shaving brush\",\"breadcrumb\":{\"@id\":\"https:\\\/\\\/marktxxl.de\\\/markt\\\/produkt\\\/boopan-premium-rasierpinsel-vegan-mit-bambus-holz-fuer-herren-und-damen-weich-wie-dachshaar-shaving-brush\\\/#breadcrumb\"},\"inLanguage\":\"de\",\"potentialAction\":[{\"@type\":\"ReadAction\",\"target\":[\"https:\\\/\\\/marktxxl.de\\\/markt\\\/produkt\\\/boopan-premium-rasierpinsel-vegan-mit-bambus-holz-fuer-herren-und-damen-weich-wie-dachshaar-shaving-brush\\\/\"]}]},{\"@type\":\"ImageObject\",\"inLanguage\":\"de\",\"@id\":\"https:\\\/\\\/marktxxl.de\\\/markt\\\/produkt\\\/boopan-premium-rasierpinsel-vegan-mit-bambus-holz-fuer-herren-und-damen-weich-wie-dachshaar-shaving-brush\\\/#primaryimage\",\"url\":\"https:\\\/\\\/m.media-amazon.com\\\/images\\\/I\\\/515KscxFq7L._SL500_.jpg\",\"contentUrl\":\"https:\\\/\\\/m.media-amazon.com\\\/images\\\/I\\\/515KscxFq7L._SL500_.jpg\",\"width\":500,\"height\":500},{\"@type\":\"BreadcrumbList\",\"@id\":\"https:\\\/\\\/marktxxl.de\\\/markt\\\/produkt\\\/boopan-premium-rasierpinsel-vegan-mit-bambus-holz-fuer-herren-und-damen-weich-wie-dachshaar-shaving-brush\\\/#breadcrumb\",\"itemListElement\":[{\"@type\":\"ListItem\",\"position\":1,\"name\":\"Startseite\",\"item\":\"https:\\\/\\\/marktxxl.de\\\/markt\\\/\"},{\"@type\":\"ListItem\",\"position\":2,\"name\":\"Markt\",\"item\":\"https:\\\/\\\/marktxxl.de\\\/markt\\\/\"},{\"@type\":\"ListItem\",\"position\":3,\"name\":\"boopan\u00ae Premium Rasierpinsel vegan mit Bambus-Holz f\u00fcr Herren und Damen &#8211; weich wie Dachshaar &#8211; shaving brush\"}]},{\"@type\":\"WebSite\",\"@id\":\"https:\\\/\\\/marktxxl.de\\\/markt\\\/#website\",\"url\":\"https:\\\/\\\/marktxxl.de\\\/markt\\\/\",\"name\":\"Markt-XXL\",\"description\":\"Ihr Markt Online\",\"publisher\":{\"@id\":\"https:\\\/\\\/marktxxl.de\\\/markt\\\/#organization\"},\"potentialAction\":[{\"@type\":\"SearchAction\",\"target\":{\"@type\":\"EntryPoint\",\"urlTemplate\":\"https:\\\/\\\/marktxxl.de\\\/markt\\\/?s={search_term_string}\"},\"query-input\":{\"@type\":\"PropertyValueSpecification\",\"valueRequired\":true,\"valueName\":\"search_term_string\"}}],\"inLanguage\":\"de\"},{\"@type\":\"Organization\",\"@id\":\"https:\\\/\\\/marktxxl.de\\\/markt\\\/#organization\",\"name\":\"Markt-XXL\",\"url\":\"https:\\\/\\\/marktxxl.de\\\/markt\\\/\",\"logo\":{\"@type\":\"ImageObject\",\"inLanguage\":\"de\",\"@id\":\"https:\\\/\\\/marktxxl.de\\\/markt\\\/#\\\/schema\\\/logo\\\/image\\\/\",\"url\":\"https:\\\/\\\/marktxxl.de\\\/markt\\\/wp-content\\\/uploads\\\/sites\\\/3\\\/2020\\\/12\\\/logo.png\",\"contentUrl\":\"https:\\\/\\\/marktxxl.de\\\/markt\\\/wp-content\\\/uploads\\\/sites\\\/3\\\/2020\\\/12\\\/logo.png\",\"width\":200,\"height\":70,\"caption\":\"Markt-XXL\"},\"image\":{\"@id\":\"https:\\\/\\\/marktxxl.de\\\/markt\\\/#\\\/schema\\\/logo\\\/image\\\/\"}}]}<\/script>\n<!-- \/ Yoast SEO plugin. -->","yoast_head_json":{"title":"boopan\u00ae Premium Rasierpinsel vegan mit Bambus-Holz f\u00fcr Herren und Damen - weich wie Dachshaar - shaving brush - Markt-XXL","description":"Markt-XXL boopan\u00ae Premium Rasierpinsel vegan mit Bambus-Holz f\u00fcr Herren und Damen - weich wie Dachshaar - shaving brush","robots":{"index":"index","follow":"follow","max-snippet":"max-snippet:-1","max-image-preview":"max-image-preview:large","max-video-preview":"max-video-preview:-1"},"canonical":"https:\/\/marktxxl.de\/markt\/produkt\/boopan-premium-rasierpinsel-vegan-mit-bambus-holz-fuer-herren-und-damen-weich-wie-dachshaar-shaving-brush\/","og_locale":"de_DE","og_type":"article","og_title":"boopan\u00ae Premium Rasierpinsel vegan mit Bambus-Holz f\u00fcr Herren und Damen - weich wie Dachshaar - shaving brush - Markt-XXL","og_description":"Markt-XXL boopan\u00ae Premium Rasierpinsel vegan mit Bambus-Holz f\u00fcr Herren und Damen - weich wie Dachshaar - shaving brush","og_url":"https:\/\/marktxxl.de\/markt\/produkt\/boopan-premium-rasierpinsel-vegan-mit-bambus-holz-fuer-herren-und-damen-weich-wie-dachshaar-shaving-brush\/","og_site_name":"Markt-XXL","article_modified_time":"2023-04-07T00:12:22+00:00","og_image":[{"width":500,"height":500,"url":"https:\/\/m.media-amazon.com\/images\/I\/515KscxFq7L._SL500_.jpg","type":"image\/jpeg"}],"twitter_card":"summary_large_image","twitter_misc":{"Gesch\u00e4tzte Lesezeit":"1\u00a0Minute"},"schema":{"@context":"https:\/\/schema.org","@graph":[{"@type":"WebPage","@id":"https:\/\/marktxxl.de\/markt\/produkt\/boopan-premium-rasierpinsel-vegan-mit-bambus-holz-fuer-herren-und-damen-weich-wie-dachshaar-shaving-brush\/","url":"https:\/\/marktxxl.de\/markt\/produkt\/boopan-premium-rasierpinsel-vegan-mit-bambus-holz-fuer-herren-und-damen-weich-wie-dachshaar-shaving-brush\/","name":"boopan\u00ae Premium Rasierpinsel vegan mit Bambus-Holz f\u00fcr Herren und Damen - weich wie Dachshaar - shaving brush - Markt-XXL","isPartOf":{"@id":"https:\/\/marktxxl.de\/markt\/#website"},"primaryImageOfPage":{"@id":"https:\/\/marktxxl.de\/markt\/produkt\/boopan-premium-rasierpinsel-vegan-mit-bambus-holz-fuer-herren-und-damen-weich-wie-dachshaar-shaving-brush\/#primaryimage"},"image":{"@id":"https:\/\/marktxxl.de\/markt\/produkt\/boopan-premium-rasierpinsel-vegan-mit-bambus-holz-fuer-herren-und-damen-weich-wie-dachshaar-shaving-brush\/#primaryimage"},"thumbnailUrl":"https:\/\/m.media-amazon.com\/images\/I\/515KscxFq7L._SL500_.jpg","datePublished":"2021-11-25T17:48:16+00:00","dateModified":"2023-04-07T00:12:22+00:00","description":"Markt-XXL boopan\u00ae Premium Rasierpinsel vegan mit Bambus-Holz f\u00fcr Herren und Damen - weich wie Dachshaar - shaving brush","breadcrumb":{"@id":"https:\/\/marktxxl.de\/markt\/produkt\/boopan-premium-rasierpinsel-vegan-mit-bambus-holz-fuer-herren-und-damen-weich-wie-dachshaar-shaving-brush\/#breadcrumb"},"inLanguage":"de","potentialAction":[{"@type":"ReadAction","target":["https:\/\/marktxxl.de\/markt\/produkt\/boopan-premium-rasierpinsel-vegan-mit-bambus-holz-fuer-herren-und-damen-weich-wie-dachshaar-shaving-brush\/"]}]},{"@type":"ImageObject","inLanguage":"de","@id":"https:\/\/marktxxl.de\/markt\/produkt\/boopan-premium-rasierpinsel-vegan-mit-bambus-holz-fuer-herren-und-damen-weich-wie-dachshaar-shaving-brush\/#primaryimage","url":"https:\/\/m.media-amazon.com\/images\/I\/515KscxFq7L._SL500_.jpg","contentUrl":"https:\/\/m.media-amazon.com\/images\/I\/515KscxFq7L._SL500_.jpg","width":500,"height":500},{"@type":"BreadcrumbList","@id":"https:\/\/marktxxl.de\/markt\/produkt\/boopan-premium-rasierpinsel-vegan-mit-bambus-holz-fuer-herren-und-damen-weich-wie-dachshaar-shaving-brush\/#breadcrumb","itemListElement":[{"@type":"ListItem","position":1,"name":"Startseite","item":"https:\/\/marktxxl.de\/markt\/"},{"@type":"ListItem","position":2,"name":"Markt","item":"https:\/\/marktxxl.de\/markt\/"},{"@type":"ListItem","position":3,"name":"boopan\u00ae Premium Rasierpinsel vegan mit Bambus-Holz f\u00fcr Herren und Damen &#8211; weich wie Dachshaar &#8211; shaving brush"}]},{"@type":"WebSite","@id":"https:\/\/marktxxl.de\/markt\/#website","url":"https:\/\/marktxxl.de\/markt\/","name":"Markt-XXL","description":"Ihr Markt Online","publisher":{"@id":"https:\/\/marktxxl.de\/markt\/#organization"},"potentialAction":[{"@type":"SearchAction","target":{"@type":"EntryPoint","urlTemplate":"https:\/\/marktxxl.de\/markt\/?s={search_term_string}"},"query-input":{"@type":"PropertyValueSpecification","valueRequired":true,"valueName":"search_term_string"}}],"inLanguage":"de"},{"@type":"Organization","@id":"https:\/\/marktxxl.de\/markt\/#organization","name":"Markt-XXL","url":"https:\/\/marktxxl.de\/markt\/","logo":{"@type":"ImageObject","inLanguage":"de","@id":"https:\/\/marktxxl.de\/markt\/#\/schema\/logo\/image\/","url":"https:\/\/marktxxl.de\/markt\/wp-content\/uploads\/sites\/3\/2020\/12\/logo.png","contentUrl":"https:\/\/marktxxl.de\/markt\/wp-content\/uploads\/sites\/3\/2020\/12\/logo.png","width":200,"height":70,"caption":"Markt-XXL"},"image":{"@id":"https:\/\/marktxxl.de\/markt\/#\/schema\/logo\/image\/"}}]}},"_links":{"self":[{"href":"https:\/\/marktxxl.de\/markt\/wp-json\/wp\/v2\/product\/81812","targetHints":{"allow":["GET"]}}],"collection":[{"href":"https:\/\/marktxxl.de\/markt\/wp-json\/wp\/v2\/product"}],"about":[{"href":"https:\/\/marktxxl.de\/markt\/wp-json\/wp\/v2\/types\/product"}],"replies":[{"embeddable":true,"href":"https:\/\/marktxxl.de\/markt\/wp-json\/wp\/v2\/comments?post=81812"}],"wp:featuredmedia":[{"embeddable":true,"href":"https:\/\/marktxxl.de\/markt\/wp-json\/wp\/v2\/media\/81813"}],"wp:attachment":[{"href":"https:\/\/marktxxl.de\/markt\/wp-json\/wp\/v2\/media?parent=81812"}],"wp:term":[{"taxonomy":"product_brand","embeddable":true,"href":"https:\/\/marktxxl.de\/markt\/wp-json\/wp\/v2\/product_brand?post=81812"},{"taxonomy":"product_cat","embeddable":true,"href":"https:\/\/marktxxl.de\/markt\/wp-json\/wp\/v2\/product_cat?post=81812"},{"taxonomy":"product_tag","embeddable":true,"href":"https:\/\/marktxxl.de\/markt\/wp-json\/wp\/v2\/product_tag?post=81812"}],"curies":[{"name":"wp","href":"https:\/\/api.w.org\/{rel}","templated":true}]}}