{"id":81196,"date":"2021-11-25T18:18:04","date_gmt":"2021-11-25T17:18:04","guid":{"rendered":"https:\/\/marktxxl.de\/markt\/produkt\/elmex-zahnschmelz-professional-zahnpasta-75ml-zahncreme-schuetzt-wirksam-vor-zahnschmelz-abbau\/"},"modified":"2023-04-11T02:57:24","modified_gmt":"2023-04-11T00:57:24","slug":"elmex-zahnschmelz-professional-zahnpasta-75ml-zahncreme-schuetzt-wirksam-vor-zahnschmelz-abbau","status":"publish","type":"product","link":"https:\/\/marktxxl.de\/markt\/produkt\/elmex-zahnschmelz-professional-zahnpasta-75ml-zahncreme-schuetzt-wirksam-vor-zahnschmelz-abbau\/","title":{"rendered":"elmex Zahnpasta Zahnschmelz Professional, 75 ml &#8211; Zahncreme st\u00e4rkt und sch\u00fctzt den Zahnschmelz, sch\u00fctzt vor\u2026"},"content":{"rendered":"<p>elmex ZAHNSCHMELZSCHUTZ PROFESSIONAL Zahnpasta sch\u00fctzt wirksam vor Zahnschmelz-Abbau mit Mikroschutz-Technologie<br \/>\nDie leistungsstarken Wirkstoffe der Zahncreme werden beim Z\u00e4hneputzen direkt an der Zahnoberfl\u00e4che angelagert &#8211; dadurch beugen sie ersten, mikroskopisch kleinen Aufl\u00f6sungen des Zahnschmelzes vor. Um die Z\u00e4hne herum entsteht eine Schutzschicht, die den Zahnschmelz vor regelm\u00e4\u00dfigen, aggressiven S\u00e4ureangriffen sch\u00fctzt. Das Ergebnis: Durch die Verwendung von elmex ZAHNSCHMELZ PROFESSIONAL kann Zahnschmelzabbau signifikant reduziert werden<br \/>\nAminfluorid st\u00e4rkt und sch\u00fctzt die Z\u00e4hne vor Karies \u2013 das ist die Basis f\u00fcr einen gesunden Mundraum<br \/>\nTipp: F\u00fcr eine umfassende Mundpflege empfehlen Experten, zwei bis drei Mal t\u00e4glich Z\u00e4hne zu putzen und zus\u00e4tzlich elmex ZAHNSCHMELZ PROFESSIONAL-Zahnsp\u00fclung sowie eine weiche Zahnb\u00fcrste zu verwenden<br \/>\nHinweis: F\u00fcr Kinder ab 7 Jahren geeignet<br \/>\n<div class=\"main-cross-sell\" data-asin=\"B083MDG3B4\">\n\n\t<div class=\"WooZone-cross-sell-loader\">\n\t\t<div>\n\t\t\t<div id=\"floatingBarsG\">\n\t\t\t\t<div class=\"blockG\" id=\"rotateG_01\"><\/div>\n\t\t\t\t<div class=\"blockG\" id=\"rotateG_02\"><\/div>\n\t\t\t\t<div class=\"blockG\" id=\"rotateG_03\"><\/div>\n\t\t\t\t<div class=\"blockG\" id=\"rotateG_04\"><\/div>\n\t\t\t\t<div class=\"blockG\" id=\"rotateG_05\"><\/div>\n\t\t\t\t<div class=\"blockG\" id=\"rotateG_06\"><\/div>\n\t\t\t\t<div class=\"blockG\" id=\"rotateG_07\"><\/div>\n\t\t\t\t<div class=\"blockG\" id=\"rotateG_08\"><\/div>\n\t\t\t<\/div>\n\t\t\t<div class=\"WooZone-cross-sell-loader-text\"><\/div>\n\t\t<\/div>\n\t<\/div>\n\n\t\t\n<\/div>\n<div style=\"clear:both;\"><\/div><\/p>\n","protected":false},"excerpt":{"rendered":"<p>elmex ZAHNSCHMELZSCHUTZ PROFESSIONAL Zahnpasta sch\u00fctzt wirksam vor Zahnschmelz-Abbau mit Mikroschutz-Technologie<br \/>\nDie leistungsstarken Wirkstoffe der Zahncreme werden beim Z\u00e4hneputzen direkt an der Zahnoberfl\u00e4che angelagert &#8211; dadurch beugen sie ersten, mikroskopisch kleinen Aufl\u00f6sungen des Zahnschmelzes vor. Um die Z\u00e4hne herum entsteht eine Schutzschicht, die den Zahnschmelz vor regelm\u00e4\u00dfigen, aggressiven S\u00e4ureangriffen sch\u00fctzt. Das Ergebnis: Durch die Verwendung von elmex ZAHNSCHMELZ PROFESSIONAL kann Zahnschmelzabbau signifikant reduziert werden<br \/>\nAminfluorid st\u00e4rkt und sch\u00fctzt die Z\u00e4hne vor Karies \u2013 das ist die Basis f\u00fcr einen gesunden Mundraum<\/p>\n","protected":false},"featured_media":81197,"comment_status":"open","ping_status":"closed","template":"","meta":[],"product_brand":[],"product_cat":[566,5981],"product_tag":[],"class_list":{"0":"post-81196","1":"product","2":"type-product","3":"status-publish","4":"has-post-thumbnail","6":"product_cat-drogerie-koerperpflege","7":"product_cat-mund-zahnpflege","8":"pa_binding-badartikel","9":"pa_brand-elmex","10":"pa_height-1-8110236202-zoll","11":"pa_languages-unbekannt-deutsch","12":"pa_length-1-4960629906-zoll","13":"pa_manufacturer-cp-gaba-gmbh","14":"pa_model-26799","15":"pa_size-75-ml-1er-pack","16":"pa_weight-0-26235009178-pfund","17":"pa_width-6-692913379-zoll","19":"first","20":"instock","21":"shipping-taxable","22":"purchasable","23":"product-type-simple","24":"customify-col","25":"product-has-gallery"},"yoast_head":"<!-- This site is optimized with the Yoast SEO plugin v27.4 - https:\/\/yoast.com\/product\/yoast-seo-wordpress\/ -->\n<title>elmex Zahnpasta Zahnschmelz Professional, 75 ml - Zahncreme st\u00e4rkt und sch\u00fctzt den Zahnschmelz, sch\u00fctzt vor\u2026 - Markt-XXL<\/title>\n<meta name=\"description\" content=\"Markt-XXL elmex Zahnpasta Zahnschmelz Professional, 75 ml - Zahncreme st\u00e4rkt und sch\u00fctzt den Zahnschmelz, sch\u00fctzt vor\u2026\" \/>\n<meta name=\"robots\" content=\"index, follow, max-snippet:-1, max-image-preview:large, max-video-preview:-1\" \/>\n<link rel=\"canonical\" href=\"https:\/\/marktxxl.de\/markt\/produkt\/elmex-zahnschmelz-professional-zahnpasta-75ml-zahncreme-schuetzt-wirksam-vor-zahnschmelz-abbau\/\" \/>\n<meta property=\"og:locale\" content=\"de_DE\" \/>\n<meta property=\"og:type\" content=\"article\" \/>\n<meta property=\"og:title\" content=\"elmex Zahnpasta Zahnschmelz Professional, 75 ml - Zahncreme st\u00e4rkt und sch\u00fctzt den Zahnschmelz, sch\u00fctzt vor\u2026 - Markt-XXL\" \/>\n<meta property=\"og:description\" content=\"Markt-XXL elmex Zahnpasta Zahnschmelz Professional, 75 ml - Zahncreme st\u00e4rkt und sch\u00fctzt den Zahnschmelz, sch\u00fctzt vor\u2026\" \/>\n<meta property=\"og:url\" content=\"https:\/\/marktxxl.de\/markt\/produkt\/elmex-zahnschmelz-professional-zahnpasta-75ml-zahncreme-schuetzt-wirksam-vor-zahnschmelz-abbau\/\" \/>\n<meta property=\"og:site_name\" content=\"Markt-XXL\" \/>\n<meta property=\"article:modified_time\" content=\"2023-04-11T00:57:24+00:00\" \/>\n<meta property=\"og:image\" content=\"https:\/\/m.media-amazon.com\/images\/I\/4121ba0fElL._SL500_.jpg\" \/>\n\t<meta property=\"og:image:width\" content=\"500\" \/>\n\t<meta property=\"og:image:height\" content=\"500\" \/>\n\t<meta property=\"og:image:type\" content=\"image\/jpeg\" \/>\n<meta name=\"twitter:card\" content=\"summary_large_image\" \/>\n<meta name=\"twitter:label1\" content=\"Gesch\u00e4tzte Lesezeit\" \/>\n\t<meta name=\"twitter:data1\" content=\"1\u00a0Minute\" \/>\n<script type=\"application\/ld+json\" class=\"yoast-schema-graph\">{\"@context\":\"https:\\\/\\\/schema.org\",\"@graph\":[{\"@type\":\"WebPage\",\"@id\":\"https:\\\/\\\/marktxxl.de\\\/markt\\\/produkt\\\/elmex-zahnschmelz-professional-zahnpasta-75ml-zahncreme-schuetzt-wirksam-vor-zahnschmelz-abbau\\\/\",\"url\":\"https:\\\/\\\/marktxxl.de\\\/markt\\\/produkt\\\/elmex-zahnschmelz-professional-zahnpasta-75ml-zahncreme-schuetzt-wirksam-vor-zahnschmelz-abbau\\\/\",\"name\":\"elmex Zahnpasta Zahnschmelz Professional, 75 ml - Zahncreme st\u00e4rkt und sch\u00fctzt den Zahnschmelz, sch\u00fctzt vor\u2026 - Markt-XXL\",\"isPartOf\":{\"@id\":\"https:\\\/\\\/marktxxl.de\\\/markt\\\/#website\"},\"primaryImageOfPage\":{\"@id\":\"https:\\\/\\\/marktxxl.de\\\/markt\\\/produkt\\\/elmex-zahnschmelz-professional-zahnpasta-75ml-zahncreme-schuetzt-wirksam-vor-zahnschmelz-abbau\\\/#primaryimage\"},\"image\":{\"@id\":\"https:\\\/\\\/marktxxl.de\\\/markt\\\/produkt\\\/elmex-zahnschmelz-professional-zahnpasta-75ml-zahncreme-schuetzt-wirksam-vor-zahnschmelz-abbau\\\/#primaryimage\"},\"thumbnailUrl\":\"https:\\\/\\\/m.media-amazon.com\\\/images\\\/I\\\/4121ba0fElL._SL500_.jpg\",\"datePublished\":\"2021-11-25T17:18:04+00:00\",\"dateModified\":\"2023-04-11T00:57:24+00:00\",\"description\":\"Markt-XXL elmex Zahnpasta Zahnschmelz Professional, 75 ml - Zahncreme st\u00e4rkt und sch\u00fctzt den Zahnschmelz, sch\u00fctzt vor\u2026\",\"breadcrumb\":{\"@id\":\"https:\\\/\\\/marktxxl.de\\\/markt\\\/produkt\\\/elmex-zahnschmelz-professional-zahnpasta-75ml-zahncreme-schuetzt-wirksam-vor-zahnschmelz-abbau\\\/#breadcrumb\"},\"inLanguage\":\"de\",\"potentialAction\":[{\"@type\":\"ReadAction\",\"target\":[\"https:\\\/\\\/marktxxl.de\\\/markt\\\/produkt\\\/elmex-zahnschmelz-professional-zahnpasta-75ml-zahncreme-schuetzt-wirksam-vor-zahnschmelz-abbau\\\/\"]}]},{\"@type\":\"ImageObject\",\"inLanguage\":\"de\",\"@id\":\"https:\\\/\\\/marktxxl.de\\\/markt\\\/produkt\\\/elmex-zahnschmelz-professional-zahnpasta-75ml-zahncreme-schuetzt-wirksam-vor-zahnschmelz-abbau\\\/#primaryimage\",\"url\":\"https:\\\/\\\/m.media-amazon.com\\\/images\\\/I\\\/4121ba0fElL._SL500_.jpg\",\"contentUrl\":\"https:\\\/\\\/m.media-amazon.com\\\/images\\\/I\\\/4121ba0fElL._SL500_.jpg\",\"width\":500,\"height\":500},{\"@type\":\"BreadcrumbList\",\"@id\":\"https:\\\/\\\/marktxxl.de\\\/markt\\\/produkt\\\/elmex-zahnschmelz-professional-zahnpasta-75ml-zahncreme-schuetzt-wirksam-vor-zahnschmelz-abbau\\\/#breadcrumb\",\"itemListElement\":[{\"@type\":\"ListItem\",\"position\":1,\"name\":\"Startseite\",\"item\":\"https:\\\/\\\/marktxxl.de\\\/markt\\\/\"},{\"@type\":\"ListItem\",\"position\":2,\"name\":\"Markt\",\"item\":\"https:\\\/\\\/marktxxl.de\\\/markt\\\/\"},{\"@type\":\"ListItem\",\"position\":3,\"name\":\"elmex Zahnpasta Zahnschmelz Professional, 75 ml &#8211; Zahncreme st\u00e4rkt und sch\u00fctzt den Zahnschmelz, sch\u00fctzt vor\u2026\"}]},{\"@type\":\"WebSite\",\"@id\":\"https:\\\/\\\/marktxxl.de\\\/markt\\\/#website\",\"url\":\"https:\\\/\\\/marktxxl.de\\\/markt\\\/\",\"name\":\"Markt-XXL\",\"description\":\"Ihr Markt Online\",\"publisher\":{\"@id\":\"https:\\\/\\\/marktxxl.de\\\/markt\\\/#organization\"},\"potentialAction\":[{\"@type\":\"SearchAction\",\"target\":{\"@type\":\"EntryPoint\",\"urlTemplate\":\"https:\\\/\\\/marktxxl.de\\\/markt\\\/?s={search_term_string}\"},\"query-input\":{\"@type\":\"PropertyValueSpecification\",\"valueRequired\":true,\"valueName\":\"search_term_string\"}}],\"inLanguage\":\"de\"},{\"@type\":\"Organization\",\"@id\":\"https:\\\/\\\/marktxxl.de\\\/markt\\\/#organization\",\"name\":\"Markt-XXL\",\"url\":\"https:\\\/\\\/marktxxl.de\\\/markt\\\/\",\"logo\":{\"@type\":\"ImageObject\",\"inLanguage\":\"de\",\"@id\":\"https:\\\/\\\/marktxxl.de\\\/markt\\\/#\\\/schema\\\/logo\\\/image\\\/\",\"url\":\"https:\\\/\\\/marktxxl.de\\\/markt\\\/wp-content\\\/uploads\\\/sites\\\/3\\\/2020\\\/12\\\/logo.png\",\"contentUrl\":\"https:\\\/\\\/marktxxl.de\\\/markt\\\/wp-content\\\/uploads\\\/sites\\\/3\\\/2020\\\/12\\\/logo.png\",\"width\":200,\"height\":70,\"caption\":\"Markt-XXL\"},\"image\":{\"@id\":\"https:\\\/\\\/marktxxl.de\\\/markt\\\/#\\\/schema\\\/logo\\\/image\\\/\"}}]}<\/script>\n<!-- \/ Yoast SEO plugin. -->","yoast_head_json":{"title":"elmex Zahnpasta Zahnschmelz Professional, 75 ml - Zahncreme st\u00e4rkt und sch\u00fctzt den Zahnschmelz, sch\u00fctzt vor\u2026 - Markt-XXL","description":"Markt-XXL elmex Zahnpasta Zahnschmelz Professional, 75 ml - Zahncreme st\u00e4rkt und sch\u00fctzt den Zahnschmelz, sch\u00fctzt vor\u2026","robots":{"index":"index","follow":"follow","max-snippet":"max-snippet:-1","max-image-preview":"max-image-preview:large","max-video-preview":"max-video-preview:-1"},"canonical":"https:\/\/marktxxl.de\/markt\/produkt\/elmex-zahnschmelz-professional-zahnpasta-75ml-zahncreme-schuetzt-wirksam-vor-zahnschmelz-abbau\/","og_locale":"de_DE","og_type":"article","og_title":"elmex Zahnpasta Zahnschmelz Professional, 75 ml - Zahncreme st\u00e4rkt und sch\u00fctzt den Zahnschmelz, sch\u00fctzt vor\u2026 - Markt-XXL","og_description":"Markt-XXL elmex Zahnpasta Zahnschmelz Professional, 75 ml - Zahncreme st\u00e4rkt und sch\u00fctzt den Zahnschmelz, sch\u00fctzt vor\u2026","og_url":"https:\/\/marktxxl.de\/markt\/produkt\/elmex-zahnschmelz-professional-zahnpasta-75ml-zahncreme-schuetzt-wirksam-vor-zahnschmelz-abbau\/","og_site_name":"Markt-XXL","article_modified_time":"2023-04-11T00:57:24+00:00","og_image":[{"width":500,"height":500,"url":"https:\/\/m.media-amazon.com\/images\/I\/4121ba0fElL._SL500_.jpg","type":"image\/jpeg"}],"twitter_card":"summary_large_image","twitter_misc":{"Gesch\u00e4tzte Lesezeit":"1\u00a0Minute"},"schema":{"@context":"https:\/\/schema.org","@graph":[{"@type":"WebPage","@id":"https:\/\/marktxxl.de\/markt\/produkt\/elmex-zahnschmelz-professional-zahnpasta-75ml-zahncreme-schuetzt-wirksam-vor-zahnschmelz-abbau\/","url":"https:\/\/marktxxl.de\/markt\/produkt\/elmex-zahnschmelz-professional-zahnpasta-75ml-zahncreme-schuetzt-wirksam-vor-zahnschmelz-abbau\/","name":"elmex Zahnpasta Zahnschmelz Professional, 75 ml - Zahncreme st\u00e4rkt und sch\u00fctzt den Zahnschmelz, sch\u00fctzt vor\u2026 - Markt-XXL","isPartOf":{"@id":"https:\/\/marktxxl.de\/markt\/#website"},"primaryImageOfPage":{"@id":"https:\/\/marktxxl.de\/markt\/produkt\/elmex-zahnschmelz-professional-zahnpasta-75ml-zahncreme-schuetzt-wirksam-vor-zahnschmelz-abbau\/#primaryimage"},"image":{"@id":"https:\/\/marktxxl.de\/markt\/produkt\/elmex-zahnschmelz-professional-zahnpasta-75ml-zahncreme-schuetzt-wirksam-vor-zahnschmelz-abbau\/#primaryimage"},"thumbnailUrl":"https:\/\/m.media-amazon.com\/images\/I\/4121ba0fElL._SL500_.jpg","datePublished":"2021-11-25T17:18:04+00:00","dateModified":"2023-04-11T00:57:24+00:00","description":"Markt-XXL elmex Zahnpasta Zahnschmelz Professional, 75 ml - Zahncreme st\u00e4rkt und sch\u00fctzt den Zahnschmelz, sch\u00fctzt vor\u2026","breadcrumb":{"@id":"https:\/\/marktxxl.de\/markt\/produkt\/elmex-zahnschmelz-professional-zahnpasta-75ml-zahncreme-schuetzt-wirksam-vor-zahnschmelz-abbau\/#breadcrumb"},"inLanguage":"de","potentialAction":[{"@type":"ReadAction","target":["https:\/\/marktxxl.de\/markt\/produkt\/elmex-zahnschmelz-professional-zahnpasta-75ml-zahncreme-schuetzt-wirksam-vor-zahnschmelz-abbau\/"]}]},{"@type":"ImageObject","inLanguage":"de","@id":"https:\/\/marktxxl.de\/markt\/produkt\/elmex-zahnschmelz-professional-zahnpasta-75ml-zahncreme-schuetzt-wirksam-vor-zahnschmelz-abbau\/#primaryimage","url":"https:\/\/m.media-amazon.com\/images\/I\/4121ba0fElL._SL500_.jpg","contentUrl":"https:\/\/m.media-amazon.com\/images\/I\/4121ba0fElL._SL500_.jpg","width":500,"height":500},{"@type":"BreadcrumbList","@id":"https:\/\/marktxxl.de\/markt\/produkt\/elmex-zahnschmelz-professional-zahnpasta-75ml-zahncreme-schuetzt-wirksam-vor-zahnschmelz-abbau\/#breadcrumb","itemListElement":[{"@type":"ListItem","position":1,"name":"Startseite","item":"https:\/\/marktxxl.de\/markt\/"},{"@type":"ListItem","position":2,"name":"Markt","item":"https:\/\/marktxxl.de\/markt\/"},{"@type":"ListItem","position":3,"name":"elmex Zahnpasta Zahnschmelz Professional, 75 ml &#8211; Zahncreme st\u00e4rkt und sch\u00fctzt den Zahnschmelz, sch\u00fctzt vor\u2026"}]},{"@type":"WebSite","@id":"https:\/\/marktxxl.de\/markt\/#website","url":"https:\/\/marktxxl.de\/markt\/","name":"Markt-XXL","description":"Ihr Markt Online","publisher":{"@id":"https:\/\/marktxxl.de\/markt\/#organization"},"potentialAction":[{"@type":"SearchAction","target":{"@type":"EntryPoint","urlTemplate":"https:\/\/marktxxl.de\/markt\/?s={search_term_string}"},"query-input":{"@type":"PropertyValueSpecification","valueRequired":true,"valueName":"search_term_string"}}],"inLanguage":"de"},{"@type":"Organization","@id":"https:\/\/marktxxl.de\/markt\/#organization","name":"Markt-XXL","url":"https:\/\/marktxxl.de\/markt\/","logo":{"@type":"ImageObject","inLanguage":"de","@id":"https:\/\/marktxxl.de\/markt\/#\/schema\/logo\/image\/","url":"https:\/\/marktxxl.de\/markt\/wp-content\/uploads\/sites\/3\/2020\/12\/logo.png","contentUrl":"https:\/\/marktxxl.de\/markt\/wp-content\/uploads\/sites\/3\/2020\/12\/logo.png","width":200,"height":70,"caption":"Markt-XXL"},"image":{"@id":"https:\/\/marktxxl.de\/markt\/#\/schema\/logo\/image\/"}}]}},"_links":{"self":[{"href":"https:\/\/marktxxl.de\/markt\/wp-json\/wp\/v2\/product\/81196","targetHints":{"allow":["GET"]}}],"collection":[{"href":"https:\/\/marktxxl.de\/markt\/wp-json\/wp\/v2\/product"}],"about":[{"href":"https:\/\/marktxxl.de\/markt\/wp-json\/wp\/v2\/types\/product"}],"replies":[{"embeddable":true,"href":"https:\/\/marktxxl.de\/markt\/wp-json\/wp\/v2\/comments?post=81196"}],"wp:featuredmedia":[{"embeddable":true,"href":"https:\/\/marktxxl.de\/markt\/wp-json\/wp\/v2\/media\/81197"}],"wp:attachment":[{"href":"https:\/\/marktxxl.de\/markt\/wp-json\/wp\/v2\/media?parent=81196"}],"wp:term":[{"taxonomy":"product_brand","embeddable":true,"href":"https:\/\/marktxxl.de\/markt\/wp-json\/wp\/v2\/product_brand?post=81196"},{"taxonomy":"product_cat","embeddable":true,"href":"https:\/\/marktxxl.de\/markt\/wp-json\/wp\/v2\/product_cat?post=81196"},{"taxonomy":"product_tag","embeddable":true,"href":"https:\/\/marktxxl.de\/markt\/wp-json\/wp\/v2\/product_tag?post=81196"}],"curies":[{"name":"wp","href":"https:\/\/api.w.org\/{rel}","templated":true}]}}