{"id":80444,"date":"2021-11-25T17:36:35","date_gmt":"2021-11-25T16:36:35","guid":{"rendered":"https:\/\/marktxxl.de\/markt\/produkt\/20-stueck-kontaktlinsenbehaelter-grosspackung-typ-barrel-ce-gekennzeichnet-und-fda-zugelassen\/"},"modified":"2023-04-11T02:56:20","modified_gmt":"2023-04-11T00:56:20","slug":"20-stueck-kontaktlinsenbehaelter-grosspackung-typ-barrel-ce-gekennzeichnet-und-fda-zugelassen","status":"publish","type":"product","link":"https:\/\/marktxxl.de\/markt\/produkt\/20-stueck-kontaktlinsenbehaelter-grosspackung-typ-barrel-ce-gekennzeichnet-und-fda-zugelassen\/","title":{"rendered":"20 St\u00fcck Kontaktlinsenbeh\u00e4lter \u2013 Gro\u00dfpackung Typ Barrel &#8211; CE-gekennzeichnet und FDA-zugelassen"},"content":{"rendered":"<p>** LANGLEBIG UND SICHER: Unsere Kontaktlinsenbeh\u00e4lter bestehen aus nat\u00fcrlichem Kunststoff, der sehr robust und sicher und damit langlebig ist. Das Material ist absolut sicher zum Einweichen und Aufbewahren Ihrer bevorzugten Kontaktlinsen. Um eine unbedenkliche L\u00f6sung f\u00fcr Ihre Linsen zu bieten, verf\u00fcgt das Geh\u00e4use \u00fcber ein weiches Innenfutter zum Schutz vor Kratzern.<br \/>\n** LEICHT UND TRAGBAR: Diese Kontaktlinsenbeh\u00e4lter sind sehr funktional, tragbar und leicht. Sie bieten eine einfache und bequeme L\u00f6sung, die Sie auf Reisen oder bei Aktivit\u00e4ten im Freien mitnehmen k\u00f6nnen. Dieses Produkt ist mit allen Marken von Mehrzweckpflegel\u00f6sungen kompatibel.<br \/>\n** PERFEKTE ART DER REINIGUNG VON LINSEN: Der Kontaktlinsenreiniger von Sports World Vision ist ein idealer Weg, um Ihre Kontaktlinsen sauber zu machen, bevor Sie sie in Ihre Augen setzen. Waschen Sie vor dem Reinigen zuerst Ihre H\u00e4nde und legen Sie dann die Linsen in den Korb, gie\u00dfen Sie Kontaktlinsenl\u00f6sung dazu und schlie\u00dfen Sie dann den Deckel, um Ihre Linsen zu reinigen. Achten Sie bei der Verwendung auf links und rechts.<br \/>\n** R UND L MARKIERT: Jeder Beh\u00e4lter ist zur Vereinfachung mit rechts und links markiert, was bedeutet, dass Sie Ihre Kontaktlinsen nie wieder verwechseln werden. Der Deckel des Kontaktlinsengeh\u00e4uses l\u00e4sst sich abschrauben und Sie stecken Ihre Linsen einfach in die Beh\u00e4lter. Dies erleichtert es Ihnen, Ihre Kontaktlinsen aufzubewahren und an einem Ort zusammenzubauen. Setzen Sie Ihre Kontaktlinsen ohne Zweifel richtig auf!<br \/>\n** EINE PERFEKTE GESCHENKIDEE: Der Kontaktlinsenbeh\u00e4lter von Sports World Vision ist klein, leicht zu tragen und f\u00fcr unterwegs geeignet. Es kann eine perfekte Geschenkidee f\u00fcr Ihre Lieben sein, die Linsen tragen. Dieses Paket enth\u00e4lt 20 St\u00fcck Kontaktlinsenbeh\u00e4lter.<br \/>\n<div class=\"main-cross-sell\" data-asin=\"B01HETRMWI\">\n\n\t<div class=\"WooZone-cross-sell-loader\">\n\t\t<div>\n\t\t\t<div id=\"floatingBarsG\">\n\t\t\t\t<div class=\"blockG\" id=\"rotateG_01\"><\/div>\n\t\t\t\t<div class=\"blockG\" id=\"rotateG_02\"><\/div>\n\t\t\t\t<div class=\"blockG\" id=\"rotateG_03\"><\/div>\n\t\t\t\t<div class=\"blockG\" id=\"rotateG_04\"><\/div>\n\t\t\t\t<div class=\"blockG\" id=\"rotateG_05\"><\/div>\n\t\t\t\t<div class=\"blockG\" id=\"rotateG_06\"><\/div>\n\t\t\t\t<div class=\"blockG\" id=\"rotateG_07\"><\/div>\n\t\t\t\t<div class=\"blockG\" id=\"rotateG_08\"><\/div>\n\t\t\t<\/div>\n\t\t\t<div class=\"WooZone-cross-sell-loader-text\"><\/div>\n\t\t<\/div>\n\t<\/div>\n\n\t\t\n<\/div>\n<div style=\"clear:both;\"><\/div><\/p>\n","protected":false},"excerpt":{"rendered":"<p>** LANGLEBIG UND SICHER: Unsere Kontaktlinsenbeh\u00e4lter bestehen aus nat\u00fcrlichem Kunststoff, der sehr robust und sicher und damit langlebig ist. Das Material ist absolut sicher zum Einweichen und Aufbewahren Ihrer bevorzugten Kontaktlinsen. Um eine unbedenkliche L\u00f6sung f\u00fcr Ihre Linsen zu bieten, verf\u00fcgt das Geh\u00e4use \u00fcber ein weiches Innenfutter zum Schutz vor Kratzern.<br \/>\n** LEICHT UND TRAGBAR: Diese Kontaktlinsenbeh\u00e4lter sind sehr funktional, tragbar und leicht. Sie bieten eine einfache und bequeme L\u00f6sung, die Sie auf Reisen oder bei Aktivit\u00e4ten im Freien mitnehmen k\u00f6nnen. Dieses Produkt ist mit allen Marken von Mehrzweckpflegel\u00f6sungen kompatibel.<br \/>\n** PERFEKTE ART DER REINIGUNG VON LINSEN: Der Kontaktlinsenreiniger von Sports World Vision ist ein idealer Weg, um Ihre Kontaktlinsen sauber zu machen, bevor Sie sie in Ihre Augen setzen. Waschen Sie vor dem Reinigen zuerst Ihre H\u00e4nde und legen Sie dann die Linsen in den Korb, gie\u00dfen Sie Kontaktlinsenl\u00f6sung dazu und schlie\u00dfen Sie dann den Deckel, um Ihre Linsen zu reinigen. Achten Sie bei der Verwendung auf links und rechts.<\/p>\n","protected":false},"featured_media":80445,"comment_status":"open","ping_status":"closed","template":"","meta":[],"product_brand":[],"product_cat":[566,5775],"product_tag":[],"class_list":{"0":"post-80444","1":"product","2":"type-product","3":"status-publish","4":"has-post-thumbnail","6":"product_cat-drogerie-koerperpflege","7":"product_cat-kontaktlinsen-brillen","8":"pa_binding-badartikel","9":"pa_brand-sports-world-vision","10":"pa_color-weiss","11":"pa_manufacturer-sports-world-vision","13":"first","14":"instock","15":"shipping-taxable","16":"purchasable","17":"product-type-simple","18":"customify-col","19":"product-has-gallery"},"yoast_head":"<!-- This site is optimized with the Yoast SEO plugin v27.3 - https:\/\/yoast.com\/product\/yoast-seo-wordpress\/ -->\n<title>20 St\u00fcck Kontaktlinsenbeh\u00e4lter \u2013 Gro\u00dfpackung Typ Barrel - CE-gekennzeichnet und FDA-zugelassen - Markt-XXL<\/title>\n<meta name=\"description\" content=\"Markt-XXL 20 St\u00fcck Kontaktlinsenbeh\u00e4lter \u2013 Gro\u00dfpackung Typ Barrel - CE-gekennzeichnet und FDA-zugelassen\" \/>\n<meta name=\"robots\" content=\"index, follow, max-snippet:-1, max-image-preview:large, max-video-preview:-1\" \/>\n<link rel=\"canonical\" href=\"https:\/\/marktxxl.de\/markt\/produkt\/20-stueck-kontaktlinsenbehaelter-grosspackung-typ-barrel-ce-gekennzeichnet-und-fda-zugelassen\/\" \/>\n<meta property=\"og:locale\" content=\"de_DE\" \/>\n<meta property=\"og:type\" content=\"article\" \/>\n<meta property=\"og:title\" content=\"20 St\u00fcck Kontaktlinsenbeh\u00e4lter \u2013 Gro\u00dfpackung Typ Barrel - CE-gekennzeichnet und FDA-zugelassen - Markt-XXL\" \/>\n<meta property=\"og:description\" content=\"Markt-XXL 20 St\u00fcck Kontaktlinsenbeh\u00e4lter \u2013 Gro\u00dfpackung Typ Barrel - CE-gekennzeichnet und FDA-zugelassen\" \/>\n<meta property=\"og:url\" content=\"https:\/\/marktxxl.de\/markt\/produkt\/20-stueck-kontaktlinsenbehaelter-grosspackung-typ-barrel-ce-gekennzeichnet-und-fda-zugelassen\/\" \/>\n<meta property=\"og:site_name\" content=\"Markt-XXL\" \/>\n<meta property=\"article:modified_time\" content=\"2023-04-11T00:56:20+00:00\" \/>\n<meta property=\"og:image\" content=\"https:\/\/m.media-amazon.com\/images\/I\/31DuSnjGSTL._SL500_.jpg\" \/>\n\t<meta property=\"og:image:width\" content=\"452\" \/>\n\t<meta property=\"og:image:height\" content=\"220\" \/>\n\t<meta property=\"og:image:type\" content=\"image\/jpeg\" \/>\n<meta name=\"twitter:card\" content=\"summary_large_image\" \/>\n<meta name=\"twitter:label1\" content=\"Gesch\u00e4tzte Lesezeit\" \/>\n\t<meta name=\"twitter:data1\" content=\"1\u00a0Minute\" \/>\n<script type=\"application\/ld+json\" class=\"yoast-schema-graph\">{\"@context\":\"https:\\\/\\\/schema.org\",\"@graph\":[{\"@type\":\"WebPage\",\"@id\":\"https:\\\/\\\/marktxxl.de\\\/markt\\\/produkt\\\/20-stueck-kontaktlinsenbehaelter-grosspackung-typ-barrel-ce-gekennzeichnet-und-fda-zugelassen\\\/\",\"url\":\"https:\\\/\\\/marktxxl.de\\\/markt\\\/produkt\\\/20-stueck-kontaktlinsenbehaelter-grosspackung-typ-barrel-ce-gekennzeichnet-und-fda-zugelassen\\\/\",\"name\":\"20 St\u00fcck Kontaktlinsenbeh\u00e4lter \u2013 Gro\u00dfpackung Typ Barrel - CE-gekennzeichnet und FDA-zugelassen - Markt-XXL\",\"isPartOf\":{\"@id\":\"https:\\\/\\\/marktxxl.de\\\/markt\\\/#website\"},\"primaryImageOfPage\":{\"@id\":\"https:\\\/\\\/marktxxl.de\\\/markt\\\/produkt\\\/20-stueck-kontaktlinsenbehaelter-grosspackung-typ-barrel-ce-gekennzeichnet-und-fda-zugelassen\\\/#primaryimage\"},\"image\":{\"@id\":\"https:\\\/\\\/marktxxl.de\\\/markt\\\/produkt\\\/20-stueck-kontaktlinsenbehaelter-grosspackung-typ-barrel-ce-gekennzeichnet-und-fda-zugelassen\\\/#primaryimage\"},\"thumbnailUrl\":\"https:\\\/\\\/m.media-amazon.com\\\/images\\\/I\\\/31DuSnjGSTL._SL500_.jpg\",\"datePublished\":\"2021-11-25T16:36:35+00:00\",\"dateModified\":\"2023-04-11T00:56:20+00:00\",\"description\":\"Markt-XXL 20 St\u00fcck Kontaktlinsenbeh\u00e4lter \u2013 Gro\u00dfpackung Typ Barrel - CE-gekennzeichnet und FDA-zugelassen\",\"breadcrumb\":{\"@id\":\"https:\\\/\\\/marktxxl.de\\\/markt\\\/produkt\\\/20-stueck-kontaktlinsenbehaelter-grosspackung-typ-barrel-ce-gekennzeichnet-und-fda-zugelassen\\\/#breadcrumb\"},\"inLanguage\":\"de\",\"potentialAction\":[{\"@type\":\"ReadAction\",\"target\":[\"https:\\\/\\\/marktxxl.de\\\/markt\\\/produkt\\\/20-stueck-kontaktlinsenbehaelter-grosspackung-typ-barrel-ce-gekennzeichnet-und-fda-zugelassen\\\/\"]}]},{\"@type\":\"ImageObject\",\"inLanguage\":\"de\",\"@id\":\"https:\\\/\\\/marktxxl.de\\\/markt\\\/produkt\\\/20-stueck-kontaktlinsenbehaelter-grosspackung-typ-barrel-ce-gekennzeichnet-und-fda-zugelassen\\\/#primaryimage\",\"url\":\"https:\\\/\\\/m.media-amazon.com\\\/images\\\/I\\\/31DuSnjGSTL._SL500_.jpg\",\"contentUrl\":\"https:\\\/\\\/m.media-amazon.com\\\/images\\\/I\\\/31DuSnjGSTL._SL500_.jpg\",\"width\":452,\"height\":220},{\"@type\":\"BreadcrumbList\",\"@id\":\"https:\\\/\\\/marktxxl.de\\\/markt\\\/produkt\\\/20-stueck-kontaktlinsenbehaelter-grosspackung-typ-barrel-ce-gekennzeichnet-und-fda-zugelassen\\\/#breadcrumb\",\"itemListElement\":[{\"@type\":\"ListItem\",\"position\":1,\"name\":\"Startseite\",\"item\":\"https:\\\/\\\/marktxxl.de\\\/markt\\\/\"},{\"@type\":\"ListItem\",\"position\":2,\"name\":\"Markt\",\"item\":\"https:\\\/\\\/marktxxl.de\\\/markt\\\/\"},{\"@type\":\"ListItem\",\"position\":3,\"name\":\"20 St\u00fcck Kontaktlinsenbeh\u00e4lter \u2013 Gro\u00dfpackung Typ Barrel &#8211; CE-gekennzeichnet und FDA-zugelassen\"}]},{\"@type\":\"WebSite\",\"@id\":\"https:\\\/\\\/marktxxl.de\\\/markt\\\/#website\",\"url\":\"https:\\\/\\\/marktxxl.de\\\/markt\\\/\",\"name\":\"Markt-XXL\",\"description\":\"Ihr Markt Online\",\"publisher\":{\"@id\":\"https:\\\/\\\/marktxxl.de\\\/markt\\\/#organization\"},\"potentialAction\":[{\"@type\":\"SearchAction\",\"target\":{\"@type\":\"EntryPoint\",\"urlTemplate\":\"https:\\\/\\\/marktxxl.de\\\/markt\\\/?s={search_term_string}\"},\"query-input\":{\"@type\":\"PropertyValueSpecification\",\"valueRequired\":true,\"valueName\":\"search_term_string\"}}],\"inLanguage\":\"de\"},{\"@type\":\"Organization\",\"@id\":\"https:\\\/\\\/marktxxl.de\\\/markt\\\/#organization\",\"name\":\"Markt-XXL\",\"url\":\"https:\\\/\\\/marktxxl.de\\\/markt\\\/\",\"logo\":{\"@type\":\"ImageObject\",\"inLanguage\":\"de\",\"@id\":\"https:\\\/\\\/marktxxl.de\\\/markt\\\/#\\\/schema\\\/logo\\\/image\\\/\",\"url\":\"https:\\\/\\\/marktxxl.de\\\/markt\\\/wp-content\\\/uploads\\\/sites\\\/3\\\/2020\\\/12\\\/logo.png\",\"contentUrl\":\"https:\\\/\\\/marktxxl.de\\\/markt\\\/wp-content\\\/uploads\\\/sites\\\/3\\\/2020\\\/12\\\/logo.png\",\"width\":200,\"height\":70,\"caption\":\"Markt-XXL\"},\"image\":{\"@id\":\"https:\\\/\\\/marktxxl.de\\\/markt\\\/#\\\/schema\\\/logo\\\/image\\\/\"}}]}<\/script>\n<!-- \/ Yoast SEO plugin. -->","yoast_head_json":{"title":"20 St\u00fcck Kontaktlinsenbeh\u00e4lter \u2013 Gro\u00dfpackung Typ Barrel - CE-gekennzeichnet und FDA-zugelassen - Markt-XXL","description":"Markt-XXL 20 St\u00fcck Kontaktlinsenbeh\u00e4lter \u2013 Gro\u00dfpackung Typ Barrel - CE-gekennzeichnet und FDA-zugelassen","robots":{"index":"index","follow":"follow","max-snippet":"max-snippet:-1","max-image-preview":"max-image-preview:large","max-video-preview":"max-video-preview:-1"},"canonical":"https:\/\/marktxxl.de\/markt\/produkt\/20-stueck-kontaktlinsenbehaelter-grosspackung-typ-barrel-ce-gekennzeichnet-und-fda-zugelassen\/","og_locale":"de_DE","og_type":"article","og_title":"20 St\u00fcck Kontaktlinsenbeh\u00e4lter \u2013 Gro\u00dfpackung Typ Barrel - CE-gekennzeichnet und FDA-zugelassen - Markt-XXL","og_description":"Markt-XXL 20 St\u00fcck Kontaktlinsenbeh\u00e4lter \u2013 Gro\u00dfpackung Typ Barrel - CE-gekennzeichnet und FDA-zugelassen","og_url":"https:\/\/marktxxl.de\/markt\/produkt\/20-stueck-kontaktlinsenbehaelter-grosspackung-typ-barrel-ce-gekennzeichnet-und-fda-zugelassen\/","og_site_name":"Markt-XXL","article_modified_time":"2023-04-11T00:56:20+00:00","og_image":[{"width":452,"height":220,"url":"https:\/\/m.media-amazon.com\/images\/I\/31DuSnjGSTL._SL500_.jpg","type":"image\/jpeg"}],"twitter_card":"summary_large_image","twitter_misc":{"Gesch\u00e4tzte Lesezeit":"1\u00a0Minute"},"schema":{"@context":"https:\/\/schema.org","@graph":[{"@type":"WebPage","@id":"https:\/\/marktxxl.de\/markt\/produkt\/20-stueck-kontaktlinsenbehaelter-grosspackung-typ-barrel-ce-gekennzeichnet-und-fda-zugelassen\/","url":"https:\/\/marktxxl.de\/markt\/produkt\/20-stueck-kontaktlinsenbehaelter-grosspackung-typ-barrel-ce-gekennzeichnet-und-fda-zugelassen\/","name":"20 St\u00fcck Kontaktlinsenbeh\u00e4lter \u2013 Gro\u00dfpackung Typ Barrel - CE-gekennzeichnet und FDA-zugelassen - Markt-XXL","isPartOf":{"@id":"https:\/\/marktxxl.de\/markt\/#website"},"primaryImageOfPage":{"@id":"https:\/\/marktxxl.de\/markt\/produkt\/20-stueck-kontaktlinsenbehaelter-grosspackung-typ-barrel-ce-gekennzeichnet-und-fda-zugelassen\/#primaryimage"},"image":{"@id":"https:\/\/marktxxl.de\/markt\/produkt\/20-stueck-kontaktlinsenbehaelter-grosspackung-typ-barrel-ce-gekennzeichnet-und-fda-zugelassen\/#primaryimage"},"thumbnailUrl":"https:\/\/m.media-amazon.com\/images\/I\/31DuSnjGSTL._SL500_.jpg","datePublished":"2021-11-25T16:36:35+00:00","dateModified":"2023-04-11T00:56:20+00:00","description":"Markt-XXL 20 St\u00fcck Kontaktlinsenbeh\u00e4lter \u2013 Gro\u00dfpackung Typ Barrel - CE-gekennzeichnet und FDA-zugelassen","breadcrumb":{"@id":"https:\/\/marktxxl.de\/markt\/produkt\/20-stueck-kontaktlinsenbehaelter-grosspackung-typ-barrel-ce-gekennzeichnet-und-fda-zugelassen\/#breadcrumb"},"inLanguage":"de","potentialAction":[{"@type":"ReadAction","target":["https:\/\/marktxxl.de\/markt\/produkt\/20-stueck-kontaktlinsenbehaelter-grosspackung-typ-barrel-ce-gekennzeichnet-und-fda-zugelassen\/"]}]},{"@type":"ImageObject","inLanguage":"de","@id":"https:\/\/marktxxl.de\/markt\/produkt\/20-stueck-kontaktlinsenbehaelter-grosspackung-typ-barrel-ce-gekennzeichnet-und-fda-zugelassen\/#primaryimage","url":"https:\/\/m.media-amazon.com\/images\/I\/31DuSnjGSTL._SL500_.jpg","contentUrl":"https:\/\/m.media-amazon.com\/images\/I\/31DuSnjGSTL._SL500_.jpg","width":452,"height":220},{"@type":"BreadcrumbList","@id":"https:\/\/marktxxl.de\/markt\/produkt\/20-stueck-kontaktlinsenbehaelter-grosspackung-typ-barrel-ce-gekennzeichnet-und-fda-zugelassen\/#breadcrumb","itemListElement":[{"@type":"ListItem","position":1,"name":"Startseite","item":"https:\/\/marktxxl.de\/markt\/"},{"@type":"ListItem","position":2,"name":"Markt","item":"https:\/\/marktxxl.de\/markt\/"},{"@type":"ListItem","position":3,"name":"20 St\u00fcck Kontaktlinsenbeh\u00e4lter \u2013 Gro\u00dfpackung Typ Barrel &#8211; CE-gekennzeichnet und FDA-zugelassen"}]},{"@type":"WebSite","@id":"https:\/\/marktxxl.de\/markt\/#website","url":"https:\/\/marktxxl.de\/markt\/","name":"Markt-XXL","description":"Ihr Markt Online","publisher":{"@id":"https:\/\/marktxxl.de\/markt\/#organization"},"potentialAction":[{"@type":"SearchAction","target":{"@type":"EntryPoint","urlTemplate":"https:\/\/marktxxl.de\/markt\/?s={search_term_string}"},"query-input":{"@type":"PropertyValueSpecification","valueRequired":true,"valueName":"search_term_string"}}],"inLanguage":"de"},{"@type":"Organization","@id":"https:\/\/marktxxl.de\/markt\/#organization","name":"Markt-XXL","url":"https:\/\/marktxxl.de\/markt\/","logo":{"@type":"ImageObject","inLanguage":"de","@id":"https:\/\/marktxxl.de\/markt\/#\/schema\/logo\/image\/","url":"https:\/\/marktxxl.de\/markt\/wp-content\/uploads\/sites\/3\/2020\/12\/logo.png","contentUrl":"https:\/\/marktxxl.de\/markt\/wp-content\/uploads\/sites\/3\/2020\/12\/logo.png","width":200,"height":70,"caption":"Markt-XXL"},"image":{"@id":"https:\/\/marktxxl.de\/markt\/#\/schema\/logo\/image\/"}}]}},"_links":{"self":[{"href":"https:\/\/marktxxl.de\/markt\/wp-json\/wp\/v2\/product\/80444","targetHints":{"allow":["GET"]}}],"collection":[{"href":"https:\/\/marktxxl.de\/markt\/wp-json\/wp\/v2\/product"}],"about":[{"href":"https:\/\/marktxxl.de\/markt\/wp-json\/wp\/v2\/types\/product"}],"replies":[{"embeddable":true,"href":"https:\/\/marktxxl.de\/markt\/wp-json\/wp\/v2\/comments?post=80444"}],"wp:featuredmedia":[{"embeddable":true,"href":"https:\/\/marktxxl.de\/markt\/wp-json\/wp\/v2\/media\/80445"}],"wp:attachment":[{"href":"https:\/\/marktxxl.de\/markt\/wp-json\/wp\/v2\/media?parent=80444"}],"wp:term":[{"taxonomy":"product_brand","embeddable":true,"href":"https:\/\/marktxxl.de\/markt\/wp-json\/wp\/v2\/product_brand?post=80444"},{"taxonomy":"product_cat","embeddable":true,"href":"https:\/\/marktxxl.de\/markt\/wp-json\/wp\/v2\/product_cat?post=80444"},{"taxonomy":"product_tag","embeddable":true,"href":"https:\/\/marktxxl.de\/markt\/wp-json\/wp\/v2\/product_tag?post=80444"}],"curies":[{"name":"wp","href":"https:\/\/api.w.org\/{rel}","templated":true}]}}