{"id":79128,"date":"2021-11-25T16:34:14","date_gmt":"2021-11-25T15:34:14","guid":{"rendered":"https:\/\/marktxxl.de\/markt\/produkt\/bryco-goods-jumbo-kraftpapierrolle-18-x-2100-175-die-in-den-usa-ideal-fuer-die-verpackung-bewegen-geschenkpapier-tischlaeufer\/"},"modified":"2023-04-11T02:54:08","modified_gmt":"2023-04-11T00:54:08","slug":"bryco-goods-jumbo-kraftpapierrolle-18-x-2100-175-die-in-den-usa-ideal-fuer-die-verpackung-bewegen-geschenkpapier-tischlaeufer","status":"publish","type":"product","link":"https:\/\/marktxxl.de\/markt\/produkt\/bryco-goods-jumbo-kraftpapierrolle-18-x-2100-175-die-in-den-usa-ideal-fuer-die-verpackung-bewegen-geschenkpapier-tischlaeufer\/","title":{"rendered":"Bryco Goods Jumbo-Kraftpapierrolle &#8211; 18&#8243; x 2100&#8243; (175&#8242;), die in den USA &#8211; ideal f\u00fcr die Verpackung, Bewegen, Geschenkpapier, Tischl\u00e4ufer"},"content":{"rendered":"<p>Ideal zum Umzug; mit insgesamt 5,3 cm Papierrolle zum Arbeiten, k\u00f6nnen Sie Ihr ganzes Haus sicher verpacken.<br \/>\nPerfektes Kunstzubeh\u00f6r f\u00fcr Kinder: Verwenden Sie diese braunen Bastelpapierrollen f\u00fcr Acryl- und \u00c3\u2013lfarben, Kreide, Buntstifte, Marker, Filzstifte, Fingermalerei, Wasserfarben, Tempera und mehr.<br \/>\nSchneiden Sie es auf jede beliebige Gr\u00f6\u00c3\u0178e oder Form f\u00fcr Pinnwand-Papier; mit dieser Rolle ist braunes Papier zur Verf\u00fcgung und erm\u00f6glicht es Ihnen, es nach Bedarf zu schneiden und zu schneiden.<br \/>\nHochwertiges Geschenkpapier; verwenden Sie es zum Verpacken Ihrer Weihnachts-, Geburtstags- oder Hochzeitsgeschenke.<br \/>\nInternational products have separate terms, are sold from abroad and may differ from local products, including fit, age ratings, and language of product, labeling or instructions.<br \/>\n<div class=\"main-cross-sell\" data-asin=\"B077PBFKBW\">\n\n\t<div class=\"WooZone-cross-sell-loader\">\n\t\t<div>\n\t\t\t<div id=\"floatingBarsG\">\n\t\t\t\t<div class=\"blockG\" id=\"rotateG_01\"><\/div>\n\t\t\t\t<div class=\"blockG\" id=\"rotateG_02\"><\/div>\n\t\t\t\t<div class=\"blockG\" id=\"rotateG_03\"><\/div>\n\t\t\t\t<div class=\"blockG\" id=\"rotateG_04\"><\/div>\n\t\t\t\t<div class=\"blockG\" id=\"rotateG_05\"><\/div>\n\t\t\t\t<div class=\"blockG\" id=\"rotateG_06\"><\/div>\n\t\t\t\t<div class=\"blockG\" id=\"rotateG_07\"><\/div>\n\t\t\t\t<div class=\"blockG\" id=\"rotateG_08\"><\/div>\n\t\t\t<\/div>\n\t\t\t<div class=\"WooZone-cross-sell-loader-text\"><\/div>\n\t\t<\/div>\n\t<\/div>\n\n\t\t\n<\/div>\n<div style=\"clear:both;\"><\/div><\/p>\n","protected":false},"excerpt":{"rendered":"<p>Ideal zum Umzug; mit insgesamt 5,3 cm Papierrolle zum Arbeiten, k\u00f6nnen Sie Ihr ganzes Haus sicher verpacken.<br \/>\nPerfektes Kunstzubeh\u00f6r f\u00fcr Kinder: Verwenden Sie diese braunen Bastelpapierrollen f\u00fcr Acryl- und \u00c3\u2013lfarben, Kreide, Buntstifte, Marker, Filzstifte, Fingermalerei, Wasserfarben, Tempera und mehr.<br \/>\nSchneiden Sie es auf jede beliebige Gr\u00f6\u00c3\u0178e oder Form f\u00fcr Pinnwand-Papier; mit dieser Rolle ist braunes Papier zur Verf\u00fcgung und erm\u00f6glicht es Ihnen, es nach Bedarf zu schneiden und zu schneiden.<\/p>\n","protected":false},"featured_media":79129,"comment_status":"open","ping_status":"closed","template":"","meta":[],"product_brand":[],"product_cat":[504,8703],"product_tag":[],"class_list":{"0":"post-79128","1":"product","2":"type-product","3":"status-publish","4":"has-post-thumbnail","6":"product_cat-buerobedarf-schreibwaren","7":"product_cat-umschlaege-versandzubehoer","8":"pa_binding-buerobedarf-schreibwaren","9":"pa_brand-bryco-goods","10":"pa_color-braun","11":"pa_height-4-5-zoll","12":"pa_length-18-zoll","13":"pa_manufacturer-bryco-goods","14":"pa_model-kraft-paper-roll","15":"pa_width-4-5-zoll","17":"first","18":"instock","19":"shipping-taxable","20":"purchasable","21":"product-type-simple","22":"customify-col","23":"product-has-gallery"},"yoast_head":"<!-- This site is optimized with the Yoast SEO plugin v27.3 - https:\/\/yoast.com\/product\/yoast-seo-wordpress\/ -->\n<title>Bryco Goods Jumbo-Kraftpapierrolle - 18&quot; x 2100&quot; (175&#039;), die in den USA - ideal f\u00fcr die Verpackung, Bewegen, Geschenkpapier, Tischl\u00e4ufer - Markt-XXL<\/title>\n<meta name=\"description\" content=\"Markt-XXL Bryco Goods Jumbo-Kraftpapierrolle - 18&quot; x 2100&quot; (175&#039;), die in den USA - ideal f\u00fcr die Verpackung, Bewegen, Geschenkpapier, Tischl\u00e4ufer\" \/>\n<meta name=\"robots\" content=\"index, follow, max-snippet:-1, max-image-preview:large, max-video-preview:-1\" \/>\n<link rel=\"canonical\" href=\"https:\/\/marktxxl.de\/markt\/produkt\/bryco-goods-jumbo-kraftpapierrolle-18-x-2100-175-die-in-den-usa-ideal-fuer-die-verpackung-bewegen-geschenkpapier-tischlaeufer\/\" \/>\n<meta property=\"og:locale\" content=\"de_DE\" \/>\n<meta property=\"og:type\" content=\"article\" \/>\n<meta property=\"og:title\" content=\"Bryco Goods Jumbo-Kraftpapierrolle - 18&quot; x 2100&quot; (175&#039;), die in den USA - ideal f\u00fcr die Verpackung, Bewegen, Geschenkpapier, Tischl\u00e4ufer - Markt-XXL\" \/>\n<meta property=\"og:description\" content=\"Markt-XXL Bryco Goods Jumbo-Kraftpapierrolle - 18&quot; x 2100&quot; (175&#039;), die in den USA - ideal f\u00fcr die Verpackung, Bewegen, Geschenkpapier, Tischl\u00e4ufer\" \/>\n<meta property=\"og:url\" content=\"https:\/\/marktxxl.de\/markt\/produkt\/bryco-goods-jumbo-kraftpapierrolle-18-x-2100-175-die-in-den-usa-ideal-fuer-die-verpackung-bewegen-geschenkpapier-tischlaeufer\/\" \/>\n<meta property=\"og:site_name\" content=\"Markt-XXL\" \/>\n<meta property=\"article:modified_time\" content=\"2023-04-11T00:54:08+00:00\" \/>\n<meta property=\"og:image\" content=\"https:\/\/m.media-amazon.com\/images\/I\/416cRCl0nnL._SL500_.jpg\" \/>\n\t<meta property=\"og:image:width\" content=\"500\" \/>\n\t<meta property=\"og:image:height\" content=\"500\" \/>\n\t<meta property=\"og:image:type\" content=\"image\/jpeg\" \/>\n<meta name=\"twitter:card\" content=\"summary_large_image\" \/>\n<meta name=\"twitter:label1\" content=\"Gesch\u00e4tzte Lesezeit\" \/>\n\t<meta name=\"twitter:data1\" content=\"1\u00a0Minute\" \/>\n<script type=\"application\/ld+json\" class=\"yoast-schema-graph\">{\"@context\":\"https:\\\/\\\/schema.org\",\"@graph\":[{\"@type\":\"WebPage\",\"@id\":\"https:\\\/\\\/marktxxl.de\\\/markt\\\/produkt\\\/bryco-goods-jumbo-kraftpapierrolle-18-x-2100-175-die-in-den-usa-ideal-fuer-die-verpackung-bewegen-geschenkpapier-tischlaeufer\\\/\",\"url\":\"https:\\\/\\\/marktxxl.de\\\/markt\\\/produkt\\\/bryco-goods-jumbo-kraftpapierrolle-18-x-2100-175-die-in-den-usa-ideal-fuer-die-verpackung-bewegen-geschenkpapier-tischlaeufer\\\/\",\"name\":\"Bryco Goods Jumbo-Kraftpapierrolle - 18\\\" x 2100\\\" (175'), die in den USA - ideal f\u00fcr die Verpackung, Bewegen, Geschenkpapier, Tischl\u00e4ufer - Markt-XXL\",\"isPartOf\":{\"@id\":\"https:\\\/\\\/marktxxl.de\\\/markt\\\/#website\"},\"primaryImageOfPage\":{\"@id\":\"https:\\\/\\\/marktxxl.de\\\/markt\\\/produkt\\\/bryco-goods-jumbo-kraftpapierrolle-18-x-2100-175-die-in-den-usa-ideal-fuer-die-verpackung-bewegen-geschenkpapier-tischlaeufer\\\/#primaryimage\"},\"image\":{\"@id\":\"https:\\\/\\\/marktxxl.de\\\/markt\\\/produkt\\\/bryco-goods-jumbo-kraftpapierrolle-18-x-2100-175-die-in-den-usa-ideal-fuer-die-verpackung-bewegen-geschenkpapier-tischlaeufer\\\/#primaryimage\"},\"thumbnailUrl\":\"https:\\\/\\\/m.media-amazon.com\\\/images\\\/I\\\/416cRCl0nnL._SL500_.jpg\",\"datePublished\":\"2021-11-25T15:34:14+00:00\",\"dateModified\":\"2023-04-11T00:54:08+00:00\",\"description\":\"Markt-XXL Bryco Goods Jumbo-Kraftpapierrolle - 18\\\" x 2100\\\" (175'), die in den USA - ideal f\u00fcr die Verpackung, Bewegen, Geschenkpapier, Tischl\u00e4ufer\",\"breadcrumb\":{\"@id\":\"https:\\\/\\\/marktxxl.de\\\/markt\\\/produkt\\\/bryco-goods-jumbo-kraftpapierrolle-18-x-2100-175-die-in-den-usa-ideal-fuer-die-verpackung-bewegen-geschenkpapier-tischlaeufer\\\/#breadcrumb\"},\"inLanguage\":\"de\",\"potentialAction\":[{\"@type\":\"ReadAction\",\"target\":[\"https:\\\/\\\/marktxxl.de\\\/markt\\\/produkt\\\/bryco-goods-jumbo-kraftpapierrolle-18-x-2100-175-die-in-den-usa-ideal-fuer-die-verpackung-bewegen-geschenkpapier-tischlaeufer\\\/\"]}]},{\"@type\":\"ImageObject\",\"inLanguage\":\"de\",\"@id\":\"https:\\\/\\\/marktxxl.de\\\/markt\\\/produkt\\\/bryco-goods-jumbo-kraftpapierrolle-18-x-2100-175-die-in-den-usa-ideal-fuer-die-verpackung-bewegen-geschenkpapier-tischlaeufer\\\/#primaryimage\",\"url\":\"https:\\\/\\\/m.media-amazon.com\\\/images\\\/I\\\/416cRCl0nnL._SL500_.jpg\",\"contentUrl\":\"https:\\\/\\\/m.media-amazon.com\\\/images\\\/I\\\/416cRCl0nnL._SL500_.jpg\",\"width\":500,\"height\":500},{\"@type\":\"BreadcrumbList\",\"@id\":\"https:\\\/\\\/marktxxl.de\\\/markt\\\/produkt\\\/bryco-goods-jumbo-kraftpapierrolle-18-x-2100-175-die-in-den-usa-ideal-fuer-die-verpackung-bewegen-geschenkpapier-tischlaeufer\\\/#breadcrumb\",\"itemListElement\":[{\"@type\":\"ListItem\",\"position\":1,\"name\":\"Startseite\",\"item\":\"https:\\\/\\\/marktxxl.de\\\/markt\\\/\"},{\"@type\":\"ListItem\",\"position\":2,\"name\":\"Markt\",\"item\":\"https:\\\/\\\/marktxxl.de\\\/markt\\\/\"},{\"@type\":\"ListItem\",\"position\":3,\"name\":\"Bryco Goods Jumbo-Kraftpapierrolle &#8211; 18&#8243; x 2100&#8243; (175&#8242;), die in den USA &#8211; ideal f\u00fcr die Verpackung, Bewegen, Geschenkpapier, Tischl\u00e4ufer\"}]},{\"@type\":\"WebSite\",\"@id\":\"https:\\\/\\\/marktxxl.de\\\/markt\\\/#website\",\"url\":\"https:\\\/\\\/marktxxl.de\\\/markt\\\/\",\"name\":\"Markt-XXL\",\"description\":\"Ihr Markt Online\",\"publisher\":{\"@id\":\"https:\\\/\\\/marktxxl.de\\\/markt\\\/#organization\"},\"potentialAction\":[{\"@type\":\"SearchAction\",\"target\":{\"@type\":\"EntryPoint\",\"urlTemplate\":\"https:\\\/\\\/marktxxl.de\\\/markt\\\/?s={search_term_string}\"},\"query-input\":{\"@type\":\"PropertyValueSpecification\",\"valueRequired\":true,\"valueName\":\"search_term_string\"}}],\"inLanguage\":\"de\"},{\"@type\":\"Organization\",\"@id\":\"https:\\\/\\\/marktxxl.de\\\/markt\\\/#organization\",\"name\":\"Markt-XXL\",\"url\":\"https:\\\/\\\/marktxxl.de\\\/markt\\\/\",\"logo\":{\"@type\":\"ImageObject\",\"inLanguage\":\"de\",\"@id\":\"https:\\\/\\\/marktxxl.de\\\/markt\\\/#\\\/schema\\\/logo\\\/image\\\/\",\"url\":\"https:\\\/\\\/marktxxl.de\\\/markt\\\/wp-content\\\/uploads\\\/sites\\\/3\\\/2020\\\/12\\\/logo.png\",\"contentUrl\":\"https:\\\/\\\/marktxxl.de\\\/markt\\\/wp-content\\\/uploads\\\/sites\\\/3\\\/2020\\\/12\\\/logo.png\",\"width\":200,\"height\":70,\"caption\":\"Markt-XXL\"},\"image\":{\"@id\":\"https:\\\/\\\/marktxxl.de\\\/markt\\\/#\\\/schema\\\/logo\\\/image\\\/\"}}]}<\/script>\n<!-- \/ Yoast SEO plugin. -->","yoast_head_json":{"title":"Bryco Goods Jumbo-Kraftpapierrolle - 18\" x 2100\" (175'), die in den USA - ideal f\u00fcr die Verpackung, Bewegen, Geschenkpapier, Tischl\u00e4ufer - Markt-XXL","description":"Markt-XXL Bryco Goods Jumbo-Kraftpapierrolle - 18\" x 2100\" (175'), die in den USA - ideal f\u00fcr die Verpackung, Bewegen, Geschenkpapier, Tischl\u00e4ufer","robots":{"index":"index","follow":"follow","max-snippet":"max-snippet:-1","max-image-preview":"max-image-preview:large","max-video-preview":"max-video-preview:-1"},"canonical":"https:\/\/marktxxl.de\/markt\/produkt\/bryco-goods-jumbo-kraftpapierrolle-18-x-2100-175-die-in-den-usa-ideal-fuer-die-verpackung-bewegen-geschenkpapier-tischlaeufer\/","og_locale":"de_DE","og_type":"article","og_title":"Bryco Goods Jumbo-Kraftpapierrolle - 18\" x 2100\" (175'), die in den USA - ideal f\u00fcr die Verpackung, Bewegen, Geschenkpapier, Tischl\u00e4ufer - Markt-XXL","og_description":"Markt-XXL Bryco Goods Jumbo-Kraftpapierrolle - 18\" x 2100\" (175'), die in den USA - ideal f\u00fcr die Verpackung, Bewegen, Geschenkpapier, Tischl\u00e4ufer","og_url":"https:\/\/marktxxl.de\/markt\/produkt\/bryco-goods-jumbo-kraftpapierrolle-18-x-2100-175-die-in-den-usa-ideal-fuer-die-verpackung-bewegen-geschenkpapier-tischlaeufer\/","og_site_name":"Markt-XXL","article_modified_time":"2023-04-11T00:54:08+00:00","og_image":[{"width":500,"height":500,"url":"https:\/\/m.media-amazon.com\/images\/I\/416cRCl0nnL._SL500_.jpg","type":"image\/jpeg"}],"twitter_card":"summary_large_image","twitter_misc":{"Gesch\u00e4tzte Lesezeit":"1\u00a0Minute"},"schema":{"@context":"https:\/\/schema.org","@graph":[{"@type":"WebPage","@id":"https:\/\/marktxxl.de\/markt\/produkt\/bryco-goods-jumbo-kraftpapierrolle-18-x-2100-175-die-in-den-usa-ideal-fuer-die-verpackung-bewegen-geschenkpapier-tischlaeufer\/","url":"https:\/\/marktxxl.de\/markt\/produkt\/bryco-goods-jumbo-kraftpapierrolle-18-x-2100-175-die-in-den-usa-ideal-fuer-die-verpackung-bewegen-geschenkpapier-tischlaeufer\/","name":"Bryco Goods Jumbo-Kraftpapierrolle - 18\" x 2100\" (175'), die in den USA - ideal f\u00fcr die Verpackung, Bewegen, Geschenkpapier, Tischl\u00e4ufer - Markt-XXL","isPartOf":{"@id":"https:\/\/marktxxl.de\/markt\/#website"},"primaryImageOfPage":{"@id":"https:\/\/marktxxl.de\/markt\/produkt\/bryco-goods-jumbo-kraftpapierrolle-18-x-2100-175-die-in-den-usa-ideal-fuer-die-verpackung-bewegen-geschenkpapier-tischlaeufer\/#primaryimage"},"image":{"@id":"https:\/\/marktxxl.de\/markt\/produkt\/bryco-goods-jumbo-kraftpapierrolle-18-x-2100-175-die-in-den-usa-ideal-fuer-die-verpackung-bewegen-geschenkpapier-tischlaeufer\/#primaryimage"},"thumbnailUrl":"https:\/\/m.media-amazon.com\/images\/I\/416cRCl0nnL._SL500_.jpg","datePublished":"2021-11-25T15:34:14+00:00","dateModified":"2023-04-11T00:54:08+00:00","description":"Markt-XXL Bryco Goods Jumbo-Kraftpapierrolle - 18\" x 2100\" (175'), die in den USA - ideal f\u00fcr die Verpackung, Bewegen, Geschenkpapier, Tischl\u00e4ufer","breadcrumb":{"@id":"https:\/\/marktxxl.de\/markt\/produkt\/bryco-goods-jumbo-kraftpapierrolle-18-x-2100-175-die-in-den-usa-ideal-fuer-die-verpackung-bewegen-geschenkpapier-tischlaeufer\/#breadcrumb"},"inLanguage":"de","potentialAction":[{"@type":"ReadAction","target":["https:\/\/marktxxl.de\/markt\/produkt\/bryco-goods-jumbo-kraftpapierrolle-18-x-2100-175-die-in-den-usa-ideal-fuer-die-verpackung-bewegen-geschenkpapier-tischlaeufer\/"]}]},{"@type":"ImageObject","inLanguage":"de","@id":"https:\/\/marktxxl.de\/markt\/produkt\/bryco-goods-jumbo-kraftpapierrolle-18-x-2100-175-die-in-den-usa-ideal-fuer-die-verpackung-bewegen-geschenkpapier-tischlaeufer\/#primaryimage","url":"https:\/\/m.media-amazon.com\/images\/I\/416cRCl0nnL._SL500_.jpg","contentUrl":"https:\/\/m.media-amazon.com\/images\/I\/416cRCl0nnL._SL500_.jpg","width":500,"height":500},{"@type":"BreadcrumbList","@id":"https:\/\/marktxxl.de\/markt\/produkt\/bryco-goods-jumbo-kraftpapierrolle-18-x-2100-175-die-in-den-usa-ideal-fuer-die-verpackung-bewegen-geschenkpapier-tischlaeufer\/#breadcrumb","itemListElement":[{"@type":"ListItem","position":1,"name":"Startseite","item":"https:\/\/marktxxl.de\/markt\/"},{"@type":"ListItem","position":2,"name":"Markt","item":"https:\/\/marktxxl.de\/markt\/"},{"@type":"ListItem","position":3,"name":"Bryco Goods Jumbo-Kraftpapierrolle &#8211; 18&#8243; x 2100&#8243; (175&#8242;), die in den USA &#8211; ideal f\u00fcr die Verpackung, Bewegen, Geschenkpapier, Tischl\u00e4ufer"}]},{"@type":"WebSite","@id":"https:\/\/marktxxl.de\/markt\/#website","url":"https:\/\/marktxxl.de\/markt\/","name":"Markt-XXL","description":"Ihr Markt Online","publisher":{"@id":"https:\/\/marktxxl.de\/markt\/#organization"},"potentialAction":[{"@type":"SearchAction","target":{"@type":"EntryPoint","urlTemplate":"https:\/\/marktxxl.de\/markt\/?s={search_term_string}"},"query-input":{"@type":"PropertyValueSpecification","valueRequired":true,"valueName":"search_term_string"}}],"inLanguage":"de"},{"@type":"Organization","@id":"https:\/\/marktxxl.de\/markt\/#organization","name":"Markt-XXL","url":"https:\/\/marktxxl.de\/markt\/","logo":{"@type":"ImageObject","inLanguage":"de","@id":"https:\/\/marktxxl.de\/markt\/#\/schema\/logo\/image\/","url":"https:\/\/marktxxl.de\/markt\/wp-content\/uploads\/sites\/3\/2020\/12\/logo.png","contentUrl":"https:\/\/marktxxl.de\/markt\/wp-content\/uploads\/sites\/3\/2020\/12\/logo.png","width":200,"height":70,"caption":"Markt-XXL"},"image":{"@id":"https:\/\/marktxxl.de\/markt\/#\/schema\/logo\/image\/"}}]}},"_links":{"self":[{"href":"https:\/\/marktxxl.de\/markt\/wp-json\/wp\/v2\/product\/79128","targetHints":{"allow":["GET"]}}],"collection":[{"href":"https:\/\/marktxxl.de\/markt\/wp-json\/wp\/v2\/product"}],"about":[{"href":"https:\/\/marktxxl.de\/markt\/wp-json\/wp\/v2\/types\/product"}],"replies":[{"embeddable":true,"href":"https:\/\/marktxxl.de\/markt\/wp-json\/wp\/v2\/comments?post=79128"}],"wp:featuredmedia":[{"embeddable":true,"href":"https:\/\/marktxxl.de\/markt\/wp-json\/wp\/v2\/media\/79129"}],"wp:attachment":[{"href":"https:\/\/marktxxl.de\/markt\/wp-json\/wp\/v2\/media?parent=79128"}],"wp:term":[{"taxonomy":"product_brand","embeddable":true,"href":"https:\/\/marktxxl.de\/markt\/wp-json\/wp\/v2\/product_brand?post=79128"},{"taxonomy":"product_cat","embeddable":true,"href":"https:\/\/marktxxl.de\/markt\/wp-json\/wp\/v2\/product_cat?post=79128"},{"taxonomy":"product_tag","embeddable":true,"href":"https:\/\/marktxxl.de\/markt\/wp-json\/wp\/v2\/product_tag?post=79128"}],"curies":[{"name":"wp","href":"https:\/\/api.w.org\/{rel}","templated":true}]}}