{"id":79074,"date":"2021-11-25T16:33:35","date_gmt":"2021-11-25T15:33:35","guid":{"rendered":"https:\/\/marktxxl.de\/markt\/produkt\/five-star-spiralheft\/"},"modified":"2023-04-11T02:54:07","modified_gmt":"2023-04-11T00:54:07","slug":"five-star-spiralheft","status":"publish","type":"product","link":"https:\/\/marktxxl.de\/markt\/produkt\/five-star-spiralheft\/","title":{"rendered":"Five Star Spiral-Notizbuch, 5 Themen, breites, liniertes Papier, 200 Blatt, 26,7 x 20,3 cm, Farbe variiert (05206)"},"content":{"rendered":"<p>4 Trennbl\u00e4tter mit jeweils 2 Taschen, zum Aufbewahren von Bl\u00e4ttern aus dem Notizbuch oder Briefformat in der Mitte gefaltet. Wasserabweisender Kunststoff-Vorderdeckel und eine robuste R\u00fcckseite aus Pappkarton sch\u00fctzen Ihre Notizen.<br \/>\nDer Spiral-Lock-Draht verhindert ein Verhaken der Spulen, sodass er sich nicht an Ihrer Kleidung oder Ihrem Rucksack verf\u00e4ngt. Die perforierten Seiten lassen sich leicht mit sauberen Kanten abrei\u00dfen. Hergestellt in den USA.<br \/>\nDie perforierten Bl\u00e4tter messen 26,7 x 20,3 cm, wenn sie herausgerissen sind. Gesamtgr\u00f6\u00dfe von 26 x 24 cm. Kobaltblaue Vorderseite.<br \/>\n<div class=\"main-cross-sell\" data-asin=\"B003XVZCTM\">\n\n\t<div class=\"WooZone-cross-sell-loader\">\n\t\t<div>\n\t\t\t<div id=\"floatingBarsG\">\n\t\t\t\t<div class=\"blockG\" id=\"rotateG_01\"><\/div>\n\t\t\t\t<div class=\"blockG\" id=\"rotateG_02\"><\/div>\n\t\t\t\t<div class=\"blockG\" id=\"rotateG_03\"><\/div>\n\t\t\t\t<div class=\"blockG\" id=\"rotateG_04\"><\/div>\n\t\t\t\t<div class=\"blockG\" id=\"rotateG_05\"><\/div>\n\t\t\t\t<div class=\"blockG\" id=\"rotateG_06\"><\/div>\n\t\t\t\t<div class=\"blockG\" id=\"rotateG_07\"><\/div>\n\t\t\t\t<div class=\"blockG\" id=\"rotateG_08\"><\/div>\n\t\t\t<\/div>\n\t\t\t<div class=\"WooZone-cross-sell-loader-text\"><\/div>\n\t\t<\/div>\n\t<\/div>\n\n\t\t\n<\/div>\n<div style=\"clear:both;\"><\/div><\/p>\n","protected":false},"excerpt":{"rendered":"<p>4 Trennbl\u00e4tter mit jeweils 2 Taschen, zum Aufbewahren von Bl\u00e4ttern aus dem Notizbuch oder Briefformat in der Mitte gefaltet. Wasserabweisender Kunststoff-Vorderdeckel und eine robuste R\u00fcckseite aus Pappkarton sch\u00fctzen Ihre Notizen.<br \/>\nDer Spiral-Lock-Draht verhindert ein Verhaken der Spulen, sodass er sich nicht an Ihrer Kleidung oder Ihrem Rucksack verf\u00e4ngt. Die perforierten Seiten lassen sich leicht mit sauberen Kanten abrei\u00dfen. Hergestellt in den USA.<br \/>\nDie perforierten Bl\u00e4tter messen 26,7 x 20,3 cm, wenn sie herausgerissen sind. Gesamtgr\u00f6\u00dfe von 26 x 24 cm. Kobaltblaue Vorderseite.<\/p>\n","protected":false},"featured_media":79075,"comment_status":"open","ping_status":"closed","template":"","meta":[],"product_brand":[],"product_cat":[504,8631],"product_tag":[],"class_list":{"0":"post-79074","1":"product","2":"type-product","3":"status-publish","4":"has-post-thumbnail","6":"product_cat-buerobedarf-schreibwaren","7":"product_cat-schul-unibedarf","8":"pa_binding-buerobedarf-schreibwaren","9":"pa_brand-five-star","10":"pa_color-marineblau","11":"pa_manufacturer-meadwestvaco","12":"pa_model-73035-parent","14":"first","15":"instock","16":"shipping-taxable","17":"purchasable","18":"product-type-simple","19":"customify-col","20":"product-has-gallery"},"yoast_head":"<!-- This site is optimized with the Yoast SEO plugin v27.4 - https:\/\/yoast.com\/product\/yoast-seo-wordpress\/ -->\n<title>Five Star Spiral-Notizbuch, 5 Themen, breites, liniertes Papier, 200 Blatt, 26,7 x 20,3 cm, Farbe variiert (05206) - Markt-XXL<\/title>\n<meta name=\"description\" content=\"Markt-XXL Five Star Spiral-Notizbuch, 5 Themen, breites, liniertes Papier, 200 Blatt, 26,7 x 20,3 cm, Farbe variiert (05206)\" \/>\n<meta name=\"robots\" content=\"index, follow, max-snippet:-1, max-image-preview:large, max-video-preview:-1\" \/>\n<link rel=\"canonical\" href=\"https:\/\/marktxxl.de\/markt\/produkt\/five-star-spiralheft\/\" \/>\n<meta property=\"og:locale\" content=\"de_DE\" \/>\n<meta property=\"og:type\" content=\"article\" \/>\n<meta property=\"og:title\" content=\"Five Star Spiral-Notizbuch, 5 Themen, breites, liniertes Papier, 200 Blatt, 26,7 x 20,3 cm, Farbe variiert (05206) - Markt-XXL\" \/>\n<meta property=\"og:description\" content=\"Markt-XXL Five Star Spiral-Notizbuch, 5 Themen, breites, liniertes Papier, 200 Blatt, 26,7 x 20,3 cm, Farbe variiert (05206)\" \/>\n<meta property=\"og:url\" content=\"https:\/\/marktxxl.de\/markt\/produkt\/five-star-spiralheft\/\" \/>\n<meta property=\"og:site_name\" content=\"Markt-XXL\" \/>\n<meta property=\"article:modified_time\" content=\"2023-04-11T00:54:07+00:00\" \/>\n<meta property=\"og:image\" content=\"https:\/\/m.media-amazon.com\/images\/I\/31C0IPpApBL._SL500_.jpg\" \/>\n\t<meta property=\"og:image:width\" content=\"500\" \/>\n\t<meta property=\"og:image:height\" content=\"500\" \/>\n\t<meta property=\"og:image:type\" content=\"image\/jpeg\" \/>\n<meta name=\"twitter:card\" content=\"summary_large_image\" \/>\n<script type=\"application\/ld+json\" class=\"yoast-schema-graph\">{\"@context\":\"https:\\\/\\\/schema.org\",\"@graph\":[{\"@type\":\"WebPage\",\"@id\":\"https:\\\/\\\/marktxxl.de\\\/markt\\\/produkt\\\/five-star-spiralheft\\\/\",\"url\":\"https:\\\/\\\/marktxxl.de\\\/markt\\\/produkt\\\/five-star-spiralheft\\\/\",\"name\":\"Five Star Spiral-Notizbuch, 5 Themen, breites, liniertes Papier, 200 Blatt, 26,7 x 20,3 cm, Farbe variiert (05206) - Markt-XXL\",\"isPartOf\":{\"@id\":\"https:\\\/\\\/marktxxl.de\\\/markt\\\/#website\"},\"primaryImageOfPage\":{\"@id\":\"https:\\\/\\\/marktxxl.de\\\/markt\\\/produkt\\\/five-star-spiralheft\\\/#primaryimage\"},\"image\":{\"@id\":\"https:\\\/\\\/marktxxl.de\\\/markt\\\/produkt\\\/five-star-spiralheft\\\/#primaryimage\"},\"thumbnailUrl\":\"https:\\\/\\\/m.media-amazon.com\\\/images\\\/I\\\/31C0IPpApBL._SL500_.jpg\",\"datePublished\":\"2021-11-25T15:33:35+00:00\",\"dateModified\":\"2023-04-11T00:54:07+00:00\",\"description\":\"Markt-XXL Five Star Spiral-Notizbuch, 5 Themen, breites, liniertes Papier, 200 Blatt, 26,7 x 20,3 cm, Farbe variiert (05206)\",\"breadcrumb\":{\"@id\":\"https:\\\/\\\/marktxxl.de\\\/markt\\\/produkt\\\/five-star-spiralheft\\\/#breadcrumb\"},\"inLanguage\":\"de\",\"potentialAction\":[{\"@type\":\"ReadAction\",\"target\":[\"https:\\\/\\\/marktxxl.de\\\/markt\\\/produkt\\\/five-star-spiralheft\\\/\"]}]},{\"@type\":\"ImageObject\",\"inLanguage\":\"de\",\"@id\":\"https:\\\/\\\/marktxxl.de\\\/markt\\\/produkt\\\/five-star-spiralheft\\\/#primaryimage\",\"url\":\"https:\\\/\\\/m.media-amazon.com\\\/images\\\/I\\\/31C0IPpApBL._SL500_.jpg\",\"contentUrl\":\"https:\\\/\\\/m.media-amazon.com\\\/images\\\/I\\\/31C0IPpApBL._SL500_.jpg\",\"width\":500,\"height\":500},{\"@type\":\"BreadcrumbList\",\"@id\":\"https:\\\/\\\/marktxxl.de\\\/markt\\\/produkt\\\/five-star-spiralheft\\\/#breadcrumb\",\"itemListElement\":[{\"@type\":\"ListItem\",\"position\":1,\"name\":\"Startseite\",\"item\":\"https:\\\/\\\/marktxxl.de\\\/markt\\\/\"},{\"@type\":\"ListItem\",\"position\":2,\"name\":\"Markt\",\"item\":\"https:\\\/\\\/marktxxl.de\\\/markt\\\/\"},{\"@type\":\"ListItem\",\"position\":3,\"name\":\"Five Star Spiral-Notizbuch, 5 Themen, breites, liniertes Papier, 200 Blatt, 26,7 x 20,3 cm, Farbe variiert (05206)\"}]},{\"@type\":\"WebSite\",\"@id\":\"https:\\\/\\\/marktxxl.de\\\/markt\\\/#website\",\"url\":\"https:\\\/\\\/marktxxl.de\\\/markt\\\/\",\"name\":\"Markt-XXL\",\"description\":\"Ihr Markt Online\",\"publisher\":{\"@id\":\"https:\\\/\\\/marktxxl.de\\\/markt\\\/#organization\"},\"potentialAction\":[{\"@type\":\"SearchAction\",\"target\":{\"@type\":\"EntryPoint\",\"urlTemplate\":\"https:\\\/\\\/marktxxl.de\\\/markt\\\/?s={search_term_string}\"},\"query-input\":{\"@type\":\"PropertyValueSpecification\",\"valueRequired\":true,\"valueName\":\"search_term_string\"}}],\"inLanguage\":\"de\"},{\"@type\":\"Organization\",\"@id\":\"https:\\\/\\\/marktxxl.de\\\/markt\\\/#organization\",\"name\":\"Markt-XXL\",\"url\":\"https:\\\/\\\/marktxxl.de\\\/markt\\\/\",\"logo\":{\"@type\":\"ImageObject\",\"inLanguage\":\"de\",\"@id\":\"https:\\\/\\\/marktxxl.de\\\/markt\\\/#\\\/schema\\\/logo\\\/image\\\/\",\"url\":\"https:\\\/\\\/marktxxl.de\\\/markt\\\/wp-content\\\/uploads\\\/sites\\\/3\\\/2020\\\/12\\\/logo.png\",\"contentUrl\":\"https:\\\/\\\/marktxxl.de\\\/markt\\\/wp-content\\\/uploads\\\/sites\\\/3\\\/2020\\\/12\\\/logo.png\",\"width\":200,\"height\":70,\"caption\":\"Markt-XXL\"},\"image\":{\"@id\":\"https:\\\/\\\/marktxxl.de\\\/markt\\\/#\\\/schema\\\/logo\\\/image\\\/\"}}]}<\/script>\n<!-- \/ Yoast SEO plugin. -->","yoast_head_json":{"title":"Five Star Spiral-Notizbuch, 5 Themen, breites, liniertes Papier, 200 Blatt, 26,7 x 20,3 cm, Farbe variiert (05206) - Markt-XXL","description":"Markt-XXL Five Star Spiral-Notizbuch, 5 Themen, breites, liniertes Papier, 200 Blatt, 26,7 x 20,3 cm, Farbe variiert (05206)","robots":{"index":"index","follow":"follow","max-snippet":"max-snippet:-1","max-image-preview":"max-image-preview:large","max-video-preview":"max-video-preview:-1"},"canonical":"https:\/\/marktxxl.de\/markt\/produkt\/five-star-spiralheft\/","og_locale":"de_DE","og_type":"article","og_title":"Five Star Spiral-Notizbuch, 5 Themen, breites, liniertes Papier, 200 Blatt, 26,7 x 20,3 cm, Farbe variiert (05206) - Markt-XXL","og_description":"Markt-XXL Five Star Spiral-Notizbuch, 5 Themen, breites, liniertes Papier, 200 Blatt, 26,7 x 20,3 cm, Farbe variiert (05206)","og_url":"https:\/\/marktxxl.de\/markt\/produkt\/five-star-spiralheft\/","og_site_name":"Markt-XXL","article_modified_time":"2023-04-11T00:54:07+00:00","og_image":[{"width":500,"height":500,"url":"https:\/\/m.media-amazon.com\/images\/I\/31C0IPpApBL._SL500_.jpg","type":"image\/jpeg"}],"twitter_card":"summary_large_image","schema":{"@context":"https:\/\/schema.org","@graph":[{"@type":"WebPage","@id":"https:\/\/marktxxl.de\/markt\/produkt\/five-star-spiralheft\/","url":"https:\/\/marktxxl.de\/markt\/produkt\/five-star-spiralheft\/","name":"Five Star Spiral-Notizbuch, 5 Themen, breites, liniertes Papier, 200 Blatt, 26,7 x 20,3 cm, Farbe variiert (05206) - Markt-XXL","isPartOf":{"@id":"https:\/\/marktxxl.de\/markt\/#website"},"primaryImageOfPage":{"@id":"https:\/\/marktxxl.de\/markt\/produkt\/five-star-spiralheft\/#primaryimage"},"image":{"@id":"https:\/\/marktxxl.de\/markt\/produkt\/five-star-spiralheft\/#primaryimage"},"thumbnailUrl":"https:\/\/m.media-amazon.com\/images\/I\/31C0IPpApBL._SL500_.jpg","datePublished":"2021-11-25T15:33:35+00:00","dateModified":"2023-04-11T00:54:07+00:00","description":"Markt-XXL Five Star Spiral-Notizbuch, 5 Themen, breites, liniertes Papier, 200 Blatt, 26,7 x 20,3 cm, Farbe variiert (05206)","breadcrumb":{"@id":"https:\/\/marktxxl.de\/markt\/produkt\/five-star-spiralheft\/#breadcrumb"},"inLanguage":"de","potentialAction":[{"@type":"ReadAction","target":["https:\/\/marktxxl.de\/markt\/produkt\/five-star-spiralheft\/"]}]},{"@type":"ImageObject","inLanguage":"de","@id":"https:\/\/marktxxl.de\/markt\/produkt\/five-star-spiralheft\/#primaryimage","url":"https:\/\/m.media-amazon.com\/images\/I\/31C0IPpApBL._SL500_.jpg","contentUrl":"https:\/\/m.media-amazon.com\/images\/I\/31C0IPpApBL._SL500_.jpg","width":500,"height":500},{"@type":"BreadcrumbList","@id":"https:\/\/marktxxl.de\/markt\/produkt\/five-star-spiralheft\/#breadcrumb","itemListElement":[{"@type":"ListItem","position":1,"name":"Startseite","item":"https:\/\/marktxxl.de\/markt\/"},{"@type":"ListItem","position":2,"name":"Markt","item":"https:\/\/marktxxl.de\/markt\/"},{"@type":"ListItem","position":3,"name":"Five Star Spiral-Notizbuch, 5 Themen, breites, liniertes Papier, 200 Blatt, 26,7 x 20,3 cm, Farbe variiert (05206)"}]},{"@type":"WebSite","@id":"https:\/\/marktxxl.de\/markt\/#website","url":"https:\/\/marktxxl.de\/markt\/","name":"Markt-XXL","description":"Ihr Markt Online","publisher":{"@id":"https:\/\/marktxxl.de\/markt\/#organization"},"potentialAction":[{"@type":"SearchAction","target":{"@type":"EntryPoint","urlTemplate":"https:\/\/marktxxl.de\/markt\/?s={search_term_string}"},"query-input":{"@type":"PropertyValueSpecification","valueRequired":true,"valueName":"search_term_string"}}],"inLanguage":"de"},{"@type":"Organization","@id":"https:\/\/marktxxl.de\/markt\/#organization","name":"Markt-XXL","url":"https:\/\/marktxxl.de\/markt\/","logo":{"@type":"ImageObject","inLanguage":"de","@id":"https:\/\/marktxxl.de\/markt\/#\/schema\/logo\/image\/","url":"https:\/\/marktxxl.de\/markt\/wp-content\/uploads\/sites\/3\/2020\/12\/logo.png","contentUrl":"https:\/\/marktxxl.de\/markt\/wp-content\/uploads\/sites\/3\/2020\/12\/logo.png","width":200,"height":70,"caption":"Markt-XXL"},"image":{"@id":"https:\/\/marktxxl.de\/markt\/#\/schema\/logo\/image\/"}}]}},"_links":{"self":[{"href":"https:\/\/marktxxl.de\/markt\/wp-json\/wp\/v2\/product\/79074","targetHints":{"allow":["GET"]}}],"collection":[{"href":"https:\/\/marktxxl.de\/markt\/wp-json\/wp\/v2\/product"}],"about":[{"href":"https:\/\/marktxxl.de\/markt\/wp-json\/wp\/v2\/types\/product"}],"replies":[{"embeddable":true,"href":"https:\/\/marktxxl.de\/markt\/wp-json\/wp\/v2\/comments?post=79074"}],"wp:featuredmedia":[{"embeddable":true,"href":"https:\/\/marktxxl.de\/markt\/wp-json\/wp\/v2\/media\/79075"}],"wp:attachment":[{"href":"https:\/\/marktxxl.de\/markt\/wp-json\/wp\/v2\/media?parent=79074"}],"wp:term":[{"taxonomy":"product_brand","embeddable":true,"href":"https:\/\/marktxxl.de\/markt\/wp-json\/wp\/v2\/product_brand?post=79074"},{"taxonomy":"product_cat","embeddable":true,"href":"https:\/\/marktxxl.de\/markt\/wp-json\/wp\/v2\/product_cat?post=79074"},{"taxonomy":"product_tag","embeddable":true,"href":"https:\/\/marktxxl.de\/markt\/wp-json\/wp\/v2\/product_tag?post=79074"}],"curies":[{"name":"wp","href":"https:\/\/api.w.org\/{rel}","templated":true}]}}