{"id":78982,"date":"2021-11-25T16:27:51","date_gmt":"2021-11-25T15:27:51","guid":{"rendered":"https:\/\/marktxxl.de\/markt\/produkt\/coocazoo-schulrucksack-scalerale-laserbeam-blue-blau-ergonomischer-tornister-hoehenverstellbar-mit-brustgurt-und-hueftgurt-fuer-jungen-ab-der-5-klasse-30-liter\/"},"modified":"2023-04-11T02:54:06","modified_gmt":"2023-04-11T00:54:06","slug":"coocazoo-schulrucksack-scalerale-laserbeam-blue-blau-ergonomischer-tornister-hoehenverstellbar-mit-brustgurt-und-hueftgurt-fuer-jungen-ab-der-5-klasse-30-liter","status":"publish","type":"product","link":"https:\/\/marktxxl.de\/markt\/produkt\/coocazoo-schulrucksack-scalerale-laserbeam-blue-blau-ergonomischer-tornister-hoehenverstellbar-mit-brustgurt-und-hueftgurt-fuer-jungen-ab-der-5-klasse-30-liter\/","title":{"rendered":"coocazoo Schulrucksack ScaleRale Laserbeam Blue blau, ergonomischer Tornister, h\u00f6henverstellbar mit Brustgurt und\u2026"},"content":{"rendered":"<p>EASY GROW &#8211; Das EASY GROW SYSTEM erm\u00f6glicht eine ergonomische Passform w\u00e4hrend der gesamten Schulzeit: Mit dem einfachen Verstellmechanismus l\u00e4sst sich die R\u00fcckenl\u00e4nge des Rucksacks jederzeit auf die aktuelle Gr\u00f6\u00dfe deines Kindes anpassen.<br \/>\nSICHTBARKEIT ist uns wichtig. F\u00fcr optimale Sichtbarkeit im Dunkeln sorgen die retroreflektierenden Streifen an den Seiten und auf den Gurten. Auch der Loop wirft darauf fallendes Licht zur\u00fcck und erm\u00f6glicht die Befestigung eines LED-Anstecklichts.<br \/>\nSTAURAUM &#8211; Der Rucksack verf\u00fcgt \u00fcber gro\u00dfe Hauptf\u00e4cher, Ordnungsf\u00e4cher, zwei Au\u00dfentaschen und ein geheimes Einsteckfach, z.B. f\u00fcr Kleingeld. Dank Kopfh\u00f6rerausgang bleibt das Smartphone beim Musikh\u00f6ren sicher im Handyfach verstaut.<br \/>\nERGONOMIE &#8211; Schulter-, Brust- und H\u00fcftgurte lassen sich genau auf dein Kind einstellen. Dadurch werden die Schultern entlastet und das Rucksackgewicht verteilt sich gleichm\u00e4\u00dfig auf dem R\u00fccken, f\u00fcr l\u00e4ngeren Tragekomfort.<br \/>\nMATCH PATCH &#8211; Mit dem MatchPatch-System l\u00e4sst sich der Rucksack individuell gestalten. Rei\u00dfverschluss-Zipper, Gurtschnallen und das Klett-Patch k\u00f6nnen jederzeit ausgetauscht werden \u2013 so passt der Rucksack immer zum aktuellen Style.<br \/>\n<div class=\"main-cross-sell\" data-asin=\"B07Y7M45MR\">\n\n\t<div class=\"WooZone-cross-sell-loader\">\n\t\t<div>\n\t\t\t<div id=\"floatingBarsG\">\n\t\t\t\t<div class=\"blockG\" id=\"rotateG_01\"><\/div>\n\t\t\t\t<div class=\"blockG\" id=\"rotateG_02\"><\/div>\n\t\t\t\t<div class=\"blockG\" id=\"rotateG_03\"><\/div>\n\t\t\t\t<div class=\"blockG\" id=\"rotateG_04\"><\/div>\n\t\t\t\t<div class=\"blockG\" id=\"rotateG_05\"><\/div>\n\t\t\t\t<div class=\"blockG\" id=\"rotateG_06\"><\/div>\n\t\t\t\t<div class=\"blockG\" id=\"rotateG_07\"><\/div>\n\t\t\t\t<div class=\"blockG\" id=\"rotateG_08\"><\/div>\n\t\t\t<\/div>\n\t\t\t<div class=\"WooZone-cross-sell-loader-text\"><\/div>\n\t\t<\/div>\n\t<\/div>\n\n\t\t\n<\/div>\n<div style=\"clear:both;\"><\/div><\/p>\n","protected":false},"excerpt":{"rendered":"<p>EASY GROW &#8211; Das EASY GROW SYSTEM erm\u00f6glicht eine ergonomische Passform w\u00e4hrend der gesamten Schulzeit: Mit dem einfachen Verstellmechanismus l\u00e4sst sich die R\u00fcckenl\u00e4nge des Rucksacks jederzeit auf die aktuelle Gr\u00f6\u00dfe deines Kindes anpassen.<br \/>\nSICHTBARKEIT ist uns wichtig. F\u00fcr optimale Sichtbarkeit im Dunkeln sorgen die retroreflektierenden Streifen an den Seiten und auf den Gurten. Auch der Loop wirft darauf fallendes Licht zur\u00fcck und erm\u00f6glicht die Befestigung eines LED-Anstecklichts.<br \/>\nSTAURAUM &#8211; Der Rucksack verf\u00fcgt \u00fcber gro\u00dfe Hauptf\u00e4cher, Ordnungsf\u00e4cher, zwei Au\u00dfentaschen und ein geheimes Einsteckfach, z.B. f\u00fcr Kleingeld. Dank Kopfh\u00f6rerausgang bleibt das Smartphone beim Musikh\u00f6ren sicher im Handyfach verstaut.<\/p>\n","protected":false},"featured_media":78983,"comment_status":"open","ping_status":"closed","template":"","meta":[],"product_brand":[],"product_cat":[504,8631],"product_tag":[],"class_list":{"0":"post-78982","1":"product","2":"type-product","3":"status-publish","4":"has-post-thumbnail","6":"product_cat-buerobedarf-schreibwaren","7":"product_cat-schul-unibedarf","8":"pa_brand-coocazoo","9":"pa_color-blau","10":"pa_height-17-716535415-zoll","11":"pa_length-7-87401574-zoll","12":"pa_manufacturer-hama-gmbh-co-kg","13":"pa_model-scalerale","14":"pa_size-30l","15":"pa_weight-2-645547144-pfund","16":"pa_width-11-81102361-zoll","18":"first","19":"instock","20":"shipping-taxable","21":"purchasable","22":"product-type-simple","23":"customify-col","24":"product-has-gallery"},"yoast_head":"<!-- This site is optimized with the Yoast SEO plugin v27.4 - https:\/\/yoast.com\/product\/yoast-seo-wordpress\/ -->\n<title>coocazoo Schulrucksack ScaleRale Laserbeam Blue blau, ergonomischer Tornister, h\u00f6henverstellbar mit Brustgurt und\u2026 - Markt-XXL<\/title>\n<meta name=\"description\" content=\"Markt-XXL coocazoo Schulrucksack ScaleRale Laserbeam Blue blau, ergonomischer Tornister, h\u00f6henverstellbar mit Brustgurt und\u2026\" \/>\n<meta name=\"robots\" content=\"index, follow, max-snippet:-1, max-image-preview:large, max-video-preview:-1\" \/>\n<link rel=\"canonical\" href=\"https:\/\/marktxxl.de\/markt\/produkt\/coocazoo-schulrucksack-scalerale-laserbeam-blue-blau-ergonomischer-tornister-hoehenverstellbar-mit-brustgurt-und-hueftgurt-fuer-jungen-ab-der-5-klasse-30-liter\/\" \/>\n<meta property=\"og:locale\" content=\"de_DE\" \/>\n<meta property=\"og:type\" content=\"article\" \/>\n<meta property=\"og:title\" content=\"coocazoo Schulrucksack ScaleRale Laserbeam Blue blau, ergonomischer Tornister, h\u00f6henverstellbar mit Brustgurt und\u2026 - Markt-XXL\" \/>\n<meta property=\"og:description\" content=\"Markt-XXL coocazoo Schulrucksack ScaleRale Laserbeam Blue blau, ergonomischer Tornister, h\u00f6henverstellbar mit Brustgurt und\u2026\" \/>\n<meta property=\"og:url\" content=\"https:\/\/marktxxl.de\/markt\/produkt\/coocazoo-schulrucksack-scalerale-laserbeam-blue-blau-ergonomischer-tornister-hoehenverstellbar-mit-brustgurt-und-hueftgurt-fuer-jungen-ab-der-5-klasse-30-liter\/\" \/>\n<meta property=\"og:site_name\" content=\"Markt-XXL\" \/>\n<meta property=\"article:modified_time\" content=\"2023-04-11T00:54:06+00:00\" \/>\n<meta property=\"og:image\" content=\"https:\/\/m.media-amazon.com\/images\/I\/516SVDck7PL._SL500_.jpg\" \/>\n\t<meta property=\"og:image:width\" content=\"500\" \/>\n\t<meta property=\"og:image:height\" content=\"500\" \/>\n\t<meta property=\"og:image:type\" content=\"image\/jpeg\" \/>\n<meta name=\"twitter:card\" content=\"summary_large_image\" \/>\n<meta name=\"twitter:label1\" content=\"Gesch\u00e4tzte Lesezeit\" \/>\n\t<meta name=\"twitter:data1\" content=\"1\u00a0Minute\" \/>\n<script type=\"application\/ld+json\" class=\"yoast-schema-graph\">{\"@context\":\"https:\\\/\\\/schema.org\",\"@graph\":[{\"@type\":\"WebPage\",\"@id\":\"https:\\\/\\\/marktxxl.de\\\/markt\\\/produkt\\\/coocazoo-schulrucksack-scalerale-laserbeam-blue-blau-ergonomischer-tornister-hoehenverstellbar-mit-brustgurt-und-hueftgurt-fuer-jungen-ab-der-5-klasse-30-liter\\\/\",\"url\":\"https:\\\/\\\/marktxxl.de\\\/markt\\\/produkt\\\/coocazoo-schulrucksack-scalerale-laserbeam-blue-blau-ergonomischer-tornister-hoehenverstellbar-mit-brustgurt-und-hueftgurt-fuer-jungen-ab-der-5-klasse-30-liter\\\/\",\"name\":\"coocazoo Schulrucksack ScaleRale Laserbeam Blue blau, ergonomischer Tornister, h\u00f6henverstellbar mit Brustgurt und\u2026 - Markt-XXL\",\"isPartOf\":{\"@id\":\"https:\\\/\\\/marktxxl.de\\\/markt\\\/#website\"},\"primaryImageOfPage\":{\"@id\":\"https:\\\/\\\/marktxxl.de\\\/markt\\\/produkt\\\/coocazoo-schulrucksack-scalerale-laserbeam-blue-blau-ergonomischer-tornister-hoehenverstellbar-mit-brustgurt-und-hueftgurt-fuer-jungen-ab-der-5-klasse-30-liter\\\/#primaryimage\"},\"image\":{\"@id\":\"https:\\\/\\\/marktxxl.de\\\/markt\\\/produkt\\\/coocazoo-schulrucksack-scalerale-laserbeam-blue-blau-ergonomischer-tornister-hoehenverstellbar-mit-brustgurt-und-hueftgurt-fuer-jungen-ab-der-5-klasse-30-liter\\\/#primaryimage\"},\"thumbnailUrl\":\"https:\\\/\\\/m.media-amazon.com\\\/images\\\/I\\\/516SVDck7PL._SL500_.jpg\",\"datePublished\":\"2021-11-25T15:27:51+00:00\",\"dateModified\":\"2023-04-11T00:54:06+00:00\",\"description\":\"Markt-XXL coocazoo Schulrucksack ScaleRale Laserbeam Blue blau, ergonomischer Tornister, h\u00f6henverstellbar mit Brustgurt und\u2026\",\"breadcrumb\":{\"@id\":\"https:\\\/\\\/marktxxl.de\\\/markt\\\/produkt\\\/coocazoo-schulrucksack-scalerale-laserbeam-blue-blau-ergonomischer-tornister-hoehenverstellbar-mit-brustgurt-und-hueftgurt-fuer-jungen-ab-der-5-klasse-30-liter\\\/#breadcrumb\"},\"inLanguage\":\"de\",\"potentialAction\":[{\"@type\":\"ReadAction\",\"target\":[\"https:\\\/\\\/marktxxl.de\\\/markt\\\/produkt\\\/coocazoo-schulrucksack-scalerale-laserbeam-blue-blau-ergonomischer-tornister-hoehenverstellbar-mit-brustgurt-und-hueftgurt-fuer-jungen-ab-der-5-klasse-30-liter\\\/\"]}]},{\"@type\":\"ImageObject\",\"inLanguage\":\"de\",\"@id\":\"https:\\\/\\\/marktxxl.de\\\/markt\\\/produkt\\\/coocazoo-schulrucksack-scalerale-laserbeam-blue-blau-ergonomischer-tornister-hoehenverstellbar-mit-brustgurt-und-hueftgurt-fuer-jungen-ab-der-5-klasse-30-liter\\\/#primaryimage\",\"url\":\"https:\\\/\\\/m.media-amazon.com\\\/images\\\/I\\\/516SVDck7PL._SL500_.jpg\",\"contentUrl\":\"https:\\\/\\\/m.media-amazon.com\\\/images\\\/I\\\/516SVDck7PL._SL500_.jpg\",\"width\":500,\"height\":500},{\"@type\":\"BreadcrumbList\",\"@id\":\"https:\\\/\\\/marktxxl.de\\\/markt\\\/produkt\\\/coocazoo-schulrucksack-scalerale-laserbeam-blue-blau-ergonomischer-tornister-hoehenverstellbar-mit-brustgurt-und-hueftgurt-fuer-jungen-ab-der-5-klasse-30-liter\\\/#breadcrumb\",\"itemListElement\":[{\"@type\":\"ListItem\",\"position\":1,\"name\":\"Startseite\",\"item\":\"https:\\\/\\\/marktxxl.de\\\/markt\\\/\"},{\"@type\":\"ListItem\",\"position\":2,\"name\":\"Markt\",\"item\":\"https:\\\/\\\/marktxxl.de\\\/markt\\\/\"},{\"@type\":\"ListItem\",\"position\":3,\"name\":\"coocazoo Schulrucksack ScaleRale Laserbeam Blue blau, ergonomischer Tornister, h\u00f6henverstellbar mit Brustgurt und\u2026\"}]},{\"@type\":\"WebSite\",\"@id\":\"https:\\\/\\\/marktxxl.de\\\/markt\\\/#website\",\"url\":\"https:\\\/\\\/marktxxl.de\\\/markt\\\/\",\"name\":\"Markt-XXL\",\"description\":\"Ihr Markt Online\",\"publisher\":{\"@id\":\"https:\\\/\\\/marktxxl.de\\\/markt\\\/#organization\"},\"potentialAction\":[{\"@type\":\"SearchAction\",\"target\":{\"@type\":\"EntryPoint\",\"urlTemplate\":\"https:\\\/\\\/marktxxl.de\\\/markt\\\/?s={search_term_string}\"},\"query-input\":{\"@type\":\"PropertyValueSpecification\",\"valueRequired\":true,\"valueName\":\"search_term_string\"}}],\"inLanguage\":\"de\"},{\"@type\":\"Organization\",\"@id\":\"https:\\\/\\\/marktxxl.de\\\/markt\\\/#organization\",\"name\":\"Markt-XXL\",\"url\":\"https:\\\/\\\/marktxxl.de\\\/markt\\\/\",\"logo\":{\"@type\":\"ImageObject\",\"inLanguage\":\"de\",\"@id\":\"https:\\\/\\\/marktxxl.de\\\/markt\\\/#\\\/schema\\\/logo\\\/image\\\/\",\"url\":\"https:\\\/\\\/marktxxl.de\\\/markt\\\/wp-content\\\/uploads\\\/sites\\\/3\\\/2020\\\/12\\\/logo.png\",\"contentUrl\":\"https:\\\/\\\/marktxxl.de\\\/markt\\\/wp-content\\\/uploads\\\/sites\\\/3\\\/2020\\\/12\\\/logo.png\",\"width\":200,\"height\":70,\"caption\":\"Markt-XXL\"},\"image\":{\"@id\":\"https:\\\/\\\/marktxxl.de\\\/markt\\\/#\\\/schema\\\/logo\\\/image\\\/\"}}]}<\/script>\n<!-- \/ Yoast SEO plugin. -->","yoast_head_json":{"title":"coocazoo Schulrucksack ScaleRale Laserbeam Blue blau, ergonomischer Tornister, h\u00f6henverstellbar mit Brustgurt und\u2026 - Markt-XXL","description":"Markt-XXL coocazoo Schulrucksack ScaleRale Laserbeam Blue blau, ergonomischer Tornister, h\u00f6henverstellbar mit Brustgurt und\u2026","robots":{"index":"index","follow":"follow","max-snippet":"max-snippet:-1","max-image-preview":"max-image-preview:large","max-video-preview":"max-video-preview:-1"},"canonical":"https:\/\/marktxxl.de\/markt\/produkt\/coocazoo-schulrucksack-scalerale-laserbeam-blue-blau-ergonomischer-tornister-hoehenverstellbar-mit-brustgurt-und-hueftgurt-fuer-jungen-ab-der-5-klasse-30-liter\/","og_locale":"de_DE","og_type":"article","og_title":"coocazoo Schulrucksack ScaleRale Laserbeam Blue blau, ergonomischer Tornister, h\u00f6henverstellbar mit Brustgurt und\u2026 - Markt-XXL","og_description":"Markt-XXL coocazoo Schulrucksack ScaleRale Laserbeam Blue blau, ergonomischer Tornister, h\u00f6henverstellbar mit Brustgurt und\u2026","og_url":"https:\/\/marktxxl.de\/markt\/produkt\/coocazoo-schulrucksack-scalerale-laserbeam-blue-blau-ergonomischer-tornister-hoehenverstellbar-mit-brustgurt-und-hueftgurt-fuer-jungen-ab-der-5-klasse-30-liter\/","og_site_name":"Markt-XXL","article_modified_time":"2023-04-11T00:54:06+00:00","og_image":[{"width":500,"height":500,"url":"https:\/\/m.media-amazon.com\/images\/I\/516SVDck7PL._SL500_.jpg","type":"image\/jpeg"}],"twitter_card":"summary_large_image","twitter_misc":{"Gesch\u00e4tzte Lesezeit":"1\u00a0Minute"},"schema":{"@context":"https:\/\/schema.org","@graph":[{"@type":"WebPage","@id":"https:\/\/marktxxl.de\/markt\/produkt\/coocazoo-schulrucksack-scalerale-laserbeam-blue-blau-ergonomischer-tornister-hoehenverstellbar-mit-brustgurt-und-hueftgurt-fuer-jungen-ab-der-5-klasse-30-liter\/","url":"https:\/\/marktxxl.de\/markt\/produkt\/coocazoo-schulrucksack-scalerale-laserbeam-blue-blau-ergonomischer-tornister-hoehenverstellbar-mit-brustgurt-und-hueftgurt-fuer-jungen-ab-der-5-klasse-30-liter\/","name":"coocazoo Schulrucksack ScaleRale Laserbeam Blue blau, ergonomischer Tornister, h\u00f6henverstellbar mit Brustgurt und\u2026 - Markt-XXL","isPartOf":{"@id":"https:\/\/marktxxl.de\/markt\/#website"},"primaryImageOfPage":{"@id":"https:\/\/marktxxl.de\/markt\/produkt\/coocazoo-schulrucksack-scalerale-laserbeam-blue-blau-ergonomischer-tornister-hoehenverstellbar-mit-brustgurt-und-hueftgurt-fuer-jungen-ab-der-5-klasse-30-liter\/#primaryimage"},"image":{"@id":"https:\/\/marktxxl.de\/markt\/produkt\/coocazoo-schulrucksack-scalerale-laserbeam-blue-blau-ergonomischer-tornister-hoehenverstellbar-mit-brustgurt-und-hueftgurt-fuer-jungen-ab-der-5-klasse-30-liter\/#primaryimage"},"thumbnailUrl":"https:\/\/m.media-amazon.com\/images\/I\/516SVDck7PL._SL500_.jpg","datePublished":"2021-11-25T15:27:51+00:00","dateModified":"2023-04-11T00:54:06+00:00","description":"Markt-XXL coocazoo Schulrucksack ScaleRale Laserbeam Blue blau, ergonomischer Tornister, h\u00f6henverstellbar mit Brustgurt und\u2026","breadcrumb":{"@id":"https:\/\/marktxxl.de\/markt\/produkt\/coocazoo-schulrucksack-scalerale-laserbeam-blue-blau-ergonomischer-tornister-hoehenverstellbar-mit-brustgurt-und-hueftgurt-fuer-jungen-ab-der-5-klasse-30-liter\/#breadcrumb"},"inLanguage":"de","potentialAction":[{"@type":"ReadAction","target":["https:\/\/marktxxl.de\/markt\/produkt\/coocazoo-schulrucksack-scalerale-laserbeam-blue-blau-ergonomischer-tornister-hoehenverstellbar-mit-brustgurt-und-hueftgurt-fuer-jungen-ab-der-5-klasse-30-liter\/"]}]},{"@type":"ImageObject","inLanguage":"de","@id":"https:\/\/marktxxl.de\/markt\/produkt\/coocazoo-schulrucksack-scalerale-laserbeam-blue-blau-ergonomischer-tornister-hoehenverstellbar-mit-brustgurt-und-hueftgurt-fuer-jungen-ab-der-5-klasse-30-liter\/#primaryimage","url":"https:\/\/m.media-amazon.com\/images\/I\/516SVDck7PL._SL500_.jpg","contentUrl":"https:\/\/m.media-amazon.com\/images\/I\/516SVDck7PL._SL500_.jpg","width":500,"height":500},{"@type":"BreadcrumbList","@id":"https:\/\/marktxxl.de\/markt\/produkt\/coocazoo-schulrucksack-scalerale-laserbeam-blue-blau-ergonomischer-tornister-hoehenverstellbar-mit-brustgurt-und-hueftgurt-fuer-jungen-ab-der-5-klasse-30-liter\/#breadcrumb","itemListElement":[{"@type":"ListItem","position":1,"name":"Startseite","item":"https:\/\/marktxxl.de\/markt\/"},{"@type":"ListItem","position":2,"name":"Markt","item":"https:\/\/marktxxl.de\/markt\/"},{"@type":"ListItem","position":3,"name":"coocazoo Schulrucksack ScaleRale Laserbeam Blue blau, ergonomischer Tornister, h\u00f6henverstellbar mit Brustgurt und\u2026"}]},{"@type":"WebSite","@id":"https:\/\/marktxxl.de\/markt\/#website","url":"https:\/\/marktxxl.de\/markt\/","name":"Markt-XXL","description":"Ihr Markt Online","publisher":{"@id":"https:\/\/marktxxl.de\/markt\/#organization"},"potentialAction":[{"@type":"SearchAction","target":{"@type":"EntryPoint","urlTemplate":"https:\/\/marktxxl.de\/markt\/?s={search_term_string}"},"query-input":{"@type":"PropertyValueSpecification","valueRequired":true,"valueName":"search_term_string"}}],"inLanguage":"de"},{"@type":"Organization","@id":"https:\/\/marktxxl.de\/markt\/#organization","name":"Markt-XXL","url":"https:\/\/marktxxl.de\/markt\/","logo":{"@type":"ImageObject","inLanguage":"de","@id":"https:\/\/marktxxl.de\/markt\/#\/schema\/logo\/image\/","url":"https:\/\/marktxxl.de\/markt\/wp-content\/uploads\/sites\/3\/2020\/12\/logo.png","contentUrl":"https:\/\/marktxxl.de\/markt\/wp-content\/uploads\/sites\/3\/2020\/12\/logo.png","width":200,"height":70,"caption":"Markt-XXL"},"image":{"@id":"https:\/\/marktxxl.de\/markt\/#\/schema\/logo\/image\/"}}]}},"_links":{"self":[{"href":"https:\/\/marktxxl.de\/markt\/wp-json\/wp\/v2\/product\/78982","targetHints":{"allow":["GET"]}}],"collection":[{"href":"https:\/\/marktxxl.de\/markt\/wp-json\/wp\/v2\/product"}],"about":[{"href":"https:\/\/marktxxl.de\/markt\/wp-json\/wp\/v2\/types\/product"}],"replies":[{"embeddable":true,"href":"https:\/\/marktxxl.de\/markt\/wp-json\/wp\/v2\/comments?post=78982"}],"wp:featuredmedia":[{"embeddable":true,"href":"https:\/\/marktxxl.de\/markt\/wp-json\/wp\/v2\/media\/78983"}],"wp:attachment":[{"href":"https:\/\/marktxxl.de\/markt\/wp-json\/wp\/v2\/media?parent=78982"}],"wp:term":[{"taxonomy":"product_brand","embeddable":true,"href":"https:\/\/marktxxl.de\/markt\/wp-json\/wp\/v2\/product_brand?post=78982"},{"taxonomy":"product_cat","embeddable":true,"href":"https:\/\/marktxxl.de\/markt\/wp-json\/wp\/v2\/product_cat?post=78982"},{"taxonomy":"product_tag","embeddable":true,"href":"https:\/\/marktxxl.de\/markt\/wp-json\/wp\/v2\/product_tag?post=78982"}],"curies":[{"name":"wp","href":"https:\/\/api.w.org\/{rel}","templated":true}]}}