{"id":77866,"date":"2021-11-25T15:36:31","date_gmt":"2021-11-25T14:36:31","guid":{"rendered":"https:\/\/marktxxl.de\/markt\/produkt\/golab-motorrad-erste-hilfe-set-klein-und-kompakt-verbandtasche-nach-din-13167-mit-warnweste-fuer-alle-europaeischen-laender-geeignet-oesterreich-schweiz-italien-deutschland-usw\/"},"modified":"2023-04-10T02:43:15","modified_gmt":"2023-04-10T00:43:15","slug":"golab-motorrad-erste-hilfe-set-klein-und-kompakt-verbandtasche-nach-din-13167-mit-warnweste-fuer-alle-europaeischen-laender-geeignet-oesterreich-schweiz-italien-deutschland-usw","status":"publish","type":"product","link":"https:\/\/marktxxl.de\/markt\/produkt\/golab-motorrad-erste-hilfe-set-klein-und-kompakt-verbandtasche-nach-din-13167-mit-warnweste-fuer-alle-europaeischen-laender-geeignet-oesterreich-schweiz-italien-deutschland-usw\/","title":{"rendered":"GoLab \u00ae Motorrad Erste Hilfe Set &#8211; klein und kompakt, Verbandtasche nach DIN 13167 mit Warnweste f\u00fcr alle europ\u00e4ischen\u2026"},"content":{"rendered":"<p>\u2705 ???? ?? ??????? \u2013 Hochwertiges Marken Verbandsset aus Deutschland nach DIN13167 f\u00fcr Motorradfahrer inklusive Warnweste<br \/>\n\u2705 ????? &amp; ??????? \u2013 Verbandsstoffe sind platzsparend in der sch\u00fctzenden Soft-Tasche verpackt. Durch die softe Verpackung kann die Verbandstasche noch komprimiert und dadurch platzsparend verstaut werden<br \/>\n\u2705 ??????? \u2013 In einigen europ\u00e4ischen L\u00e4ndern ist das mitf\u00fchren einer Verbandtasche pflicht. Das GoLab-Set erf\u00fcllt die Norm aller europ\u00e4ischen L\u00e4nder. (z.B. \u00d6sterreich, Italien, Spanien, Portugal)<br \/>\n\u2705 ???? ?? ???? ????? ???? \u2013 Ein Verbandskasten sollte zu jedem Motorrad Zubeh\u00f6r geh\u00f6ren. Das mini Set l\u00e4sst sich auf jeder Supersportler, Tourer oder Enduro leicht verstauen und ben\u00f6tigt nur wenig Platz<br \/>\n\u2705 ???????????? ?????? \u2013 Der Inhalt von den Leina-Werken weist h\u00f6chste Qualit\u00e4t und sehr lange Haltbarkeitsdauer auf. Mit dabei, eine mehrsprachige Brosch\u00fcre (Malteser) mit detaillierten Notfallinformationen<br \/>\n<div class=\"main-cross-sell\" data-asin=\"B07FW83DN2\">\n\n\t<div class=\"WooZone-cross-sell-loader\">\n\t\t<div>\n\t\t\t<div id=\"floatingBarsG\">\n\t\t\t\t<div class=\"blockG\" id=\"rotateG_01\"><\/div>\n\t\t\t\t<div class=\"blockG\" id=\"rotateG_02\"><\/div>\n\t\t\t\t<div class=\"blockG\" id=\"rotateG_03\"><\/div>\n\t\t\t\t<div class=\"blockG\" id=\"rotateG_04\"><\/div>\n\t\t\t\t<div class=\"blockG\" id=\"rotateG_05\"><\/div>\n\t\t\t\t<div class=\"blockG\" id=\"rotateG_06\"><\/div>\n\t\t\t\t<div class=\"blockG\" id=\"rotateG_07\"><\/div>\n\t\t\t\t<div class=\"blockG\" id=\"rotateG_08\"><\/div>\n\t\t\t<\/div>\n\t\t\t<div class=\"WooZone-cross-sell-loader-text\"><\/div>\n\t\t<\/div>\n\t<\/div>\n\n\t\t\n<\/div>\n<div style=\"clear:both;\"><\/div><\/p>\n","protected":false},"excerpt":{"rendered":"<p>\u2705 ???? ?? ??????? \u2013 Hochwertiges Marken Verbandsset aus Deutschland nach DIN13167 f\u00fcr Motorradfahrer inklusive Warnweste<br \/>\n\u2705 ????? &amp; ??????? \u2013 Verbandsstoffe sind platzsparend in der sch\u00fctzenden Soft-Tasche verpackt. Durch die softe Verpackung kann die Verbandstasche noch komprimiert und dadurch platzsparend verstaut werden<br \/>\n\u2705 ??????? \u2013 In einigen europ\u00e4ischen L\u00e4ndern ist das mitf\u00fchren einer Verbandtasche pflicht. Das GoLab-Set erf\u00fcllt die Norm aller europ\u00e4ischen L\u00e4nder. (z.B. \u00d6sterreich, Italien, Spanien, Portugal)<\/p>\n","protected":false},"featured_media":77867,"comment_status":"open","ping_status":"closed","template":"","meta":[],"product_brand":[],"product_cat":[566,5846],"product_tag":[],"class_list":{"0":"post-77866","1":"product","2":"type-product","3":"status-publish","4":"has-post-thumbnail","6":"product_cat-drogerie-koerperpflege","7":"product_cat-medizin-erste-hilfe","8":"pa_brand-golab","9":"pa_color-schwarz","10":"pa_height-1-968503935-zoll","11":"pa_length-5-7086614115-zoll","12":"pa_manufacturer-golab","13":"pa_size-xs","14":"pa_weight-0-4850169764-pfund","15":"pa_width-3-93700787-zoll","17":"first","18":"instock","19":"shipping-taxable","20":"purchasable","21":"product-type-simple","22":"customify-col","23":"product-has-gallery"},"yoast_head":"<!-- This site is optimized with the Yoast SEO plugin v27.4 - https:\/\/yoast.com\/product\/yoast-seo-wordpress\/ -->\n<title>GoLab \u00ae Motorrad Erste Hilfe Set - klein und kompakt, Verbandtasche nach DIN 13167 mit Warnweste f\u00fcr alle europ\u00e4ischen\u2026 - Markt-XXL<\/title>\n<meta name=\"description\" content=\"Markt-XXL GoLab \u00ae Motorrad Erste Hilfe Set - klein und kompakt, Verbandtasche nach DIN 13167 mit Warnweste f\u00fcr alle europ\u00e4ischen\u2026\" \/>\n<meta name=\"robots\" content=\"index, follow, max-snippet:-1, max-image-preview:large, max-video-preview:-1\" \/>\n<link rel=\"canonical\" href=\"https:\/\/marktxxl.de\/markt\/produkt\/golab-motorrad-erste-hilfe-set-klein-und-kompakt-verbandtasche-nach-din-13167-mit-warnweste-fuer-alle-europaeischen-laender-geeignet-oesterreich-schweiz-italien-deutschland-usw\/\" \/>\n<meta property=\"og:locale\" content=\"de_DE\" \/>\n<meta property=\"og:type\" content=\"article\" \/>\n<meta property=\"og:title\" content=\"GoLab \u00ae Motorrad Erste Hilfe Set - klein und kompakt, Verbandtasche nach DIN 13167 mit Warnweste f\u00fcr alle europ\u00e4ischen\u2026 - Markt-XXL\" \/>\n<meta property=\"og:description\" content=\"Markt-XXL GoLab \u00ae Motorrad Erste Hilfe Set - klein und kompakt, Verbandtasche nach DIN 13167 mit Warnweste f\u00fcr alle europ\u00e4ischen\u2026\" \/>\n<meta property=\"og:url\" content=\"https:\/\/marktxxl.de\/markt\/produkt\/golab-motorrad-erste-hilfe-set-klein-und-kompakt-verbandtasche-nach-din-13167-mit-warnweste-fuer-alle-europaeischen-laender-geeignet-oesterreich-schweiz-italien-deutschland-usw\/\" \/>\n<meta property=\"og:site_name\" content=\"Markt-XXL\" \/>\n<meta property=\"article:modified_time\" content=\"2023-04-10T00:43:15+00:00\" \/>\n<meta property=\"og:image\" content=\"https:\/\/m.media-amazon.com\/images\/I\/41Fky-ID1NL._SL500_.jpg\" \/>\n\t<meta property=\"og:image:width\" content=\"500\" \/>\n\t<meta property=\"og:image:height\" content=\"500\" \/>\n\t<meta property=\"og:image:type\" content=\"image\/jpeg\" \/>\n<meta name=\"twitter:card\" content=\"summary_large_image\" \/>\n<meta name=\"twitter:label1\" content=\"Gesch\u00e4tzte Lesezeit\" \/>\n\t<meta name=\"twitter:data1\" content=\"1\u00a0Minute\" \/>\n<script type=\"application\/ld+json\" class=\"yoast-schema-graph\">{\"@context\":\"https:\\\/\\\/schema.org\",\"@graph\":[{\"@type\":\"WebPage\",\"@id\":\"https:\\\/\\\/marktxxl.de\\\/markt\\\/produkt\\\/golab-motorrad-erste-hilfe-set-klein-und-kompakt-verbandtasche-nach-din-13167-mit-warnweste-fuer-alle-europaeischen-laender-geeignet-oesterreich-schweiz-italien-deutschland-usw\\\/\",\"url\":\"https:\\\/\\\/marktxxl.de\\\/markt\\\/produkt\\\/golab-motorrad-erste-hilfe-set-klein-und-kompakt-verbandtasche-nach-din-13167-mit-warnweste-fuer-alle-europaeischen-laender-geeignet-oesterreich-schweiz-italien-deutschland-usw\\\/\",\"name\":\"GoLab \u00ae Motorrad Erste Hilfe Set - klein und kompakt, Verbandtasche nach DIN 13167 mit Warnweste f\u00fcr alle europ\u00e4ischen\u2026 - Markt-XXL\",\"isPartOf\":{\"@id\":\"https:\\\/\\\/marktxxl.de\\\/markt\\\/#website\"},\"primaryImageOfPage\":{\"@id\":\"https:\\\/\\\/marktxxl.de\\\/markt\\\/produkt\\\/golab-motorrad-erste-hilfe-set-klein-und-kompakt-verbandtasche-nach-din-13167-mit-warnweste-fuer-alle-europaeischen-laender-geeignet-oesterreich-schweiz-italien-deutschland-usw\\\/#primaryimage\"},\"image\":{\"@id\":\"https:\\\/\\\/marktxxl.de\\\/markt\\\/produkt\\\/golab-motorrad-erste-hilfe-set-klein-und-kompakt-verbandtasche-nach-din-13167-mit-warnweste-fuer-alle-europaeischen-laender-geeignet-oesterreich-schweiz-italien-deutschland-usw\\\/#primaryimage\"},\"thumbnailUrl\":\"https:\\\/\\\/m.media-amazon.com\\\/images\\\/I\\\/41Fky-ID1NL._SL500_.jpg\",\"datePublished\":\"2021-11-25T14:36:31+00:00\",\"dateModified\":\"2023-04-10T00:43:15+00:00\",\"description\":\"Markt-XXL GoLab \u00ae Motorrad Erste Hilfe Set - klein und kompakt, Verbandtasche nach DIN 13167 mit Warnweste f\u00fcr alle europ\u00e4ischen\u2026\",\"breadcrumb\":{\"@id\":\"https:\\\/\\\/marktxxl.de\\\/markt\\\/produkt\\\/golab-motorrad-erste-hilfe-set-klein-und-kompakt-verbandtasche-nach-din-13167-mit-warnweste-fuer-alle-europaeischen-laender-geeignet-oesterreich-schweiz-italien-deutschland-usw\\\/#breadcrumb\"},\"inLanguage\":\"de\",\"potentialAction\":[{\"@type\":\"ReadAction\",\"target\":[\"https:\\\/\\\/marktxxl.de\\\/markt\\\/produkt\\\/golab-motorrad-erste-hilfe-set-klein-und-kompakt-verbandtasche-nach-din-13167-mit-warnweste-fuer-alle-europaeischen-laender-geeignet-oesterreich-schweiz-italien-deutschland-usw\\\/\"]}]},{\"@type\":\"ImageObject\",\"inLanguage\":\"de\",\"@id\":\"https:\\\/\\\/marktxxl.de\\\/markt\\\/produkt\\\/golab-motorrad-erste-hilfe-set-klein-und-kompakt-verbandtasche-nach-din-13167-mit-warnweste-fuer-alle-europaeischen-laender-geeignet-oesterreich-schweiz-italien-deutschland-usw\\\/#primaryimage\",\"url\":\"https:\\\/\\\/m.media-amazon.com\\\/images\\\/I\\\/41Fky-ID1NL._SL500_.jpg\",\"contentUrl\":\"https:\\\/\\\/m.media-amazon.com\\\/images\\\/I\\\/41Fky-ID1NL._SL500_.jpg\",\"width\":500,\"height\":500},{\"@type\":\"BreadcrumbList\",\"@id\":\"https:\\\/\\\/marktxxl.de\\\/markt\\\/produkt\\\/golab-motorrad-erste-hilfe-set-klein-und-kompakt-verbandtasche-nach-din-13167-mit-warnweste-fuer-alle-europaeischen-laender-geeignet-oesterreich-schweiz-italien-deutschland-usw\\\/#breadcrumb\",\"itemListElement\":[{\"@type\":\"ListItem\",\"position\":1,\"name\":\"Startseite\",\"item\":\"https:\\\/\\\/marktxxl.de\\\/markt\\\/\"},{\"@type\":\"ListItem\",\"position\":2,\"name\":\"Markt\",\"item\":\"https:\\\/\\\/marktxxl.de\\\/markt\\\/\"},{\"@type\":\"ListItem\",\"position\":3,\"name\":\"GoLab \u00ae Motorrad Erste Hilfe Set &#8211; klein und kompakt, Verbandtasche nach DIN 13167 mit Warnweste f\u00fcr alle europ\u00e4ischen\u2026\"}]},{\"@type\":\"WebSite\",\"@id\":\"https:\\\/\\\/marktxxl.de\\\/markt\\\/#website\",\"url\":\"https:\\\/\\\/marktxxl.de\\\/markt\\\/\",\"name\":\"Markt-XXL\",\"description\":\"Ihr Markt Online\",\"publisher\":{\"@id\":\"https:\\\/\\\/marktxxl.de\\\/markt\\\/#organization\"},\"potentialAction\":[{\"@type\":\"SearchAction\",\"target\":{\"@type\":\"EntryPoint\",\"urlTemplate\":\"https:\\\/\\\/marktxxl.de\\\/markt\\\/?s={search_term_string}\"},\"query-input\":{\"@type\":\"PropertyValueSpecification\",\"valueRequired\":true,\"valueName\":\"search_term_string\"}}],\"inLanguage\":\"de\"},{\"@type\":\"Organization\",\"@id\":\"https:\\\/\\\/marktxxl.de\\\/markt\\\/#organization\",\"name\":\"Markt-XXL\",\"url\":\"https:\\\/\\\/marktxxl.de\\\/markt\\\/\",\"logo\":{\"@type\":\"ImageObject\",\"inLanguage\":\"de\",\"@id\":\"https:\\\/\\\/marktxxl.de\\\/markt\\\/#\\\/schema\\\/logo\\\/image\\\/\",\"url\":\"https:\\\/\\\/marktxxl.de\\\/markt\\\/wp-content\\\/uploads\\\/sites\\\/3\\\/2020\\\/12\\\/logo.png\",\"contentUrl\":\"https:\\\/\\\/marktxxl.de\\\/markt\\\/wp-content\\\/uploads\\\/sites\\\/3\\\/2020\\\/12\\\/logo.png\",\"width\":200,\"height\":70,\"caption\":\"Markt-XXL\"},\"image\":{\"@id\":\"https:\\\/\\\/marktxxl.de\\\/markt\\\/#\\\/schema\\\/logo\\\/image\\\/\"}}]}<\/script>\n<!-- \/ Yoast SEO plugin. -->","yoast_head_json":{"title":"GoLab \u00ae Motorrad Erste Hilfe Set - klein und kompakt, Verbandtasche nach DIN 13167 mit Warnweste f\u00fcr alle europ\u00e4ischen\u2026 - Markt-XXL","description":"Markt-XXL GoLab \u00ae Motorrad Erste Hilfe Set - klein und kompakt, Verbandtasche nach DIN 13167 mit Warnweste f\u00fcr alle europ\u00e4ischen\u2026","robots":{"index":"index","follow":"follow","max-snippet":"max-snippet:-1","max-image-preview":"max-image-preview:large","max-video-preview":"max-video-preview:-1"},"canonical":"https:\/\/marktxxl.de\/markt\/produkt\/golab-motorrad-erste-hilfe-set-klein-und-kompakt-verbandtasche-nach-din-13167-mit-warnweste-fuer-alle-europaeischen-laender-geeignet-oesterreich-schweiz-italien-deutschland-usw\/","og_locale":"de_DE","og_type":"article","og_title":"GoLab \u00ae Motorrad Erste Hilfe Set - klein und kompakt, Verbandtasche nach DIN 13167 mit Warnweste f\u00fcr alle europ\u00e4ischen\u2026 - Markt-XXL","og_description":"Markt-XXL GoLab \u00ae Motorrad Erste Hilfe Set - klein und kompakt, Verbandtasche nach DIN 13167 mit Warnweste f\u00fcr alle europ\u00e4ischen\u2026","og_url":"https:\/\/marktxxl.de\/markt\/produkt\/golab-motorrad-erste-hilfe-set-klein-und-kompakt-verbandtasche-nach-din-13167-mit-warnweste-fuer-alle-europaeischen-laender-geeignet-oesterreich-schweiz-italien-deutschland-usw\/","og_site_name":"Markt-XXL","article_modified_time":"2023-04-10T00:43:15+00:00","og_image":[{"width":500,"height":500,"url":"https:\/\/m.media-amazon.com\/images\/I\/41Fky-ID1NL._SL500_.jpg","type":"image\/jpeg"}],"twitter_card":"summary_large_image","twitter_misc":{"Gesch\u00e4tzte Lesezeit":"1\u00a0Minute"},"schema":{"@context":"https:\/\/schema.org","@graph":[{"@type":"WebPage","@id":"https:\/\/marktxxl.de\/markt\/produkt\/golab-motorrad-erste-hilfe-set-klein-und-kompakt-verbandtasche-nach-din-13167-mit-warnweste-fuer-alle-europaeischen-laender-geeignet-oesterreich-schweiz-italien-deutschland-usw\/","url":"https:\/\/marktxxl.de\/markt\/produkt\/golab-motorrad-erste-hilfe-set-klein-und-kompakt-verbandtasche-nach-din-13167-mit-warnweste-fuer-alle-europaeischen-laender-geeignet-oesterreich-schweiz-italien-deutschland-usw\/","name":"GoLab \u00ae Motorrad Erste Hilfe Set - klein und kompakt, Verbandtasche nach DIN 13167 mit Warnweste f\u00fcr alle europ\u00e4ischen\u2026 - Markt-XXL","isPartOf":{"@id":"https:\/\/marktxxl.de\/markt\/#website"},"primaryImageOfPage":{"@id":"https:\/\/marktxxl.de\/markt\/produkt\/golab-motorrad-erste-hilfe-set-klein-und-kompakt-verbandtasche-nach-din-13167-mit-warnweste-fuer-alle-europaeischen-laender-geeignet-oesterreich-schweiz-italien-deutschland-usw\/#primaryimage"},"image":{"@id":"https:\/\/marktxxl.de\/markt\/produkt\/golab-motorrad-erste-hilfe-set-klein-und-kompakt-verbandtasche-nach-din-13167-mit-warnweste-fuer-alle-europaeischen-laender-geeignet-oesterreich-schweiz-italien-deutschland-usw\/#primaryimage"},"thumbnailUrl":"https:\/\/m.media-amazon.com\/images\/I\/41Fky-ID1NL._SL500_.jpg","datePublished":"2021-11-25T14:36:31+00:00","dateModified":"2023-04-10T00:43:15+00:00","description":"Markt-XXL GoLab \u00ae Motorrad Erste Hilfe Set - klein und kompakt, Verbandtasche nach DIN 13167 mit Warnweste f\u00fcr alle europ\u00e4ischen\u2026","breadcrumb":{"@id":"https:\/\/marktxxl.de\/markt\/produkt\/golab-motorrad-erste-hilfe-set-klein-und-kompakt-verbandtasche-nach-din-13167-mit-warnweste-fuer-alle-europaeischen-laender-geeignet-oesterreich-schweiz-italien-deutschland-usw\/#breadcrumb"},"inLanguage":"de","potentialAction":[{"@type":"ReadAction","target":["https:\/\/marktxxl.de\/markt\/produkt\/golab-motorrad-erste-hilfe-set-klein-und-kompakt-verbandtasche-nach-din-13167-mit-warnweste-fuer-alle-europaeischen-laender-geeignet-oesterreich-schweiz-italien-deutschland-usw\/"]}]},{"@type":"ImageObject","inLanguage":"de","@id":"https:\/\/marktxxl.de\/markt\/produkt\/golab-motorrad-erste-hilfe-set-klein-und-kompakt-verbandtasche-nach-din-13167-mit-warnweste-fuer-alle-europaeischen-laender-geeignet-oesterreich-schweiz-italien-deutschland-usw\/#primaryimage","url":"https:\/\/m.media-amazon.com\/images\/I\/41Fky-ID1NL._SL500_.jpg","contentUrl":"https:\/\/m.media-amazon.com\/images\/I\/41Fky-ID1NL._SL500_.jpg","width":500,"height":500},{"@type":"BreadcrumbList","@id":"https:\/\/marktxxl.de\/markt\/produkt\/golab-motorrad-erste-hilfe-set-klein-und-kompakt-verbandtasche-nach-din-13167-mit-warnweste-fuer-alle-europaeischen-laender-geeignet-oesterreich-schweiz-italien-deutschland-usw\/#breadcrumb","itemListElement":[{"@type":"ListItem","position":1,"name":"Startseite","item":"https:\/\/marktxxl.de\/markt\/"},{"@type":"ListItem","position":2,"name":"Markt","item":"https:\/\/marktxxl.de\/markt\/"},{"@type":"ListItem","position":3,"name":"GoLab \u00ae Motorrad Erste Hilfe Set &#8211; klein und kompakt, Verbandtasche nach DIN 13167 mit Warnweste f\u00fcr alle europ\u00e4ischen\u2026"}]},{"@type":"WebSite","@id":"https:\/\/marktxxl.de\/markt\/#website","url":"https:\/\/marktxxl.de\/markt\/","name":"Markt-XXL","description":"Ihr Markt Online","publisher":{"@id":"https:\/\/marktxxl.de\/markt\/#organization"},"potentialAction":[{"@type":"SearchAction","target":{"@type":"EntryPoint","urlTemplate":"https:\/\/marktxxl.de\/markt\/?s={search_term_string}"},"query-input":{"@type":"PropertyValueSpecification","valueRequired":true,"valueName":"search_term_string"}}],"inLanguage":"de"},{"@type":"Organization","@id":"https:\/\/marktxxl.de\/markt\/#organization","name":"Markt-XXL","url":"https:\/\/marktxxl.de\/markt\/","logo":{"@type":"ImageObject","inLanguage":"de","@id":"https:\/\/marktxxl.de\/markt\/#\/schema\/logo\/image\/","url":"https:\/\/marktxxl.de\/markt\/wp-content\/uploads\/sites\/3\/2020\/12\/logo.png","contentUrl":"https:\/\/marktxxl.de\/markt\/wp-content\/uploads\/sites\/3\/2020\/12\/logo.png","width":200,"height":70,"caption":"Markt-XXL"},"image":{"@id":"https:\/\/marktxxl.de\/markt\/#\/schema\/logo\/image\/"}}]}},"_links":{"self":[{"href":"https:\/\/marktxxl.de\/markt\/wp-json\/wp\/v2\/product\/77866","targetHints":{"allow":["GET"]}}],"collection":[{"href":"https:\/\/marktxxl.de\/markt\/wp-json\/wp\/v2\/product"}],"about":[{"href":"https:\/\/marktxxl.de\/markt\/wp-json\/wp\/v2\/types\/product"}],"replies":[{"embeddable":true,"href":"https:\/\/marktxxl.de\/markt\/wp-json\/wp\/v2\/comments?post=77866"}],"wp:featuredmedia":[{"embeddable":true,"href":"https:\/\/marktxxl.de\/markt\/wp-json\/wp\/v2\/media\/77867"}],"wp:attachment":[{"href":"https:\/\/marktxxl.de\/markt\/wp-json\/wp\/v2\/media?parent=77866"}],"wp:term":[{"taxonomy":"product_brand","embeddable":true,"href":"https:\/\/marktxxl.de\/markt\/wp-json\/wp\/v2\/product_brand?post=77866"},{"taxonomy":"product_cat","embeddable":true,"href":"https:\/\/marktxxl.de\/markt\/wp-json\/wp\/v2\/product_cat?post=77866"},{"taxonomy":"product_tag","embeddable":true,"href":"https:\/\/marktxxl.de\/markt\/wp-json\/wp\/v2\/product_tag?post=77866"}],"curies":[{"name":"wp","href":"https:\/\/api.w.org\/{rel}","templated":true}]}}