{"id":77446,"date":"2021-11-25T15:19:03","date_gmt":"2021-11-25T14:19:03","guid":{"rendered":"https:\/\/marktxxl.de\/markt\/produkt\/hallolux-302xl-multipack-wiederaufbereitet-druckerpatronen-kompatible-fuer-hp-302xl-302-xl-fuer-officejet-3831-3830-5230-5220-deskjet-3630-2130-3636-envy-4520-1-schwarz-1-farbe\/"},"modified":"2023-04-11T02:51:26","modified_gmt":"2023-04-11T00:51:26","slug":"hallolux-302xl-multipack-wiederaufbereitet-druckerpatronen-kompatible-fuer-hp-302xl-302-xl-fuer-officejet-3831-3830-5230-5220-deskjet-3630-2130-3636-envy-4520-1-schwarz-1-farbe","status":"publish","type":"product","link":"https:\/\/marktxxl.de\/markt\/produkt\/hallolux-302xl-multipack-wiederaufbereitet-druckerpatronen-kompatible-fuer-hp-302xl-302-xl-fuer-officejet-3831-3830-5230-5220-deskjet-3630-2130-3636-envy-4520-1-schwarz-1-farbe\/","title":{"rendered":"HALLOLUX 302XL Multipack Wiederaufbereitet Druckerpatronen Kompatible f\u00fcr HP 302XL 302 XL f\u00fcr Officejet 3831 3830 5230\u2026"},"content":{"rendered":"<p>Inhalt: 2er-Pack Wiederaufbereitet Druckerpatronen Kompatible f\u00fcr HP 302XL (Schwarz Farbe, Nicht original)<br \/>\nHohe Seitenleistung: 480 Seiten Pro Schwarz Patronen; 330 Seiten Pro Farbpatrone (Bei 5% Deckung)<br \/>\nKompatible f\u00fcr Deskjet 1110 2130 2132 2134 3630 3634, f\u00fcr Envy 4520 4522 4524 4527, f\u00fcr OfficeJet 3830 3831 3832 3833 3834 3835 4652 4655 4658 5220 5230 5232 Serie Drucker<br \/>\nProduktvorteile: HALLOLUX 302XL 302 XL Multipack Druckerpatrone Produzieren mit Brillanten Scharfen Schwarzdruckeffekten<br \/>\nGrund f\u00fcr die Wahl: Der Einsatz der HALLOLUX 302XL Druckerpatrone Sorgt f\u00fcr Einen Exquisiten Druckeffekt. Es ist Eine Ideale Wahl f\u00fcr Ihren T\u00e4glichen Gebrauch. Wir Werden Unser Bestes Geben, um Ihre Bed\u00fcrfnisse zu Erf\u00fcllen<br \/>\n<div class=\"main-cross-sell\" data-asin=\"B09K3NDT71\">\n\n\t<div class=\"WooZone-cross-sell-loader\">\n\t\t<div>\n\t\t\t<div id=\"floatingBarsG\">\n\t\t\t\t<div class=\"blockG\" id=\"rotateG_01\"><\/div>\n\t\t\t\t<div class=\"blockG\" id=\"rotateG_02\"><\/div>\n\t\t\t\t<div class=\"blockG\" id=\"rotateG_03\"><\/div>\n\t\t\t\t<div class=\"blockG\" id=\"rotateG_04\"><\/div>\n\t\t\t\t<div class=\"blockG\" id=\"rotateG_05\"><\/div>\n\t\t\t\t<div class=\"blockG\" id=\"rotateG_06\"><\/div>\n\t\t\t\t<div class=\"blockG\" id=\"rotateG_07\"><\/div>\n\t\t\t\t<div class=\"blockG\" id=\"rotateG_08\"><\/div>\n\t\t\t<\/div>\n\t\t\t<div class=\"WooZone-cross-sell-loader-text\"><\/div>\n\t\t<\/div>\n\t<\/div>\n\n\t\t\n<\/div>\n<div style=\"clear:both;\"><\/div><\/p>\n","protected":false},"excerpt":{"rendered":"<p>Inhalt: 2er-Pack Wiederaufbereitet Druckerpatronen Kompatible f\u00fcr HP 302XL (Schwarz Farbe, Nicht original)<br \/>\nHohe Seitenleistung: 480 Seiten Pro Schwarz Patronen; 330 Seiten Pro Farbpatrone (Bei 5% Deckung)<br \/>\nKompatible f\u00fcr Deskjet 1110 2130 2132 2134 3630 3634, f\u00fcr Envy 4520 4522 4524 4527, f\u00fcr OfficeJet 3830 3831 3832 3833 3834 3835 4652 4655 4658 5220 5230 5232 Serie Drucker<\/p>\n","protected":false},"featured_media":77447,"comment_status":"open","ping_status":"closed","template":"","meta":[],"product_brand":[],"product_cat":[863],"product_tag":[],"class_list":{"0":"post-77446","1":"product","2":"type-product","3":"status-publish","4":"has-post-thumbnail","6":"product_cat-computer-zubehoer","7":"pa_binding-elektronik","8":"pa_brand-hallolux","9":"pa_color-1-schwarz-1-farbe","10":"pa_manufacturer-hallolux-fuer-hp-302xl-302-xl-multipack","11":"pa_model-302xl-302-xl-multipack","13":"first","14":"instock","15":"shipping-taxable","16":"purchasable","17":"product-type-simple","18":"customify-col","19":"product-has-gallery"},"yoast_head":"<!-- This site is optimized with the Yoast SEO plugin v27.4 - https:\/\/yoast.com\/product\/yoast-seo-wordpress\/ -->\n<title>HALLOLUX 302XL Multipack Wiederaufbereitet Druckerpatronen Kompatible f\u00fcr HP 302XL 302 XL f\u00fcr Officejet 3831 3830 5230\u2026 - Markt-XXL<\/title>\n<meta name=\"description\" content=\"Markt-XXL HALLOLUX 302XL Multipack Wiederaufbereitet Druckerpatronen Kompatible f\u00fcr HP 302XL 302 XL f\u00fcr Officejet 3831 3830 5230\u2026\" \/>\n<meta name=\"robots\" content=\"index, follow, max-snippet:-1, max-image-preview:large, max-video-preview:-1\" \/>\n<link rel=\"canonical\" href=\"https:\/\/marktxxl.de\/markt\/produkt\/hallolux-302xl-multipack-wiederaufbereitet-druckerpatronen-kompatible-fuer-hp-302xl-302-xl-fuer-officejet-3831-3830-5230-5220-deskjet-3630-2130-3636-envy-4520-1-schwarz-1-farbe\/\" \/>\n<meta property=\"og:locale\" content=\"de_DE\" \/>\n<meta property=\"og:type\" content=\"article\" \/>\n<meta property=\"og:title\" content=\"HALLOLUX 302XL Multipack Wiederaufbereitet Druckerpatronen Kompatible f\u00fcr HP 302XL 302 XL f\u00fcr Officejet 3831 3830 5230\u2026 - Markt-XXL\" \/>\n<meta property=\"og:description\" content=\"Markt-XXL HALLOLUX 302XL Multipack Wiederaufbereitet Druckerpatronen Kompatible f\u00fcr HP 302XL 302 XL f\u00fcr Officejet 3831 3830 5230\u2026\" \/>\n<meta property=\"og:url\" content=\"https:\/\/marktxxl.de\/markt\/produkt\/hallolux-302xl-multipack-wiederaufbereitet-druckerpatronen-kompatible-fuer-hp-302xl-302-xl-fuer-officejet-3831-3830-5230-5220-deskjet-3630-2130-3636-envy-4520-1-schwarz-1-farbe\/\" \/>\n<meta property=\"og:site_name\" content=\"Markt-XXL\" \/>\n<meta property=\"article:modified_time\" content=\"2023-04-11T00:51:26+00:00\" \/>\n<meta property=\"og:image\" content=\"https:\/\/m.media-amazon.com\/images\/I\/51G4UKmBDtL._SL500_.jpg\" \/>\n\t<meta property=\"og:image:width\" content=\"500\" \/>\n\t<meta property=\"og:image:height\" content=\"500\" \/>\n\t<meta property=\"og:image:type\" content=\"image\/jpeg\" \/>\n<meta name=\"twitter:card\" content=\"summary_large_image\" \/>\n<script type=\"application\/ld+json\" class=\"yoast-schema-graph\">{\"@context\":\"https:\\\/\\\/schema.org\",\"@graph\":[{\"@type\":\"WebPage\",\"@id\":\"https:\\\/\\\/marktxxl.de\\\/markt\\\/produkt\\\/hallolux-302xl-multipack-wiederaufbereitet-druckerpatronen-kompatible-fuer-hp-302xl-302-xl-fuer-officejet-3831-3830-5230-5220-deskjet-3630-2130-3636-envy-4520-1-schwarz-1-farbe\\\/\",\"url\":\"https:\\\/\\\/marktxxl.de\\\/markt\\\/produkt\\\/hallolux-302xl-multipack-wiederaufbereitet-druckerpatronen-kompatible-fuer-hp-302xl-302-xl-fuer-officejet-3831-3830-5230-5220-deskjet-3630-2130-3636-envy-4520-1-schwarz-1-farbe\\\/\",\"name\":\"HALLOLUX 302XL Multipack Wiederaufbereitet Druckerpatronen Kompatible f\u00fcr HP 302XL 302 XL f\u00fcr Officejet 3831 3830 5230\u2026 - Markt-XXL\",\"isPartOf\":{\"@id\":\"https:\\\/\\\/marktxxl.de\\\/markt\\\/#website\"},\"primaryImageOfPage\":{\"@id\":\"https:\\\/\\\/marktxxl.de\\\/markt\\\/produkt\\\/hallolux-302xl-multipack-wiederaufbereitet-druckerpatronen-kompatible-fuer-hp-302xl-302-xl-fuer-officejet-3831-3830-5230-5220-deskjet-3630-2130-3636-envy-4520-1-schwarz-1-farbe\\\/#primaryimage\"},\"image\":{\"@id\":\"https:\\\/\\\/marktxxl.de\\\/markt\\\/produkt\\\/hallolux-302xl-multipack-wiederaufbereitet-druckerpatronen-kompatible-fuer-hp-302xl-302-xl-fuer-officejet-3831-3830-5230-5220-deskjet-3630-2130-3636-envy-4520-1-schwarz-1-farbe\\\/#primaryimage\"},\"thumbnailUrl\":\"https:\\\/\\\/m.media-amazon.com\\\/images\\\/I\\\/51G4UKmBDtL._SL500_.jpg\",\"datePublished\":\"2021-11-25T14:19:03+00:00\",\"dateModified\":\"2023-04-11T00:51:26+00:00\",\"description\":\"Markt-XXL HALLOLUX 302XL Multipack Wiederaufbereitet Druckerpatronen Kompatible f\u00fcr HP 302XL 302 XL f\u00fcr Officejet 3831 3830 5230\u2026\",\"breadcrumb\":{\"@id\":\"https:\\\/\\\/marktxxl.de\\\/markt\\\/produkt\\\/hallolux-302xl-multipack-wiederaufbereitet-druckerpatronen-kompatible-fuer-hp-302xl-302-xl-fuer-officejet-3831-3830-5230-5220-deskjet-3630-2130-3636-envy-4520-1-schwarz-1-farbe\\\/#breadcrumb\"},\"inLanguage\":\"de\",\"potentialAction\":[{\"@type\":\"ReadAction\",\"target\":[\"https:\\\/\\\/marktxxl.de\\\/markt\\\/produkt\\\/hallolux-302xl-multipack-wiederaufbereitet-druckerpatronen-kompatible-fuer-hp-302xl-302-xl-fuer-officejet-3831-3830-5230-5220-deskjet-3630-2130-3636-envy-4520-1-schwarz-1-farbe\\\/\"]}]},{\"@type\":\"ImageObject\",\"inLanguage\":\"de\",\"@id\":\"https:\\\/\\\/marktxxl.de\\\/markt\\\/produkt\\\/hallolux-302xl-multipack-wiederaufbereitet-druckerpatronen-kompatible-fuer-hp-302xl-302-xl-fuer-officejet-3831-3830-5230-5220-deskjet-3630-2130-3636-envy-4520-1-schwarz-1-farbe\\\/#primaryimage\",\"url\":\"https:\\\/\\\/m.media-amazon.com\\\/images\\\/I\\\/51G4UKmBDtL._SL500_.jpg\",\"contentUrl\":\"https:\\\/\\\/m.media-amazon.com\\\/images\\\/I\\\/51G4UKmBDtL._SL500_.jpg\",\"width\":500,\"height\":500},{\"@type\":\"BreadcrumbList\",\"@id\":\"https:\\\/\\\/marktxxl.de\\\/markt\\\/produkt\\\/hallolux-302xl-multipack-wiederaufbereitet-druckerpatronen-kompatible-fuer-hp-302xl-302-xl-fuer-officejet-3831-3830-5230-5220-deskjet-3630-2130-3636-envy-4520-1-schwarz-1-farbe\\\/#breadcrumb\",\"itemListElement\":[{\"@type\":\"ListItem\",\"position\":1,\"name\":\"Startseite\",\"item\":\"https:\\\/\\\/marktxxl.de\\\/markt\\\/\"},{\"@type\":\"ListItem\",\"position\":2,\"name\":\"Markt\",\"item\":\"https:\\\/\\\/marktxxl.de\\\/markt\\\/\"},{\"@type\":\"ListItem\",\"position\":3,\"name\":\"HALLOLUX 302XL Multipack Wiederaufbereitet Druckerpatronen Kompatible f\u00fcr HP 302XL 302 XL f\u00fcr Officejet 3831 3830 5230\u2026\"}]},{\"@type\":\"WebSite\",\"@id\":\"https:\\\/\\\/marktxxl.de\\\/markt\\\/#website\",\"url\":\"https:\\\/\\\/marktxxl.de\\\/markt\\\/\",\"name\":\"Markt-XXL\",\"description\":\"Ihr Markt Online\",\"publisher\":{\"@id\":\"https:\\\/\\\/marktxxl.de\\\/markt\\\/#organization\"},\"potentialAction\":[{\"@type\":\"SearchAction\",\"target\":{\"@type\":\"EntryPoint\",\"urlTemplate\":\"https:\\\/\\\/marktxxl.de\\\/markt\\\/?s={search_term_string}\"},\"query-input\":{\"@type\":\"PropertyValueSpecification\",\"valueRequired\":true,\"valueName\":\"search_term_string\"}}],\"inLanguage\":\"de\"},{\"@type\":\"Organization\",\"@id\":\"https:\\\/\\\/marktxxl.de\\\/markt\\\/#organization\",\"name\":\"Markt-XXL\",\"url\":\"https:\\\/\\\/marktxxl.de\\\/markt\\\/\",\"logo\":{\"@type\":\"ImageObject\",\"inLanguage\":\"de\",\"@id\":\"https:\\\/\\\/marktxxl.de\\\/markt\\\/#\\\/schema\\\/logo\\\/image\\\/\",\"url\":\"https:\\\/\\\/marktxxl.de\\\/markt\\\/wp-content\\\/uploads\\\/sites\\\/3\\\/2020\\\/12\\\/logo.png\",\"contentUrl\":\"https:\\\/\\\/marktxxl.de\\\/markt\\\/wp-content\\\/uploads\\\/sites\\\/3\\\/2020\\\/12\\\/logo.png\",\"width\":200,\"height\":70,\"caption\":\"Markt-XXL\"},\"image\":{\"@id\":\"https:\\\/\\\/marktxxl.de\\\/markt\\\/#\\\/schema\\\/logo\\\/image\\\/\"}}]}<\/script>\n<!-- \/ Yoast SEO plugin. -->","yoast_head_json":{"title":"HALLOLUX 302XL Multipack Wiederaufbereitet Druckerpatronen Kompatible f\u00fcr HP 302XL 302 XL f\u00fcr Officejet 3831 3830 5230\u2026 - Markt-XXL","description":"Markt-XXL HALLOLUX 302XL Multipack Wiederaufbereitet Druckerpatronen Kompatible f\u00fcr HP 302XL 302 XL f\u00fcr Officejet 3831 3830 5230\u2026","robots":{"index":"index","follow":"follow","max-snippet":"max-snippet:-1","max-image-preview":"max-image-preview:large","max-video-preview":"max-video-preview:-1"},"canonical":"https:\/\/marktxxl.de\/markt\/produkt\/hallolux-302xl-multipack-wiederaufbereitet-druckerpatronen-kompatible-fuer-hp-302xl-302-xl-fuer-officejet-3831-3830-5230-5220-deskjet-3630-2130-3636-envy-4520-1-schwarz-1-farbe\/","og_locale":"de_DE","og_type":"article","og_title":"HALLOLUX 302XL Multipack Wiederaufbereitet Druckerpatronen Kompatible f\u00fcr HP 302XL 302 XL f\u00fcr Officejet 3831 3830 5230\u2026 - Markt-XXL","og_description":"Markt-XXL HALLOLUX 302XL Multipack Wiederaufbereitet Druckerpatronen Kompatible f\u00fcr HP 302XL 302 XL f\u00fcr Officejet 3831 3830 5230\u2026","og_url":"https:\/\/marktxxl.de\/markt\/produkt\/hallolux-302xl-multipack-wiederaufbereitet-druckerpatronen-kompatible-fuer-hp-302xl-302-xl-fuer-officejet-3831-3830-5230-5220-deskjet-3630-2130-3636-envy-4520-1-schwarz-1-farbe\/","og_site_name":"Markt-XXL","article_modified_time":"2023-04-11T00:51:26+00:00","og_image":[{"width":500,"height":500,"url":"https:\/\/m.media-amazon.com\/images\/I\/51G4UKmBDtL._SL500_.jpg","type":"image\/jpeg"}],"twitter_card":"summary_large_image","schema":{"@context":"https:\/\/schema.org","@graph":[{"@type":"WebPage","@id":"https:\/\/marktxxl.de\/markt\/produkt\/hallolux-302xl-multipack-wiederaufbereitet-druckerpatronen-kompatible-fuer-hp-302xl-302-xl-fuer-officejet-3831-3830-5230-5220-deskjet-3630-2130-3636-envy-4520-1-schwarz-1-farbe\/","url":"https:\/\/marktxxl.de\/markt\/produkt\/hallolux-302xl-multipack-wiederaufbereitet-druckerpatronen-kompatible-fuer-hp-302xl-302-xl-fuer-officejet-3831-3830-5230-5220-deskjet-3630-2130-3636-envy-4520-1-schwarz-1-farbe\/","name":"HALLOLUX 302XL Multipack Wiederaufbereitet Druckerpatronen Kompatible f\u00fcr HP 302XL 302 XL f\u00fcr Officejet 3831 3830 5230\u2026 - Markt-XXL","isPartOf":{"@id":"https:\/\/marktxxl.de\/markt\/#website"},"primaryImageOfPage":{"@id":"https:\/\/marktxxl.de\/markt\/produkt\/hallolux-302xl-multipack-wiederaufbereitet-druckerpatronen-kompatible-fuer-hp-302xl-302-xl-fuer-officejet-3831-3830-5230-5220-deskjet-3630-2130-3636-envy-4520-1-schwarz-1-farbe\/#primaryimage"},"image":{"@id":"https:\/\/marktxxl.de\/markt\/produkt\/hallolux-302xl-multipack-wiederaufbereitet-druckerpatronen-kompatible-fuer-hp-302xl-302-xl-fuer-officejet-3831-3830-5230-5220-deskjet-3630-2130-3636-envy-4520-1-schwarz-1-farbe\/#primaryimage"},"thumbnailUrl":"https:\/\/m.media-amazon.com\/images\/I\/51G4UKmBDtL._SL500_.jpg","datePublished":"2021-11-25T14:19:03+00:00","dateModified":"2023-04-11T00:51:26+00:00","description":"Markt-XXL HALLOLUX 302XL Multipack Wiederaufbereitet Druckerpatronen Kompatible f\u00fcr HP 302XL 302 XL f\u00fcr Officejet 3831 3830 5230\u2026","breadcrumb":{"@id":"https:\/\/marktxxl.de\/markt\/produkt\/hallolux-302xl-multipack-wiederaufbereitet-druckerpatronen-kompatible-fuer-hp-302xl-302-xl-fuer-officejet-3831-3830-5230-5220-deskjet-3630-2130-3636-envy-4520-1-schwarz-1-farbe\/#breadcrumb"},"inLanguage":"de","potentialAction":[{"@type":"ReadAction","target":["https:\/\/marktxxl.de\/markt\/produkt\/hallolux-302xl-multipack-wiederaufbereitet-druckerpatronen-kompatible-fuer-hp-302xl-302-xl-fuer-officejet-3831-3830-5230-5220-deskjet-3630-2130-3636-envy-4520-1-schwarz-1-farbe\/"]}]},{"@type":"ImageObject","inLanguage":"de","@id":"https:\/\/marktxxl.de\/markt\/produkt\/hallolux-302xl-multipack-wiederaufbereitet-druckerpatronen-kompatible-fuer-hp-302xl-302-xl-fuer-officejet-3831-3830-5230-5220-deskjet-3630-2130-3636-envy-4520-1-schwarz-1-farbe\/#primaryimage","url":"https:\/\/m.media-amazon.com\/images\/I\/51G4UKmBDtL._SL500_.jpg","contentUrl":"https:\/\/m.media-amazon.com\/images\/I\/51G4UKmBDtL._SL500_.jpg","width":500,"height":500},{"@type":"BreadcrumbList","@id":"https:\/\/marktxxl.de\/markt\/produkt\/hallolux-302xl-multipack-wiederaufbereitet-druckerpatronen-kompatible-fuer-hp-302xl-302-xl-fuer-officejet-3831-3830-5230-5220-deskjet-3630-2130-3636-envy-4520-1-schwarz-1-farbe\/#breadcrumb","itemListElement":[{"@type":"ListItem","position":1,"name":"Startseite","item":"https:\/\/marktxxl.de\/markt\/"},{"@type":"ListItem","position":2,"name":"Markt","item":"https:\/\/marktxxl.de\/markt\/"},{"@type":"ListItem","position":3,"name":"HALLOLUX 302XL Multipack Wiederaufbereitet Druckerpatronen Kompatible f\u00fcr HP 302XL 302 XL f\u00fcr Officejet 3831 3830 5230\u2026"}]},{"@type":"WebSite","@id":"https:\/\/marktxxl.de\/markt\/#website","url":"https:\/\/marktxxl.de\/markt\/","name":"Markt-XXL","description":"Ihr Markt Online","publisher":{"@id":"https:\/\/marktxxl.de\/markt\/#organization"},"potentialAction":[{"@type":"SearchAction","target":{"@type":"EntryPoint","urlTemplate":"https:\/\/marktxxl.de\/markt\/?s={search_term_string}"},"query-input":{"@type":"PropertyValueSpecification","valueRequired":true,"valueName":"search_term_string"}}],"inLanguage":"de"},{"@type":"Organization","@id":"https:\/\/marktxxl.de\/markt\/#organization","name":"Markt-XXL","url":"https:\/\/marktxxl.de\/markt\/","logo":{"@type":"ImageObject","inLanguage":"de","@id":"https:\/\/marktxxl.de\/markt\/#\/schema\/logo\/image\/","url":"https:\/\/marktxxl.de\/markt\/wp-content\/uploads\/sites\/3\/2020\/12\/logo.png","contentUrl":"https:\/\/marktxxl.de\/markt\/wp-content\/uploads\/sites\/3\/2020\/12\/logo.png","width":200,"height":70,"caption":"Markt-XXL"},"image":{"@id":"https:\/\/marktxxl.de\/markt\/#\/schema\/logo\/image\/"}}]}},"_links":{"self":[{"href":"https:\/\/marktxxl.de\/markt\/wp-json\/wp\/v2\/product\/77446","targetHints":{"allow":["GET"]}}],"collection":[{"href":"https:\/\/marktxxl.de\/markt\/wp-json\/wp\/v2\/product"}],"about":[{"href":"https:\/\/marktxxl.de\/markt\/wp-json\/wp\/v2\/types\/product"}],"replies":[{"embeddable":true,"href":"https:\/\/marktxxl.de\/markt\/wp-json\/wp\/v2\/comments?post=77446"}],"wp:featuredmedia":[{"embeddable":true,"href":"https:\/\/marktxxl.de\/markt\/wp-json\/wp\/v2\/media\/77447"}],"wp:attachment":[{"href":"https:\/\/marktxxl.de\/markt\/wp-json\/wp\/v2\/media?parent=77446"}],"wp:term":[{"taxonomy":"product_brand","embeddable":true,"href":"https:\/\/marktxxl.de\/markt\/wp-json\/wp\/v2\/product_brand?post=77446"},{"taxonomy":"product_cat","embeddable":true,"href":"https:\/\/marktxxl.de\/markt\/wp-json\/wp\/v2\/product_cat?post=77446"},{"taxonomy":"product_tag","embeddable":true,"href":"https:\/\/marktxxl.de\/markt\/wp-json\/wp\/v2\/product_tag?post=77446"}],"curies":[{"name":"wp","href":"https:\/\/api.w.org\/{rel}","templated":true}]}}