{"id":76986,"date":"2021-11-25T15:00:18","date_gmt":"2021-11-25T14:00:18","guid":{"rendered":"https:\/\/marktxxl.de\/markt\/produkt\/fire-tv-stick-4k-mit-alexa-sprachfernbedienung-mit-tv-steuerungstasten-mission-usb-stromkabel\/"},"modified":"2023-04-11T02:51:23","modified_gmt":"2023-04-11T00:51:23","slug":"fire-tv-stick-4k-mit-alexa-sprachfernbedienung-mit-tv-steuerungstasten-mission-usb-stromkabel","status":"publish","type":"product","link":"https:\/\/marktxxl.de\/markt\/produkt\/fire-tv-stick-4k-mit-alexa-sprachfernbedienung-mit-tv-steuerungstasten-mission-usb-stromkabel\/","title":{"rendered":"Fire TV Stick 4K mit Alexa-Sprachfernbedienung + Mission USB Stromkabel (kein Wechselstrom-Ladeadapter erforderlich)"},"content":{"rendered":"<p>Dieses Set umfasst Fire TV Stick 4K mit Alexa-Sprachfernbedienung sowie ein Mission-USB-Ladekabel<br \/>\nEin cineastisches Erlebnis \u2013 Fernsehen in brillantem 4K Ultra HD, mit Unterst\u00fctzung f\u00fcr Dolby Vision, HDR und HDR10+.<br \/>\nHeimkinoklang mit Dolby Atmos \u2013 F\u00fcr ausgew\u00e4hlte Titel sorgt die Unterst\u00fctzung von immersivem Dolby Atmos-Audio mit kompatiblen Heim-Audiosystemen f\u00fcr ein noch realit\u00e4tsgetreueres Fernseherlebnis.<br \/>\nGrenzenlose Unterhaltung \u2013 Sie k\u00f6nnen \u00fcber Tausend Filme und Serienfolgen von Netflix, YouTube, Prime Video, Sky Ticket, Disney+ und vielen mehr streamen und haben Zugriff auf Millionen von Songs. Abonnementgeb\u00fchren k\u00f6nnen anfallen.<br \/>\nLive-TV und Free-TV \u2013 Sehen Sie Live-Fernsehen, Nachrichten und Sport mit Abonnements von ARD, ZDF, DAZN und mehr. Nutzen Sie kostenloses Streaming mit ARD, ZDF, Pluto TV, YouTube und mehr.<br \/>\nAlexa-Sprachfernbedienung \u2013 Suchen, starten und steuern Sie Inhalte mit Ihrer Stimme. Mit den voreingestellten Tasten rufen Sie schnell Ihre bevorzugten Apps auf. Mit nur einer Fernbedienung schalten Sie Ihre Ger\u00e4te an und aus und stellen die Lautst\u00e4rke ein.<br \/>\n<div class=\"main-cross-sell\" data-asin=\"B09J9J9494\">\n\n\t<div class=\"WooZone-cross-sell-loader\">\n\t\t<div>\n\t\t\t<div id=\"floatingBarsG\">\n\t\t\t\t<div class=\"blockG\" id=\"rotateG_01\"><\/div>\n\t\t\t\t<div class=\"blockG\" id=\"rotateG_02\"><\/div>\n\t\t\t\t<div class=\"blockG\" id=\"rotateG_03\"><\/div>\n\t\t\t\t<div class=\"blockG\" id=\"rotateG_04\"><\/div>\n\t\t\t\t<div class=\"blockG\" id=\"rotateG_05\"><\/div>\n\t\t\t\t<div class=\"blockG\" id=\"rotateG_06\"><\/div>\n\t\t\t\t<div class=\"blockG\" id=\"rotateG_07\"><\/div>\n\t\t\t\t<div class=\"blockG\" id=\"rotateG_08\"><\/div>\n\t\t\t<\/div>\n\t\t\t<div class=\"WooZone-cross-sell-loader-text\"><\/div>\n\t\t<\/div>\n\t<\/div>\n\n\t\t\n<\/div>\n<div style=\"clear:both;\"><\/div><\/p>\n","protected":false},"excerpt":{"rendered":"<p>Dieses Set umfasst Fire TV Stick 4K mit Alexa-Sprachfernbedienung sowie ein Mission-USB-Ladekabel<br \/>\nEin cineastisches Erlebnis \u2013 Fernsehen in brillantem 4K Ultra HD, mit Unterst\u00fctzung f\u00fcr Dolby Vision, HDR und HDR10+.<br \/>\nHeimkinoklang mit Dolby Atmos \u2013 F\u00fcr ausgew\u00e4hlte Titel sorgt die Unterst\u00fctzung von immersivem Dolby Atmos-Audio mit kompatiblen Heim-Audiosystemen f\u00fcr ein noch realit\u00e4tsgetreueres Fernseherlebnis.<\/p>\n","protected":false},"featured_media":76987,"comment_status":"open","ping_status":"closed","template":"","meta":[],"product_brand":[],"product_cat":[863],"product_tag":[],"class_list":{"0":"post-76986","1":"product","2":"type-product","3":"status-publish","4":"has-post-thumbnail","6":"product_cat-computer-zubehoer","7":"pa_binding-product-bundle","8":"pa_brand-amazon","10":"first","11":"instock","12":"shipping-taxable","13":"purchasable","14":"product-type-simple","15":"customify-col","16":"product-has-gallery"},"yoast_head":"<!-- This site is optimized with the Yoast SEO plugin v27.3 - https:\/\/yoast.com\/product\/yoast-seo-wordpress\/ -->\n<title>Fire TV Stick 4K mit Alexa-Sprachfernbedienung + Mission USB Stromkabel (kein Wechselstrom-Ladeadapter erforderlich) - Markt-XXL<\/title>\n<meta name=\"description\" content=\"Markt-XXL Fire TV Stick 4K mit Alexa-Sprachfernbedienung + Mission USB Stromkabel (kein Wechselstrom-Ladeadapter erforderlich)\" \/>\n<meta name=\"robots\" content=\"index, follow, max-snippet:-1, max-image-preview:large, max-video-preview:-1\" \/>\n<link rel=\"canonical\" href=\"https:\/\/marktxxl.de\/markt\/produkt\/fire-tv-stick-4k-mit-alexa-sprachfernbedienung-mit-tv-steuerungstasten-mission-usb-stromkabel\/\" \/>\n<meta property=\"og:locale\" content=\"de_DE\" \/>\n<meta property=\"og:type\" content=\"article\" \/>\n<meta property=\"og:title\" content=\"Fire TV Stick 4K mit Alexa-Sprachfernbedienung + Mission USB Stromkabel (kein Wechselstrom-Ladeadapter erforderlich) - Markt-XXL\" \/>\n<meta property=\"og:description\" content=\"Markt-XXL Fire TV Stick 4K mit Alexa-Sprachfernbedienung + Mission USB Stromkabel (kein Wechselstrom-Ladeadapter erforderlich)\" \/>\n<meta property=\"og:url\" content=\"https:\/\/marktxxl.de\/markt\/produkt\/fire-tv-stick-4k-mit-alexa-sprachfernbedienung-mit-tv-steuerungstasten-mission-usb-stromkabel\/\" \/>\n<meta property=\"og:site_name\" content=\"Markt-XXL\" \/>\n<meta property=\"article:modified_time\" content=\"2023-04-11T00:51:23+00:00\" \/>\n<meta property=\"og:image\" content=\"https:\/\/m.media-amazon.com\/images\/I\/41eFBww2VgL._SL500_.jpg\" \/>\n\t<meta property=\"og:image:width\" content=\"500\" \/>\n\t<meta property=\"og:image:height\" content=\"500\" \/>\n\t<meta property=\"og:image:type\" content=\"image\/jpeg\" \/>\n<meta name=\"twitter:card\" content=\"summary_large_image\" \/>\n<meta name=\"twitter:label1\" content=\"Gesch\u00e4tzte Lesezeit\" \/>\n\t<meta name=\"twitter:data1\" content=\"1\u00a0Minute\" \/>\n<script type=\"application\/ld+json\" class=\"yoast-schema-graph\">{\"@context\":\"https:\\\/\\\/schema.org\",\"@graph\":[{\"@type\":\"WebPage\",\"@id\":\"https:\\\/\\\/marktxxl.de\\\/markt\\\/produkt\\\/fire-tv-stick-4k-mit-alexa-sprachfernbedienung-mit-tv-steuerungstasten-mission-usb-stromkabel\\\/\",\"url\":\"https:\\\/\\\/marktxxl.de\\\/markt\\\/produkt\\\/fire-tv-stick-4k-mit-alexa-sprachfernbedienung-mit-tv-steuerungstasten-mission-usb-stromkabel\\\/\",\"name\":\"Fire TV Stick 4K mit Alexa-Sprachfernbedienung + Mission USB Stromkabel (kein Wechselstrom-Ladeadapter erforderlich) - Markt-XXL\",\"isPartOf\":{\"@id\":\"https:\\\/\\\/marktxxl.de\\\/markt\\\/#website\"},\"primaryImageOfPage\":{\"@id\":\"https:\\\/\\\/marktxxl.de\\\/markt\\\/produkt\\\/fire-tv-stick-4k-mit-alexa-sprachfernbedienung-mit-tv-steuerungstasten-mission-usb-stromkabel\\\/#primaryimage\"},\"image\":{\"@id\":\"https:\\\/\\\/marktxxl.de\\\/markt\\\/produkt\\\/fire-tv-stick-4k-mit-alexa-sprachfernbedienung-mit-tv-steuerungstasten-mission-usb-stromkabel\\\/#primaryimage\"},\"thumbnailUrl\":\"https:\\\/\\\/m.media-amazon.com\\\/images\\\/I\\\/41eFBww2VgL._SL500_.jpg\",\"datePublished\":\"2021-11-25T14:00:18+00:00\",\"dateModified\":\"2023-04-11T00:51:23+00:00\",\"description\":\"Markt-XXL Fire TV Stick 4K mit Alexa-Sprachfernbedienung + Mission USB Stromkabel (kein Wechselstrom-Ladeadapter erforderlich)\",\"breadcrumb\":{\"@id\":\"https:\\\/\\\/marktxxl.de\\\/markt\\\/produkt\\\/fire-tv-stick-4k-mit-alexa-sprachfernbedienung-mit-tv-steuerungstasten-mission-usb-stromkabel\\\/#breadcrumb\"},\"inLanguage\":\"de\",\"potentialAction\":[{\"@type\":\"ReadAction\",\"target\":[\"https:\\\/\\\/marktxxl.de\\\/markt\\\/produkt\\\/fire-tv-stick-4k-mit-alexa-sprachfernbedienung-mit-tv-steuerungstasten-mission-usb-stromkabel\\\/\"]}]},{\"@type\":\"ImageObject\",\"inLanguage\":\"de\",\"@id\":\"https:\\\/\\\/marktxxl.de\\\/markt\\\/produkt\\\/fire-tv-stick-4k-mit-alexa-sprachfernbedienung-mit-tv-steuerungstasten-mission-usb-stromkabel\\\/#primaryimage\",\"url\":\"https:\\\/\\\/m.media-amazon.com\\\/images\\\/I\\\/41eFBww2VgL._SL500_.jpg\",\"contentUrl\":\"https:\\\/\\\/m.media-amazon.com\\\/images\\\/I\\\/41eFBww2VgL._SL500_.jpg\",\"width\":500,\"height\":500},{\"@type\":\"BreadcrumbList\",\"@id\":\"https:\\\/\\\/marktxxl.de\\\/markt\\\/produkt\\\/fire-tv-stick-4k-mit-alexa-sprachfernbedienung-mit-tv-steuerungstasten-mission-usb-stromkabel\\\/#breadcrumb\",\"itemListElement\":[{\"@type\":\"ListItem\",\"position\":1,\"name\":\"Startseite\",\"item\":\"https:\\\/\\\/marktxxl.de\\\/markt\\\/\"},{\"@type\":\"ListItem\",\"position\":2,\"name\":\"Markt\",\"item\":\"https:\\\/\\\/marktxxl.de\\\/markt\\\/\"},{\"@type\":\"ListItem\",\"position\":3,\"name\":\"Fire TV Stick 4K mit Alexa-Sprachfernbedienung + Mission USB Stromkabel (kein Wechselstrom-Ladeadapter erforderlich)\"}]},{\"@type\":\"WebSite\",\"@id\":\"https:\\\/\\\/marktxxl.de\\\/markt\\\/#website\",\"url\":\"https:\\\/\\\/marktxxl.de\\\/markt\\\/\",\"name\":\"Markt-XXL\",\"description\":\"Ihr Markt Online\",\"publisher\":{\"@id\":\"https:\\\/\\\/marktxxl.de\\\/markt\\\/#organization\"},\"potentialAction\":[{\"@type\":\"SearchAction\",\"target\":{\"@type\":\"EntryPoint\",\"urlTemplate\":\"https:\\\/\\\/marktxxl.de\\\/markt\\\/?s={search_term_string}\"},\"query-input\":{\"@type\":\"PropertyValueSpecification\",\"valueRequired\":true,\"valueName\":\"search_term_string\"}}],\"inLanguage\":\"de\"},{\"@type\":\"Organization\",\"@id\":\"https:\\\/\\\/marktxxl.de\\\/markt\\\/#organization\",\"name\":\"Markt-XXL\",\"url\":\"https:\\\/\\\/marktxxl.de\\\/markt\\\/\",\"logo\":{\"@type\":\"ImageObject\",\"inLanguage\":\"de\",\"@id\":\"https:\\\/\\\/marktxxl.de\\\/markt\\\/#\\\/schema\\\/logo\\\/image\\\/\",\"url\":\"https:\\\/\\\/marktxxl.de\\\/markt\\\/wp-content\\\/uploads\\\/sites\\\/3\\\/2020\\\/12\\\/logo.png\",\"contentUrl\":\"https:\\\/\\\/marktxxl.de\\\/markt\\\/wp-content\\\/uploads\\\/sites\\\/3\\\/2020\\\/12\\\/logo.png\",\"width\":200,\"height\":70,\"caption\":\"Markt-XXL\"},\"image\":{\"@id\":\"https:\\\/\\\/marktxxl.de\\\/markt\\\/#\\\/schema\\\/logo\\\/image\\\/\"}}]}<\/script>\n<!-- \/ Yoast SEO plugin. -->","yoast_head_json":{"title":"Fire TV Stick 4K mit Alexa-Sprachfernbedienung + Mission USB Stromkabel (kein Wechselstrom-Ladeadapter erforderlich) - Markt-XXL","description":"Markt-XXL Fire TV Stick 4K mit Alexa-Sprachfernbedienung + Mission USB Stromkabel (kein Wechselstrom-Ladeadapter erforderlich)","robots":{"index":"index","follow":"follow","max-snippet":"max-snippet:-1","max-image-preview":"max-image-preview:large","max-video-preview":"max-video-preview:-1"},"canonical":"https:\/\/marktxxl.de\/markt\/produkt\/fire-tv-stick-4k-mit-alexa-sprachfernbedienung-mit-tv-steuerungstasten-mission-usb-stromkabel\/","og_locale":"de_DE","og_type":"article","og_title":"Fire TV Stick 4K mit Alexa-Sprachfernbedienung + Mission USB Stromkabel (kein Wechselstrom-Ladeadapter erforderlich) - Markt-XXL","og_description":"Markt-XXL Fire TV Stick 4K mit Alexa-Sprachfernbedienung + Mission USB Stromkabel (kein Wechselstrom-Ladeadapter erforderlich)","og_url":"https:\/\/marktxxl.de\/markt\/produkt\/fire-tv-stick-4k-mit-alexa-sprachfernbedienung-mit-tv-steuerungstasten-mission-usb-stromkabel\/","og_site_name":"Markt-XXL","article_modified_time":"2023-04-11T00:51:23+00:00","og_image":[{"width":500,"height":500,"url":"https:\/\/m.media-amazon.com\/images\/I\/41eFBww2VgL._SL500_.jpg","type":"image\/jpeg"}],"twitter_card":"summary_large_image","twitter_misc":{"Gesch\u00e4tzte Lesezeit":"1\u00a0Minute"},"schema":{"@context":"https:\/\/schema.org","@graph":[{"@type":"WebPage","@id":"https:\/\/marktxxl.de\/markt\/produkt\/fire-tv-stick-4k-mit-alexa-sprachfernbedienung-mit-tv-steuerungstasten-mission-usb-stromkabel\/","url":"https:\/\/marktxxl.de\/markt\/produkt\/fire-tv-stick-4k-mit-alexa-sprachfernbedienung-mit-tv-steuerungstasten-mission-usb-stromkabel\/","name":"Fire TV Stick 4K mit Alexa-Sprachfernbedienung + Mission USB Stromkabel (kein Wechselstrom-Ladeadapter erforderlich) - Markt-XXL","isPartOf":{"@id":"https:\/\/marktxxl.de\/markt\/#website"},"primaryImageOfPage":{"@id":"https:\/\/marktxxl.de\/markt\/produkt\/fire-tv-stick-4k-mit-alexa-sprachfernbedienung-mit-tv-steuerungstasten-mission-usb-stromkabel\/#primaryimage"},"image":{"@id":"https:\/\/marktxxl.de\/markt\/produkt\/fire-tv-stick-4k-mit-alexa-sprachfernbedienung-mit-tv-steuerungstasten-mission-usb-stromkabel\/#primaryimage"},"thumbnailUrl":"https:\/\/m.media-amazon.com\/images\/I\/41eFBww2VgL._SL500_.jpg","datePublished":"2021-11-25T14:00:18+00:00","dateModified":"2023-04-11T00:51:23+00:00","description":"Markt-XXL Fire TV Stick 4K mit Alexa-Sprachfernbedienung + Mission USB Stromkabel (kein Wechselstrom-Ladeadapter erforderlich)","breadcrumb":{"@id":"https:\/\/marktxxl.de\/markt\/produkt\/fire-tv-stick-4k-mit-alexa-sprachfernbedienung-mit-tv-steuerungstasten-mission-usb-stromkabel\/#breadcrumb"},"inLanguage":"de","potentialAction":[{"@type":"ReadAction","target":["https:\/\/marktxxl.de\/markt\/produkt\/fire-tv-stick-4k-mit-alexa-sprachfernbedienung-mit-tv-steuerungstasten-mission-usb-stromkabel\/"]}]},{"@type":"ImageObject","inLanguage":"de","@id":"https:\/\/marktxxl.de\/markt\/produkt\/fire-tv-stick-4k-mit-alexa-sprachfernbedienung-mit-tv-steuerungstasten-mission-usb-stromkabel\/#primaryimage","url":"https:\/\/m.media-amazon.com\/images\/I\/41eFBww2VgL._SL500_.jpg","contentUrl":"https:\/\/m.media-amazon.com\/images\/I\/41eFBww2VgL._SL500_.jpg","width":500,"height":500},{"@type":"BreadcrumbList","@id":"https:\/\/marktxxl.de\/markt\/produkt\/fire-tv-stick-4k-mit-alexa-sprachfernbedienung-mit-tv-steuerungstasten-mission-usb-stromkabel\/#breadcrumb","itemListElement":[{"@type":"ListItem","position":1,"name":"Startseite","item":"https:\/\/marktxxl.de\/markt\/"},{"@type":"ListItem","position":2,"name":"Markt","item":"https:\/\/marktxxl.de\/markt\/"},{"@type":"ListItem","position":3,"name":"Fire TV Stick 4K mit Alexa-Sprachfernbedienung + Mission USB Stromkabel (kein Wechselstrom-Ladeadapter erforderlich)"}]},{"@type":"WebSite","@id":"https:\/\/marktxxl.de\/markt\/#website","url":"https:\/\/marktxxl.de\/markt\/","name":"Markt-XXL","description":"Ihr Markt Online","publisher":{"@id":"https:\/\/marktxxl.de\/markt\/#organization"},"potentialAction":[{"@type":"SearchAction","target":{"@type":"EntryPoint","urlTemplate":"https:\/\/marktxxl.de\/markt\/?s={search_term_string}"},"query-input":{"@type":"PropertyValueSpecification","valueRequired":true,"valueName":"search_term_string"}}],"inLanguage":"de"},{"@type":"Organization","@id":"https:\/\/marktxxl.de\/markt\/#organization","name":"Markt-XXL","url":"https:\/\/marktxxl.de\/markt\/","logo":{"@type":"ImageObject","inLanguage":"de","@id":"https:\/\/marktxxl.de\/markt\/#\/schema\/logo\/image\/","url":"https:\/\/marktxxl.de\/markt\/wp-content\/uploads\/sites\/3\/2020\/12\/logo.png","contentUrl":"https:\/\/marktxxl.de\/markt\/wp-content\/uploads\/sites\/3\/2020\/12\/logo.png","width":200,"height":70,"caption":"Markt-XXL"},"image":{"@id":"https:\/\/marktxxl.de\/markt\/#\/schema\/logo\/image\/"}}]}},"_links":{"self":[{"href":"https:\/\/marktxxl.de\/markt\/wp-json\/wp\/v2\/product\/76986","targetHints":{"allow":["GET"]}}],"collection":[{"href":"https:\/\/marktxxl.de\/markt\/wp-json\/wp\/v2\/product"}],"about":[{"href":"https:\/\/marktxxl.de\/markt\/wp-json\/wp\/v2\/types\/product"}],"replies":[{"embeddable":true,"href":"https:\/\/marktxxl.de\/markt\/wp-json\/wp\/v2\/comments?post=76986"}],"wp:featuredmedia":[{"embeddable":true,"href":"https:\/\/marktxxl.de\/markt\/wp-json\/wp\/v2\/media\/76987"}],"wp:attachment":[{"href":"https:\/\/marktxxl.de\/markt\/wp-json\/wp\/v2\/media?parent=76986"}],"wp:term":[{"taxonomy":"product_brand","embeddable":true,"href":"https:\/\/marktxxl.de\/markt\/wp-json\/wp\/v2\/product_brand?post=76986"},{"taxonomy":"product_cat","embeddable":true,"href":"https:\/\/marktxxl.de\/markt\/wp-json\/wp\/v2\/product_cat?post=76986"},{"taxonomy":"product_tag","embeddable":true,"href":"https:\/\/marktxxl.de\/markt\/wp-json\/wp\/v2\/product_tag?post=76986"}],"curies":[{"name":"wp","href":"https:\/\/api.w.org\/{rel}","templated":true}]}}