{"id":76954,"date":"2021-11-25T14:57:45","date_gmt":"2021-11-25T13:57:45","guid":{"rendered":"https:\/\/marktxxl.de\/markt\/produkt\/portable-monitor-arzopa-15-6-zoll-tragbarer-monitor-1920x1080-full-hd-100-srgb-ips-externer-mobiler-bildschirm-mit-hdmi-typ-c-usb-c-fuer-laptop-pc-mac-ps4-xbox-telefon-schwarz-2\/"},"modified":"2023-04-11T02:51:23","modified_gmt":"2023-04-11T00:51:23","slug":"portable-monitor-arzopa-15-6-zoll-tragbarer-monitor-1920x1080-full-hd-100-srgb-ips-externer-mobiler-bildschirm-mit-hdmi-typ-c-usb-c-fuer-laptop-pc-mac-ps4-xbox-telefon-schwarz-2","status":"publish","type":"product","link":"https:\/\/marktxxl.de\/markt\/produkt\/portable-monitor-arzopa-15-6-zoll-tragbarer-monitor-1920x1080-full-hd-100-srgb-ips-externer-mobiler-bildschirm-mit-hdmi-typ-c-usb-c-fuer-laptop-pc-mac-ps4-xbox-telefon-schwarz-2\/","title":{"rendered":"ARZOPA Portable Monitor, 15.6 Zoll Tragbarer Monitor, 1920&#215;1080 Full HD, 100% SRGB IPS Externer Mobiler Bildschirm mit\u2026"},"content":{"rendered":"<p>Full HD 1080P Portable Monitor: Der tragbare ARZOPA-Monitor hat eine Full HD-Aufl\u00f6sung von 1920&#215;1080. Vollen Betrachtungswinkel von 178\u00b0, 1000:1 Kontrastverh\u00e4ltnis, 72% NTSC-Farbraum, 16:9-Bildschirmverh\u00e4ltnis, 320cd\/? Helligkeit und 60 Hz Bildwiederholfrequenz zeigen das echte Bild des Spiels\/der Szene\/der Arbeit perfekt und schnell. Blaulichtfilter-Technologie h\u00e4lt Ihre Augen vor Erm\u00fcdung.<br \/>\nHDR Tech &amp; Multiple Display Mode: Die HDR-Rendering-Technologie stellt das echte Bild wieder her, st\u00e4rkerer Kontrast, bietet Ihnen ein fantastisches Seherlebnis. Der Monitor kann das Quer- oder Hochformat nach Ihren W\u00fcnschen einstellen. 3-in-1-Anzeigemodus: Duplikatmodus\/Erweiterungsmodus\/Zweiter Bildschirmmodus. Auf diese Weise m\u00fcssen Sie nicht st\u00e4ndig Dateien auf einem Bildschirm \u00e4ndern.<br \/>\nBreite Kompatibilit\u00e4t f\u00fcr Arbeit\/Gaming: Der tragbare Laptop-Monitor l\u00e4sst sich einfach Laptop\/PC\/Mac\/Phones\/XBOX\/PS3\/PS4\/PS5\/Nintendo Switch usw. \u00fcber Typ-C- oder Mini-HDMI-Port anschlie\u00dfen, die eine stabile Verbindung liefern und stetige Daten\u00fcbertragung. Geeignet f\u00fcr Pr\u00e4sentationen, Spiele, Videos, Fernsehserien, Fotos usw.<br \/>\nUltra Slim Design &amp; Dual Speakers: Der Monitor besteht aus einer robusten Aluminiumlegierung. Gewicht: 1.44 Pfund, Dicke 0.2-0.35 Zoll. Sehr bequem, damit Sie es auf Ihrer Gesch\u00e4ftsreise, auf Reisen oder \u00fcberallhin mitnehmen k\u00f6nnen. 2 Lautsprecher liefern einen unglaublichen Sound und eine noch intensivere Unterhaltung, insbesondere wenn Sie Musik h\u00f6ren\/Filme ansehen\/Spiele spielen. Mit der 3.5-mm-Audio-Kopfh\u00f6rerbuchse k\u00f6nnen Sie Kopfh\u00f6rer verwenden, wenn Sie privaten Raum w\u00fcnschen.<br \/>\nSmart Case &amp; langlebige Qualit\u00e4t: Das Smart Case mit magnetischer Funktion besteht aus PU-Leder, das einen hervorragenden Schutz f\u00fcr den gesamten Monitor bietet und kann auch in verschiedene Positionen gefaltet werden, um einen St\u00e4nder zu schaffen. Der Rumpf besteht aus hochwertigen Metallmaterialien, die eine feine Metallstruktur und eine h\u00f6here Festigkeit aufweisen. Das CNC-Anodisierungsverfahren wird verwendet, um die Verschlei\u00dffestigkeit des Rumpfes zu verbessern<br \/>\n<div class=\"main-cross-sell\" data-asin=\"B093GCL18V\">\n\n\t<div class=\"WooZone-cross-sell-loader\">\n\t\t<div>\n\t\t\t<div id=\"floatingBarsG\">\n\t\t\t\t<div class=\"blockG\" id=\"rotateG_01\"><\/div>\n\t\t\t\t<div class=\"blockG\" id=\"rotateG_02\"><\/div>\n\t\t\t\t<div class=\"blockG\" id=\"rotateG_03\"><\/div>\n\t\t\t\t<div class=\"blockG\" id=\"rotateG_04\"><\/div>\n\t\t\t\t<div class=\"blockG\" id=\"rotateG_05\"><\/div>\n\t\t\t\t<div class=\"blockG\" id=\"rotateG_06\"><\/div>\n\t\t\t\t<div class=\"blockG\" id=\"rotateG_07\"><\/div>\n\t\t\t\t<div class=\"blockG\" id=\"rotateG_08\"><\/div>\n\t\t\t<\/div>\n\t\t\t<div class=\"WooZone-cross-sell-loader-text\"><\/div>\n\t\t<\/div>\n\t<\/div>\n\n\t\t\n<\/div>\n<div style=\"clear:both;\"><\/div><\/p>\n","protected":false},"excerpt":{"rendered":"<p>Full HD 1080P Portable Monitor: Der tragbare ARZOPA-Monitor hat eine Full HD-Aufl\u00f6sung von 1920&#215;1080. Vollen Betrachtungswinkel von 178\u00b0, 1000:1 Kontrastverh\u00e4ltnis, 72% NTSC-Farbraum, 16:9-Bildschirmverh\u00e4ltnis, 320cd\/? Helligkeit und 60 Hz Bildwiederholfrequenz zeigen das echte Bild des Spiels\/der Szene\/der Arbeit perfekt und schnell. Blaulichtfilter-Technologie h\u00e4lt Ihre Augen vor Erm\u00fcdung.<br \/>\nHDR Tech &amp; Multiple Display Mode: Die HDR-Rendering-Technologie stellt das echte Bild wieder her, st\u00e4rkerer Kontrast, bietet Ihnen ein fantastisches Seherlebnis. Der Monitor kann das Quer- oder Hochformat nach Ihren W\u00fcnschen einstellen. 3-in-1-Anzeigemodus: Duplikatmodus\/Erweiterungsmodus\/Zweiter Bildschirmmodus. Auf diese Weise m\u00fcssen Sie nicht st\u00e4ndig Dateien auf einem Bildschirm \u00e4ndern.<br \/>\nBreite Kompatibilit\u00e4t f\u00fcr Arbeit\/Gaming: Der tragbare Laptop-Monitor l\u00e4sst sich einfach Laptop\/PC\/Mac\/Phones\/XBOX\/PS3\/PS4\/PS5\/Nintendo Switch usw. \u00fcber Typ-C- oder Mini-HDMI-Port anschlie\u00dfen, die eine stabile Verbindung liefern und stetige Daten\u00fcbertragung. Geeignet f\u00fcr Pr\u00e4sentationen, Spiele, Videos, Fernsehserien, Fotos usw.<\/p>\n","protected":false},"featured_media":76955,"comment_status":"open","ping_status":"closed","template":"","meta":[],"product_brand":[],"product_cat":[863],"product_tag":[],"class_list":{"0":"post-76954","1":"product","2":"type-product","3":"status-publish","4":"has-post-thumbnail","6":"product_cat-computer-zubehoer","7":"pa_binding-elektronik","8":"pa_brand-arzopa","9":"pa_color-schwarz-2","10":"pa_height-0-35-zoll","11":"pa_length-14-48-zoll","12":"pa_manufacturer-arzopa","13":"pa_model-z1-gamut","14":"pa_weight-1-7-pfund","15":"pa_width-8-85-zoll","17":"first","18":"instock","19":"shipping-taxable","20":"purchasable","21":"product-type-simple","22":"customify-col","23":"product-has-gallery"},"yoast_head":"<!-- This site is optimized with the Yoast SEO plugin v27.4 - https:\/\/yoast.com\/product\/yoast-seo-wordpress\/ -->\n<title>ARZOPA Portable Monitor, 15.6 Zoll Tragbarer Monitor, 1920x1080 Full HD, 100% SRGB IPS Externer Mobiler Bildschirm mit\u2026 - Markt-XXL<\/title>\n<meta name=\"description\" content=\"Markt-XXL ARZOPA Portable Monitor, 15.6 Zoll Tragbarer Monitor, 1920x1080 Full HD, 100% SRGB IPS Externer Mobiler Bildschirm mit\u2026\" \/>\n<meta name=\"robots\" content=\"index, follow, max-snippet:-1, max-image-preview:large, max-video-preview:-1\" \/>\n<link rel=\"canonical\" href=\"https:\/\/marktxxl.de\/markt\/produkt\/portable-monitor-arzopa-15-6-zoll-tragbarer-monitor-1920x1080-full-hd-100-srgb-ips-externer-mobiler-bildschirm-mit-hdmi-typ-c-usb-c-fuer-laptop-pc-mac-ps4-xbox-telefon-schwarz-2\/\" \/>\n<meta property=\"og:locale\" content=\"de_DE\" \/>\n<meta property=\"og:type\" content=\"article\" \/>\n<meta property=\"og:title\" content=\"ARZOPA Portable Monitor, 15.6 Zoll Tragbarer Monitor, 1920x1080 Full HD, 100% SRGB IPS Externer Mobiler Bildschirm mit\u2026 - Markt-XXL\" \/>\n<meta property=\"og:description\" content=\"Markt-XXL ARZOPA Portable Monitor, 15.6 Zoll Tragbarer Monitor, 1920x1080 Full HD, 100% SRGB IPS Externer Mobiler Bildschirm mit\u2026\" \/>\n<meta property=\"og:url\" content=\"https:\/\/marktxxl.de\/markt\/produkt\/portable-monitor-arzopa-15-6-zoll-tragbarer-monitor-1920x1080-full-hd-100-srgb-ips-externer-mobiler-bildschirm-mit-hdmi-typ-c-usb-c-fuer-laptop-pc-mac-ps4-xbox-telefon-schwarz-2\/\" \/>\n<meta property=\"og:site_name\" content=\"Markt-XXL\" \/>\n<meta property=\"article:modified_time\" content=\"2023-04-11T00:51:23+00:00\" \/>\n<meta property=\"og:image\" content=\"https:\/\/m.media-amazon.com\/images\/I\/51-mILbgqpS._SL500_.jpg\" \/>\n\t<meta property=\"og:image:width\" content=\"500\" \/>\n\t<meta property=\"og:image:height\" content=\"500\" \/>\n\t<meta property=\"og:image:type\" content=\"image\/jpeg\" \/>\n<meta name=\"twitter:card\" content=\"summary_large_image\" \/>\n<meta name=\"twitter:label1\" content=\"Gesch\u00e4tzte Lesezeit\" \/>\n\t<meta name=\"twitter:data1\" content=\"1\u00a0Minute\" \/>\n<script type=\"application\/ld+json\" class=\"yoast-schema-graph\">{\"@context\":\"https:\\\/\\\/schema.org\",\"@graph\":[{\"@type\":\"WebPage\",\"@id\":\"https:\\\/\\\/marktxxl.de\\\/markt\\\/produkt\\\/portable-monitor-arzopa-15-6-zoll-tragbarer-monitor-1920x1080-full-hd-100-srgb-ips-externer-mobiler-bildschirm-mit-hdmi-typ-c-usb-c-fuer-laptop-pc-mac-ps4-xbox-telefon-schwarz-2\\\/\",\"url\":\"https:\\\/\\\/marktxxl.de\\\/markt\\\/produkt\\\/portable-monitor-arzopa-15-6-zoll-tragbarer-monitor-1920x1080-full-hd-100-srgb-ips-externer-mobiler-bildschirm-mit-hdmi-typ-c-usb-c-fuer-laptop-pc-mac-ps4-xbox-telefon-schwarz-2\\\/\",\"name\":\"ARZOPA Portable Monitor, 15.6 Zoll Tragbarer Monitor, 1920x1080 Full HD, 100% SRGB IPS Externer Mobiler Bildschirm mit\u2026 - Markt-XXL\",\"isPartOf\":{\"@id\":\"https:\\\/\\\/marktxxl.de\\\/markt\\\/#website\"},\"primaryImageOfPage\":{\"@id\":\"https:\\\/\\\/marktxxl.de\\\/markt\\\/produkt\\\/portable-monitor-arzopa-15-6-zoll-tragbarer-monitor-1920x1080-full-hd-100-srgb-ips-externer-mobiler-bildschirm-mit-hdmi-typ-c-usb-c-fuer-laptop-pc-mac-ps4-xbox-telefon-schwarz-2\\\/#primaryimage\"},\"image\":{\"@id\":\"https:\\\/\\\/marktxxl.de\\\/markt\\\/produkt\\\/portable-monitor-arzopa-15-6-zoll-tragbarer-monitor-1920x1080-full-hd-100-srgb-ips-externer-mobiler-bildschirm-mit-hdmi-typ-c-usb-c-fuer-laptop-pc-mac-ps4-xbox-telefon-schwarz-2\\\/#primaryimage\"},\"thumbnailUrl\":\"https:\\\/\\\/m.media-amazon.com\\\/images\\\/I\\\/51-mILbgqpS._SL500_.jpg\",\"datePublished\":\"2021-11-25T13:57:45+00:00\",\"dateModified\":\"2023-04-11T00:51:23+00:00\",\"description\":\"Markt-XXL ARZOPA Portable Monitor, 15.6 Zoll Tragbarer Monitor, 1920x1080 Full HD, 100% SRGB IPS Externer Mobiler Bildschirm mit\u2026\",\"breadcrumb\":{\"@id\":\"https:\\\/\\\/marktxxl.de\\\/markt\\\/produkt\\\/portable-monitor-arzopa-15-6-zoll-tragbarer-monitor-1920x1080-full-hd-100-srgb-ips-externer-mobiler-bildschirm-mit-hdmi-typ-c-usb-c-fuer-laptop-pc-mac-ps4-xbox-telefon-schwarz-2\\\/#breadcrumb\"},\"inLanguage\":\"de\",\"potentialAction\":[{\"@type\":\"ReadAction\",\"target\":[\"https:\\\/\\\/marktxxl.de\\\/markt\\\/produkt\\\/portable-monitor-arzopa-15-6-zoll-tragbarer-monitor-1920x1080-full-hd-100-srgb-ips-externer-mobiler-bildschirm-mit-hdmi-typ-c-usb-c-fuer-laptop-pc-mac-ps4-xbox-telefon-schwarz-2\\\/\"]}]},{\"@type\":\"ImageObject\",\"inLanguage\":\"de\",\"@id\":\"https:\\\/\\\/marktxxl.de\\\/markt\\\/produkt\\\/portable-monitor-arzopa-15-6-zoll-tragbarer-monitor-1920x1080-full-hd-100-srgb-ips-externer-mobiler-bildschirm-mit-hdmi-typ-c-usb-c-fuer-laptop-pc-mac-ps4-xbox-telefon-schwarz-2\\\/#primaryimage\",\"url\":\"https:\\\/\\\/m.media-amazon.com\\\/images\\\/I\\\/51-mILbgqpS._SL500_.jpg\",\"contentUrl\":\"https:\\\/\\\/m.media-amazon.com\\\/images\\\/I\\\/51-mILbgqpS._SL500_.jpg\",\"width\":500,\"height\":500},{\"@type\":\"BreadcrumbList\",\"@id\":\"https:\\\/\\\/marktxxl.de\\\/markt\\\/produkt\\\/portable-monitor-arzopa-15-6-zoll-tragbarer-monitor-1920x1080-full-hd-100-srgb-ips-externer-mobiler-bildschirm-mit-hdmi-typ-c-usb-c-fuer-laptop-pc-mac-ps4-xbox-telefon-schwarz-2\\\/#breadcrumb\",\"itemListElement\":[{\"@type\":\"ListItem\",\"position\":1,\"name\":\"Startseite\",\"item\":\"https:\\\/\\\/marktxxl.de\\\/markt\\\/\"},{\"@type\":\"ListItem\",\"position\":2,\"name\":\"Markt\",\"item\":\"https:\\\/\\\/marktxxl.de\\\/markt\\\/\"},{\"@type\":\"ListItem\",\"position\":3,\"name\":\"ARZOPA Portable Monitor, 15.6 Zoll Tragbarer Monitor, 1920&#215;1080 Full HD, 100% SRGB IPS Externer Mobiler Bildschirm mit\u2026\"}]},{\"@type\":\"WebSite\",\"@id\":\"https:\\\/\\\/marktxxl.de\\\/markt\\\/#website\",\"url\":\"https:\\\/\\\/marktxxl.de\\\/markt\\\/\",\"name\":\"Markt-XXL\",\"description\":\"Ihr Markt Online\",\"publisher\":{\"@id\":\"https:\\\/\\\/marktxxl.de\\\/markt\\\/#organization\"},\"potentialAction\":[{\"@type\":\"SearchAction\",\"target\":{\"@type\":\"EntryPoint\",\"urlTemplate\":\"https:\\\/\\\/marktxxl.de\\\/markt\\\/?s={search_term_string}\"},\"query-input\":{\"@type\":\"PropertyValueSpecification\",\"valueRequired\":true,\"valueName\":\"search_term_string\"}}],\"inLanguage\":\"de\"},{\"@type\":\"Organization\",\"@id\":\"https:\\\/\\\/marktxxl.de\\\/markt\\\/#organization\",\"name\":\"Markt-XXL\",\"url\":\"https:\\\/\\\/marktxxl.de\\\/markt\\\/\",\"logo\":{\"@type\":\"ImageObject\",\"inLanguage\":\"de\",\"@id\":\"https:\\\/\\\/marktxxl.de\\\/markt\\\/#\\\/schema\\\/logo\\\/image\\\/\",\"url\":\"https:\\\/\\\/marktxxl.de\\\/markt\\\/wp-content\\\/uploads\\\/sites\\\/3\\\/2020\\\/12\\\/logo.png\",\"contentUrl\":\"https:\\\/\\\/marktxxl.de\\\/markt\\\/wp-content\\\/uploads\\\/sites\\\/3\\\/2020\\\/12\\\/logo.png\",\"width\":200,\"height\":70,\"caption\":\"Markt-XXL\"},\"image\":{\"@id\":\"https:\\\/\\\/marktxxl.de\\\/markt\\\/#\\\/schema\\\/logo\\\/image\\\/\"}}]}<\/script>\n<!-- \/ Yoast SEO plugin. -->","yoast_head_json":{"title":"ARZOPA Portable Monitor, 15.6 Zoll Tragbarer Monitor, 1920x1080 Full HD, 100% SRGB IPS Externer Mobiler Bildschirm mit\u2026 - Markt-XXL","description":"Markt-XXL ARZOPA Portable Monitor, 15.6 Zoll Tragbarer Monitor, 1920x1080 Full HD, 100% SRGB IPS Externer Mobiler Bildschirm mit\u2026","robots":{"index":"index","follow":"follow","max-snippet":"max-snippet:-1","max-image-preview":"max-image-preview:large","max-video-preview":"max-video-preview:-1"},"canonical":"https:\/\/marktxxl.de\/markt\/produkt\/portable-monitor-arzopa-15-6-zoll-tragbarer-monitor-1920x1080-full-hd-100-srgb-ips-externer-mobiler-bildschirm-mit-hdmi-typ-c-usb-c-fuer-laptop-pc-mac-ps4-xbox-telefon-schwarz-2\/","og_locale":"de_DE","og_type":"article","og_title":"ARZOPA Portable Monitor, 15.6 Zoll Tragbarer Monitor, 1920x1080 Full HD, 100% SRGB IPS Externer Mobiler Bildschirm mit\u2026 - Markt-XXL","og_description":"Markt-XXL ARZOPA Portable Monitor, 15.6 Zoll Tragbarer Monitor, 1920x1080 Full HD, 100% SRGB IPS Externer Mobiler Bildschirm mit\u2026","og_url":"https:\/\/marktxxl.de\/markt\/produkt\/portable-monitor-arzopa-15-6-zoll-tragbarer-monitor-1920x1080-full-hd-100-srgb-ips-externer-mobiler-bildschirm-mit-hdmi-typ-c-usb-c-fuer-laptop-pc-mac-ps4-xbox-telefon-schwarz-2\/","og_site_name":"Markt-XXL","article_modified_time":"2023-04-11T00:51:23+00:00","og_image":[{"width":500,"height":500,"url":"https:\/\/m.media-amazon.com\/images\/I\/51-mILbgqpS._SL500_.jpg","type":"image\/jpeg"}],"twitter_card":"summary_large_image","twitter_misc":{"Gesch\u00e4tzte Lesezeit":"1\u00a0Minute"},"schema":{"@context":"https:\/\/schema.org","@graph":[{"@type":"WebPage","@id":"https:\/\/marktxxl.de\/markt\/produkt\/portable-monitor-arzopa-15-6-zoll-tragbarer-monitor-1920x1080-full-hd-100-srgb-ips-externer-mobiler-bildschirm-mit-hdmi-typ-c-usb-c-fuer-laptop-pc-mac-ps4-xbox-telefon-schwarz-2\/","url":"https:\/\/marktxxl.de\/markt\/produkt\/portable-monitor-arzopa-15-6-zoll-tragbarer-monitor-1920x1080-full-hd-100-srgb-ips-externer-mobiler-bildschirm-mit-hdmi-typ-c-usb-c-fuer-laptop-pc-mac-ps4-xbox-telefon-schwarz-2\/","name":"ARZOPA Portable Monitor, 15.6 Zoll Tragbarer Monitor, 1920x1080 Full HD, 100% SRGB IPS Externer Mobiler Bildschirm mit\u2026 - Markt-XXL","isPartOf":{"@id":"https:\/\/marktxxl.de\/markt\/#website"},"primaryImageOfPage":{"@id":"https:\/\/marktxxl.de\/markt\/produkt\/portable-monitor-arzopa-15-6-zoll-tragbarer-monitor-1920x1080-full-hd-100-srgb-ips-externer-mobiler-bildschirm-mit-hdmi-typ-c-usb-c-fuer-laptop-pc-mac-ps4-xbox-telefon-schwarz-2\/#primaryimage"},"image":{"@id":"https:\/\/marktxxl.de\/markt\/produkt\/portable-monitor-arzopa-15-6-zoll-tragbarer-monitor-1920x1080-full-hd-100-srgb-ips-externer-mobiler-bildschirm-mit-hdmi-typ-c-usb-c-fuer-laptop-pc-mac-ps4-xbox-telefon-schwarz-2\/#primaryimage"},"thumbnailUrl":"https:\/\/m.media-amazon.com\/images\/I\/51-mILbgqpS._SL500_.jpg","datePublished":"2021-11-25T13:57:45+00:00","dateModified":"2023-04-11T00:51:23+00:00","description":"Markt-XXL ARZOPA Portable Monitor, 15.6 Zoll Tragbarer Monitor, 1920x1080 Full HD, 100% SRGB IPS Externer Mobiler Bildschirm mit\u2026","breadcrumb":{"@id":"https:\/\/marktxxl.de\/markt\/produkt\/portable-monitor-arzopa-15-6-zoll-tragbarer-monitor-1920x1080-full-hd-100-srgb-ips-externer-mobiler-bildschirm-mit-hdmi-typ-c-usb-c-fuer-laptop-pc-mac-ps4-xbox-telefon-schwarz-2\/#breadcrumb"},"inLanguage":"de","potentialAction":[{"@type":"ReadAction","target":["https:\/\/marktxxl.de\/markt\/produkt\/portable-monitor-arzopa-15-6-zoll-tragbarer-monitor-1920x1080-full-hd-100-srgb-ips-externer-mobiler-bildschirm-mit-hdmi-typ-c-usb-c-fuer-laptop-pc-mac-ps4-xbox-telefon-schwarz-2\/"]}]},{"@type":"ImageObject","inLanguage":"de","@id":"https:\/\/marktxxl.de\/markt\/produkt\/portable-monitor-arzopa-15-6-zoll-tragbarer-monitor-1920x1080-full-hd-100-srgb-ips-externer-mobiler-bildschirm-mit-hdmi-typ-c-usb-c-fuer-laptop-pc-mac-ps4-xbox-telefon-schwarz-2\/#primaryimage","url":"https:\/\/m.media-amazon.com\/images\/I\/51-mILbgqpS._SL500_.jpg","contentUrl":"https:\/\/m.media-amazon.com\/images\/I\/51-mILbgqpS._SL500_.jpg","width":500,"height":500},{"@type":"BreadcrumbList","@id":"https:\/\/marktxxl.de\/markt\/produkt\/portable-monitor-arzopa-15-6-zoll-tragbarer-monitor-1920x1080-full-hd-100-srgb-ips-externer-mobiler-bildschirm-mit-hdmi-typ-c-usb-c-fuer-laptop-pc-mac-ps4-xbox-telefon-schwarz-2\/#breadcrumb","itemListElement":[{"@type":"ListItem","position":1,"name":"Startseite","item":"https:\/\/marktxxl.de\/markt\/"},{"@type":"ListItem","position":2,"name":"Markt","item":"https:\/\/marktxxl.de\/markt\/"},{"@type":"ListItem","position":3,"name":"ARZOPA Portable Monitor, 15.6 Zoll Tragbarer Monitor, 1920&#215;1080 Full HD, 100% SRGB IPS Externer Mobiler Bildschirm mit\u2026"}]},{"@type":"WebSite","@id":"https:\/\/marktxxl.de\/markt\/#website","url":"https:\/\/marktxxl.de\/markt\/","name":"Markt-XXL","description":"Ihr Markt Online","publisher":{"@id":"https:\/\/marktxxl.de\/markt\/#organization"},"potentialAction":[{"@type":"SearchAction","target":{"@type":"EntryPoint","urlTemplate":"https:\/\/marktxxl.de\/markt\/?s={search_term_string}"},"query-input":{"@type":"PropertyValueSpecification","valueRequired":true,"valueName":"search_term_string"}}],"inLanguage":"de"},{"@type":"Organization","@id":"https:\/\/marktxxl.de\/markt\/#organization","name":"Markt-XXL","url":"https:\/\/marktxxl.de\/markt\/","logo":{"@type":"ImageObject","inLanguage":"de","@id":"https:\/\/marktxxl.de\/markt\/#\/schema\/logo\/image\/","url":"https:\/\/marktxxl.de\/markt\/wp-content\/uploads\/sites\/3\/2020\/12\/logo.png","contentUrl":"https:\/\/marktxxl.de\/markt\/wp-content\/uploads\/sites\/3\/2020\/12\/logo.png","width":200,"height":70,"caption":"Markt-XXL"},"image":{"@id":"https:\/\/marktxxl.de\/markt\/#\/schema\/logo\/image\/"}}]}},"_links":{"self":[{"href":"https:\/\/marktxxl.de\/markt\/wp-json\/wp\/v2\/product\/76954","targetHints":{"allow":["GET"]}}],"collection":[{"href":"https:\/\/marktxxl.de\/markt\/wp-json\/wp\/v2\/product"}],"about":[{"href":"https:\/\/marktxxl.de\/markt\/wp-json\/wp\/v2\/types\/product"}],"replies":[{"embeddable":true,"href":"https:\/\/marktxxl.de\/markt\/wp-json\/wp\/v2\/comments?post=76954"}],"wp:featuredmedia":[{"embeddable":true,"href":"https:\/\/marktxxl.de\/markt\/wp-json\/wp\/v2\/media\/76955"}],"wp:attachment":[{"href":"https:\/\/marktxxl.de\/markt\/wp-json\/wp\/v2\/media?parent=76954"}],"wp:term":[{"taxonomy":"product_brand","embeddable":true,"href":"https:\/\/marktxxl.de\/markt\/wp-json\/wp\/v2\/product_brand?post=76954"},{"taxonomy":"product_cat","embeddable":true,"href":"https:\/\/marktxxl.de\/markt\/wp-json\/wp\/v2\/product_cat?post=76954"},{"taxonomy":"product_tag","embeddable":true,"href":"https:\/\/marktxxl.de\/markt\/wp-json\/wp\/v2\/product_tag?post=76954"}],"curies":[{"name":"wp","href":"https:\/\/api.w.org\/{rel}","templated":true}]}}