{"id":76406,"date":"2021-11-25T14:36:24","date_gmt":"2021-11-25T13:36:24","guid":{"rendered":"https:\/\/marktxxl.de\/markt\/produkt\/kabeldirekt-2-m-displayport-kabel-dp-1-4-vesa-zertifiziert-8k-bei-60-hz-144-hz-hdr10-ideal-fuer-gaming-monitore-freesync-g-sync-offiziell-nach-vesa-richtlinien-get\/"},"modified":"2023-04-09T02:24:30","modified_gmt":"2023-04-09T00:24:30","slug":"kabeldirekt-2-m-displayport-kabel-dp-1-4-vesa-zertifiziert-8k-bei-60-hz-144-hz-hdr10-ideal-fuer-gaming-monitore-freesync-g-sync-offiziell-nach-vesa-richtlinien-get","status":"publish","type":"product","link":"https:\/\/marktxxl.de\/markt\/produkt\/kabeldirekt-2-m-displayport-kabel-dp-1-4-vesa-zertifiziert-8k-bei-60-hz-144-hz-hdr10-ideal-fuer-gaming-monitore-freesync-g-sync-offiziell-nach-vesa-richtlinien-get\/","title":{"rendered":"KabelDirekt \u2013 8K DisplayPort Kabel &amp; DP Kabel, mit spezieller A.I.S. Schirmung &amp; offizieller VESA Zertifizierung \u2013 2 m\u2026"},"content":{"rendered":"<p>Das DP-Kabel (Stecker auf Stecker) passt an alle Monitore\/Bildschirme, Beamer\/Projektoren und PC-Grafikkarten mit DisplayPort-Anschluss. Es ist vollst\u00e4ndig kompatibel zu den DP-Standards 1.4, 1.3 und 1.2<br \/>\nH\u00f6chste Leistung f\u00fcr h\u00f6chste Anspr\u00fcche: Dank einer Bandbreite von 32,4 Gbit\/s (HBR3) sind Aufl\u00f6sungen von bis zu 8K (7680\u00d74320) bei 60 Hz, Frequenzen von bis zu 144 Hz oder gar 240 Hz sowie 7.1-Surround-Audiosignale m\u00f6glich<br \/>\nDas Kabel ist besonders hochwertig verarbeitet und abgeschirmt. Es erf\u00fcllt zudem die hohen Anspr\u00fcche der Richtlinien des DisplayPort-Standards 1.4 und ist offiziell durch die VESA zertifiziert<br \/>\n36 Monate Herstellergarantie. Ihre gesetzlichen Gew\u00e4hrleistungsrechte bleiben hiervon unber\u00fchrt (die vollst\u00e4ndigen Garantiebedingungen sind weiter unten auf der Produktdetailseite zu finden)<br \/>\nDa Pin Nr. 20 (gem\u00e4\u00df VESA-Spezifikation) unbelegt ist, besteht kein Kurzschlussrisiko. Weiteres Zubeh\u00f6r auf amazon.de\/kabeldirekt<br \/>\n<div class=\"main-cross-sell\" data-asin=\"B07HL336L2\">\n\n\t<div class=\"WooZone-cross-sell-loader\">\n\t\t<div>\n\t\t\t<div id=\"floatingBarsG\">\n\t\t\t\t<div class=\"blockG\" id=\"rotateG_01\"><\/div>\n\t\t\t\t<div class=\"blockG\" id=\"rotateG_02\"><\/div>\n\t\t\t\t<div class=\"blockG\" id=\"rotateG_03\"><\/div>\n\t\t\t\t<div class=\"blockG\" id=\"rotateG_04\"><\/div>\n\t\t\t\t<div class=\"blockG\" id=\"rotateG_05\"><\/div>\n\t\t\t\t<div class=\"blockG\" id=\"rotateG_06\"><\/div>\n\t\t\t\t<div class=\"blockG\" id=\"rotateG_07\"><\/div>\n\t\t\t\t<div class=\"blockG\" id=\"rotateG_08\"><\/div>\n\t\t\t<\/div>\n\t\t\t<div class=\"WooZone-cross-sell-loader-text\"><\/div>\n\t\t<\/div>\n\t<\/div>\n\n\t\t\n<\/div>\n<div style=\"clear:both;\"><\/div><\/p>\n","protected":false},"excerpt":{"rendered":"<p>Das DP-Kabel (Stecker auf Stecker) passt an alle Monitore\/Bildschirme, Beamer\/Projektoren und PC-Grafikkarten mit DisplayPort-Anschluss. Es ist vollst\u00e4ndig kompatibel zu den DP-Standards 1.4, 1.3 und 1.2<br \/>\nH\u00f6chste Leistung f\u00fcr h\u00f6chste Anspr\u00fcche: Dank einer Bandbreite von 32,4 Gbit\/s (HBR3) sind Aufl\u00f6sungen von bis zu 8K (7680\u00d74320) bei 60 Hz, Frequenzen von bis zu 144 Hz oder gar 240 Hz sowie 7.1-Surround-Audiosignale m\u00f6glich<br \/>\nDas Kabel ist besonders hochwertig verarbeitet und abgeschirmt. Es erf\u00fcllt zudem die hohen Anspr\u00fcche der Richtlinien des DisplayPort-Standards 1.4 und ist offiziell durch die VESA zertifiziert<\/p>\n","protected":false},"featured_media":76407,"comment_status":"open","ping_status":"closed","template":"","meta":[],"product_brand":[],"product_cat":[504,8284],"product_tag":[],"class_list":{"0":"post-76406","1":"product","2":"type-product","3":"status-publish","4":"has-post-thumbnail","6":"product_cat-buerobedarf-schreibwaren","7":"product_cat-bueromaterial","8":"pa_binding-zubehoer","9":"pa_brand-kabeldirekt","10":"pa_height-0-393700787-zoll","11":"pa_length-5-9842519624-zoll","12":"pa_manufacturer-kabeldirekt","13":"pa_model-25754","14":"pa_size-2m","15":"pa_weight-0-18298367746-pfund","16":"pa_width-5-9842519624-zoll","18":"first","19":"instock","20":"shipping-taxable","21":"purchasable","22":"product-type-simple","23":"customify-col","24":"product-has-gallery"},"yoast_head":"<!-- This site is optimized with the Yoast SEO plugin v27.3 - https:\/\/yoast.com\/product\/yoast-seo-wordpress\/ -->\n<title>KabelDirekt \u2013 8K DisplayPort Kabel &amp; DP Kabel, mit spezieller A.I.S. Schirmung &amp; offizieller VESA Zertifizierung \u2013 2 m\u2026 - Markt-XXL<\/title>\n<meta name=\"description\" content=\"Markt-XXL KabelDirekt \u2013 8K DisplayPort Kabel &amp; DP Kabel, mit spezieller A.I.S. Schirmung &amp; offizieller VESA Zertifizierung \u2013 2 m\u2026\" \/>\n<meta name=\"robots\" content=\"index, follow, max-snippet:-1, max-image-preview:large, max-video-preview:-1\" \/>\n<link rel=\"canonical\" href=\"https:\/\/marktxxl.de\/markt\/produkt\/kabeldirekt-2-m-displayport-kabel-dp-1-4-vesa-zertifiziert-8k-bei-60-hz-144-hz-hdr10-ideal-fuer-gaming-monitore-freesync-g-sync-offiziell-nach-vesa-richtlinien-get\/\" \/>\n<meta property=\"og:locale\" content=\"de_DE\" \/>\n<meta property=\"og:type\" content=\"article\" \/>\n<meta property=\"og:title\" content=\"KabelDirekt \u2013 8K DisplayPort Kabel &amp; DP Kabel, mit spezieller A.I.S. Schirmung &amp; offizieller VESA Zertifizierung \u2013 2 m\u2026 - Markt-XXL\" \/>\n<meta property=\"og:description\" content=\"Markt-XXL KabelDirekt \u2013 8K DisplayPort Kabel &amp; DP Kabel, mit spezieller A.I.S. Schirmung &amp; offizieller VESA Zertifizierung \u2013 2 m\u2026\" \/>\n<meta property=\"og:url\" content=\"https:\/\/marktxxl.de\/markt\/produkt\/kabeldirekt-2-m-displayport-kabel-dp-1-4-vesa-zertifiziert-8k-bei-60-hz-144-hz-hdr10-ideal-fuer-gaming-monitore-freesync-g-sync-offiziell-nach-vesa-richtlinien-get\/\" \/>\n<meta property=\"og:site_name\" content=\"Markt-XXL\" \/>\n<meta property=\"article:modified_time\" content=\"2023-04-09T00:24:30+00:00\" \/>\n<meta property=\"og:image\" content=\"https:\/\/m.media-amazon.com\/images\/I\/41XnssjnMpL._SL500_.jpg\" \/>\n\t<meta property=\"og:image:width\" content=\"500\" \/>\n\t<meta property=\"og:image:height\" content=\"500\" \/>\n\t<meta property=\"og:image:type\" content=\"image\/jpeg\" \/>\n<meta name=\"twitter:card\" content=\"summary_large_image\" \/>\n<meta name=\"twitter:label1\" content=\"Gesch\u00e4tzte Lesezeit\" \/>\n\t<meta name=\"twitter:data1\" content=\"1\u00a0Minute\" \/>\n<script type=\"application\/ld+json\" class=\"yoast-schema-graph\">{\"@context\":\"https:\\\/\\\/schema.org\",\"@graph\":[{\"@type\":\"WebPage\",\"@id\":\"https:\\\/\\\/marktxxl.de\\\/markt\\\/produkt\\\/kabeldirekt-2-m-displayport-kabel-dp-1-4-vesa-zertifiziert-8k-bei-60-hz-144-hz-hdr10-ideal-fuer-gaming-monitore-freesync-g-sync-offiziell-nach-vesa-richtlinien-get\\\/\",\"url\":\"https:\\\/\\\/marktxxl.de\\\/markt\\\/produkt\\\/kabeldirekt-2-m-displayport-kabel-dp-1-4-vesa-zertifiziert-8k-bei-60-hz-144-hz-hdr10-ideal-fuer-gaming-monitore-freesync-g-sync-offiziell-nach-vesa-richtlinien-get\\\/\",\"name\":\"KabelDirekt \u2013 8K DisplayPort Kabel &amp; DP Kabel, mit spezieller A.I.S. Schirmung &amp; offizieller VESA Zertifizierung \u2013 2 m\u2026 - Markt-XXL\",\"isPartOf\":{\"@id\":\"https:\\\/\\\/marktxxl.de\\\/markt\\\/#website\"},\"primaryImageOfPage\":{\"@id\":\"https:\\\/\\\/marktxxl.de\\\/markt\\\/produkt\\\/kabeldirekt-2-m-displayport-kabel-dp-1-4-vesa-zertifiziert-8k-bei-60-hz-144-hz-hdr10-ideal-fuer-gaming-monitore-freesync-g-sync-offiziell-nach-vesa-richtlinien-get\\\/#primaryimage\"},\"image\":{\"@id\":\"https:\\\/\\\/marktxxl.de\\\/markt\\\/produkt\\\/kabeldirekt-2-m-displayport-kabel-dp-1-4-vesa-zertifiziert-8k-bei-60-hz-144-hz-hdr10-ideal-fuer-gaming-monitore-freesync-g-sync-offiziell-nach-vesa-richtlinien-get\\\/#primaryimage\"},\"thumbnailUrl\":\"https:\\\/\\\/m.media-amazon.com\\\/images\\\/I\\\/41XnssjnMpL._SL500_.jpg\",\"datePublished\":\"2021-11-25T13:36:24+00:00\",\"dateModified\":\"2023-04-09T00:24:30+00:00\",\"description\":\"Markt-XXL KabelDirekt \u2013 8K DisplayPort Kabel &amp; DP Kabel, mit spezieller A.I.S. Schirmung &amp; offizieller VESA Zertifizierung \u2013 2 m\u2026\",\"breadcrumb\":{\"@id\":\"https:\\\/\\\/marktxxl.de\\\/markt\\\/produkt\\\/kabeldirekt-2-m-displayport-kabel-dp-1-4-vesa-zertifiziert-8k-bei-60-hz-144-hz-hdr10-ideal-fuer-gaming-monitore-freesync-g-sync-offiziell-nach-vesa-richtlinien-get\\\/#breadcrumb\"},\"inLanguage\":\"de\",\"potentialAction\":[{\"@type\":\"ReadAction\",\"target\":[\"https:\\\/\\\/marktxxl.de\\\/markt\\\/produkt\\\/kabeldirekt-2-m-displayport-kabel-dp-1-4-vesa-zertifiziert-8k-bei-60-hz-144-hz-hdr10-ideal-fuer-gaming-monitore-freesync-g-sync-offiziell-nach-vesa-richtlinien-get\\\/\"]}]},{\"@type\":\"ImageObject\",\"inLanguage\":\"de\",\"@id\":\"https:\\\/\\\/marktxxl.de\\\/markt\\\/produkt\\\/kabeldirekt-2-m-displayport-kabel-dp-1-4-vesa-zertifiziert-8k-bei-60-hz-144-hz-hdr10-ideal-fuer-gaming-monitore-freesync-g-sync-offiziell-nach-vesa-richtlinien-get\\\/#primaryimage\",\"url\":\"https:\\\/\\\/m.media-amazon.com\\\/images\\\/I\\\/41XnssjnMpL._SL500_.jpg\",\"contentUrl\":\"https:\\\/\\\/m.media-amazon.com\\\/images\\\/I\\\/41XnssjnMpL._SL500_.jpg\",\"width\":500,\"height\":500},{\"@type\":\"BreadcrumbList\",\"@id\":\"https:\\\/\\\/marktxxl.de\\\/markt\\\/produkt\\\/kabeldirekt-2-m-displayport-kabel-dp-1-4-vesa-zertifiziert-8k-bei-60-hz-144-hz-hdr10-ideal-fuer-gaming-monitore-freesync-g-sync-offiziell-nach-vesa-richtlinien-get\\\/#breadcrumb\",\"itemListElement\":[{\"@type\":\"ListItem\",\"position\":1,\"name\":\"Startseite\",\"item\":\"https:\\\/\\\/marktxxl.de\\\/markt\\\/\"},{\"@type\":\"ListItem\",\"position\":2,\"name\":\"Markt\",\"item\":\"https:\\\/\\\/marktxxl.de\\\/markt\\\/\"},{\"@type\":\"ListItem\",\"position\":3,\"name\":\"KabelDirekt \u2013 8K DisplayPort Kabel &amp; DP Kabel, mit spezieller A.I.S. Schirmung &amp; offizieller VESA Zertifizierung \u2013 2 m\u2026\"}]},{\"@type\":\"WebSite\",\"@id\":\"https:\\\/\\\/marktxxl.de\\\/markt\\\/#website\",\"url\":\"https:\\\/\\\/marktxxl.de\\\/markt\\\/\",\"name\":\"Markt-XXL\",\"description\":\"Ihr Markt Online\",\"publisher\":{\"@id\":\"https:\\\/\\\/marktxxl.de\\\/markt\\\/#organization\"},\"potentialAction\":[{\"@type\":\"SearchAction\",\"target\":{\"@type\":\"EntryPoint\",\"urlTemplate\":\"https:\\\/\\\/marktxxl.de\\\/markt\\\/?s={search_term_string}\"},\"query-input\":{\"@type\":\"PropertyValueSpecification\",\"valueRequired\":true,\"valueName\":\"search_term_string\"}}],\"inLanguage\":\"de\"},{\"@type\":\"Organization\",\"@id\":\"https:\\\/\\\/marktxxl.de\\\/markt\\\/#organization\",\"name\":\"Markt-XXL\",\"url\":\"https:\\\/\\\/marktxxl.de\\\/markt\\\/\",\"logo\":{\"@type\":\"ImageObject\",\"inLanguage\":\"de\",\"@id\":\"https:\\\/\\\/marktxxl.de\\\/markt\\\/#\\\/schema\\\/logo\\\/image\\\/\",\"url\":\"https:\\\/\\\/marktxxl.de\\\/markt\\\/wp-content\\\/uploads\\\/sites\\\/3\\\/2020\\\/12\\\/logo.png\",\"contentUrl\":\"https:\\\/\\\/marktxxl.de\\\/markt\\\/wp-content\\\/uploads\\\/sites\\\/3\\\/2020\\\/12\\\/logo.png\",\"width\":200,\"height\":70,\"caption\":\"Markt-XXL\"},\"image\":{\"@id\":\"https:\\\/\\\/marktxxl.de\\\/markt\\\/#\\\/schema\\\/logo\\\/image\\\/\"}}]}<\/script>\n<!-- \/ Yoast SEO plugin. -->","yoast_head_json":{"title":"KabelDirekt \u2013 8K DisplayPort Kabel &amp; DP Kabel, mit spezieller A.I.S. Schirmung &amp; offizieller VESA Zertifizierung \u2013 2 m\u2026 - Markt-XXL","description":"Markt-XXL KabelDirekt \u2013 8K DisplayPort Kabel &amp; DP Kabel, mit spezieller A.I.S. Schirmung &amp; offizieller VESA Zertifizierung \u2013 2 m\u2026","robots":{"index":"index","follow":"follow","max-snippet":"max-snippet:-1","max-image-preview":"max-image-preview:large","max-video-preview":"max-video-preview:-1"},"canonical":"https:\/\/marktxxl.de\/markt\/produkt\/kabeldirekt-2-m-displayport-kabel-dp-1-4-vesa-zertifiziert-8k-bei-60-hz-144-hz-hdr10-ideal-fuer-gaming-monitore-freesync-g-sync-offiziell-nach-vesa-richtlinien-get\/","og_locale":"de_DE","og_type":"article","og_title":"KabelDirekt \u2013 8K DisplayPort Kabel &amp; DP Kabel, mit spezieller A.I.S. Schirmung &amp; offizieller VESA Zertifizierung \u2013 2 m\u2026 - Markt-XXL","og_description":"Markt-XXL KabelDirekt \u2013 8K DisplayPort Kabel &amp; DP Kabel, mit spezieller A.I.S. Schirmung &amp; offizieller VESA Zertifizierung \u2013 2 m\u2026","og_url":"https:\/\/marktxxl.de\/markt\/produkt\/kabeldirekt-2-m-displayport-kabel-dp-1-4-vesa-zertifiziert-8k-bei-60-hz-144-hz-hdr10-ideal-fuer-gaming-monitore-freesync-g-sync-offiziell-nach-vesa-richtlinien-get\/","og_site_name":"Markt-XXL","article_modified_time":"2023-04-09T00:24:30+00:00","og_image":[{"width":500,"height":500,"url":"https:\/\/m.media-amazon.com\/images\/I\/41XnssjnMpL._SL500_.jpg","type":"image\/jpeg"}],"twitter_card":"summary_large_image","twitter_misc":{"Gesch\u00e4tzte Lesezeit":"1\u00a0Minute"},"schema":{"@context":"https:\/\/schema.org","@graph":[{"@type":"WebPage","@id":"https:\/\/marktxxl.de\/markt\/produkt\/kabeldirekt-2-m-displayport-kabel-dp-1-4-vesa-zertifiziert-8k-bei-60-hz-144-hz-hdr10-ideal-fuer-gaming-monitore-freesync-g-sync-offiziell-nach-vesa-richtlinien-get\/","url":"https:\/\/marktxxl.de\/markt\/produkt\/kabeldirekt-2-m-displayport-kabel-dp-1-4-vesa-zertifiziert-8k-bei-60-hz-144-hz-hdr10-ideal-fuer-gaming-monitore-freesync-g-sync-offiziell-nach-vesa-richtlinien-get\/","name":"KabelDirekt \u2013 8K DisplayPort Kabel &amp; DP Kabel, mit spezieller A.I.S. Schirmung &amp; offizieller VESA Zertifizierung \u2013 2 m\u2026 - Markt-XXL","isPartOf":{"@id":"https:\/\/marktxxl.de\/markt\/#website"},"primaryImageOfPage":{"@id":"https:\/\/marktxxl.de\/markt\/produkt\/kabeldirekt-2-m-displayport-kabel-dp-1-4-vesa-zertifiziert-8k-bei-60-hz-144-hz-hdr10-ideal-fuer-gaming-monitore-freesync-g-sync-offiziell-nach-vesa-richtlinien-get\/#primaryimage"},"image":{"@id":"https:\/\/marktxxl.de\/markt\/produkt\/kabeldirekt-2-m-displayport-kabel-dp-1-4-vesa-zertifiziert-8k-bei-60-hz-144-hz-hdr10-ideal-fuer-gaming-monitore-freesync-g-sync-offiziell-nach-vesa-richtlinien-get\/#primaryimage"},"thumbnailUrl":"https:\/\/m.media-amazon.com\/images\/I\/41XnssjnMpL._SL500_.jpg","datePublished":"2021-11-25T13:36:24+00:00","dateModified":"2023-04-09T00:24:30+00:00","description":"Markt-XXL KabelDirekt \u2013 8K DisplayPort Kabel &amp; DP Kabel, mit spezieller A.I.S. Schirmung &amp; offizieller VESA Zertifizierung \u2013 2 m\u2026","breadcrumb":{"@id":"https:\/\/marktxxl.de\/markt\/produkt\/kabeldirekt-2-m-displayport-kabel-dp-1-4-vesa-zertifiziert-8k-bei-60-hz-144-hz-hdr10-ideal-fuer-gaming-monitore-freesync-g-sync-offiziell-nach-vesa-richtlinien-get\/#breadcrumb"},"inLanguage":"de","potentialAction":[{"@type":"ReadAction","target":["https:\/\/marktxxl.de\/markt\/produkt\/kabeldirekt-2-m-displayport-kabel-dp-1-4-vesa-zertifiziert-8k-bei-60-hz-144-hz-hdr10-ideal-fuer-gaming-monitore-freesync-g-sync-offiziell-nach-vesa-richtlinien-get\/"]}]},{"@type":"ImageObject","inLanguage":"de","@id":"https:\/\/marktxxl.de\/markt\/produkt\/kabeldirekt-2-m-displayport-kabel-dp-1-4-vesa-zertifiziert-8k-bei-60-hz-144-hz-hdr10-ideal-fuer-gaming-monitore-freesync-g-sync-offiziell-nach-vesa-richtlinien-get\/#primaryimage","url":"https:\/\/m.media-amazon.com\/images\/I\/41XnssjnMpL._SL500_.jpg","contentUrl":"https:\/\/m.media-amazon.com\/images\/I\/41XnssjnMpL._SL500_.jpg","width":500,"height":500},{"@type":"BreadcrumbList","@id":"https:\/\/marktxxl.de\/markt\/produkt\/kabeldirekt-2-m-displayport-kabel-dp-1-4-vesa-zertifiziert-8k-bei-60-hz-144-hz-hdr10-ideal-fuer-gaming-monitore-freesync-g-sync-offiziell-nach-vesa-richtlinien-get\/#breadcrumb","itemListElement":[{"@type":"ListItem","position":1,"name":"Startseite","item":"https:\/\/marktxxl.de\/markt\/"},{"@type":"ListItem","position":2,"name":"Markt","item":"https:\/\/marktxxl.de\/markt\/"},{"@type":"ListItem","position":3,"name":"KabelDirekt \u2013 8K DisplayPort Kabel &amp; DP Kabel, mit spezieller A.I.S. Schirmung &amp; offizieller VESA Zertifizierung \u2013 2 m\u2026"}]},{"@type":"WebSite","@id":"https:\/\/marktxxl.de\/markt\/#website","url":"https:\/\/marktxxl.de\/markt\/","name":"Markt-XXL","description":"Ihr Markt Online","publisher":{"@id":"https:\/\/marktxxl.de\/markt\/#organization"},"potentialAction":[{"@type":"SearchAction","target":{"@type":"EntryPoint","urlTemplate":"https:\/\/marktxxl.de\/markt\/?s={search_term_string}"},"query-input":{"@type":"PropertyValueSpecification","valueRequired":true,"valueName":"search_term_string"}}],"inLanguage":"de"},{"@type":"Organization","@id":"https:\/\/marktxxl.de\/markt\/#organization","name":"Markt-XXL","url":"https:\/\/marktxxl.de\/markt\/","logo":{"@type":"ImageObject","inLanguage":"de","@id":"https:\/\/marktxxl.de\/markt\/#\/schema\/logo\/image\/","url":"https:\/\/marktxxl.de\/markt\/wp-content\/uploads\/sites\/3\/2020\/12\/logo.png","contentUrl":"https:\/\/marktxxl.de\/markt\/wp-content\/uploads\/sites\/3\/2020\/12\/logo.png","width":200,"height":70,"caption":"Markt-XXL"},"image":{"@id":"https:\/\/marktxxl.de\/markt\/#\/schema\/logo\/image\/"}}]}},"_links":{"self":[{"href":"https:\/\/marktxxl.de\/markt\/wp-json\/wp\/v2\/product\/76406","targetHints":{"allow":["GET"]}}],"collection":[{"href":"https:\/\/marktxxl.de\/markt\/wp-json\/wp\/v2\/product"}],"about":[{"href":"https:\/\/marktxxl.de\/markt\/wp-json\/wp\/v2\/types\/product"}],"replies":[{"embeddable":true,"href":"https:\/\/marktxxl.de\/markt\/wp-json\/wp\/v2\/comments?post=76406"}],"wp:featuredmedia":[{"embeddable":true,"href":"https:\/\/marktxxl.de\/markt\/wp-json\/wp\/v2\/media\/76407"}],"wp:attachment":[{"href":"https:\/\/marktxxl.de\/markt\/wp-json\/wp\/v2\/media?parent=76406"}],"wp:term":[{"taxonomy":"product_brand","embeddable":true,"href":"https:\/\/marktxxl.de\/markt\/wp-json\/wp\/v2\/product_brand?post=76406"},{"taxonomy":"product_cat","embeddable":true,"href":"https:\/\/marktxxl.de\/markt\/wp-json\/wp\/v2\/product_cat?post=76406"},{"taxonomy":"product_tag","embeddable":true,"href":"https:\/\/marktxxl.de\/markt\/wp-json\/wp\/v2\/product_tag?post=76406"}],"curies":[{"name":"wp","href":"https:\/\/api.w.org\/{rel}","templated":true}]}}