{"id":76151,"date":"2021-11-25T14:27:12","date_gmt":"2021-11-25T13:27:12","guid":{"rendered":"https:\/\/marktxxl.de\/markt\/produkt\/the-quilted-bear-rotierende-schneidematte-305-x-305-cm-quadratisch-selbstheilend-360-drehbare-schneidematte-mit-innovativem-verriegelungsmechanismus-zum-quilten-naehen-farbe-w\/"},"modified":"2023-04-09T02:24:26","modified_gmt":"2023-04-09T00:24:26","slug":"the-quilted-bear-rotierende-schneidematte-305-x-305-cm-quadratisch-selbstheilend-360-drehbare-schneidematte-mit-innovativem-verriegelungsmechanismus-zum-quilten-naehen-farbe-w","status":"publish","type":"product","link":"https:\/\/marktxxl.de\/markt\/produkt\/the-quilted-bear-rotierende-schneidematte-305-x-305-cm-quadratisch-selbstheilend-360-drehbare-schneidematte-mit-innovativem-verriegelungsmechanismus-zum-quilten-naehen-farbe-w\/","title":{"rendered":"The Quilted Bear Rotierende Schneidematte 30,5 x 30,5 cm &#8211; Quadratisch selbstheilend 360\u00b0 drehbare Schneidematte mit\u2026"},"content":{"rendered":"<p>Verabschieden Sie sich von Verformungen. Wenn Sie noch keine drehbare Schneidematte ausprobiert haben, verpassen Sie das. Die rotierende Matte l\u00e4sst sich um 360 Grad drehen, um Ihnen Zugang zu allen Seiten des Stoffes zu erm\u00f6glichen.<br \/>\nCleveres innovatives Verriegelungsdesign bedeutet, dass Sie die Matte in Position halten k\u00f6nnen, um zu verhindern, dass sie sich dreht. Damit k\u00f6nnen Sie die Matte als herk\u00f6mmliche Drehschneidematte verwenden, wenn eine Rotation nicht ben\u00f6tigt wird.<br \/>\nEine vollkommen selbstheilende Schneidematte, was bedeutet, dass Flecken und Kratzer von Rollschneidern die Oberfl\u00e4che der Quilting-Schneidematte nicht verunstern. Perfekt f\u00fcr Menschen, die viel Zeit mit dem Schneiden verbringen.<br \/>\nDie Bodenmatte verf\u00fcgt \u00fcber ein Anti-Rutsch-Design, um zu verhindern, dass die Matte beim Drehen oder Schneiden von Ihnen rutscht, um sicherzustellen, dass Sie jederzeit maximale Pr\u00e4zision und Genauigkeit haben.<br \/>\nDie 30,5 x 30,5 cm gro\u00dfe Schneidematte ist in 3 verschiedenen Farben erh\u00e4ltlich, mit abgewinkelten Markierungen in 30, 45 und 60 \u00b0-Winkel, um das Schneiden von Stoffformen zu erleichtern.<br \/>\n<div class=\"main-cross-sell\" data-asin=\"B081261M3P\">\n\n\t<div class=\"WooZone-cross-sell-loader\">\n\t\t<div>\n\t\t\t<div id=\"floatingBarsG\">\n\t\t\t\t<div class=\"blockG\" id=\"rotateG_01\"><\/div>\n\t\t\t\t<div class=\"blockG\" id=\"rotateG_02\"><\/div>\n\t\t\t\t<div class=\"blockG\" id=\"rotateG_03\"><\/div>\n\t\t\t\t<div class=\"blockG\" id=\"rotateG_04\"><\/div>\n\t\t\t\t<div class=\"blockG\" id=\"rotateG_05\"><\/div>\n\t\t\t\t<div class=\"blockG\" id=\"rotateG_06\"><\/div>\n\t\t\t\t<div class=\"blockG\" id=\"rotateG_07\"><\/div>\n\t\t\t\t<div class=\"blockG\" id=\"rotateG_08\"><\/div>\n\t\t\t<\/div>\n\t\t\t<div class=\"WooZone-cross-sell-loader-text\"><\/div>\n\t\t<\/div>\n\t<\/div>\n\n\t\t\n<\/div>\n<div style=\"clear:both;\"><\/div><\/p>\n","protected":false},"excerpt":{"rendered":"<p>Verabschieden Sie sich von Verformungen. Wenn Sie noch keine drehbare Schneidematte ausprobiert haben, verpassen Sie das. Die rotierende Matte l\u00e4sst sich um 360 Grad drehen, um Ihnen Zugang zu allen Seiten des Stoffes zu erm\u00f6glichen.<br \/>\nCleveres innovatives Verriegelungsdesign bedeutet, dass Sie die Matte in Position halten k\u00f6nnen, um zu verhindern, dass sie sich dreht. Damit k\u00f6nnen Sie die Matte als herk\u00f6mmliche Drehschneidematte verwenden, wenn eine Rotation nicht ben\u00f6tigt wird.<br \/>\nEine vollkommen selbstheilende Schneidematte, was bedeutet, dass Flecken und Kratzer von Rollschneidern die Oberfl\u00e4che der Quilting-Schneidematte nicht verunstern. Perfekt f\u00fcr Menschen, die viel Zeit mit dem Schneiden verbringen.<\/p>\n","protected":false},"featured_media":76152,"comment_status":"open","ping_status":"closed","template":"","meta":[],"product_brand":[],"product_cat":[504,8284],"product_tag":[],"class_list":{"0":"post-76151","1":"product","2":"type-product","3":"status-publish","4":"has-post-thumbnail","6":"product_cat-buerobedarf-schreibwaren","7":"product_cat-bueromaterial","8":"pa_binding-buerobedarf-schreibwaren","9":"pa_brand-the-quilted-bear","10":"pa_color-blau","11":"pa_height-0-1968503935-zoll","12":"pa_length-12-zoll","13":"pa_manufacturer-quilted-bear","14":"pa_model-qb-rm-08n","15":"pa_weight-1-98-pfund","16":"pa_width-12-zoll","18":"first","19":"instock","20":"shipping-taxable","21":"purchasable","22":"product-type-simple","23":"customify-col","24":"product-has-gallery"},"yoast_head":"<!-- This site is optimized with the Yoast SEO plugin v27.4 - https:\/\/yoast.com\/product\/yoast-seo-wordpress\/ -->\n<title>The Quilted Bear Rotierende Schneidematte 30,5 x 30,5 cm - Quadratisch selbstheilend 360\u00b0 drehbare Schneidematte mit\u2026 - Markt-XXL<\/title>\n<meta name=\"description\" content=\"Markt-XXL The Quilted Bear Rotierende Schneidematte 30,5 x 30,5 cm - Quadratisch selbstheilend 360\u00b0 drehbare Schneidematte mit\u2026\" \/>\n<meta name=\"robots\" content=\"index, follow, max-snippet:-1, max-image-preview:large, max-video-preview:-1\" \/>\n<link rel=\"canonical\" href=\"https:\/\/marktxxl.de\/markt\/produkt\/the-quilted-bear-rotierende-schneidematte-305-x-305-cm-quadratisch-selbstheilend-360-drehbare-schneidematte-mit-innovativem-verriegelungsmechanismus-zum-quilten-naehen-farbe-w\/\" \/>\n<meta property=\"og:locale\" content=\"de_DE\" \/>\n<meta property=\"og:type\" content=\"article\" \/>\n<meta property=\"og:title\" content=\"The Quilted Bear Rotierende Schneidematte 30,5 x 30,5 cm - Quadratisch selbstheilend 360\u00b0 drehbare Schneidematte mit\u2026 - Markt-XXL\" \/>\n<meta property=\"og:description\" content=\"Markt-XXL The Quilted Bear Rotierende Schneidematte 30,5 x 30,5 cm - Quadratisch selbstheilend 360\u00b0 drehbare Schneidematte mit\u2026\" \/>\n<meta property=\"og:url\" content=\"https:\/\/marktxxl.de\/markt\/produkt\/the-quilted-bear-rotierende-schneidematte-305-x-305-cm-quadratisch-selbstheilend-360-drehbare-schneidematte-mit-innovativem-verriegelungsmechanismus-zum-quilten-naehen-farbe-w\/\" \/>\n<meta property=\"og:site_name\" content=\"Markt-XXL\" \/>\n<meta property=\"article:modified_time\" content=\"2023-04-09T00:24:26+00:00\" \/>\n<meta property=\"og:image\" content=\"https:\/\/m.media-amazon.com\/images\/I\/51uu9UUiUoL._SL500_.jpg\" \/>\n\t<meta property=\"og:image:width\" content=\"500\" \/>\n\t<meta property=\"og:image:height\" content=\"500\" \/>\n\t<meta property=\"og:image:type\" content=\"image\/jpeg\" \/>\n<meta name=\"twitter:card\" content=\"summary_large_image\" \/>\n<meta name=\"twitter:label1\" content=\"Gesch\u00e4tzte Lesezeit\" \/>\n\t<meta name=\"twitter:data1\" content=\"1\u00a0Minute\" \/>\n<script type=\"application\/ld+json\" class=\"yoast-schema-graph\">{\"@context\":\"https:\\\/\\\/schema.org\",\"@graph\":[{\"@type\":\"WebPage\",\"@id\":\"https:\\\/\\\/marktxxl.de\\\/markt\\\/produkt\\\/the-quilted-bear-rotierende-schneidematte-305-x-305-cm-quadratisch-selbstheilend-360-drehbare-schneidematte-mit-innovativem-verriegelungsmechanismus-zum-quilten-naehen-farbe-w\\\/\",\"url\":\"https:\\\/\\\/marktxxl.de\\\/markt\\\/produkt\\\/the-quilted-bear-rotierende-schneidematte-305-x-305-cm-quadratisch-selbstheilend-360-drehbare-schneidematte-mit-innovativem-verriegelungsmechanismus-zum-quilten-naehen-farbe-w\\\/\",\"name\":\"The Quilted Bear Rotierende Schneidematte 30,5 x 30,5 cm - Quadratisch selbstheilend 360\u00b0 drehbare Schneidematte mit\u2026 - Markt-XXL\",\"isPartOf\":{\"@id\":\"https:\\\/\\\/marktxxl.de\\\/markt\\\/#website\"},\"primaryImageOfPage\":{\"@id\":\"https:\\\/\\\/marktxxl.de\\\/markt\\\/produkt\\\/the-quilted-bear-rotierende-schneidematte-305-x-305-cm-quadratisch-selbstheilend-360-drehbare-schneidematte-mit-innovativem-verriegelungsmechanismus-zum-quilten-naehen-farbe-w\\\/#primaryimage\"},\"image\":{\"@id\":\"https:\\\/\\\/marktxxl.de\\\/markt\\\/produkt\\\/the-quilted-bear-rotierende-schneidematte-305-x-305-cm-quadratisch-selbstheilend-360-drehbare-schneidematte-mit-innovativem-verriegelungsmechanismus-zum-quilten-naehen-farbe-w\\\/#primaryimage\"},\"thumbnailUrl\":\"https:\\\/\\\/m.media-amazon.com\\\/images\\\/I\\\/51uu9UUiUoL._SL500_.jpg\",\"datePublished\":\"2021-11-25T13:27:12+00:00\",\"dateModified\":\"2023-04-09T00:24:26+00:00\",\"description\":\"Markt-XXL The Quilted Bear Rotierende Schneidematte 30,5 x 30,5 cm - Quadratisch selbstheilend 360\u00b0 drehbare Schneidematte mit\u2026\",\"breadcrumb\":{\"@id\":\"https:\\\/\\\/marktxxl.de\\\/markt\\\/produkt\\\/the-quilted-bear-rotierende-schneidematte-305-x-305-cm-quadratisch-selbstheilend-360-drehbare-schneidematte-mit-innovativem-verriegelungsmechanismus-zum-quilten-naehen-farbe-w\\\/#breadcrumb\"},\"inLanguage\":\"de\",\"potentialAction\":[{\"@type\":\"ReadAction\",\"target\":[\"https:\\\/\\\/marktxxl.de\\\/markt\\\/produkt\\\/the-quilted-bear-rotierende-schneidematte-305-x-305-cm-quadratisch-selbstheilend-360-drehbare-schneidematte-mit-innovativem-verriegelungsmechanismus-zum-quilten-naehen-farbe-w\\\/\"]}]},{\"@type\":\"ImageObject\",\"inLanguage\":\"de\",\"@id\":\"https:\\\/\\\/marktxxl.de\\\/markt\\\/produkt\\\/the-quilted-bear-rotierende-schneidematte-305-x-305-cm-quadratisch-selbstheilend-360-drehbare-schneidematte-mit-innovativem-verriegelungsmechanismus-zum-quilten-naehen-farbe-w\\\/#primaryimage\",\"url\":\"https:\\\/\\\/m.media-amazon.com\\\/images\\\/I\\\/51uu9UUiUoL._SL500_.jpg\",\"contentUrl\":\"https:\\\/\\\/m.media-amazon.com\\\/images\\\/I\\\/51uu9UUiUoL._SL500_.jpg\",\"width\":500,\"height\":500},{\"@type\":\"BreadcrumbList\",\"@id\":\"https:\\\/\\\/marktxxl.de\\\/markt\\\/produkt\\\/the-quilted-bear-rotierende-schneidematte-305-x-305-cm-quadratisch-selbstheilend-360-drehbare-schneidematte-mit-innovativem-verriegelungsmechanismus-zum-quilten-naehen-farbe-w\\\/#breadcrumb\",\"itemListElement\":[{\"@type\":\"ListItem\",\"position\":1,\"name\":\"Startseite\",\"item\":\"https:\\\/\\\/marktxxl.de\\\/markt\\\/\"},{\"@type\":\"ListItem\",\"position\":2,\"name\":\"Markt\",\"item\":\"https:\\\/\\\/marktxxl.de\\\/markt\\\/\"},{\"@type\":\"ListItem\",\"position\":3,\"name\":\"The Quilted Bear Rotierende Schneidematte 30,5 x 30,5 cm &#8211; Quadratisch selbstheilend 360\u00b0 drehbare Schneidematte mit\u2026\"}]},{\"@type\":\"WebSite\",\"@id\":\"https:\\\/\\\/marktxxl.de\\\/markt\\\/#website\",\"url\":\"https:\\\/\\\/marktxxl.de\\\/markt\\\/\",\"name\":\"Markt-XXL\",\"description\":\"Ihr Markt Online\",\"publisher\":{\"@id\":\"https:\\\/\\\/marktxxl.de\\\/markt\\\/#organization\"},\"potentialAction\":[{\"@type\":\"SearchAction\",\"target\":{\"@type\":\"EntryPoint\",\"urlTemplate\":\"https:\\\/\\\/marktxxl.de\\\/markt\\\/?s={search_term_string}\"},\"query-input\":{\"@type\":\"PropertyValueSpecification\",\"valueRequired\":true,\"valueName\":\"search_term_string\"}}],\"inLanguage\":\"de\"},{\"@type\":\"Organization\",\"@id\":\"https:\\\/\\\/marktxxl.de\\\/markt\\\/#organization\",\"name\":\"Markt-XXL\",\"url\":\"https:\\\/\\\/marktxxl.de\\\/markt\\\/\",\"logo\":{\"@type\":\"ImageObject\",\"inLanguage\":\"de\",\"@id\":\"https:\\\/\\\/marktxxl.de\\\/markt\\\/#\\\/schema\\\/logo\\\/image\\\/\",\"url\":\"https:\\\/\\\/marktxxl.de\\\/markt\\\/wp-content\\\/uploads\\\/sites\\\/3\\\/2020\\\/12\\\/logo.png\",\"contentUrl\":\"https:\\\/\\\/marktxxl.de\\\/markt\\\/wp-content\\\/uploads\\\/sites\\\/3\\\/2020\\\/12\\\/logo.png\",\"width\":200,\"height\":70,\"caption\":\"Markt-XXL\"},\"image\":{\"@id\":\"https:\\\/\\\/marktxxl.de\\\/markt\\\/#\\\/schema\\\/logo\\\/image\\\/\"}}]}<\/script>\n<!-- \/ Yoast SEO plugin. -->","yoast_head_json":{"title":"The Quilted Bear Rotierende Schneidematte 30,5 x 30,5 cm - Quadratisch selbstheilend 360\u00b0 drehbare Schneidematte mit\u2026 - Markt-XXL","description":"Markt-XXL The Quilted Bear Rotierende Schneidematte 30,5 x 30,5 cm - Quadratisch selbstheilend 360\u00b0 drehbare Schneidematte mit\u2026","robots":{"index":"index","follow":"follow","max-snippet":"max-snippet:-1","max-image-preview":"max-image-preview:large","max-video-preview":"max-video-preview:-1"},"canonical":"https:\/\/marktxxl.de\/markt\/produkt\/the-quilted-bear-rotierende-schneidematte-305-x-305-cm-quadratisch-selbstheilend-360-drehbare-schneidematte-mit-innovativem-verriegelungsmechanismus-zum-quilten-naehen-farbe-w\/","og_locale":"de_DE","og_type":"article","og_title":"The Quilted Bear Rotierende Schneidematte 30,5 x 30,5 cm - Quadratisch selbstheilend 360\u00b0 drehbare Schneidematte mit\u2026 - Markt-XXL","og_description":"Markt-XXL The Quilted Bear Rotierende Schneidematte 30,5 x 30,5 cm - Quadratisch selbstheilend 360\u00b0 drehbare Schneidematte mit\u2026","og_url":"https:\/\/marktxxl.de\/markt\/produkt\/the-quilted-bear-rotierende-schneidematte-305-x-305-cm-quadratisch-selbstheilend-360-drehbare-schneidematte-mit-innovativem-verriegelungsmechanismus-zum-quilten-naehen-farbe-w\/","og_site_name":"Markt-XXL","article_modified_time":"2023-04-09T00:24:26+00:00","og_image":[{"width":500,"height":500,"url":"https:\/\/m.media-amazon.com\/images\/I\/51uu9UUiUoL._SL500_.jpg","type":"image\/jpeg"}],"twitter_card":"summary_large_image","twitter_misc":{"Gesch\u00e4tzte Lesezeit":"1\u00a0Minute"},"schema":{"@context":"https:\/\/schema.org","@graph":[{"@type":"WebPage","@id":"https:\/\/marktxxl.de\/markt\/produkt\/the-quilted-bear-rotierende-schneidematte-305-x-305-cm-quadratisch-selbstheilend-360-drehbare-schneidematte-mit-innovativem-verriegelungsmechanismus-zum-quilten-naehen-farbe-w\/","url":"https:\/\/marktxxl.de\/markt\/produkt\/the-quilted-bear-rotierende-schneidematte-305-x-305-cm-quadratisch-selbstheilend-360-drehbare-schneidematte-mit-innovativem-verriegelungsmechanismus-zum-quilten-naehen-farbe-w\/","name":"The Quilted Bear Rotierende Schneidematte 30,5 x 30,5 cm - Quadratisch selbstheilend 360\u00b0 drehbare Schneidematte mit\u2026 - Markt-XXL","isPartOf":{"@id":"https:\/\/marktxxl.de\/markt\/#website"},"primaryImageOfPage":{"@id":"https:\/\/marktxxl.de\/markt\/produkt\/the-quilted-bear-rotierende-schneidematte-305-x-305-cm-quadratisch-selbstheilend-360-drehbare-schneidematte-mit-innovativem-verriegelungsmechanismus-zum-quilten-naehen-farbe-w\/#primaryimage"},"image":{"@id":"https:\/\/marktxxl.de\/markt\/produkt\/the-quilted-bear-rotierende-schneidematte-305-x-305-cm-quadratisch-selbstheilend-360-drehbare-schneidematte-mit-innovativem-verriegelungsmechanismus-zum-quilten-naehen-farbe-w\/#primaryimage"},"thumbnailUrl":"https:\/\/m.media-amazon.com\/images\/I\/51uu9UUiUoL._SL500_.jpg","datePublished":"2021-11-25T13:27:12+00:00","dateModified":"2023-04-09T00:24:26+00:00","description":"Markt-XXL The Quilted Bear Rotierende Schneidematte 30,5 x 30,5 cm - Quadratisch selbstheilend 360\u00b0 drehbare Schneidematte mit\u2026","breadcrumb":{"@id":"https:\/\/marktxxl.de\/markt\/produkt\/the-quilted-bear-rotierende-schneidematte-305-x-305-cm-quadratisch-selbstheilend-360-drehbare-schneidematte-mit-innovativem-verriegelungsmechanismus-zum-quilten-naehen-farbe-w\/#breadcrumb"},"inLanguage":"de","potentialAction":[{"@type":"ReadAction","target":["https:\/\/marktxxl.de\/markt\/produkt\/the-quilted-bear-rotierende-schneidematte-305-x-305-cm-quadratisch-selbstheilend-360-drehbare-schneidematte-mit-innovativem-verriegelungsmechanismus-zum-quilten-naehen-farbe-w\/"]}]},{"@type":"ImageObject","inLanguage":"de","@id":"https:\/\/marktxxl.de\/markt\/produkt\/the-quilted-bear-rotierende-schneidematte-305-x-305-cm-quadratisch-selbstheilend-360-drehbare-schneidematte-mit-innovativem-verriegelungsmechanismus-zum-quilten-naehen-farbe-w\/#primaryimage","url":"https:\/\/m.media-amazon.com\/images\/I\/51uu9UUiUoL._SL500_.jpg","contentUrl":"https:\/\/m.media-amazon.com\/images\/I\/51uu9UUiUoL._SL500_.jpg","width":500,"height":500},{"@type":"BreadcrumbList","@id":"https:\/\/marktxxl.de\/markt\/produkt\/the-quilted-bear-rotierende-schneidematte-305-x-305-cm-quadratisch-selbstheilend-360-drehbare-schneidematte-mit-innovativem-verriegelungsmechanismus-zum-quilten-naehen-farbe-w\/#breadcrumb","itemListElement":[{"@type":"ListItem","position":1,"name":"Startseite","item":"https:\/\/marktxxl.de\/markt\/"},{"@type":"ListItem","position":2,"name":"Markt","item":"https:\/\/marktxxl.de\/markt\/"},{"@type":"ListItem","position":3,"name":"The Quilted Bear Rotierende Schneidematte 30,5 x 30,5 cm &#8211; Quadratisch selbstheilend 360\u00b0 drehbare Schneidematte mit\u2026"}]},{"@type":"WebSite","@id":"https:\/\/marktxxl.de\/markt\/#website","url":"https:\/\/marktxxl.de\/markt\/","name":"Markt-XXL","description":"Ihr Markt Online","publisher":{"@id":"https:\/\/marktxxl.de\/markt\/#organization"},"potentialAction":[{"@type":"SearchAction","target":{"@type":"EntryPoint","urlTemplate":"https:\/\/marktxxl.de\/markt\/?s={search_term_string}"},"query-input":{"@type":"PropertyValueSpecification","valueRequired":true,"valueName":"search_term_string"}}],"inLanguage":"de"},{"@type":"Organization","@id":"https:\/\/marktxxl.de\/markt\/#organization","name":"Markt-XXL","url":"https:\/\/marktxxl.de\/markt\/","logo":{"@type":"ImageObject","inLanguage":"de","@id":"https:\/\/marktxxl.de\/markt\/#\/schema\/logo\/image\/","url":"https:\/\/marktxxl.de\/markt\/wp-content\/uploads\/sites\/3\/2020\/12\/logo.png","contentUrl":"https:\/\/marktxxl.de\/markt\/wp-content\/uploads\/sites\/3\/2020\/12\/logo.png","width":200,"height":70,"caption":"Markt-XXL"},"image":{"@id":"https:\/\/marktxxl.de\/markt\/#\/schema\/logo\/image\/"}}]}},"_links":{"self":[{"href":"https:\/\/marktxxl.de\/markt\/wp-json\/wp\/v2\/product\/76151","targetHints":{"allow":["GET"]}}],"collection":[{"href":"https:\/\/marktxxl.de\/markt\/wp-json\/wp\/v2\/product"}],"about":[{"href":"https:\/\/marktxxl.de\/markt\/wp-json\/wp\/v2\/types\/product"}],"replies":[{"embeddable":true,"href":"https:\/\/marktxxl.de\/markt\/wp-json\/wp\/v2\/comments?post=76151"}],"wp:featuredmedia":[{"embeddable":true,"href":"https:\/\/marktxxl.de\/markt\/wp-json\/wp\/v2\/media\/76152"}],"wp:attachment":[{"href":"https:\/\/marktxxl.de\/markt\/wp-json\/wp\/v2\/media?parent=76151"}],"wp:term":[{"taxonomy":"product_brand","embeddable":true,"href":"https:\/\/marktxxl.de\/markt\/wp-json\/wp\/v2\/product_brand?post=76151"},{"taxonomy":"product_cat","embeddable":true,"href":"https:\/\/marktxxl.de\/markt\/wp-json\/wp\/v2\/product_cat?post=76151"},{"taxonomy":"product_tag","embeddable":true,"href":"https:\/\/marktxxl.de\/markt\/wp-json\/wp\/v2\/product_tag?post=76151"}],"curies":[{"name":"wp","href":"https:\/\/api.w.org\/{rel}","templated":true}]}}