{"id":74977,"date":"2021-11-13T02:12:34","date_gmt":"2021-11-13T01:12:34","guid":{"rendered":"https:\/\/marktxxl.de\/markt\/produkt\/aogled-led-spiegellampe-badezimmer-10w-1200lm-40cm-230v-4000kklasse-ii-wasserdicht-ip44-spiegelleuchte-badbadezimmer-lampe-kein-flimmern-badlampe-wandbeleuchtung-wandlampe-bad-neutralweiss-400mm\/"},"modified":"2023-04-11T02:49:09","modified_gmt":"2023-04-11T00:49:09","slug":"aogled-led-spiegellampe-badezimmer-10w-1200lm-40cm-230v-4000kklasse-ii-wasserdicht-ip44-spiegelleuchte-badbadezimmer-lampe-kein-flimmern-badlampe-wandbeleuchtung-wandlampe-bad-neutralweiss-400mm","status":"publish","type":"product","link":"https:\/\/marktxxl.de\/markt\/produkt\/aogled-led-spiegellampe-badezimmer-10w-1200lm-40cm-230v-4000kklasse-ii-wasserdicht-ip44-spiegelleuchte-badbadezimmer-lampe-kein-flimmern-badlampe-wandbeleuchtung-wandlampe-bad-neutralweiss-400mm\/","title":{"rendered":"Aogled LED Spiegellampe Badezimmer 10W 1200LM 40cm 230V 4000K,Klasse II Wasserdicht IP44 Spiegelleuchte Bad,Badezimmer\u2026"},"content":{"rendered":"<p>\u2665\u301040 CM Lange LED Spiegelleuchte mit Integriertem LED-Modul, Leistung: 10W 1200LM 230V\u3011 Einfache Installation und kein Transformator erforderlich. Aogled Spiegellampe sind nicht dimmbar und flackern nicht. Hoher CRI\uff1e82Ra. Die Helligkeit der Spiegellampe reicht zum Schminken, Rasieren etc.<br \/>\n\u2665\u3010 270\u00b0 Leuchtweit LED Spiegellampe Badezimmer mit 3 Befestigungsm\u00f6glichkeiten\u3011Diese Spiegelleuchte bietet eine 270\u00b0 lichtreichweite, Bietet eine gr\u00f6\u00dfere Beleuchtungsfl\u00e4che als gew\u00f6hnliche Spiegelleuchten. Dank der mitgelieferten montageklemme kann diese spiegelleuchte befestigt werden sowohl schr\u00e4nke als auch W\u00e4nde. Sie kann auch als Aufsatzleuchte direkt am spiegel befestigt werden.<br \/>\n\u2665\u3010IP44 Wasserdichte LED Bad Spiegellampe 10W 230V 400MM\u3011Diese LED Spiegellampe Badezimmer besteht aus Edelstahl sowie Kunststoff (Acryl) gefertigt. Das spritzwassergesch\u00fctzte Geh\u00e4use entspricht der Schutzklasse IP44 und sorgt f\u00fcr kein Beschlagen. Daher eignet sich die Spiegelleuchte f\u00fcr den Einsatz in Badezimmern oder anderen feuchten Innenr\u00e4umen. Diese Spiegelleuchte eignet sich auch f\u00fcr Spiegelschr\u00e4nke, Spiegel, Garderoben in Ihrem Zuhause sowie in Hotels, B\u00fcros oder Arbeitsbereichen.<br \/>\n\u2665\u3010Helle, Sichere und Angenehme Led Spiegelleuchte Badezimmer 40CM 4000K\u3011Diese Spiegelbeleuchtung hat ein klares und neutrales Licht. Es sieht ohne Gelb- oder Blaustich sehr nat\u00fcrlich aus. Es eignet sich sehr gut als Schminklicht. Kein Blitz, kein Flimmern und weiches nat\u00fcrliches Licht sch\u00fctzt die Augen und kein Quecksilber, Blei, UV- oder W\u00e4rmestrahlung. Geeignet f\u00fcr Kunstwerke oder Bilder, Displaybeleuchtung.<br \/>\n\u2665\u3010Was Sie Bekommen\u301110W neutralwei\u00dfe spiegelleuchte badlampe 40cm, Schraube, Montageanleitung. Schnelle Reaktion auf jede Anfrage, einfach in den Warenkorb legen und uns kontaktieren.<br \/>\n<div class=\"main-cross-sell\" data-asin=\"B0823GC41H\">\n\n\t<div class=\"WooZone-cross-sell-loader\">\n\t\t<div>\n\t\t\t<div id=\"floatingBarsG\">\n\t\t\t\t<div class=\"blockG\" id=\"rotateG_01\"><\/div>\n\t\t\t\t<div class=\"blockG\" id=\"rotateG_02\"><\/div>\n\t\t\t\t<div class=\"blockG\" id=\"rotateG_03\"><\/div>\n\t\t\t\t<div class=\"blockG\" id=\"rotateG_04\"><\/div>\n\t\t\t\t<div class=\"blockG\" id=\"rotateG_05\"><\/div>\n\t\t\t\t<div class=\"blockG\" id=\"rotateG_06\"><\/div>\n\t\t\t\t<div class=\"blockG\" id=\"rotateG_07\"><\/div>\n\t\t\t\t<div class=\"blockG\" id=\"rotateG_08\"><\/div>\n\t\t\t<\/div>\n\t\t\t<div class=\"WooZone-cross-sell-loader-text\"><\/div>\n\t\t<\/div>\n\t<\/div>\n\n\t\t\n<\/div>\n<div style=\"clear:both;\"><\/div><\/p>\n","protected":false},"excerpt":{"rendered":"<p>\u2665\u301040 CM Lange LED Spiegelleuchte mit Integriertem LED-Modul, Leistung: 10W 1200LM 230V\u3011 Einfache Installation und kein Transformator erforderlich. Aogled Spiegellampe sind nicht dimmbar und flackern nicht. Hoher CRI\uff1e82Ra. Die Helligkeit der Spiegellampe reicht zum Schminken, Rasieren etc.<br \/>\n\u2665\u3010 270\u00b0 Leuchtweit LED Spiegellampe Badezimmer mit 3 Befestigungsm\u00f6glichkeiten\u3011Diese Spiegelleuchte bietet eine 270\u00b0 lichtreichweite, Bietet eine gr\u00f6\u00dfere Beleuchtungsfl\u00e4che als gew\u00f6hnliche Spiegelleuchten. Dank der mitgelieferten montageklemme kann diese spiegelleuchte befestigt werden sowohl schr\u00e4nke als auch W\u00e4nde. Sie kann auch als Aufsatzleuchte direkt am spiegel befestigt werden.<br \/>\n\u2665\u3010IP44 Wasserdichte LED Bad Spiegellampe 10W 230V 400MM\u3011Diese LED Spiegellampe Badezimmer besteht aus Edelstahl sowie Kunststoff (Acryl) gefertigt. Das spritzwassergesch\u00fctzte Geh\u00e4use entspricht der Schutzklasse IP44 und sorgt f\u00fcr kein Beschlagen. Daher eignet sich die Spiegelleuchte f\u00fcr den Einsatz in Badezimmern oder anderen feuchten Innenr\u00e4umen. Diese Spiegelleuchte eignet sich auch f\u00fcr Spiegelschr\u00e4nke, Spiegel, Garderoben in Ihrem Zuhause sowie in Hotels, B\u00fcros oder Arbeitsbereichen.<\/p>\n","protected":false},"featured_media":74978,"comment_status":"open","ping_status":"closed","template":"","meta":[],"product_brand":[],"product_cat":[11474,2108],"product_tag":[],"class_list":{"0":"post-74977","1":"product","2":"type-product","3":"status-publish","4":"has-post-thumbnail","6":"product_cat-bad-beleuchtung","7":"product_cat-beleuchtung","8":"pa_binding-haushaltswaren","9":"pa_brand-aogled","10":"pa_color-led-spiegellampe-badezimmer-10w-4000k","11":"pa_height-1-574803148-zoll","12":"pa_length-15-74803148-zoll","13":"pa_manufacturer-aogled","14":"pa_weight-350-gramm","15":"pa_width-4-5275590505-zoll","17":"first","18":"instock","19":"shipping-taxable","20":"purchasable","21":"product-type-simple","22":"customify-col","23":"product-has-gallery"},"yoast_head":"<!-- This site is optimized with the Yoast SEO plugin v27.4 - https:\/\/yoast.com\/product\/yoast-seo-wordpress\/ -->\n<title>Aogled LED Spiegellampe Badezimmer 10W 1200LM 40cm 230V 4000K,Klasse II Wasserdicht IP44 Spiegelleuchte Bad,Badezimmer\u2026 - Markt-XXL<\/title>\n<meta name=\"description\" content=\"Markt-XXL Aogled LED Spiegellampe Badezimmer 10W 1200LM 40cm 230V 4000K,Klasse II Wasserdicht IP44 Spiegelleuchte Bad,Badezimmer\u2026\" \/>\n<meta name=\"robots\" content=\"index, follow, max-snippet:-1, max-image-preview:large, max-video-preview:-1\" \/>\n<link rel=\"canonical\" href=\"https:\/\/marktxxl.de\/markt\/produkt\/aogled-led-spiegellampe-badezimmer-10w-1200lm-40cm-230v-4000kklasse-ii-wasserdicht-ip44-spiegelleuchte-badbadezimmer-lampe-kein-flimmern-badlampe-wandbeleuchtung-wandlampe-bad-neutralweiss-400mm\/\" \/>\n<meta property=\"og:locale\" content=\"de_DE\" \/>\n<meta property=\"og:type\" content=\"article\" \/>\n<meta property=\"og:title\" content=\"Aogled LED Spiegellampe Badezimmer 10W 1200LM 40cm 230V 4000K,Klasse II Wasserdicht IP44 Spiegelleuchte Bad,Badezimmer\u2026 - Markt-XXL\" \/>\n<meta property=\"og:description\" content=\"Markt-XXL Aogled LED Spiegellampe Badezimmer 10W 1200LM 40cm 230V 4000K,Klasse II Wasserdicht IP44 Spiegelleuchte Bad,Badezimmer\u2026\" \/>\n<meta property=\"og:url\" content=\"https:\/\/marktxxl.de\/markt\/produkt\/aogled-led-spiegellampe-badezimmer-10w-1200lm-40cm-230v-4000kklasse-ii-wasserdicht-ip44-spiegelleuchte-badbadezimmer-lampe-kein-flimmern-badlampe-wandbeleuchtung-wandlampe-bad-neutralweiss-400mm\/\" \/>\n<meta property=\"og:site_name\" content=\"Markt-XXL\" \/>\n<meta property=\"article:modified_time\" content=\"2023-04-11T00:49:09+00:00\" \/>\n<meta property=\"og:image\" content=\"https:\/\/m.media-amazon.com\/images\/I\/21mblSX7AYL._SL500_.jpg\" \/>\n\t<meta property=\"og:image:width\" content=\"500\" \/>\n\t<meta property=\"og:image:height\" content=\"500\" \/>\n\t<meta property=\"og:image:type\" content=\"image\/jpeg\" \/>\n<meta name=\"twitter:card\" content=\"summary_large_image\" \/>\n<meta name=\"twitter:label1\" content=\"Gesch\u00e4tzte Lesezeit\" \/>\n\t<meta name=\"twitter:data1\" content=\"1\u00a0Minute\" \/>\n<script type=\"application\/ld+json\" class=\"yoast-schema-graph\">{\"@context\":\"https:\\\/\\\/schema.org\",\"@graph\":[{\"@type\":\"WebPage\",\"@id\":\"https:\\\/\\\/marktxxl.de\\\/markt\\\/produkt\\\/aogled-led-spiegellampe-badezimmer-10w-1200lm-40cm-230v-4000kklasse-ii-wasserdicht-ip44-spiegelleuchte-badbadezimmer-lampe-kein-flimmern-badlampe-wandbeleuchtung-wandlampe-bad-neutralweiss-400mm\\\/\",\"url\":\"https:\\\/\\\/marktxxl.de\\\/markt\\\/produkt\\\/aogled-led-spiegellampe-badezimmer-10w-1200lm-40cm-230v-4000kklasse-ii-wasserdicht-ip44-spiegelleuchte-badbadezimmer-lampe-kein-flimmern-badlampe-wandbeleuchtung-wandlampe-bad-neutralweiss-400mm\\\/\",\"name\":\"Aogled LED Spiegellampe Badezimmer 10W 1200LM 40cm 230V 4000K,Klasse II Wasserdicht IP44 Spiegelleuchte Bad,Badezimmer\u2026 - Markt-XXL\",\"isPartOf\":{\"@id\":\"https:\\\/\\\/marktxxl.de\\\/markt\\\/#website\"},\"primaryImageOfPage\":{\"@id\":\"https:\\\/\\\/marktxxl.de\\\/markt\\\/produkt\\\/aogled-led-spiegellampe-badezimmer-10w-1200lm-40cm-230v-4000kklasse-ii-wasserdicht-ip44-spiegelleuchte-badbadezimmer-lampe-kein-flimmern-badlampe-wandbeleuchtung-wandlampe-bad-neutralweiss-400mm\\\/#primaryimage\"},\"image\":{\"@id\":\"https:\\\/\\\/marktxxl.de\\\/markt\\\/produkt\\\/aogled-led-spiegellampe-badezimmer-10w-1200lm-40cm-230v-4000kklasse-ii-wasserdicht-ip44-spiegelleuchte-badbadezimmer-lampe-kein-flimmern-badlampe-wandbeleuchtung-wandlampe-bad-neutralweiss-400mm\\\/#primaryimage\"},\"thumbnailUrl\":\"https:\\\/\\\/m.media-amazon.com\\\/images\\\/I\\\/21mblSX7AYL._SL500_.jpg\",\"datePublished\":\"2021-11-13T01:12:34+00:00\",\"dateModified\":\"2023-04-11T00:49:09+00:00\",\"description\":\"Markt-XXL Aogled LED Spiegellampe Badezimmer 10W 1200LM 40cm 230V 4000K,Klasse II Wasserdicht IP44 Spiegelleuchte Bad,Badezimmer\u2026\",\"breadcrumb\":{\"@id\":\"https:\\\/\\\/marktxxl.de\\\/markt\\\/produkt\\\/aogled-led-spiegellampe-badezimmer-10w-1200lm-40cm-230v-4000kklasse-ii-wasserdicht-ip44-spiegelleuchte-badbadezimmer-lampe-kein-flimmern-badlampe-wandbeleuchtung-wandlampe-bad-neutralweiss-400mm\\\/#breadcrumb\"},\"inLanguage\":\"de\",\"potentialAction\":[{\"@type\":\"ReadAction\",\"target\":[\"https:\\\/\\\/marktxxl.de\\\/markt\\\/produkt\\\/aogled-led-spiegellampe-badezimmer-10w-1200lm-40cm-230v-4000kklasse-ii-wasserdicht-ip44-spiegelleuchte-badbadezimmer-lampe-kein-flimmern-badlampe-wandbeleuchtung-wandlampe-bad-neutralweiss-400mm\\\/\"]}]},{\"@type\":\"ImageObject\",\"inLanguage\":\"de\",\"@id\":\"https:\\\/\\\/marktxxl.de\\\/markt\\\/produkt\\\/aogled-led-spiegellampe-badezimmer-10w-1200lm-40cm-230v-4000kklasse-ii-wasserdicht-ip44-spiegelleuchte-badbadezimmer-lampe-kein-flimmern-badlampe-wandbeleuchtung-wandlampe-bad-neutralweiss-400mm\\\/#primaryimage\",\"url\":\"https:\\\/\\\/m.media-amazon.com\\\/images\\\/I\\\/21mblSX7AYL._SL500_.jpg\",\"contentUrl\":\"https:\\\/\\\/m.media-amazon.com\\\/images\\\/I\\\/21mblSX7AYL._SL500_.jpg\",\"width\":500,\"height\":500},{\"@type\":\"BreadcrumbList\",\"@id\":\"https:\\\/\\\/marktxxl.de\\\/markt\\\/produkt\\\/aogled-led-spiegellampe-badezimmer-10w-1200lm-40cm-230v-4000kklasse-ii-wasserdicht-ip44-spiegelleuchte-badbadezimmer-lampe-kein-flimmern-badlampe-wandbeleuchtung-wandlampe-bad-neutralweiss-400mm\\\/#breadcrumb\",\"itemListElement\":[{\"@type\":\"ListItem\",\"position\":1,\"name\":\"Startseite\",\"item\":\"https:\\\/\\\/marktxxl.de\\\/markt\\\/\"},{\"@type\":\"ListItem\",\"position\":2,\"name\":\"Markt\",\"item\":\"https:\\\/\\\/marktxxl.de\\\/markt\\\/\"},{\"@type\":\"ListItem\",\"position\":3,\"name\":\"Aogled LED Spiegellampe Badezimmer 10W 1200LM 40cm 230V 4000K,Klasse II Wasserdicht IP44 Spiegelleuchte Bad,Badezimmer\u2026\"}]},{\"@type\":\"WebSite\",\"@id\":\"https:\\\/\\\/marktxxl.de\\\/markt\\\/#website\",\"url\":\"https:\\\/\\\/marktxxl.de\\\/markt\\\/\",\"name\":\"Markt-XXL\",\"description\":\"Ihr Markt Online\",\"publisher\":{\"@id\":\"https:\\\/\\\/marktxxl.de\\\/markt\\\/#organization\"},\"potentialAction\":[{\"@type\":\"SearchAction\",\"target\":{\"@type\":\"EntryPoint\",\"urlTemplate\":\"https:\\\/\\\/marktxxl.de\\\/markt\\\/?s={search_term_string}\"},\"query-input\":{\"@type\":\"PropertyValueSpecification\",\"valueRequired\":true,\"valueName\":\"search_term_string\"}}],\"inLanguage\":\"de\"},{\"@type\":\"Organization\",\"@id\":\"https:\\\/\\\/marktxxl.de\\\/markt\\\/#organization\",\"name\":\"Markt-XXL\",\"url\":\"https:\\\/\\\/marktxxl.de\\\/markt\\\/\",\"logo\":{\"@type\":\"ImageObject\",\"inLanguage\":\"de\",\"@id\":\"https:\\\/\\\/marktxxl.de\\\/markt\\\/#\\\/schema\\\/logo\\\/image\\\/\",\"url\":\"https:\\\/\\\/marktxxl.de\\\/markt\\\/wp-content\\\/uploads\\\/sites\\\/3\\\/2020\\\/12\\\/logo.png\",\"contentUrl\":\"https:\\\/\\\/marktxxl.de\\\/markt\\\/wp-content\\\/uploads\\\/sites\\\/3\\\/2020\\\/12\\\/logo.png\",\"width\":200,\"height\":70,\"caption\":\"Markt-XXL\"},\"image\":{\"@id\":\"https:\\\/\\\/marktxxl.de\\\/markt\\\/#\\\/schema\\\/logo\\\/image\\\/\"}}]}<\/script>\n<!-- \/ Yoast SEO plugin. -->","yoast_head_json":{"title":"Aogled LED Spiegellampe Badezimmer 10W 1200LM 40cm 230V 4000K,Klasse II Wasserdicht IP44 Spiegelleuchte Bad,Badezimmer\u2026 - Markt-XXL","description":"Markt-XXL Aogled LED Spiegellampe Badezimmer 10W 1200LM 40cm 230V 4000K,Klasse II Wasserdicht IP44 Spiegelleuchte Bad,Badezimmer\u2026","robots":{"index":"index","follow":"follow","max-snippet":"max-snippet:-1","max-image-preview":"max-image-preview:large","max-video-preview":"max-video-preview:-1"},"canonical":"https:\/\/marktxxl.de\/markt\/produkt\/aogled-led-spiegellampe-badezimmer-10w-1200lm-40cm-230v-4000kklasse-ii-wasserdicht-ip44-spiegelleuchte-badbadezimmer-lampe-kein-flimmern-badlampe-wandbeleuchtung-wandlampe-bad-neutralweiss-400mm\/","og_locale":"de_DE","og_type":"article","og_title":"Aogled LED Spiegellampe Badezimmer 10W 1200LM 40cm 230V 4000K,Klasse II Wasserdicht IP44 Spiegelleuchte Bad,Badezimmer\u2026 - Markt-XXL","og_description":"Markt-XXL Aogled LED Spiegellampe Badezimmer 10W 1200LM 40cm 230V 4000K,Klasse II Wasserdicht IP44 Spiegelleuchte Bad,Badezimmer\u2026","og_url":"https:\/\/marktxxl.de\/markt\/produkt\/aogled-led-spiegellampe-badezimmer-10w-1200lm-40cm-230v-4000kklasse-ii-wasserdicht-ip44-spiegelleuchte-badbadezimmer-lampe-kein-flimmern-badlampe-wandbeleuchtung-wandlampe-bad-neutralweiss-400mm\/","og_site_name":"Markt-XXL","article_modified_time":"2023-04-11T00:49:09+00:00","og_image":[{"width":500,"height":500,"url":"https:\/\/m.media-amazon.com\/images\/I\/21mblSX7AYL._SL500_.jpg","type":"image\/jpeg"}],"twitter_card":"summary_large_image","twitter_misc":{"Gesch\u00e4tzte Lesezeit":"1\u00a0Minute"},"schema":{"@context":"https:\/\/schema.org","@graph":[{"@type":"WebPage","@id":"https:\/\/marktxxl.de\/markt\/produkt\/aogled-led-spiegellampe-badezimmer-10w-1200lm-40cm-230v-4000kklasse-ii-wasserdicht-ip44-spiegelleuchte-badbadezimmer-lampe-kein-flimmern-badlampe-wandbeleuchtung-wandlampe-bad-neutralweiss-400mm\/","url":"https:\/\/marktxxl.de\/markt\/produkt\/aogled-led-spiegellampe-badezimmer-10w-1200lm-40cm-230v-4000kklasse-ii-wasserdicht-ip44-spiegelleuchte-badbadezimmer-lampe-kein-flimmern-badlampe-wandbeleuchtung-wandlampe-bad-neutralweiss-400mm\/","name":"Aogled LED Spiegellampe Badezimmer 10W 1200LM 40cm 230V 4000K,Klasse II Wasserdicht IP44 Spiegelleuchte Bad,Badezimmer\u2026 - Markt-XXL","isPartOf":{"@id":"https:\/\/marktxxl.de\/markt\/#website"},"primaryImageOfPage":{"@id":"https:\/\/marktxxl.de\/markt\/produkt\/aogled-led-spiegellampe-badezimmer-10w-1200lm-40cm-230v-4000kklasse-ii-wasserdicht-ip44-spiegelleuchte-badbadezimmer-lampe-kein-flimmern-badlampe-wandbeleuchtung-wandlampe-bad-neutralweiss-400mm\/#primaryimage"},"image":{"@id":"https:\/\/marktxxl.de\/markt\/produkt\/aogled-led-spiegellampe-badezimmer-10w-1200lm-40cm-230v-4000kklasse-ii-wasserdicht-ip44-spiegelleuchte-badbadezimmer-lampe-kein-flimmern-badlampe-wandbeleuchtung-wandlampe-bad-neutralweiss-400mm\/#primaryimage"},"thumbnailUrl":"https:\/\/m.media-amazon.com\/images\/I\/21mblSX7AYL._SL500_.jpg","datePublished":"2021-11-13T01:12:34+00:00","dateModified":"2023-04-11T00:49:09+00:00","description":"Markt-XXL Aogled LED Spiegellampe Badezimmer 10W 1200LM 40cm 230V 4000K,Klasse II Wasserdicht IP44 Spiegelleuchte Bad,Badezimmer\u2026","breadcrumb":{"@id":"https:\/\/marktxxl.de\/markt\/produkt\/aogled-led-spiegellampe-badezimmer-10w-1200lm-40cm-230v-4000kklasse-ii-wasserdicht-ip44-spiegelleuchte-badbadezimmer-lampe-kein-flimmern-badlampe-wandbeleuchtung-wandlampe-bad-neutralweiss-400mm\/#breadcrumb"},"inLanguage":"de","potentialAction":[{"@type":"ReadAction","target":["https:\/\/marktxxl.de\/markt\/produkt\/aogled-led-spiegellampe-badezimmer-10w-1200lm-40cm-230v-4000kklasse-ii-wasserdicht-ip44-spiegelleuchte-badbadezimmer-lampe-kein-flimmern-badlampe-wandbeleuchtung-wandlampe-bad-neutralweiss-400mm\/"]}]},{"@type":"ImageObject","inLanguage":"de","@id":"https:\/\/marktxxl.de\/markt\/produkt\/aogled-led-spiegellampe-badezimmer-10w-1200lm-40cm-230v-4000kklasse-ii-wasserdicht-ip44-spiegelleuchte-badbadezimmer-lampe-kein-flimmern-badlampe-wandbeleuchtung-wandlampe-bad-neutralweiss-400mm\/#primaryimage","url":"https:\/\/m.media-amazon.com\/images\/I\/21mblSX7AYL._SL500_.jpg","contentUrl":"https:\/\/m.media-amazon.com\/images\/I\/21mblSX7AYL._SL500_.jpg","width":500,"height":500},{"@type":"BreadcrumbList","@id":"https:\/\/marktxxl.de\/markt\/produkt\/aogled-led-spiegellampe-badezimmer-10w-1200lm-40cm-230v-4000kklasse-ii-wasserdicht-ip44-spiegelleuchte-badbadezimmer-lampe-kein-flimmern-badlampe-wandbeleuchtung-wandlampe-bad-neutralweiss-400mm\/#breadcrumb","itemListElement":[{"@type":"ListItem","position":1,"name":"Startseite","item":"https:\/\/marktxxl.de\/markt\/"},{"@type":"ListItem","position":2,"name":"Markt","item":"https:\/\/marktxxl.de\/markt\/"},{"@type":"ListItem","position":3,"name":"Aogled LED Spiegellampe Badezimmer 10W 1200LM 40cm 230V 4000K,Klasse II Wasserdicht IP44 Spiegelleuchte Bad,Badezimmer\u2026"}]},{"@type":"WebSite","@id":"https:\/\/marktxxl.de\/markt\/#website","url":"https:\/\/marktxxl.de\/markt\/","name":"Markt-XXL","description":"Ihr Markt Online","publisher":{"@id":"https:\/\/marktxxl.de\/markt\/#organization"},"potentialAction":[{"@type":"SearchAction","target":{"@type":"EntryPoint","urlTemplate":"https:\/\/marktxxl.de\/markt\/?s={search_term_string}"},"query-input":{"@type":"PropertyValueSpecification","valueRequired":true,"valueName":"search_term_string"}}],"inLanguage":"de"},{"@type":"Organization","@id":"https:\/\/marktxxl.de\/markt\/#organization","name":"Markt-XXL","url":"https:\/\/marktxxl.de\/markt\/","logo":{"@type":"ImageObject","inLanguage":"de","@id":"https:\/\/marktxxl.de\/markt\/#\/schema\/logo\/image\/","url":"https:\/\/marktxxl.de\/markt\/wp-content\/uploads\/sites\/3\/2020\/12\/logo.png","contentUrl":"https:\/\/marktxxl.de\/markt\/wp-content\/uploads\/sites\/3\/2020\/12\/logo.png","width":200,"height":70,"caption":"Markt-XXL"},"image":{"@id":"https:\/\/marktxxl.de\/markt\/#\/schema\/logo\/image\/"}}]}},"_links":{"self":[{"href":"https:\/\/marktxxl.de\/markt\/wp-json\/wp\/v2\/product\/74977","targetHints":{"allow":["GET"]}}],"collection":[{"href":"https:\/\/marktxxl.de\/markt\/wp-json\/wp\/v2\/product"}],"about":[{"href":"https:\/\/marktxxl.de\/markt\/wp-json\/wp\/v2\/types\/product"}],"replies":[{"embeddable":true,"href":"https:\/\/marktxxl.de\/markt\/wp-json\/wp\/v2\/comments?post=74977"}],"wp:featuredmedia":[{"embeddable":true,"href":"https:\/\/marktxxl.de\/markt\/wp-json\/wp\/v2\/media\/74978"}],"wp:attachment":[{"href":"https:\/\/marktxxl.de\/markt\/wp-json\/wp\/v2\/media?parent=74977"}],"wp:term":[{"taxonomy":"product_brand","embeddable":true,"href":"https:\/\/marktxxl.de\/markt\/wp-json\/wp\/v2\/product_brand?post=74977"},{"taxonomy":"product_cat","embeddable":true,"href":"https:\/\/marktxxl.de\/markt\/wp-json\/wp\/v2\/product_cat?post=74977"},{"taxonomy":"product_tag","embeddable":true,"href":"https:\/\/marktxxl.de\/markt\/wp-json\/wp\/v2\/product_tag?post=74977"}],"curies":[{"name":"wp","href":"https:\/\/api.w.org\/{rel}","templated":true}]}}