{"id":74706,"date":"2021-11-13T02:00:21","date_gmt":"2021-11-13T01:00:21","guid":{"rendered":"https:\/\/marktxxl.de\/markt\/produkt\/led-lichtschlauch-aussen-ip44-lichterschlauch-mit-fernbedienung-timer-8-modi-und-helligkeit-dimmbar-mit-eu-stecker-fuer-aussen-patio-weihnachtsbeleuchtung-deko-party-hochzeit\/"},"modified":"2023-04-09T02:21:32","modified_gmt":"2023-04-09T00:21:32","slug":"led-lichtschlauch-aussen-ip44-lichterschlauch-mit-fernbedienung-timer-8-modi-und-helligkeit-dimmbar-mit-eu-stecker-fuer-aussen-patio-weihnachtsbeleuchtung-deko-party-hochzeit","status":"publish","type":"product","link":"https:\/\/marktxxl.de\/markt\/produkt\/led-lichtschlauch-aussen-ip44-lichterschlauch-mit-fernbedienung-timer-8-modi-und-helligkeit-dimmbar-mit-eu-stecker-fuer-aussen-patio-weihnachtsbeleuchtung-deko-party-hochzeit\/","title":{"rendered":"uuffoo LED Lichtschlauch Au\u00dfen IP44 Lichterschlauch mit Fernbedienung &amp; Timer 8 Modi und Helligkeit dimmbar mit EU\u2026"},"content":{"rendered":"<p>LED Schlauchlicht:200 LEDs RGB Lichtschlauch 15m\/400 LEDs RGB Lichtschlauch 30m LED Abstand: 7.5cm, Durchmesser: 5mm super hell, Leichtrohrmaterial ist verschlei\u00dffest und korrosionsbest\u00e4ndig, deshlb baben Sie keine Sorge um die Korrosion.<br \/>\n8 Leuchtmodi und 10 Stufen Helligkeit einstellbar&amp;Timer :Mit den Kontroller und Fernbedienung lassen sich 8 unterschiedliche Lichteffekte und 10 Stufen Helligkeit einstellen. Die Smart Timer Funktion sorgt daf\u00fcr, dass die Lichter automatisch 6 Stunden lang eingeschaltet (Dauerlicht, Wellen, Sequentiell, Langsam gl\u00fchend, Jagend\/ blinkend, langsam ausblenden, Funkeln \/ Blitz und Kombination )<br \/>\nLichterkette Mit EU-Stecker:Schutzart: IP65 \/\/ Stecker ist IP44 und sollte f\u00fcr den Au\u00dfenbereich gesch\u00fctzt werden.Der strombetrieben Lichtschlauch ist heller und stabiler als das Batteriebetrieben und praktischer als der USB-betrieben<br \/>\nBreite Anwendungen:Mit dem transparenten PVC thermoplastischen Sclauch kann dieser Lichtschlauch sich vielen verschiedenen Formen zu werden lassen, Ideal f\u00fcr das Umwickeln von Baumst\u00e4mmen, Gel\u00e4ndern, Traufen, Terrassen, Schwimmb\u00e4dern etc.Den wasserfesten Lichterschlauch k\u00f6nnen Sie im Innen- und Au\u00dfenbereich anbringen.<br \/>\nL\u00e4nge:15 Meter Schlauchlicht + 5 Meter Stromkabel\/30 Meter Schlauchlicht + 5 Meter Stromkabel,Gleichzeitig kann sie die beleuchtungsanforderungen von Garten, dach und zaun erf\u00fcllen. Sie ist die ideale wahl<br \/>\n<div class=\"main-cross-sell\" data-asin=\"B0932X4SLV\">\n\n\t<div class=\"WooZone-cross-sell-loader\">\n\t\t<div>\n\t\t\t<div id=\"floatingBarsG\">\n\t\t\t\t<div class=\"blockG\" id=\"rotateG_01\"><\/div>\n\t\t\t\t<div class=\"blockG\" id=\"rotateG_02\"><\/div>\n\t\t\t\t<div class=\"blockG\" id=\"rotateG_03\"><\/div>\n\t\t\t\t<div class=\"blockG\" id=\"rotateG_04\"><\/div>\n\t\t\t\t<div class=\"blockG\" id=\"rotateG_05\"><\/div>\n\t\t\t\t<div class=\"blockG\" id=\"rotateG_06\"><\/div>\n\t\t\t\t<div class=\"blockG\" id=\"rotateG_07\"><\/div>\n\t\t\t\t<div class=\"blockG\" id=\"rotateG_08\"><\/div>\n\t\t\t<\/div>\n\t\t\t<div class=\"WooZone-cross-sell-loader-text\"><\/div>\n\t\t<\/div>\n\t<\/div>\n\n\t\t\n<\/div>\n<div style=\"clear:both;\"><\/div><\/p>\n","protected":false},"excerpt":{"rendered":"<p>LED Schlauchlicht:200 LEDs RGB Lichtschlauch 15m\/400 LEDs RGB Lichtschlauch 30m LED Abstand: 7.5cm, Durchmesser: 5mm super hell, Leichtrohrmaterial ist verschlei\u00dffest und korrosionsbest\u00e4ndig, deshlb baben Sie keine Sorge um die Korrosion.<br \/>\n8 Leuchtmodi und 10 Stufen Helligkeit einstellbar&amp;Timer :Mit den Kontroller und Fernbedienung lassen sich 8 unterschiedliche Lichteffekte und 10 Stufen Helligkeit einstellen. Die Smart Timer Funktion sorgt daf\u00fcr, dass die Lichter automatisch 6 Stunden lang eingeschaltet (Dauerlicht, Wellen, Sequentiell, Langsam gl\u00fchend, Jagend\/ blinkend, langsam ausblenden, Funkeln \/ Blitz und Kombination )<br \/>\nLichterkette Mit EU-Stecker:Schutzart: IP65 \/\/ Stecker ist IP44 und sollte f\u00fcr den Au\u00dfenbereich gesch\u00fctzt werden.Der strombetrieben Lichtschlauch ist heller und stabiler als das Batteriebetrieben und praktischer als der USB-betrieben<\/p>\n","protected":false},"featured_media":74707,"comment_status":"open","ping_status":"closed","template":"","meta":[],"product_brand":[],"product_cat":[2108,15623],"product_tag":[],"class_list":{"0":"post-74706","1":"product","2":"type-product","3":"status-publish","4":"has-post-thumbnail","6":"product_cat-beleuchtung","7":"product_cat-lichtschlaeuche","8":"pa_brand-uuffoo","9":"pa_manufacturer-uuffoo","11":"first","12":"instock","13":"shipping-taxable","14":"purchasable","15":"product-type-simple","16":"customify-col","17":"product-has-gallery"},"yoast_head":"<!-- This site is optimized with the Yoast SEO plugin v27.4 - https:\/\/yoast.com\/product\/yoast-seo-wordpress\/ -->\n<title>uuffoo LED Lichtschlauch Au\u00dfen IP44 Lichterschlauch mit Fernbedienung &amp; Timer 8 Modi und Helligkeit dimmbar mit EU\u2026 - Markt-XXL<\/title>\n<meta name=\"description\" content=\"Markt-XXL uuffoo LED Lichtschlauch Au\u00dfen IP44 Lichterschlauch mit Fernbedienung &amp; Timer 8 Modi und Helligkeit dimmbar mit EU\u2026\" \/>\n<meta name=\"robots\" content=\"index, follow, max-snippet:-1, max-image-preview:large, max-video-preview:-1\" \/>\n<link rel=\"canonical\" href=\"https:\/\/marktxxl.de\/markt\/produkt\/led-lichtschlauch-aussen-ip44-lichterschlauch-mit-fernbedienung-timer-8-modi-und-helligkeit-dimmbar-mit-eu-stecker-fuer-aussen-patio-weihnachtsbeleuchtung-deko-party-hochzeit\/\" \/>\n<meta property=\"og:locale\" content=\"de_DE\" \/>\n<meta property=\"og:type\" content=\"article\" \/>\n<meta property=\"og:title\" content=\"uuffoo LED Lichtschlauch Au\u00dfen IP44 Lichterschlauch mit Fernbedienung &amp; Timer 8 Modi und Helligkeit dimmbar mit EU\u2026 - Markt-XXL\" \/>\n<meta property=\"og:description\" content=\"Markt-XXL uuffoo LED Lichtschlauch Au\u00dfen IP44 Lichterschlauch mit Fernbedienung &amp; Timer 8 Modi und Helligkeit dimmbar mit EU\u2026\" \/>\n<meta property=\"og:url\" content=\"https:\/\/marktxxl.de\/markt\/produkt\/led-lichtschlauch-aussen-ip44-lichterschlauch-mit-fernbedienung-timer-8-modi-und-helligkeit-dimmbar-mit-eu-stecker-fuer-aussen-patio-weihnachtsbeleuchtung-deko-party-hochzeit\/\" \/>\n<meta property=\"og:site_name\" content=\"Markt-XXL\" \/>\n<meta property=\"article:modified_time\" content=\"2023-04-09T00:21:32+00:00\" \/>\n<meta property=\"og:image\" content=\"https:\/\/m.media-amazon.com\/images\/I\/510XoUg15yL._SL500_.jpg\" \/>\n\t<meta property=\"og:image:width\" content=\"500\" \/>\n\t<meta property=\"og:image:height\" content=\"500\" \/>\n\t<meta property=\"og:image:type\" content=\"image\/jpeg\" \/>\n<meta name=\"twitter:card\" content=\"summary_large_image\" \/>\n<meta name=\"twitter:label1\" content=\"Gesch\u00e4tzte Lesezeit\" \/>\n\t<meta name=\"twitter:data1\" content=\"1\u00a0Minute\" \/>\n<script type=\"application\/ld+json\" class=\"yoast-schema-graph\">{\"@context\":\"https:\\\/\\\/schema.org\",\"@graph\":[{\"@type\":\"WebPage\",\"@id\":\"https:\\\/\\\/marktxxl.de\\\/markt\\\/produkt\\\/led-lichtschlauch-aussen-ip44-lichterschlauch-mit-fernbedienung-timer-8-modi-und-helligkeit-dimmbar-mit-eu-stecker-fuer-aussen-patio-weihnachtsbeleuchtung-deko-party-hochzeit\\\/\",\"url\":\"https:\\\/\\\/marktxxl.de\\\/markt\\\/produkt\\\/led-lichtschlauch-aussen-ip44-lichterschlauch-mit-fernbedienung-timer-8-modi-und-helligkeit-dimmbar-mit-eu-stecker-fuer-aussen-patio-weihnachtsbeleuchtung-deko-party-hochzeit\\\/\",\"name\":\"uuffoo LED Lichtschlauch Au\u00dfen IP44 Lichterschlauch mit Fernbedienung &amp; Timer 8 Modi und Helligkeit dimmbar mit EU\u2026 - Markt-XXL\",\"isPartOf\":{\"@id\":\"https:\\\/\\\/marktxxl.de\\\/markt\\\/#website\"},\"primaryImageOfPage\":{\"@id\":\"https:\\\/\\\/marktxxl.de\\\/markt\\\/produkt\\\/led-lichtschlauch-aussen-ip44-lichterschlauch-mit-fernbedienung-timer-8-modi-und-helligkeit-dimmbar-mit-eu-stecker-fuer-aussen-patio-weihnachtsbeleuchtung-deko-party-hochzeit\\\/#primaryimage\"},\"image\":{\"@id\":\"https:\\\/\\\/marktxxl.de\\\/markt\\\/produkt\\\/led-lichtschlauch-aussen-ip44-lichterschlauch-mit-fernbedienung-timer-8-modi-und-helligkeit-dimmbar-mit-eu-stecker-fuer-aussen-patio-weihnachtsbeleuchtung-deko-party-hochzeit\\\/#primaryimage\"},\"thumbnailUrl\":\"https:\\\/\\\/m.media-amazon.com\\\/images\\\/I\\\/510XoUg15yL._SL500_.jpg\",\"datePublished\":\"2021-11-13T01:00:21+00:00\",\"dateModified\":\"2023-04-09T00:21:32+00:00\",\"description\":\"Markt-XXL uuffoo LED Lichtschlauch Au\u00dfen IP44 Lichterschlauch mit Fernbedienung &amp; Timer 8 Modi und Helligkeit dimmbar mit EU\u2026\",\"breadcrumb\":{\"@id\":\"https:\\\/\\\/marktxxl.de\\\/markt\\\/produkt\\\/led-lichtschlauch-aussen-ip44-lichterschlauch-mit-fernbedienung-timer-8-modi-und-helligkeit-dimmbar-mit-eu-stecker-fuer-aussen-patio-weihnachtsbeleuchtung-deko-party-hochzeit\\\/#breadcrumb\"},\"inLanguage\":\"de\",\"potentialAction\":[{\"@type\":\"ReadAction\",\"target\":[\"https:\\\/\\\/marktxxl.de\\\/markt\\\/produkt\\\/led-lichtschlauch-aussen-ip44-lichterschlauch-mit-fernbedienung-timer-8-modi-und-helligkeit-dimmbar-mit-eu-stecker-fuer-aussen-patio-weihnachtsbeleuchtung-deko-party-hochzeit\\\/\"]}]},{\"@type\":\"ImageObject\",\"inLanguage\":\"de\",\"@id\":\"https:\\\/\\\/marktxxl.de\\\/markt\\\/produkt\\\/led-lichtschlauch-aussen-ip44-lichterschlauch-mit-fernbedienung-timer-8-modi-und-helligkeit-dimmbar-mit-eu-stecker-fuer-aussen-patio-weihnachtsbeleuchtung-deko-party-hochzeit\\\/#primaryimage\",\"url\":\"https:\\\/\\\/m.media-amazon.com\\\/images\\\/I\\\/510XoUg15yL._SL500_.jpg\",\"contentUrl\":\"https:\\\/\\\/m.media-amazon.com\\\/images\\\/I\\\/510XoUg15yL._SL500_.jpg\",\"width\":500,\"height\":500},{\"@type\":\"BreadcrumbList\",\"@id\":\"https:\\\/\\\/marktxxl.de\\\/markt\\\/produkt\\\/led-lichtschlauch-aussen-ip44-lichterschlauch-mit-fernbedienung-timer-8-modi-und-helligkeit-dimmbar-mit-eu-stecker-fuer-aussen-patio-weihnachtsbeleuchtung-deko-party-hochzeit\\\/#breadcrumb\",\"itemListElement\":[{\"@type\":\"ListItem\",\"position\":1,\"name\":\"Startseite\",\"item\":\"https:\\\/\\\/marktxxl.de\\\/markt\\\/\"},{\"@type\":\"ListItem\",\"position\":2,\"name\":\"Markt\",\"item\":\"https:\\\/\\\/marktxxl.de\\\/markt\\\/\"},{\"@type\":\"ListItem\",\"position\":3,\"name\":\"uuffoo LED Lichtschlauch Au\u00dfen IP44 Lichterschlauch mit Fernbedienung &amp; Timer 8 Modi und Helligkeit dimmbar mit EU\u2026\"}]},{\"@type\":\"WebSite\",\"@id\":\"https:\\\/\\\/marktxxl.de\\\/markt\\\/#website\",\"url\":\"https:\\\/\\\/marktxxl.de\\\/markt\\\/\",\"name\":\"Markt-XXL\",\"description\":\"Ihr Markt Online\",\"publisher\":{\"@id\":\"https:\\\/\\\/marktxxl.de\\\/markt\\\/#organization\"},\"potentialAction\":[{\"@type\":\"SearchAction\",\"target\":{\"@type\":\"EntryPoint\",\"urlTemplate\":\"https:\\\/\\\/marktxxl.de\\\/markt\\\/?s={search_term_string}\"},\"query-input\":{\"@type\":\"PropertyValueSpecification\",\"valueRequired\":true,\"valueName\":\"search_term_string\"}}],\"inLanguage\":\"de\"},{\"@type\":\"Organization\",\"@id\":\"https:\\\/\\\/marktxxl.de\\\/markt\\\/#organization\",\"name\":\"Markt-XXL\",\"url\":\"https:\\\/\\\/marktxxl.de\\\/markt\\\/\",\"logo\":{\"@type\":\"ImageObject\",\"inLanguage\":\"de\",\"@id\":\"https:\\\/\\\/marktxxl.de\\\/markt\\\/#\\\/schema\\\/logo\\\/image\\\/\",\"url\":\"https:\\\/\\\/marktxxl.de\\\/markt\\\/wp-content\\\/uploads\\\/sites\\\/3\\\/2020\\\/12\\\/logo.png\",\"contentUrl\":\"https:\\\/\\\/marktxxl.de\\\/markt\\\/wp-content\\\/uploads\\\/sites\\\/3\\\/2020\\\/12\\\/logo.png\",\"width\":200,\"height\":70,\"caption\":\"Markt-XXL\"},\"image\":{\"@id\":\"https:\\\/\\\/marktxxl.de\\\/markt\\\/#\\\/schema\\\/logo\\\/image\\\/\"}}]}<\/script>\n<!-- \/ Yoast SEO plugin. -->","yoast_head_json":{"title":"uuffoo LED Lichtschlauch Au\u00dfen IP44 Lichterschlauch mit Fernbedienung &amp; Timer 8 Modi und Helligkeit dimmbar mit EU\u2026 - Markt-XXL","description":"Markt-XXL uuffoo LED Lichtschlauch Au\u00dfen IP44 Lichterschlauch mit Fernbedienung &amp; Timer 8 Modi und Helligkeit dimmbar mit EU\u2026","robots":{"index":"index","follow":"follow","max-snippet":"max-snippet:-1","max-image-preview":"max-image-preview:large","max-video-preview":"max-video-preview:-1"},"canonical":"https:\/\/marktxxl.de\/markt\/produkt\/led-lichtschlauch-aussen-ip44-lichterschlauch-mit-fernbedienung-timer-8-modi-und-helligkeit-dimmbar-mit-eu-stecker-fuer-aussen-patio-weihnachtsbeleuchtung-deko-party-hochzeit\/","og_locale":"de_DE","og_type":"article","og_title":"uuffoo LED Lichtschlauch Au\u00dfen IP44 Lichterschlauch mit Fernbedienung &amp; Timer 8 Modi und Helligkeit dimmbar mit EU\u2026 - Markt-XXL","og_description":"Markt-XXL uuffoo LED Lichtschlauch Au\u00dfen IP44 Lichterschlauch mit Fernbedienung &amp; Timer 8 Modi und Helligkeit dimmbar mit EU\u2026","og_url":"https:\/\/marktxxl.de\/markt\/produkt\/led-lichtschlauch-aussen-ip44-lichterschlauch-mit-fernbedienung-timer-8-modi-und-helligkeit-dimmbar-mit-eu-stecker-fuer-aussen-patio-weihnachtsbeleuchtung-deko-party-hochzeit\/","og_site_name":"Markt-XXL","article_modified_time":"2023-04-09T00:21:32+00:00","og_image":[{"width":500,"height":500,"url":"https:\/\/m.media-amazon.com\/images\/I\/510XoUg15yL._SL500_.jpg","type":"image\/jpeg"}],"twitter_card":"summary_large_image","twitter_misc":{"Gesch\u00e4tzte Lesezeit":"1\u00a0Minute"},"schema":{"@context":"https:\/\/schema.org","@graph":[{"@type":"WebPage","@id":"https:\/\/marktxxl.de\/markt\/produkt\/led-lichtschlauch-aussen-ip44-lichterschlauch-mit-fernbedienung-timer-8-modi-und-helligkeit-dimmbar-mit-eu-stecker-fuer-aussen-patio-weihnachtsbeleuchtung-deko-party-hochzeit\/","url":"https:\/\/marktxxl.de\/markt\/produkt\/led-lichtschlauch-aussen-ip44-lichterschlauch-mit-fernbedienung-timer-8-modi-und-helligkeit-dimmbar-mit-eu-stecker-fuer-aussen-patio-weihnachtsbeleuchtung-deko-party-hochzeit\/","name":"uuffoo LED Lichtschlauch Au\u00dfen IP44 Lichterschlauch mit Fernbedienung &amp; Timer 8 Modi und Helligkeit dimmbar mit EU\u2026 - Markt-XXL","isPartOf":{"@id":"https:\/\/marktxxl.de\/markt\/#website"},"primaryImageOfPage":{"@id":"https:\/\/marktxxl.de\/markt\/produkt\/led-lichtschlauch-aussen-ip44-lichterschlauch-mit-fernbedienung-timer-8-modi-und-helligkeit-dimmbar-mit-eu-stecker-fuer-aussen-patio-weihnachtsbeleuchtung-deko-party-hochzeit\/#primaryimage"},"image":{"@id":"https:\/\/marktxxl.de\/markt\/produkt\/led-lichtschlauch-aussen-ip44-lichterschlauch-mit-fernbedienung-timer-8-modi-und-helligkeit-dimmbar-mit-eu-stecker-fuer-aussen-patio-weihnachtsbeleuchtung-deko-party-hochzeit\/#primaryimage"},"thumbnailUrl":"https:\/\/m.media-amazon.com\/images\/I\/510XoUg15yL._SL500_.jpg","datePublished":"2021-11-13T01:00:21+00:00","dateModified":"2023-04-09T00:21:32+00:00","description":"Markt-XXL uuffoo LED Lichtschlauch Au\u00dfen IP44 Lichterschlauch mit Fernbedienung &amp; Timer 8 Modi und Helligkeit dimmbar mit EU\u2026","breadcrumb":{"@id":"https:\/\/marktxxl.de\/markt\/produkt\/led-lichtschlauch-aussen-ip44-lichterschlauch-mit-fernbedienung-timer-8-modi-und-helligkeit-dimmbar-mit-eu-stecker-fuer-aussen-patio-weihnachtsbeleuchtung-deko-party-hochzeit\/#breadcrumb"},"inLanguage":"de","potentialAction":[{"@type":"ReadAction","target":["https:\/\/marktxxl.de\/markt\/produkt\/led-lichtschlauch-aussen-ip44-lichterschlauch-mit-fernbedienung-timer-8-modi-und-helligkeit-dimmbar-mit-eu-stecker-fuer-aussen-patio-weihnachtsbeleuchtung-deko-party-hochzeit\/"]}]},{"@type":"ImageObject","inLanguage":"de","@id":"https:\/\/marktxxl.de\/markt\/produkt\/led-lichtschlauch-aussen-ip44-lichterschlauch-mit-fernbedienung-timer-8-modi-und-helligkeit-dimmbar-mit-eu-stecker-fuer-aussen-patio-weihnachtsbeleuchtung-deko-party-hochzeit\/#primaryimage","url":"https:\/\/m.media-amazon.com\/images\/I\/510XoUg15yL._SL500_.jpg","contentUrl":"https:\/\/m.media-amazon.com\/images\/I\/510XoUg15yL._SL500_.jpg","width":500,"height":500},{"@type":"BreadcrumbList","@id":"https:\/\/marktxxl.de\/markt\/produkt\/led-lichtschlauch-aussen-ip44-lichterschlauch-mit-fernbedienung-timer-8-modi-und-helligkeit-dimmbar-mit-eu-stecker-fuer-aussen-patio-weihnachtsbeleuchtung-deko-party-hochzeit\/#breadcrumb","itemListElement":[{"@type":"ListItem","position":1,"name":"Startseite","item":"https:\/\/marktxxl.de\/markt\/"},{"@type":"ListItem","position":2,"name":"Markt","item":"https:\/\/marktxxl.de\/markt\/"},{"@type":"ListItem","position":3,"name":"uuffoo LED Lichtschlauch Au\u00dfen IP44 Lichterschlauch mit Fernbedienung &amp; Timer 8 Modi und Helligkeit dimmbar mit EU\u2026"}]},{"@type":"WebSite","@id":"https:\/\/marktxxl.de\/markt\/#website","url":"https:\/\/marktxxl.de\/markt\/","name":"Markt-XXL","description":"Ihr Markt Online","publisher":{"@id":"https:\/\/marktxxl.de\/markt\/#organization"},"potentialAction":[{"@type":"SearchAction","target":{"@type":"EntryPoint","urlTemplate":"https:\/\/marktxxl.de\/markt\/?s={search_term_string}"},"query-input":{"@type":"PropertyValueSpecification","valueRequired":true,"valueName":"search_term_string"}}],"inLanguage":"de"},{"@type":"Organization","@id":"https:\/\/marktxxl.de\/markt\/#organization","name":"Markt-XXL","url":"https:\/\/marktxxl.de\/markt\/","logo":{"@type":"ImageObject","inLanguage":"de","@id":"https:\/\/marktxxl.de\/markt\/#\/schema\/logo\/image\/","url":"https:\/\/marktxxl.de\/markt\/wp-content\/uploads\/sites\/3\/2020\/12\/logo.png","contentUrl":"https:\/\/marktxxl.de\/markt\/wp-content\/uploads\/sites\/3\/2020\/12\/logo.png","width":200,"height":70,"caption":"Markt-XXL"},"image":{"@id":"https:\/\/marktxxl.de\/markt\/#\/schema\/logo\/image\/"}}]}},"_links":{"self":[{"href":"https:\/\/marktxxl.de\/markt\/wp-json\/wp\/v2\/product\/74706","targetHints":{"allow":["GET"]}}],"collection":[{"href":"https:\/\/marktxxl.de\/markt\/wp-json\/wp\/v2\/product"}],"about":[{"href":"https:\/\/marktxxl.de\/markt\/wp-json\/wp\/v2\/types\/product"}],"replies":[{"embeddable":true,"href":"https:\/\/marktxxl.de\/markt\/wp-json\/wp\/v2\/comments?post=74706"}],"wp:featuredmedia":[{"embeddable":true,"href":"https:\/\/marktxxl.de\/markt\/wp-json\/wp\/v2\/media\/74707"}],"wp:attachment":[{"href":"https:\/\/marktxxl.de\/markt\/wp-json\/wp\/v2\/media?parent=74706"}],"wp:term":[{"taxonomy":"product_brand","embeddable":true,"href":"https:\/\/marktxxl.de\/markt\/wp-json\/wp\/v2\/product_brand?post=74706"},{"taxonomy":"product_cat","embeddable":true,"href":"https:\/\/marktxxl.de\/markt\/wp-json\/wp\/v2\/product_cat?post=74706"},{"taxonomy":"product_tag","embeddable":true,"href":"https:\/\/marktxxl.de\/markt\/wp-json\/wp\/v2\/product_tag?post=74706"}],"curies":[{"name":"wp","href":"https:\/\/api.w.org\/{rel}","templated":true}]}}