{"id":74680,"date":"2021-11-13T02:00:08","date_gmt":"2021-11-13T01:00:08","guid":{"rendered":"https:\/\/marktxxl.de\/markt\/produkt\/lichtervorhang-aussen-lichterkette-aussen-innen-10m-400led-eisregen-lichterkette-strom-ip44-8-modi-lichtvorhang-fuer-zimmer-traufe-treppe-gelaender-weihnachten-party-deko\/"},"modified":"2023-04-09T02:21:32","modified_gmt":"2023-04-09T00:21:32","slug":"lichtervorhang-aussen-lichterkette-aussen-innen-10m-400led-eisregen-lichterkette-strom-ip44-8-modi-lichtvorhang-fuer-zimmer-traufe-treppe-gelaender-weihnachten-party-deko","status":"publish","type":"product","link":"https:\/\/marktxxl.de\/markt\/produkt\/lichtervorhang-aussen-lichterkette-aussen-innen-10m-400led-eisregen-lichterkette-strom-ip44-8-modi-lichtvorhang-fuer-zimmer-traufe-treppe-gelaender-weihnachten-party-deko\/","title":{"rendered":"Eisregen Lichterkette Au\u00dfen, Lichterkette Au\u00dfen Innen 10M 400 LED mit Timer, Weihnachtslichterkette Wasserdicht 8 Modi\u2026"},"content":{"rendered":"<p>400 LED Lichtervorhang Aussen: Diese 10 m lange Eiszapfen Lichterkette mit 400 LED-Lampen, Verl\u00e4ngerungskabel 5m, Die Leistung jeder LED-Lampe betr\u00e4gt nur 0,06 W, was auch nach langer Arbeit keine W\u00e4rme verursacht und sicher zu verwenden ist.<br \/>\n8 Funkelmodi Eisregen Lichterkette: Kombination, In Wellen, Sequentiell, Slow Glow, Chasing\/Flash, Slow Fade, Twinkle\/Flash, Dauerlicht. Dr\u00fccken Sie die Taste im Stecker, um den gew\u00fcnschten Modus anzupassen. Stecken Sie es direkt ein und aus, um es ein- und auszuschalten.<br \/>\nEinfach zu Bedienen und Erweiterbar: Jeder Eiszapfenleuchte verf\u00fcgt \u00fcber eine End-to-End-Verbindung, \u00fcber die bis zu 3 Lichterketten miteinander verbunden werden k\u00f6nnen, um eine gr\u00f6\u00dfere Reichweite zu erzielen, den gr\u00f6\u00dften Teil der Terrasse, des Gartens und des Daches zu bedecken.<br \/>\nWasserdicht Lichterkette Au\u00dfen: WASSERDICHT (IP44), sicher f\u00fcr Innen- und Au\u00dfendekorationen, keine Sorge um das Wetter. Es kann eine gute Wahl f\u00fcr die Dekoration von Lichtern f\u00fcr Partys, Festivals und auch f\u00fcr den t\u00e4glichen Gebrauch sein. Bitte beachten, dass der Stecker nicht wasserdicht ist.<br \/>\nSch\u00f6n und Romantisch Lichtervorhang : Sie k\u00f6nnen die Lichter unter der Traufe \u00e4ndern, sie auf Z\u00e4une und Treppenpfosten stellen, Fenster beleuchten, in Schlafzimmerregalen oder M\u00f6beln anordnen. Ideal f\u00fcr Hochzeitshintergr\u00fcnde , Hotels, Restaurants, Haus, Fenster, Clubs, Party, Ballsaal, Weihnachten, Feier und andere Gelegenheiten.<br \/>\n<div class=\"main-cross-sell\" data-asin=\"B099ZPSQTN\">\n\n\t<div class=\"WooZone-cross-sell-loader\">\n\t\t<div>\n\t\t\t<div id=\"floatingBarsG\">\n\t\t\t\t<div class=\"blockG\" id=\"rotateG_01\"><\/div>\n\t\t\t\t<div class=\"blockG\" id=\"rotateG_02\"><\/div>\n\t\t\t\t<div class=\"blockG\" id=\"rotateG_03\"><\/div>\n\t\t\t\t<div class=\"blockG\" id=\"rotateG_04\"><\/div>\n\t\t\t\t<div class=\"blockG\" id=\"rotateG_05\"><\/div>\n\t\t\t\t<div class=\"blockG\" id=\"rotateG_06\"><\/div>\n\t\t\t\t<div class=\"blockG\" id=\"rotateG_07\"><\/div>\n\t\t\t\t<div class=\"blockG\" id=\"rotateG_08\"><\/div>\n\t\t\t<\/div>\n\t\t\t<div class=\"WooZone-cross-sell-loader-text\"><\/div>\n\t\t<\/div>\n\t<\/div>\n\n\t\t\n<\/div>\n<div style=\"clear:both;\"><\/div><\/p>\n","protected":false},"excerpt":{"rendered":"<p>400 LED Lichtervorhang Aussen: Diese 10 m lange Eiszapfen Lichterkette mit 400 LED-Lampen, Verl\u00e4ngerungskabel 5m, Die Leistung jeder LED-Lampe betr\u00e4gt nur 0,06 W, was auch nach langer Arbeit keine W\u00e4rme verursacht und sicher zu verwenden ist.<br \/>\n8 Funkelmodi Eisregen Lichterkette: Kombination, In Wellen, Sequentiell, Slow Glow, Chasing\/Flash, Slow Fade, Twinkle\/Flash, Dauerlicht. Dr\u00fccken Sie die Taste im Stecker, um den gew\u00fcnschten Modus anzupassen. Stecken Sie es direkt ein und aus, um es ein- und auszuschalten.<br \/>\nEinfach zu Bedienen und Erweiterbar: Jeder Eiszapfenleuchte verf\u00fcgt \u00fcber eine End-to-End-Verbindung, \u00fcber die bis zu 3 Lichterketten miteinander verbunden werden k\u00f6nnen, um eine gr\u00f6\u00dfere Reichweite zu erzielen, den gr\u00f6\u00dften Teil der Terrasse, des Gartens und des Daches zu bedecken.<\/p>\n","protected":false},"featured_media":74681,"comment_status":"open","ping_status":"closed","template":"","meta":[],"product_brand":[],"product_cat":[2108,15622],"product_tag":[],"class_list":{"0":"post-74680","1":"product","2":"type-product","3":"status-publish","4":"has-post-thumbnail","6":"product_cat-beleuchtung","7":"product_cat-lichterketten","8":"pa_brand-lizhitree","9":"pa_manufacturer-lizhitree","10":"pa_model-25199","11":"pa_model-jt-el-fc31v6w-h6-ip44","13":"first","14":"instock","15":"shipping-taxable","16":"purchasable","17":"product-type-simple","18":"customify-col","19":"product-has-gallery"},"yoast_head":"<!-- This site is optimized with the Yoast SEO plugin v27.4 - https:\/\/yoast.com\/product\/yoast-seo-wordpress\/ -->\n<title>Eisregen Lichterkette Au\u00dfen, Lichterkette Au\u00dfen Innen 10M 400 LED mit Timer, Weihnachtslichterkette Wasserdicht 8 Modi\u2026 - Markt-XXL<\/title>\n<meta name=\"description\" content=\"Markt-XXL Eisregen Lichterkette Au\u00dfen, Lichterkette Au\u00dfen Innen 10M 400 LED mit Timer, Weihnachtslichterkette Wasserdicht 8 Modi\u2026\" \/>\n<meta name=\"robots\" content=\"index, follow, max-snippet:-1, max-image-preview:large, max-video-preview:-1\" \/>\n<link rel=\"canonical\" href=\"https:\/\/marktxxl.de\/markt\/produkt\/lichtervorhang-aussen-lichterkette-aussen-innen-10m-400led-eisregen-lichterkette-strom-ip44-8-modi-lichtvorhang-fuer-zimmer-traufe-treppe-gelaender-weihnachten-party-deko\/\" \/>\n<meta property=\"og:locale\" content=\"de_DE\" \/>\n<meta property=\"og:type\" content=\"article\" \/>\n<meta property=\"og:title\" content=\"Eisregen Lichterkette Au\u00dfen, Lichterkette Au\u00dfen Innen 10M 400 LED mit Timer, Weihnachtslichterkette Wasserdicht 8 Modi\u2026 - Markt-XXL\" \/>\n<meta property=\"og:description\" content=\"Markt-XXL Eisregen Lichterkette Au\u00dfen, Lichterkette Au\u00dfen Innen 10M 400 LED mit Timer, Weihnachtslichterkette Wasserdicht 8 Modi\u2026\" \/>\n<meta property=\"og:url\" content=\"https:\/\/marktxxl.de\/markt\/produkt\/lichtervorhang-aussen-lichterkette-aussen-innen-10m-400led-eisregen-lichterkette-strom-ip44-8-modi-lichtvorhang-fuer-zimmer-traufe-treppe-gelaender-weihnachten-party-deko\/\" \/>\n<meta property=\"og:site_name\" content=\"Markt-XXL\" \/>\n<meta property=\"article:modified_time\" content=\"2023-04-09T00:21:32+00:00\" \/>\n<meta property=\"og:image\" content=\"https:\/\/m.media-amazon.com\/images\/I\/61w55pglqOL._SL500_.jpg\" \/>\n\t<meta property=\"og:image:width\" content=\"500\" \/>\n\t<meta property=\"og:image:height\" content=\"500\" \/>\n\t<meta property=\"og:image:type\" content=\"image\/jpeg\" \/>\n<meta name=\"twitter:card\" content=\"summary_large_image\" \/>\n<meta name=\"twitter:label1\" content=\"Gesch\u00e4tzte Lesezeit\" \/>\n\t<meta name=\"twitter:data1\" content=\"1\u00a0Minute\" \/>\n<script type=\"application\/ld+json\" class=\"yoast-schema-graph\">{\"@context\":\"https:\\\/\\\/schema.org\",\"@graph\":[{\"@type\":\"WebPage\",\"@id\":\"https:\\\/\\\/marktxxl.de\\\/markt\\\/produkt\\\/lichtervorhang-aussen-lichterkette-aussen-innen-10m-400led-eisregen-lichterkette-strom-ip44-8-modi-lichtvorhang-fuer-zimmer-traufe-treppe-gelaender-weihnachten-party-deko\\\/\",\"url\":\"https:\\\/\\\/marktxxl.de\\\/markt\\\/produkt\\\/lichtervorhang-aussen-lichterkette-aussen-innen-10m-400led-eisregen-lichterkette-strom-ip44-8-modi-lichtvorhang-fuer-zimmer-traufe-treppe-gelaender-weihnachten-party-deko\\\/\",\"name\":\"Eisregen Lichterkette Au\u00dfen, Lichterkette Au\u00dfen Innen 10M 400 LED mit Timer, Weihnachtslichterkette Wasserdicht 8 Modi\u2026 - Markt-XXL\",\"isPartOf\":{\"@id\":\"https:\\\/\\\/marktxxl.de\\\/markt\\\/#website\"},\"primaryImageOfPage\":{\"@id\":\"https:\\\/\\\/marktxxl.de\\\/markt\\\/produkt\\\/lichtervorhang-aussen-lichterkette-aussen-innen-10m-400led-eisregen-lichterkette-strom-ip44-8-modi-lichtvorhang-fuer-zimmer-traufe-treppe-gelaender-weihnachten-party-deko\\\/#primaryimage\"},\"image\":{\"@id\":\"https:\\\/\\\/marktxxl.de\\\/markt\\\/produkt\\\/lichtervorhang-aussen-lichterkette-aussen-innen-10m-400led-eisregen-lichterkette-strom-ip44-8-modi-lichtvorhang-fuer-zimmer-traufe-treppe-gelaender-weihnachten-party-deko\\\/#primaryimage\"},\"thumbnailUrl\":\"https:\\\/\\\/m.media-amazon.com\\\/images\\\/I\\\/61w55pglqOL._SL500_.jpg\",\"datePublished\":\"2021-11-13T01:00:08+00:00\",\"dateModified\":\"2023-04-09T00:21:32+00:00\",\"description\":\"Markt-XXL Eisregen Lichterkette Au\u00dfen, Lichterkette Au\u00dfen Innen 10M 400 LED mit Timer, Weihnachtslichterkette Wasserdicht 8 Modi\u2026\",\"breadcrumb\":{\"@id\":\"https:\\\/\\\/marktxxl.de\\\/markt\\\/produkt\\\/lichtervorhang-aussen-lichterkette-aussen-innen-10m-400led-eisregen-lichterkette-strom-ip44-8-modi-lichtvorhang-fuer-zimmer-traufe-treppe-gelaender-weihnachten-party-deko\\\/#breadcrumb\"},\"inLanguage\":\"de\",\"potentialAction\":[{\"@type\":\"ReadAction\",\"target\":[\"https:\\\/\\\/marktxxl.de\\\/markt\\\/produkt\\\/lichtervorhang-aussen-lichterkette-aussen-innen-10m-400led-eisregen-lichterkette-strom-ip44-8-modi-lichtvorhang-fuer-zimmer-traufe-treppe-gelaender-weihnachten-party-deko\\\/\"]}]},{\"@type\":\"ImageObject\",\"inLanguage\":\"de\",\"@id\":\"https:\\\/\\\/marktxxl.de\\\/markt\\\/produkt\\\/lichtervorhang-aussen-lichterkette-aussen-innen-10m-400led-eisregen-lichterkette-strom-ip44-8-modi-lichtvorhang-fuer-zimmer-traufe-treppe-gelaender-weihnachten-party-deko\\\/#primaryimage\",\"url\":\"https:\\\/\\\/m.media-amazon.com\\\/images\\\/I\\\/61w55pglqOL._SL500_.jpg\",\"contentUrl\":\"https:\\\/\\\/m.media-amazon.com\\\/images\\\/I\\\/61w55pglqOL._SL500_.jpg\",\"width\":500,\"height\":500},{\"@type\":\"BreadcrumbList\",\"@id\":\"https:\\\/\\\/marktxxl.de\\\/markt\\\/produkt\\\/lichtervorhang-aussen-lichterkette-aussen-innen-10m-400led-eisregen-lichterkette-strom-ip44-8-modi-lichtvorhang-fuer-zimmer-traufe-treppe-gelaender-weihnachten-party-deko\\\/#breadcrumb\",\"itemListElement\":[{\"@type\":\"ListItem\",\"position\":1,\"name\":\"Startseite\",\"item\":\"https:\\\/\\\/marktxxl.de\\\/markt\\\/\"},{\"@type\":\"ListItem\",\"position\":2,\"name\":\"Markt\",\"item\":\"https:\\\/\\\/marktxxl.de\\\/markt\\\/\"},{\"@type\":\"ListItem\",\"position\":3,\"name\":\"Eisregen Lichterkette Au\u00dfen, Lichterkette Au\u00dfen Innen 10M 400 LED mit Timer, Weihnachtslichterkette Wasserdicht 8 Modi\u2026\"}]},{\"@type\":\"WebSite\",\"@id\":\"https:\\\/\\\/marktxxl.de\\\/markt\\\/#website\",\"url\":\"https:\\\/\\\/marktxxl.de\\\/markt\\\/\",\"name\":\"Markt-XXL\",\"description\":\"Ihr Markt Online\",\"publisher\":{\"@id\":\"https:\\\/\\\/marktxxl.de\\\/markt\\\/#organization\"},\"potentialAction\":[{\"@type\":\"SearchAction\",\"target\":{\"@type\":\"EntryPoint\",\"urlTemplate\":\"https:\\\/\\\/marktxxl.de\\\/markt\\\/?s={search_term_string}\"},\"query-input\":{\"@type\":\"PropertyValueSpecification\",\"valueRequired\":true,\"valueName\":\"search_term_string\"}}],\"inLanguage\":\"de\"},{\"@type\":\"Organization\",\"@id\":\"https:\\\/\\\/marktxxl.de\\\/markt\\\/#organization\",\"name\":\"Markt-XXL\",\"url\":\"https:\\\/\\\/marktxxl.de\\\/markt\\\/\",\"logo\":{\"@type\":\"ImageObject\",\"inLanguage\":\"de\",\"@id\":\"https:\\\/\\\/marktxxl.de\\\/markt\\\/#\\\/schema\\\/logo\\\/image\\\/\",\"url\":\"https:\\\/\\\/marktxxl.de\\\/markt\\\/wp-content\\\/uploads\\\/sites\\\/3\\\/2020\\\/12\\\/logo.png\",\"contentUrl\":\"https:\\\/\\\/marktxxl.de\\\/markt\\\/wp-content\\\/uploads\\\/sites\\\/3\\\/2020\\\/12\\\/logo.png\",\"width\":200,\"height\":70,\"caption\":\"Markt-XXL\"},\"image\":{\"@id\":\"https:\\\/\\\/marktxxl.de\\\/markt\\\/#\\\/schema\\\/logo\\\/image\\\/\"}}]}<\/script>\n<!-- \/ Yoast SEO plugin. -->","yoast_head_json":{"title":"Eisregen Lichterkette Au\u00dfen, Lichterkette Au\u00dfen Innen 10M 400 LED mit Timer, Weihnachtslichterkette Wasserdicht 8 Modi\u2026 - Markt-XXL","description":"Markt-XXL Eisregen Lichterkette Au\u00dfen, Lichterkette Au\u00dfen Innen 10M 400 LED mit Timer, Weihnachtslichterkette Wasserdicht 8 Modi\u2026","robots":{"index":"index","follow":"follow","max-snippet":"max-snippet:-1","max-image-preview":"max-image-preview:large","max-video-preview":"max-video-preview:-1"},"canonical":"https:\/\/marktxxl.de\/markt\/produkt\/lichtervorhang-aussen-lichterkette-aussen-innen-10m-400led-eisregen-lichterkette-strom-ip44-8-modi-lichtvorhang-fuer-zimmer-traufe-treppe-gelaender-weihnachten-party-deko\/","og_locale":"de_DE","og_type":"article","og_title":"Eisregen Lichterkette Au\u00dfen, Lichterkette Au\u00dfen Innen 10M 400 LED mit Timer, Weihnachtslichterkette Wasserdicht 8 Modi\u2026 - Markt-XXL","og_description":"Markt-XXL Eisregen Lichterkette Au\u00dfen, Lichterkette Au\u00dfen Innen 10M 400 LED mit Timer, Weihnachtslichterkette Wasserdicht 8 Modi\u2026","og_url":"https:\/\/marktxxl.de\/markt\/produkt\/lichtervorhang-aussen-lichterkette-aussen-innen-10m-400led-eisregen-lichterkette-strom-ip44-8-modi-lichtvorhang-fuer-zimmer-traufe-treppe-gelaender-weihnachten-party-deko\/","og_site_name":"Markt-XXL","article_modified_time":"2023-04-09T00:21:32+00:00","og_image":[{"width":500,"height":500,"url":"https:\/\/m.media-amazon.com\/images\/I\/61w55pglqOL._SL500_.jpg","type":"image\/jpeg"}],"twitter_card":"summary_large_image","twitter_misc":{"Gesch\u00e4tzte Lesezeit":"1\u00a0Minute"},"schema":{"@context":"https:\/\/schema.org","@graph":[{"@type":"WebPage","@id":"https:\/\/marktxxl.de\/markt\/produkt\/lichtervorhang-aussen-lichterkette-aussen-innen-10m-400led-eisregen-lichterkette-strom-ip44-8-modi-lichtvorhang-fuer-zimmer-traufe-treppe-gelaender-weihnachten-party-deko\/","url":"https:\/\/marktxxl.de\/markt\/produkt\/lichtervorhang-aussen-lichterkette-aussen-innen-10m-400led-eisregen-lichterkette-strom-ip44-8-modi-lichtvorhang-fuer-zimmer-traufe-treppe-gelaender-weihnachten-party-deko\/","name":"Eisregen Lichterkette Au\u00dfen, Lichterkette Au\u00dfen Innen 10M 400 LED mit Timer, Weihnachtslichterkette Wasserdicht 8 Modi\u2026 - Markt-XXL","isPartOf":{"@id":"https:\/\/marktxxl.de\/markt\/#website"},"primaryImageOfPage":{"@id":"https:\/\/marktxxl.de\/markt\/produkt\/lichtervorhang-aussen-lichterkette-aussen-innen-10m-400led-eisregen-lichterkette-strom-ip44-8-modi-lichtvorhang-fuer-zimmer-traufe-treppe-gelaender-weihnachten-party-deko\/#primaryimage"},"image":{"@id":"https:\/\/marktxxl.de\/markt\/produkt\/lichtervorhang-aussen-lichterkette-aussen-innen-10m-400led-eisregen-lichterkette-strom-ip44-8-modi-lichtvorhang-fuer-zimmer-traufe-treppe-gelaender-weihnachten-party-deko\/#primaryimage"},"thumbnailUrl":"https:\/\/m.media-amazon.com\/images\/I\/61w55pglqOL._SL500_.jpg","datePublished":"2021-11-13T01:00:08+00:00","dateModified":"2023-04-09T00:21:32+00:00","description":"Markt-XXL Eisregen Lichterkette Au\u00dfen, Lichterkette Au\u00dfen Innen 10M 400 LED mit Timer, Weihnachtslichterkette Wasserdicht 8 Modi\u2026","breadcrumb":{"@id":"https:\/\/marktxxl.de\/markt\/produkt\/lichtervorhang-aussen-lichterkette-aussen-innen-10m-400led-eisregen-lichterkette-strom-ip44-8-modi-lichtvorhang-fuer-zimmer-traufe-treppe-gelaender-weihnachten-party-deko\/#breadcrumb"},"inLanguage":"de","potentialAction":[{"@type":"ReadAction","target":["https:\/\/marktxxl.de\/markt\/produkt\/lichtervorhang-aussen-lichterkette-aussen-innen-10m-400led-eisregen-lichterkette-strom-ip44-8-modi-lichtvorhang-fuer-zimmer-traufe-treppe-gelaender-weihnachten-party-deko\/"]}]},{"@type":"ImageObject","inLanguage":"de","@id":"https:\/\/marktxxl.de\/markt\/produkt\/lichtervorhang-aussen-lichterkette-aussen-innen-10m-400led-eisregen-lichterkette-strom-ip44-8-modi-lichtvorhang-fuer-zimmer-traufe-treppe-gelaender-weihnachten-party-deko\/#primaryimage","url":"https:\/\/m.media-amazon.com\/images\/I\/61w55pglqOL._SL500_.jpg","contentUrl":"https:\/\/m.media-amazon.com\/images\/I\/61w55pglqOL._SL500_.jpg","width":500,"height":500},{"@type":"BreadcrumbList","@id":"https:\/\/marktxxl.de\/markt\/produkt\/lichtervorhang-aussen-lichterkette-aussen-innen-10m-400led-eisregen-lichterkette-strom-ip44-8-modi-lichtvorhang-fuer-zimmer-traufe-treppe-gelaender-weihnachten-party-deko\/#breadcrumb","itemListElement":[{"@type":"ListItem","position":1,"name":"Startseite","item":"https:\/\/marktxxl.de\/markt\/"},{"@type":"ListItem","position":2,"name":"Markt","item":"https:\/\/marktxxl.de\/markt\/"},{"@type":"ListItem","position":3,"name":"Eisregen Lichterkette Au\u00dfen, Lichterkette Au\u00dfen Innen 10M 400 LED mit Timer, Weihnachtslichterkette Wasserdicht 8 Modi\u2026"}]},{"@type":"WebSite","@id":"https:\/\/marktxxl.de\/markt\/#website","url":"https:\/\/marktxxl.de\/markt\/","name":"Markt-XXL","description":"Ihr Markt Online","publisher":{"@id":"https:\/\/marktxxl.de\/markt\/#organization"},"potentialAction":[{"@type":"SearchAction","target":{"@type":"EntryPoint","urlTemplate":"https:\/\/marktxxl.de\/markt\/?s={search_term_string}"},"query-input":{"@type":"PropertyValueSpecification","valueRequired":true,"valueName":"search_term_string"}}],"inLanguage":"de"},{"@type":"Organization","@id":"https:\/\/marktxxl.de\/markt\/#organization","name":"Markt-XXL","url":"https:\/\/marktxxl.de\/markt\/","logo":{"@type":"ImageObject","inLanguage":"de","@id":"https:\/\/marktxxl.de\/markt\/#\/schema\/logo\/image\/","url":"https:\/\/marktxxl.de\/markt\/wp-content\/uploads\/sites\/3\/2020\/12\/logo.png","contentUrl":"https:\/\/marktxxl.de\/markt\/wp-content\/uploads\/sites\/3\/2020\/12\/logo.png","width":200,"height":70,"caption":"Markt-XXL"},"image":{"@id":"https:\/\/marktxxl.de\/markt\/#\/schema\/logo\/image\/"}}]}},"_links":{"self":[{"href":"https:\/\/marktxxl.de\/markt\/wp-json\/wp\/v2\/product\/74680","targetHints":{"allow":["GET"]}}],"collection":[{"href":"https:\/\/marktxxl.de\/markt\/wp-json\/wp\/v2\/product"}],"about":[{"href":"https:\/\/marktxxl.de\/markt\/wp-json\/wp\/v2\/types\/product"}],"replies":[{"embeddable":true,"href":"https:\/\/marktxxl.de\/markt\/wp-json\/wp\/v2\/comments?post=74680"}],"wp:featuredmedia":[{"embeddable":true,"href":"https:\/\/marktxxl.de\/markt\/wp-json\/wp\/v2\/media\/74681"}],"wp:attachment":[{"href":"https:\/\/marktxxl.de\/markt\/wp-json\/wp\/v2\/media?parent=74680"}],"wp:term":[{"taxonomy":"product_brand","embeddable":true,"href":"https:\/\/marktxxl.de\/markt\/wp-json\/wp\/v2\/product_brand?post=74680"},{"taxonomy":"product_cat","embeddable":true,"href":"https:\/\/marktxxl.de\/markt\/wp-json\/wp\/v2\/product_cat?post=74680"},{"taxonomy":"product_tag","embeddable":true,"href":"https:\/\/marktxxl.de\/markt\/wp-json\/wp\/v2\/product_tag?post=74680"}],"curies":[{"name":"wp","href":"https:\/\/api.w.org\/{rel}","templated":true}]}}