{"id":74449,"date":"2021-11-13T01:45:11","date_gmt":"2021-11-13T00:45:11","guid":{"rendered":"https:\/\/marktxxl.de\/markt\/produkt\/solar-lichtschlauch-lichterkette-vegena-12-m-100-led-8-modi-wasserdicht-ip65-lichtschlauch-aussen-fuer-gartenpartyhochzeit-pavillon-und-weihnachten-warmweiss\/"},"modified":"2023-04-09T02:21:27","modified_gmt":"2023-04-09T00:21:27","slug":"solar-lichtschlauch-lichterkette-vegena-12-m-100-led-8-modi-wasserdicht-ip65-lichtschlauch-aussen-fuer-gartenpartyhochzeit-pavillon-und-weihnachten-warmweiss","status":"publish","type":"product","link":"https:\/\/marktxxl.de\/markt\/produkt\/solar-lichtschlauch-lichterkette-vegena-12-m-100-led-8-modi-wasserdicht-ip65-lichtschlauch-aussen-fuer-gartenpartyhochzeit-pavillon-und-weihnachten-warmweiss\/","title":{"rendered":"Solar Lichtschlauch Lichterkette, Vegena 12 M 100 LED 8 Modi Wasserdicht IP65 lichtschlauch au\u00dfen f\u00fcr Garten,Party\u2026"},"content":{"rendered":"<p>Solar Lichtschlauch Lichterkette, Die Lichtschlauch wird durch Solarpanel unter Sonnenlicht aufgeladen(Solarpanel mit 2 V 300 mA). Im Vergleich zu fr\u00fcheren Versionen( 2 V 170 mA), Schnelleres Aufladen,L\u00e4ngere Beleuchtungszeit.Keine Stromkosten!<br \/>\nDie Lichtschlauch mit einer Gesamtl\u00e4nge von 12m, einschlie\u00dflich eines 2m langen Verbindungskabels, Kupferdraht 10 Meter,100 LED . Es gibt 2 Schalter, einen f\u00fcr den Modus und den anderen f\u00fcr das Ein- und Ausschalten.Leicht zu bedienen.<br \/>\nSolar Lichtschlauch enthalten 8 Beleuchtung Modi, Wechseln Sie verschiedene Modi durch Dr\u00fccken der Tasten. Combination, in weave, sequential, slo glo, chasing, flash, slow fade, twinkle flash, steady on. Passen Sie Immer und \u00fcberall den Modus abh\u00e4ngig von verschiedenen Umgebungen .<br \/>\nFlexibler Solar lichterschlauch, Sie k\u00f6nnen das Licht in Ihrem eigenen kreativen Stil installieren. Der Lichtschlauch kann in alle Richtungen gebogen, und um fast jeden Gegenstand gewickelt werden. Wasserdicht IP65, Perfekt f\u00fcr den Au\u00dfenbereich.<br \/>\nGeeignet f\u00fcr alle Dekorationen. Party, Garten, Pavillon, Terrasse, Festlicht, Rasen, Z\u00e4une .Qualit\u00e4tsgarantie, Wenn Sie Fragen haben, wenden Sie sich bitte an uns. Wir werden Ihnen innerhalb von 24 Stunden antworten.<br \/>\n<div class=\"main-cross-sell\" data-asin=\"B085Z8ST7J\">\n\n\t<div class=\"WooZone-cross-sell-loader\">\n\t\t<div>\n\t\t\t<div id=\"floatingBarsG\">\n\t\t\t\t<div class=\"blockG\" id=\"rotateG_01\"><\/div>\n\t\t\t\t<div class=\"blockG\" id=\"rotateG_02\"><\/div>\n\t\t\t\t<div class=\"blockG\" id=\"rotateG_03\"><\/div>\n\t\t\t\t<div class=\"blockG\" id=\"rotateG_04\"><\/div>\n\t\t\t\t<div class=\"blockG\" id=\"rotateG_05\"><\/div>\n\t\t\t\t<div class=\"blockG\" id=\"rotateG_06\"><\/div>\n\t\t\t\t<div class=\"blockG\" id=\"rotateG_07\"><\/div>\n\t\t\t\t<div class=\"blockG\" id=\"rotateG_08\"><\/div>\n\t\t\t<\/div>\n\t\t\t<div class=\"WooZone-cross-sell-loader-text\"><\/div>\n\t\t<\/div>\n\t<\/div>\n\n\t\t\n<\/div>\n<div style=\"clear:both;\"><\/div><\/p>\n","protected":false},"excerpt":{"rendered":"<p>Solar Lichtschlauch Lichterkette, Die Lichtschlauch wird durch Solarpanel unter Sonnenlicht aufgeladen(Solarpanel mit 2 V 300 mA). Im Vergleich zu fr\u00fcheren Versionen( 2 V 170 mA), Schnelleres Aufladen,L\u00e4ngere Beleuchtungszeit.Keine Stromkosten!<br \/>\nDie Lichtschlauch mit einer Gesamtl\u00e4nge von 12m, einschlie\u00dflich eines 2m langen Verbindungskabels, Kupferdraht 10 Meter,100 LED . Es gibt 2 Schalter, einen f\u00fcr den Modus und den anderen f\u00fcr das Ein- und Ausschalten.Leicht zu bedienen.<br \/>\nSolar Lichtschlauch enthalten 8 Beleuchtung Modi, Wechseln Sie verschiedene Modi durch Dr\u00fccken der Tasten. Combination, in weave, sequential, slo glo, chasing, flash, slow fade, twinkle flash, steady on. Passen Sie Immer und \u00fcberall den Modus abh\u00e4ngig von verschiedenen Umgebungen .<\/p>\n","protected":false},"featured_media":74450,"comment_status":"open","ping_status":"closed","template":"","meta":[],"product_brand":[],"product_cat":[2108,15623],"product_tag":[],"class_list":{"0":"post-74449","1":"product","2":"type-product","3":"status-publish","4":"has-post-thumbnail","6":"product_cat-beleuchtung","7":"product_cat-lichtschlaeuche","8":"pa_binding-ausruestung","9":"pa_brand-vegena","10":"pa_manufacturer-vegena","12":"first","13":"instock","14":"shipping-taxable","15":"purchasable","16":"product-type-simple","17":"customify-col","18":"product-has-gallery"},"yoast_head":"<!-- This site is optimized with the Yoast SEO plugin v27.4 - https:\/\/yoast.com\/product\/yoast-seo-wordpress\/ -->\n<title>Solar Lichtschlauch Lichterkette, Vegena 12 M 100 LED 8 Modi Wasserdicht IP65 lichtschlauch au\u00dfen f\u00fcr Garten,Party\u2026 - Markt-XXL<\/title>\n<meta name=\"description\" content=\"Markt-XXL Solar Lichtschlauch Lichterkette, Vegena 12 M 100 LED 8 Modi Wasserdicht IP65 lichtschlauch au\u00dfen f\u00fcr Garten,Party\u2026\" \/>\n<meta name=\"robots\" content=\"index, follow, max-snippet:-1, max-image-preview:large, max-video-preview:-1\" \/>\n<link rel=\"canonical\" href=\"https:\/\/marktxxl.de\/markt\/produkt\/solar-lichtschlauch-lichterkette-vegena-12-m-100-led-8-modi-wasserdicht-ip65-lichtschlauch-aussen-fuer-gartenpartyhochzeit-pavillon-und-weihnachten-warmweiss\/\" \/>\n<meta property=\"og:locale\" content=\"de_DE\" \/>\n<meta property=\"og:type\" content=\"article\" \/>\n<meta property=\"og:title\" content=\"Solar Lichtschlauch Lichterkette, Vegena 12 M 100 LED 8 Modi Wasserdicht IP65 lichtschlauch au\u00dfen f\u00fcr Garten,Party\u2026 - Markt-XXL\" \/>\n<meta property=\"og:description\" content=\"Markt-XXL Solar Lichtschlauch Lichterkette, Vegena 12 M 100 LED 8 Modi Wasserdicht IP65 lichtschlauch au\u00dfen f\u00fcr Garten,Party\u2026\" \/>\n<meta property=\"og:url\" content=\"https:\/\/marktxxl.de\/markt\/produkt\/solar-lichtschlauch-lichterkette-vegena-12-m-100-led-8-modi-wasserdicht-ip65-lichtschlauch-aussen-fuer-gartenpartyhochzeit-pavillon-und-weihnachten-warmweiss\/\" \/>\n<meta property=\"og:site_name\" content=\"Markt-XXL\" \/>\n<meta property=\"article:modified_time\" content=\"2023-04-09T00:21:27+00:00\" \/>\n<meta property=\"og:image\" content=\"https:\/\/m.media-amazon.com\/images\/I\/41Y6JfO5-SL._SL500_.jpg\" \/>\n\t<meta property=\"og:image:width\" content=\"464\" \/>\n\t<meta property=\"og:image:height\" content=\"500\" \/>\n\t<meta property=\"og:image:type\" content=\"image\/jpeg\" \/>\n<meta name=\"twitter:card\" content=\"summary_large_image\" \/>\n<meta name=\"twitter:label1\" content=\"Gesch\u00e4tzte Lesezeit\" \/>\n\t<meta name=\"twitter:data1\" content=\"1\u00a0Minute\" \/>\n<script type=\"application\/ld+json\" class=\"yoast-schema-graph\">{\"@context\":\"https:\\\/\\\/schema.org\",\"@graph\":[{\"@type\":\"WebPage\",\"@id\":\"https:\\\/\\\/marktxxl.de\\\/markt\\\/produkt\\\/solar-lichtschlauch-lichterkette-vegena-12-m-100-led-8-modi-wasserdicht-ip65-lichtschlauch-aussen-fuer-gartenpartyhochzeit-pavillon-und-weihnachten-warmweiss\\\/\",\"url\":\"https:\\\/\\\/marktxxl.de\\\/markt\\\/produkt\\\/solar-lichtschlauch-lichterkette-vegena-12-m-100-led-8-modi-wasserdicht-ip65-lichtschlauch-aussen-fuer-gartenpartyhochzeit-pavillon-und-weihnachten-warmweiss\\\/\",\"name\":\"Solar Lichtschlauch Lichterkette, Vegena 12 M 100 LED 8 Modi Wasserdicht IP65 lichtschlauch au\u00dfen f\u00fcr Garten,Party\u2026 - Markt-XXL\",\"isPartOf\":{\"@id\":\"https:\\\/\\\/marktxxl.de\\\/markt\\\/#website\"},\"primaryImageOfPage\":{\"@id\":\"https:\\\/\\\/marktxxl.de\\\/markt\\\/produkt\\\/solar-lichtschlauch-lichterkette-vegena-12-m-100-led-8-modi-wasserdicht-ip65-lichtschlauch-aussen-fuer-gartenpartyhochzeit-pavillon-und-weihnachten-warmweiss\\\/#primaryimage\"},\"image\":{\"@id\":\"https:\\\/\\\/marktxxl.de\\\/markt\\\/produkt\\\/solar-lichtschlauch-lichterkette-vegena-12-m-100-led-8-modi-wasserdicht-ip65-lichtschlauch-aussen-fuer-gartenpartyhochzeit-pavillon-und-weihnachten-warmweiss\\\/#primaryimage\"},\"thumbnailUrl\":\"https:\\\/\\\/m.media-amazon.com\\\/images\\\/I\\\/41Y6JfO5-SL._SL500_.jpg\",\"datePublished\":\"2021-11-13T00:45:11+00:00\",\"dateModified\":\"2023-04-09T00:21:27+00:00\",\"description\":\"Markt-XXL Solar Lichtschlauch Lichterkette, Vegena 12 M 100 LED 8 Modi Wasserdicht IP65 lichtschlauch au\u00dfen f\u00fcr Garten,Party\u2026\",\"breadcrumb\":{\"@id\":\"https:\\\/\\\/marktxxl.de\\\/markt\\\/produkt\\\/solar-lichtschlauch-lichterkette-vegena-12-m-100-led-8-modi-wasserdicht-ip65-lichtschlauch-aussen-fuer-gartenpartyhochzeit-pavillon-und-weihnachten-warmweiss\\\/#breadcrumb\"},\"inLanguage\":\"de\",\"potentialAction\":[{\"@type\":\"ReadAction\",\"target\":[\"https:\\\/\\\/marktxxl.de\\\/markt\\\/produkt\\\/solar-lichtschlauch-lichterkette-vegena-12-m-100-led-8-modi-wasserdicht-ip65-lichtschlauch-aussen-fuer-gartenpartyhochzeit-pavillon-und-weihnachten-warmweiss\\\/\"]}]},{\"@type\":\"ImageObject\",\"inLanguage\":\"de\",\"@id\":\"https:\\\/\\\/marktxxl.de\\\/markt\\\/produkt\\\/solar-lichtschlauch-lichterkette-vegena-12-m-100-led-8-modi-wasserdicht-ip65-lichtschlauch-aussen-fuer-gartenpartyhochzeit-pavillon-und-weihnachten-warmweiss\\\/#primaryimage\",\"url\":\"https:\\\/\\\/m.media-amazon.com\\\/images\\\/I\\\/41Y6JfO5-SL._SL500_.jpg\",\"contentUrl\":\"https:\\\/\\\/m.media-amazon.com\\\/images\\\/I\\\/41Y6JfO5-SL._SL500_.jpg\",\"width\":464,\"height\":500},{\"@type\":\"BreadcrumbList\",\"@id\":\"https:\\\/\\\/marktxxl.de\\\/markt\\\/produkt\\\/solar-lichtschlauch-lichterkette-vegena-12-m-100-led-8-modi-wasserdicht-ip65-lichtschlauch-aussen-fuer-gartenpartyhochzeit-pavillon-und-weihnachten-warmweiss\\\/#breadcrumb\",\"itemListElement\":[{\"@type\":\"ListItem\",\"position\":1,\"name\":\"Startseite\",\"item\":\"https:\\\/\\\/marktxxl.de\\\/markt\\\/\"},{\"@type\":\"ListItem\",\"position\":2,\"name\":\"Markt\",\"item\":\"https:\\\/\\\/marktxxl.de\\\/markt\\\/\"},{\"@type\":\"ListItem\",\"position\":3,\"name\":\"Solar Lichtschlauch Lichterkette, Vegena 12 M 100 LED 8 Modi Wasserdicht IP65 lichtschlauch au\u00dfen f\u00fcr Garten,Party\u2026\"}]},{\"@type\":\"WebSite\",\"@id\":\"https:\\\/\\\/marktxxl.de\\\/markt\\\/#website\",\"url\":\"https:\\\/\\\/marktxxl.de\\\/markt\\\/\",\"name\":\"Markt-XXL\",\"description\":\"Ihr Markt Online\",\"publisher\":{\"@id\":\"https:\\\/\\\/marktxxl.de\\\/markt\\\/#organization\"},\"potentialAction\":[{\"@type\":\"SearchAction\",\"target\":{\"@type\":\"EntryPoint\",\"urlTemplate\":\"https:\\\/\\\/marktxxl.de\\\/markt\\\/?s={search_term_string}\"},\"query-input\":{\"@type\":\"PropertyValueSpecification\",\"valueRequired\":true,\"valueName\":\"search_term_string\"}}],\"inLanguage\":\"de\"},{\"@type\":\"Organization\",\"@id\":\"https:\\\/\\\/marktxxl.de\\\/markt\\\/#organization\",\"name\":\"Markt-XXL\",\"url\":\"https:\\\/\\\/marktxxl.de\\\/markt\\\/\",\"logo\":{\"@type\":\"ImageObject\",\"inLanguage\":\"de\",\"@id\":\"https:\\\/\\\/marktxxl.de\\\/markt\\\/#\\\/schema\\\/logo\\\/image\\\/\",\"url\":\"https:\\\/\\\/marktxxl.de\\\/markt\\\/wp-content\\\/uploads\\\/sites\\\/3\\\/2020\\\/12\\\/logo.png\",\"contentUrl\":\"https:\\\/\\\/marktxxl.de\\\/markt\\\/wp-content\\\/uploads\\\/sites\\\/3\\\/2020\\\/12\\\/logo.png\",\"width\":200,\"height\":70,\"caption\":\"Markt-XXL\"},\"image\":{\"@id\":\"https:\\\/\\\/marktxxl.de\\\/markt\\\/#\\\/schema\\\/logo\\\/image\\\/\"}}]}<\/script>\n<!-- \/ Yoast SEO plugin. -->","yoast_head_json":{"title":"Solar Lichtschlauch Lichterkette, Vegena 12 M 100 LED 8 Modi Wasserdicht IP65 lichtschlauch au\u00dfen f\u00fcr Garten,Party\u2026 - Markt-XXL","description":"Markt-XXL Solar Lichtschlauch Lichterkette, Vegena 12 M 100 LED 8 Modi Wasserdicht IP65 lichtschlauch au\u00dfen f\u00fcr Garten,Party\u2026","robots":{"index":"index","follow":"follow","max-snippet":"max-snippet:-1","max-image-preview":"max-image-preview:large","max-video-preview":"max-video-preview:-1"},"canonical":"https:\/\/marktxxl.de\/markt\/produkt\/solar-lichtschlauch-lichterkette-vegena-12-m-100-led-8-modi-wasserdicht-ip65-lichtschlauch-aussen-fuer-gartenpartyhochzeit-pavillon-und-weihnachten-warmweiss\/","og_locale":"de_DE","og_type":"article","og_title":"Solar Lichtschlauch Lichterkette, Vegena 12 M 100 LED 8 Modi Wasserdicht IP65 lichtschlauch au\u00dfen f\u00fcr Garten,Party\u2026 - Markt-XXL","og_description":"Markt-XXL Solar Lichtschlauch Lichterkette, Vegena 12 M 100 LED 8 Modi Wasserdicht IP65 lichtschlauch au\u00dfen f\u00fcr Garten,Party\u2026","og_url":"https:\/\/marktxxl.de\/markt\/produkt\/solar-lichtschlauch-lichterkette-vegena-12-m-100-led-8-modi-wasserdicht-ip65-lichtschlauch-aussen-fuer-gartenpartyhochzeit-pavillon-und-weihnachten-warmweiss\/","og_site_name":"Markt-XXL","article_modified_time":"2023-04-09T00:21:27+00:00","og_image":[{"width":464,"height":500,"url":"https:\/\/m.media-amazon.com\/images\/I\/41Y6JfO5-SL._SL500_.jpg","type":"image\/jpeg"}],"twitter_card":"summary_large_image","twitter_misc":{"Gesch\u00e4tzte Lesezeit":"1\u00a0Minute"},"schema":{"@context":"https:\/\/schema.org","@graph":[{"@type":"WebPage","@id":"https:\/\/marktxxl.de\/markt\/produkt\/solar-lichtschlauch-lichterkette-vegena-12-m-100-led-8-modi-wasserdicht-ip65-lichtschlauch-aussen-fuer-gartenpartyhochzeit-pavillon-und-weihnachten-warmweiss\/","url":"https:\/\/marktxxl.de\/markt\/produkt\/solar-lichtschlauch-lichterkette-vegena-12-m-100-led-8-modi-wasserdicht-ip65-lichtschlauch-aussen-fuer-gartenpartyhochzeit-pavillon-und-weihnachten-warmweiss\/","name":"Solar Lichtschlauch Lichterkette, Vegena 12 M 100 LED 8 Modi Wasserdicht IP65 lichtschlauch au\u00dfen f\u00fcr Garten,Party\u2026 - Markt-XXL","isPartOf":{"@id":"https:\/\/marktxxl.de\/markt\/#website"},"primaryImageOfPage":{"@id":"https:\/\/marktxxl.de\/markt\/produkt\/solar-lichtschlauch-lichterkette-vegena-12-m-100-led-8-modi-wasserdicht-ip65-lichtschlauch-aussen-fuer-gartenpartyhochzeit-pavillon-und-weihnachten-warmweiss\/#primaryimage"},"image":{"@id":"https:\/\/marktxxl.de\/markt\/produkt\/solar-lichtschlauch-lichterkette-vegena-12-m-100-led-8-modi-wasserdicht-ip65-lichtschlauch-aussen-fuer-gartenpartyhochzeit-pavillon-und-weihnachten-warmweiss\/#primaryimage"},"thumbnailUrl":"https:\/\/m.media-amazon.com\/images\/I\/41Y6JfO5-SL._SL500_.jpg","datePublished":"2021-11-13T00:45:11+00:00","dateModified":"2023-04-09T00:21:27+00:00","description":"Markt-XXL Solar Lichtschlauch Lichterkette, Vegena 12 M 100 LED 8 Modi Wasserdicht IP65 lichtschlauch au\u00dfen f\u00fcr Garten,Party\u2026","breadcrumb":{"@id":"https:\/\/marktxxl.de\/markt\/produkt\/solar-lichtschlauch-lichterkette-vegena-12-m-100-led-8-modi-wasserdicht-ip65-lichtschlauch-aussen-fuer-gartenpartyhochzeit-pavillon-und-weihnachten-warmweiss\/#breadcrumb"},"inLanguage":"de","potentialAction":[{"@type":"ReadAction","target":["https:\/\/marktxxl.de\/markt\/produkt\/solar-lichtschlauch-lichterkette-vegena-12-m-100-led-8-modi-wasserdicht-ip65-lichtschlauch-aussen-fuer-gartenpartyhochzeit-pavillon-und-weihnachten-warmweiss\/"]}]},{"@type":"ImageObject","inLanguage":"de","@id":"https:\/\/marktxxl.de\/markt\/produkt\/solar-lichtschlauch-lichterkette-vegena-12-m-100-led-8-modi-wasserdicht-ip65-lichtschlauch-aussen-fuer-gartenpartyhochzeit-pavillon-und-weihnachten-warmweiss\/#primaryimage","url":"https:\/\/m.media-amazon.com\/images\/I\/41Y6JfO5-SL._SL500_.jpg","contentUrl":"https:\/\/m.media-amazon.com\/images\/I\/41Y6JfO5-SL._SL500_.jpg","width":464,"height":500},{"@type":"BreadcrumbList","@id":"https:\/\/marktxxl.de\/markt\/produkt\/solar-lichtschlauch-lichterkette-vegena-12-m-100-led-8-modi-wasserdicht-ip65-lichtschlauch-aussen-fuer-gartenpartyhochzeit-pavillon-und-weihnachten-warmweiss\/#breadcrumb","itemListElement":[{"@type":"ListItem","position":1,"name":"Startseite","item":"https:\/\/marktxxl.de\/markt\/"},{"@type":"ListItem","position":2,"name":"Markt","item":"https:\/\/marktxxl.de\/markt\/"},{"@type":"ListItem","position":3,"name":"Solar Lichtschlauch Lichterkette, Vegena 12 M 100 LED 8 Modi Wasserdicht IP65 lichtschlauch au\u00dfen f\u00fcr Garten,Party\u2026"}]},{"@type":"WebSite","@id":"https:\/\/marktxxl.de\/markt\/#website","url":"https:\/\/marktxxl.de\/markt\/","name":"Markt-XXL","description":"Ihr Markt Online","publisher":{"@id":"https:\/\/marktxxl.de\/markt\/#organization"},"potentialAction":[{"@type":"SearchAction","target":{"@type":"EntryPoint","urlTemplate":"https:\/\/marktxxl.de\/markt\/?s={search_term_string}"},"query-input":{"@type":"PropertyValueSpecification","valueRequired":true,"valueName":"search_term_string"}}],"inLanguage":"de"},{"@type":"Organization","@id":"https:\/\/marktxxl.de\/markt\/#organization","name":"Markt-XXL","url":"https:\/\/marktxxl.de\/markt\/","logo":{"@type":"ImageObject","inLanguage":"de","@id":"https:\/\/marktxxl.de\/markt\/#\/schema\/logo\/image\/","url":"https:\/\/marktxxl.de\/markt\/wp-content\/uploads\/sites\/3\/2020\/12\/logo.png","contentUrl":"https:\/\/marktxxl.de\/markt\/wp-content\/uploads\/sites\/3\/2020\/12\/logo.png","width":200,"height":70,"caption":"Markt-XXL"},"image":{"@id":"https:\/\/marktxxl.de\/markt\/#\/schema\/logo\/image\/"}}]}},"_links":{"self":[{"href":"https:\/\/marktxxl.de\/markt\/wp-json\/wp\/v2\/product\/74449","targetHints":{"allow":["GET"]}}],"collection":[{"href":"https:\/\/marktxxl.de\/markt\/wp-json\/wp\/v2\/product"}],"about":[{"href":"https:\/\/marktxxl.de\/markt\/wp-json\/wp\/v2\/types\/product"}],"replies":[{"embeddable":true,"href":"https:\/\/marktxxl.de\/markt\/wp-json\/wp\/v2\/comments?post=74449"}],"wp:featuredmedia":[{"embeddable":true,"href":"https:\/\/marktxxl.de\/markt\/wp-json\/wp\/v2\/media\/74450"}],"wp:attachment":[{"href":"https:\/\/marktxxl.de\/markt\/wp-json\/wp\/v2\/media?parent=74449"}],"wp:term":[{"taxonomy":"product_brand","embeddable":true,"href":"https:\/\/marktxxl.de\/markt\/wp-json\/wp\/v2\/product_brand?post=74449"},{"taxonomy":"product_cat","embeddable":true,"href":"https:\/\/marktxxl.de\/markt\/wp-json\/wp\/v2\/product_cat?post=74449"},{"taxonomy":"product_tag","embeddable":true,"href":"https:\/\/marktxxl.de\/markt\/wp-json\/wp\/v2\/product_tag?post=74449"}],"curies":[{"name":"wp","href":"https:\/\/api.w.org\/{rel}","templated":true}]}}