{"id":74085,"date":"2021-11-13T01:27:03","date_gmt":"2021-11-13T00:27:03","guid":{"rendered":"https:\/\/marktxxl.de\/markt\/produkt\/schrankbeleuchtung-mit-bewegungsmelder-meromore-30-er-led-wiederaufladbar-schranklicht-usb-nachtlicht-fuer-kueche-kleiderschrank-treppe\/"},"modified":"2023-04-09T02:21:20","modified_gmt":"2023-04-09T00:21:20","slug":"schrankbeleuchtung-mit-bewegungsmelder-meromore-30-er-led-wiederaufladbar-schranklicht-usb-nachtlicht-fuer-kueche-kleiderschrank-treppe","status":"publish","type":"product","link":"https:\/\/marktxxl.de\/markt\/produkt\/schrankbeleuchtung-mit-bewegungsmelder-meromore-30-er-led-wiederaufladbar-schranklicht-usb-nachtlicht-fuer-kueche-kleiderschrank-treppe\/","title":{"rendered":"Meromore Schrankbeleuchtung mit Bewegungsmelder, 30 er LED Wiederaufladbar Schranklicht, USB Nachtlicht f\u00fcr K\u00fcche\u2026"},"content":{"rendered":"<p>Super Hell: 30 LEDs f\u00fcr jedes Licht. Die Helligkeit von bis zu 270 Lumen kann genug Licht liefern, um dunkle Bereiche wie Kleiderschr\u00e4nke, Wandschr\u00e4nke, Treppen usw. zu beleuchten, sodass Sie niemals im Dunkeln stolpern.<br \/>\nPIR-Bewegungssensor: Das Licht schaltet sich automatisch im Dunklen ein, wenn die Bewegung der Personen innerhalb 3 Meter (120 Grad) erkannt wird. Nach 15 Sekunden schaltet es sich wieder ein, wenn eine Bewegung erkannt wird, wodurch Energie gespart wird. Es kann auch als Taschenlampe oder Notlicht verwendet werden.<br \/>\nEinfache Installation: (1) Mithilfe des eingebauten Magnets auf der R\u00fcckseite k\u00f6nnen Sie die Leuchte an jeder Eisenoberfl\u00e4che haften. (2) Sie k\u00f6nnen die Leuchte mit dem mitgelieferten 3M-Magnetstreifen an die gew\u00fcnschte Stelle kleben. Kein elektrischer Draht ist erforderlich. Einfach anzubringen und abzunehmen. Wenn die Leuchte aufgeladen werden muss oder die Position der Leuchte ge\u00e4ndert werden muss, k\u00f6nnen Sie die Schrankleuchten jederzeit entfernen.<br \/>\nWiederaufladbare Batterie: Angetrieben von eingebautem Akku (600 mAh &amp; 270 Lumen). Keine AAA-Batterien sind erforderlich. Aufgeladen durch Ladekabel (USB-Adapter, Powerbank, Laptop). 30 LEDs dauern 4 Stunden \/ 20 LEDs dauern 6 Stunden \/ 10 LEDs dauern 8 Stunden im Immer-an-Modus nach vollst\u00e4ndigem Aufladen. Im PIR-Bewegungssensor-Modus dauert das Licht ca. 1 Monat.<br \/>\nAnwendung &amp; Garantie: Das LED-Nachtlicht eignet sich f\u00fcr Schlafzimmer, Badezimmer, Schrank, Wandschrank, Treppe, Schublade, Unterschrank, Speisekammer, Garderobe, Werkstatt, B\u00fccherregal, Dachboden, Schrank, Schuhschrank, Keller, Flur, Korridor, Nachttisch. Bei Problemen kontaktieren Sie uns direkt. Wir werden Ihnen innerhalb von 24 Stunden eine L\u00f6sung geben.<br \/>\n<div class=\"main-cross-sell\" data-asin=\"B09DD48G1Q\">\n\n\t<div class=\"WooZone-cross-sell-loader\">\n\t\t<div>\n\t\t\t<div id=\"floatingBarsG\">\n\t\t\t\t<div class=\"blockG\" id=\"rotateG_01\"><\/div>\n\t\t\t\t<div class=\"blockG\" id=\"rotateG_02\"><\/div>\n\t\t\t\t<div class=\"blockG\" id=\"rotateG_03\"><\/div>\n\t\t\t\t<div class=\"blockG\" id=\"rotateG_04\"><\/div>\n\t\t\t\t<div class=\"blockG\" id=\"rotateG_05\"><\/div>\n\t\t\t\t<div class=\"blockG\" id=\"rotateG_06\"><\/div>\n\t\t\t\t<div class=\"blockG\" id=\"rotateG_07\"><\/div>\n\t\t\t\t<div class=\"blockG\" id=\"rotateG_08\"><\/div>\n\t\t\t<\/div>\n\t\t\t<div class=\"WooZone-cross-sell-loader-text\"><\/div>\n\t\t<\/div>\n\t<\/div>\n\n\t\t\n<\/div>\n<div style=\"clear:both;\"><\/div><\/p>\n","protected":false},"excerpt":{"rendered":"<p>Super Hell: 30 LEDs f\u00fcr jedes Licht. Die Helligkeit von bis zu 270 Lumen kann genug Licht liefern, um dunkle Bereiche wie Kleiderschr\u00e4nke, Wandschr\u00e4nke, Treppen usw. zu beleuchten, sodass Sie niemals im Dunkeln stolpern.<br \/>\nPIR-Bewegungssensor: Das Licht schaltet sich automatisch im Dunklen ein, wenn die Bewegung der Personen innerhalb 3 Meter (120 Grad) erkannt wird. Nach 15 Sekunden schaltet es sich wieder ein, wenn eine Bewegung erkannt wird, wodurch Energie gespart wird. Es kann auch als Taschenlampe oder Notlicht verwendet werden.<br \/>\nEinfache Installation: (1) Mithilfe des eingebauten Magnets auf der R\u00fcckseite k\u00f6nnen Sie die Leuchte an jeder Eisenoberfl\u00e4che haften. (2) Sie k\u00f6nnen die Leuchte mit dem mitgelieferten 3M-Magnetstreifen an die gew\u00fcnschte Stelle kleben. Kein elektrischer Draht ist erforderlich. Einfach anzubringen und abzunehmen. Wenn die Leuchte aufgeladen werden muss oder die Position der Leuchte ge\u00e4ndert werden muss, k\u00f6nnen Sie die Schrankleuchten jederzeit entfernen.<\/p>\n","protected":false},"featured_media":74086,"comment_status":"open","ping_status":"closed","template":"","meta":[],"product_brand":[],"product_cat":[2108,11521],"product_tag":[],"class_list":{"0":"post-74085","1":"product","2":"type-product","3":"status-publish","4":"has-post-thumbnail","6":"product_cat-beleuchtung","7":"product_cat-leuchtmittel","8":"pa_brand-meromore","9":"pa_manufacturer-manernistore","11":"first","12":"instock","13":"shipping-taxable","14":"purchasable","15":"product-type-simple","16":"customify-col","17":"product-has-gallery"},"yoast_head":"<!-- This site is optimized with the Yoast SEO plugin v27.4 - https:\/\/yoast.com\/product\/yoast-seo-wordpress\/ -->\n<title>Meromore Schrankbeleuchtung mit Bewegungsmelder, 30 er LED Wiederaufladbar Schranklicht, USB Nachtlicht f\u00fcr K\u00fcche\u2026 - Markt-XXL<\/title>\n<meta name=\"description\" content=\"Markt-XXL Meromore Schrankbeleuchtung mit Bewegungsmelder, 30 er LED Wiederaufladbar Schranklicht, USB Nachtlicht f\u00fcr K\u00fcche\u2026\" \/>\n<meta name=\"robots\" content=\"index, follow, max-snippet:-1, max-image-preview:large, max-video-preview:-1\" \/>\n<link rel=\"canonical\" href=\"https:\/\/marktxxl.de\/markt\/produkt\/schrankbeleuchtung-mit-bewegungsmelder-meromore-30-er-led-wiederaufladbar-schranklicht-usb-nachtlicht-fuer-kueche-kleiderschrank-treppe\/\" \/>\n<meta property=\"og:locale\" content=\"de_DE\" \/>\n<meta property=\"og:type\" content=\"article\" \/>\n<meta property=\"og:title\" content=\"Meromore Schrankbeleuchtung mit Bewegungsmelder, 30 er LED Wiederaufladbar Schranklicht, USB Nachtlicht f\u00fcr K\u00fcche\u2026 - Markt-XXL\" \/>\n<meta property=\"og:description\" content=\"Markt-XXL Meromore Schrankbeleuchtung mit Bewegungsmelder, 30 er LED Wiederaufladbar Schranklicht, USB Nachtlicht f\u00fcr K\u00fcche\u2026\" \/>\n<meta property=\"og:url\" content=\"https:\/\/marktxxl.de\/markt\/produkt\/schrankbeleuchtung-mit-bewegungsmelder-meromore-30-er-led-wiederaufladbar-schranklicht-usb-nachtlicht-fuer-kueche-kleiderschrank-treppe\/\" \/>\n<meta property=\"og:site_name\" content=\"Markt-XXL\" \/>\n<meta property=\"article:modified_time\" content=\"2023-04-09T00:21:20+00:00\" \/>\n<meta property=\"og:image\" content=\"https:\/\/m.media-amazon.com\/images\/I\/41b9ZGOBO9L._SL500_.jpg\" \/>\n\t<meta property=\"og:image:width\" content=\"500\" \/>\n\t<meta property=\"og:image:height\" content=\"500\" \/>\n\t<meta property=\"og:image:type\" content=\"image\/jpeg\" \/>\n<meta name=\"twitter:card\" content=\"summary_large_image\" \/>\n<meta name=\"twitter:label1\" content=\"Gesch\u00e4tzte Lesezeit\" \/>\n\t<meta name=\"twitter:data1\" content=\"1\u00a0Minute\" \/>\n<script type=\"application\/ld+json\" class=\"yoast-schema-graph\">{\"@context\":\"https:\\\/\\\/schema.org\",\"@graph\":[{\"@type\":\"WebPage\",\"@id\":\"https:\\\/\\\/marktxxl.de\\\/markt\\\/produkt\\\/schrankbeleuchtung-mit-bewegungsmelder-meromore-30-er-led-wiederaufladbar-schranklicht-usb-nachtlicht-fuer-kueche-kleiderschrank-treppe\\\/\",\"url\":\"https:\\\/\\\/marktxxl.de\\\/markt\\\/produkt\\\/schrankbeleuchtung-mit-bewegungsmelder-meromore-30-er-led-wiederaufladbar-schranklicht-usb-nachtlicht-fuer-kueche-kleiderschrank-treppe\\\/\",\"name\":\"Meromore Schrankbeleuchtung mit Bewegungsmelder, 30 er LED Wiederaufladbar Schranklicht, USB Nachtlicht f\u00fcr K\u00fcche\u2026 - Markt-XXL\",\"isPartOf\":{\"@id\":\"https:\\\/\\\/marktxxl.de\\\/markt\\\/#website\"},\"primaryImageOfPage\":{\"@id\":\"https:\\\/\\\/marktxxl.de\\\/markt\\\/produkt\\\/schrankbeleuchtung-mit-bewegungsmelder-meromore-30-er-led-wiederaufladbar-schranklicht-usb-nachtlicht-fuer-kueche-kleiderschrank-treppe\\\/#primaryimage\"},\"image\":{\"@id\":\"https:\\\/\\\/marktxxl.de\\\/markt\\\/produkt\\\/schrankbeleuchtung-mit-bewegungsmelder-meromore-30-er-led-wiederaufladbar-schranklicht-usb-nachtlicht-fuer-kueche-kleiderschrank-treppe\\\/#primaryimage\"},\"thumbnailUrl\":\"https:\\\/\\\/m.media-amazon.com\\\/images\\\/I\\\/41b9ZGOBO9L._SL500_.jpg\",\"datePublished\":\"2021-11-13T00:27:03+00:00\",\"dateModified\":\"2023-04-09T00:21:20+00:00\",\"description\":\"Markt-XXL Meromore Schrankbeleuchtung mit Bewegungsmelder, 30 er LED Wiederaufladbar Schranklicht, USB Nachtlicht f\u00fcr K\u00fcche\u2026\",\"breadcrumb\":{\"@id\":\"https:\\\/\\\/marktxxl.de\\\/markt\\\/produkt\\\/schrankbeleuchtung-mit-bewegungsmelder-meromore-30-er-led-wiederaufladbar-schranklicht-usb-nachtlicht-fuer-kueche-kleiderschrank-treppe\\\/#breadcrumb\"},\"inLanguage\":\"de\",\"potentialAction\":[{\"@type\":\"ReadAction\",\"target\":[\"https:\\\/\\\/marktxxl.de\\\/markt\\\/produkt\\\/schrankbeleuchtung-mit-bewegungsmelder-meromore-30-er-led-wiederaufladbar-schranklicht-usb-nachtlicht-fuer-kueche-kleiderschrank-treppe\\\/\"]}]},{\"@type\":\"ImageObject\",\"inLanguage\":\"de\",\"@id\":\"https:\\\/\\\/marktxxl.de\\\/markt\\\/produkt\\\/schrankbeleuchtung-mit-bewegungsmelder-meromore-30-er-led-wiederaufladbar-schranklicht-usb-nachtlicht-fuer-kueche-kleiderschrank-treppe\\\/#primaryimage\",\"url\":\"https:\\\/\\\/m.media-amazon.com\\\/images\\\/I\\\/41b9ZGOBO9L._SL500_.jpg\",\"contentUrl\":\"https:\\\/\\\/m.media-amazon.com\\\/images\\\/I\\\/41b9ZGOBO9L._SL500_.jpg\",\"width\":500,\"height\":500},{\"@type\":\"BreadcrumbList\",\"@id\":\"https:\\\/\\\/marktxxl.de\\\/markt\\\/produkt\\\/schrankbeleuchtung-mit-bewegungsmelder-meromore-30-er-led-wiederaufladbar-schranklicht-usb-nachtlicht-fuer-kueche-kleiderschrank-treppe\\\/#breadcrumb\",\"itemListElement\":[{\"@type\":\"ListItem\",\"position\":1,\"name\":\"Startseite\",\"item\":\"https:\\\/\\\/marktxxl.de\\\/markt\\\/\"},{\"@type\":\"ListItem\",\"position\":2,\"name\":\"Markt\",\"item\":\"https:\\\/\\\/marktxxl.de\\\/markt\\\/\"},{\"@type\":\"ListItem\",\"position\":3,\"name\":\"Meromore Schrankbeleuchtung mit Bewegungsmelder, 30 er LED Wiederaufladbar Schranklicht, USB Nachtlicht f\u00fcr K\u00fcche\u2026\"}]},{\"@type\":\"WebSite\",\"@id\":\"https:\\\/\\\/marktxxl.de\\\/markt\\\/#website\",\"url\":\"https:\\\/\\\/marktxxl.de\\\/markt\\\/\",\"name\":\"Markt-XXL\",\"description\":\"Ihr Markt Online\",\"publisher\":{\"@id\":\"https:\\\/\\\/marktxxl.de\\\/markt\\\/#organization\"},\"potentialAction\":[{\"@type\":\"SearchAction\",\"target\":{\"@type\":\"EntryPoint\",\"urlTemplate\":\"https:\\\/\\\/marktxxl.de\\\/markt\\\/?s={search_term_string}\"},\"query-input\":{\"@type\":\"PropertyValueSpecification\",\"valueRequired\":true,\"valueName\":\"search_term_string\"}}],\"inLanguage\":\"de\"},{\"@type\":\"Organization\",\"@id\":\"https:\\\/\\\/marktxxl.de\\\/markt\\\/#organization\",\"name\":\"Markt-XXL\",\"url\":\"https:\\\/\\\/marktxxl.de\\\/markt\\\/\",\"logo\":{\"@type\":\"ImageObject\",\"inLanguage\":\"de\",\"@id\":\"https:\\\/\\\/marktxxl.de\\\/markt\\\/#\\\/schema\\\/logo\\\/image\\\/\",\"url\":\"https:\\\/\\\/marktxxl.de\\\/markt\\\/wp-content\\\/uploads\\\/sites\\\/3\\\/2020\\\/12\\\/logo.png\",\"contentUrl\":\"https:\\\/\\\/marktxxl.de\\\/markt\\\/wp-content\\\/uploads\\\/sites\\\/3\\\/2020\\\/12\\\/logo.png\",\"width\":200,\"height\":70,\"caption\":\"Markt-XXL\"},\"image\":{\"@id\":\"https:\\\/\\\/marktxxl.de\\\/markt\\\/#\\\/schema\\\/logo\\\/image\\\/\"}}]}<\/script>\n<!-- \/ Yoast SEO plugin. -->","yoast_head_json":{"title":"Meromore Schrankbeleuchtung mit Bewegungsmelder, 30 er LED Wiederaufladbar Schranklicht, USB Nachtlicht f\u00fcr K\u00fcche\u2026 - Markt-XXL","description":"Markt-XXL Meromore Schrankbeleuchtung mit Bewegungsmelder, 30 er LED Wiederaufladbar Schranklicht, USB Nachtlicht f\u00fcr K\u00fcche\u2026","robots":{"index":"index","follow":"follow","max-snippet":"max-snippet:-1","max-image-preview":"max-image-preview:large","max-video-preview":"max-video-preview:-1"},"canonical":"https:\/\/marktxxl.de\/markt\/produkt\/schrankbeleuchtung-mit-bewegungsmelder-meromore-30-er-led-wiederaufladbar-schranklicht-usb-nachtlicht-fuer-kueche-kleiderschrank-treppe\/","og_locale":"de_DE","og_type":"article","og_title":"Meromore Schrankbeleuchtung mit Bewegungsmelder, 30 er LED Wiederaufladbar Schranklicht, USB Nachtlicht f\u00fcr K\u00fcche\u2026 - Markt-XXL","og_description":"Markt-XXL Meromore Schrankbeleuchtung mit Bewegungsmelder, 30 er LED Wiederaufladbar Schranklicht, USB Nachtlicht f\u00fcr K\u00fcche\u2026","og_url":"https:\/\/marktxxl.de\/markt\/produkt\/schrankbeleuchtung-mit-bewegungsmelder-meromore-30-er-led-wiederaufladbar-schranklicht-usb-nachtlicht-fuer-kueche-kleiderschrank-treppe\/","og_site_name":"Markt-XXL","article_modified_time":"2023-04-09T00:21:20+00:00","og_image":[{"width":500,"height":500,"url":"https:\/\/m.media-amazon.com\/images\/I\/41b9ZGOBO9L._SL500_.jpg","type":"image\/jpeg"}],"twitter_card":"summary_large_image","twitter_misc":{"Gesch\u00e4tzte Lesezeit":"1\u00a0Minute"},"schema":{"@context":"https:\/\/schema.org","@graph":[{"@type":"WebPage","@id":"https:\/\/marktxxl.de\/markt\/produkt\/schrankbeleuchtung-mit-bewegungsmelder-meromore-30-er-led-wiederaufladbar-schranklicht-usb-nachtlicht-fuer-kueche-kleiderschrank-treppe\/","url":"https:\/\/marktxxl.de\/markt\/produkt\/schrankbeleuchtung-mit-bewegungsmelder-meromore-30-er-led-wiederaufladbar-schranklicht-usb-nachtlicht-fuer-kueche-kleiderschrank-treppe\/","name":"Meromore Schrankbeleuchtung mit Bewegungsmelder, 30 er LED Wiederaufladbar Schranklicht, USB Nachtlicht f\u00fcr K\u00fcche\u2026 - Markt-XXL","isPartOf":{"@id":"https:\/\/marktxxl.de\/markt\/#website"},"primaryImageOfPage":{"@id":"https:\/\/marktxxl.de\/markt\/produkt\/schrankbeleuchtung-mit-bewegungsmelder-meromore-30-er-led-wiederaufladbar-schranklicht-usb-nachtlicht-fuer-kueche-kleiderschrank-treppe\/#primaryimage"},"image":{"@id":"https:\/\/marktxxl.de\/markt\/produkt\/schrankbeleuchtung-mit-bewegungsmelder-meromore-30-er-led-wiederaufladbar-schranklicht-usb-nachtlicht-fuer-kueche-kleiderschrank-treppe\/#primaryimage"},"thumbnailUrl":"https:\/\/m.media-amazon.com\/images\/I\/41b9ZGOBO9L._SL500_.jpg","datePublished":"2021-11-13T00:27:03+00:00","dateModified":"2023-04-09T00:21:20+00:00","description":"Markt-XXL Meromore Schrankbeleuchtung mit Bewegungsmelder, 30 er LED Wiederaufladbar Schranklicht, USB Nachtlicht f\u00fcr K\u00fcche\u2026","breadcrumb":{"@id":"https:\/\/marktxxl.de\/markt\/produkt\/schrankbeleuchtung-mit-bewegungsmelder-meromore-30-er-led-wiederaufladbar-schranklicht-usb-nachtlicht-fuer-kueche-kleiderschrank-treppe\/#breadcrumb"},"inLanguage":"de","potentialAction":[{"@type":"ReadAction","target":["https:\/\/marktxxl.de\/markt\/produkt\/schrankbeleuchtung-mit-bewegungsmelder-meromore-30-er-led-wiederaufladbar-schranklicht-usb-nachtlicht-fuer-kueche-kleiderschrank-treppe\/"]}]},{"@type":"ImageObject","inLanguage":"de","@id":"https:\/\/marktxxl.de\/markt\/produkt\/schrankbeleuchtung-mit-bewegungsmelder-meromore-30-er-led-wiederaufladbar-schranklicht-usb-nachtlicht-fuer-kueche-kleiderschrank-treppe\/#primaryimage","url":"https:\/\/m.media-amazon.com\/images\/I\/41b9ZGOBO9L._SL500_.jpg","contentUrl":"https:\/\/m.media-amazon.com\/images\/I\/41b9ZGOBO9L._SL500_.jpg","width":500,"height":500},{"@type":"BreadcrumbList","@id":"https:\/\/marktxxl.de\/markt\/produkt\/schrankbeleuchtung-mit-bewegungsmelder-meromore-30-er-led-wiederaufladbar-schranklicht-usb-nachtlicht-fuer-kueche-kleiderschrank-treppe\/#breadcrumb","itemListElement":[{"@type":"ListItem","position":1,"name":"Startseite","item":"https:\/\/marktxxl.de\/markt\/"},{"@type":"ListItem","position":2,"name":"Markt","item":"https:\/\/marktxxl.de\/markt\/"},{"@type":"ListItem","position":3,"name":"Meromore Schrankbeleuchtung mit Bewegungsmelder, 30 er LED Wiederaufladbar Schranklicht, USB Nachtlicht f\u00fcr K\u00fcche\u2026"}]},{"@type":"WebSite","@id":"https:\/\/marktxxl.de\/markt\/#website","url":"https:\/\/marktxxl.de\/markt\/","name":"Markt-XXL","description":"Ihr Markt Online","publisher":{"@id":"https:\/\/marktxxl.de\/markt\/#organization"},"potentialAction":[{"@type":"SearchAction","target":{"@type":"EntryPoint","urlTemplate":"https:\/\/marktxxl.de\/markt\/?s={search_term_string}"},"query-input":{"@type":"PropertyValueSpecification","valueRequired":true,"valueName":"search_term_string"}}],"inLanguage":"de"},{"@type":"Organization","@id":"https:\/\/marktxxl.de\/markt\/#organization","name":"Markt-XXL","url":"https:\/\/marktxxl.de\/markt\/","logo":{"@type":"ImageObject","inLanguage":"de","@id":"https:\/\/marktxxl.de\/markt\/#\/schema\/logo\/image\/","url":"https:\/\/marktxxl.de\/markt\/wp-content\/uploads\/sites\/3\/2020\/12\/logo.png","contentUrl":"https:\/\/marktxxl.de\/markt\/wp-content\/uploads\/sites\/3\/2020\/12\/logo.png","width":200,"height":70,"caption":"Markt-XXL"},"image":{"@id":"https:\/\/marktxxl.de\/markt\/#\/schema\/logo\/image\/"}}]}},"_links":{"self":[{"href":"https:\/\/marktxxl.de\/markt\/wp-json\/wp\/v2\/product\/74085","targetHints":{"allow":["GET"]}}],"collection":[{"href":"https:\/\/marktxxl.de\/markt\/wp-json\/wp\/v2\/product"}],"about":[{"href":"https:\/\/marktxxl.de\/markt\/wp-json\/wp\/v2\/types\/product"}],"replies":[{"embeddable":true,"href":"https:\/\/marktxxl.de\/markt\/wp-json\/wp\/v2\/comments?post=74085"}],"wp:featuredmedia":[{"embeddable":true,"href":"https:\/\/marktxxl.de\/markt\/wp-json\/wp\/v2\/media\/74086"}],"wp:attachment":[{"href":"https:\/\/marktxxl.de\/markt\/wp-json\/wp\/v2\/media?parent=74085"}],"wp:term":[{"taxonomy":"product_brand","embeddable":true,"href":"https:\/\/marktxxl.de\/markt\/wp-json\/wp\/v2\/product_brand?post=74085"},{"taxonomy":"product_cat","embeddable":true,"href":"https:\/\/marktxxl.de\/markt\/wp-json\/wp\/v2\/product_cat?post=74085"},{"taxonomy":"product_tag","embeddable":true,"href":"https:\/\/marktxxl.de\/markt\/wp-json\/wp\/v2\/product_tag?post=74085"}],"curies":[{"name":"wp","href":"https:\/\/api.w.org\/{rel}","templated":true}]}}