{"id":73868,"date":"2021-11-13T01:18:52","date_gmt":"2021-11-13T00:18:52","guid":{"rendered":"https:\/\/marktxxl.de\/markt\/produkt\/elbenwald-harry-potter-schal-in-hogwarts-hausfarben-und-fransen-24-x-170-cm-verschiedene-designs\/"},"modified":"2023-04-10T02:38:20","modified_gmt":"2023-04-10T00:38:20","slug":"elbenwald-harry-potter-schal-in-hogwarts-hausfarben-und-fransen-24-x-170-cm-verschiedene-designs","status":"publish","type":"product","link":"https:\/\/marktxxl.de\/markt\/produkt\/elbenwald-harry-potter-schal-in-hogwarts-hausfarben-und-fransen-24-x-170-cm-verschiedene-designs\/","title":{"rendered":"Elbenwald Harry Potter Schal in Hogwarts Hausfarben und Fransen 24 x 170 cm verschiedene Designs"},"content":{"rendered":"<p>Offiziell lizenzierter Wizarding World Strickschal in den Hogwarts H\u00e4userfarben mit flauschigen Fransen. Hochwertiges Accessoire f\u00fcr Fans der Harry-Potter-Romane, ideal f\u00fcr den Winter, als Cosplay-Erg\u00e4nzung oder zum Dekorieren<br \/>\nDie Hogwartsschule vereint die vier H\u00e4user Gryffindor, Ravenclaw, Slytherin und Hufflepuff unter dem gemeinsamen Slogan: Draco Dormiens Nunquam Titilandus -Wecke niemals einen schlafenden Drachen. Das Wappen mit Schlange, L\u00f6we, Dachs und Adler\/ Rabe ist zeitlos und elegant<br \/>\nIdealer Begleiter, um sich im Herbst und an kalten Winter-Tagen mit Stil zu kleiden. Du wirst von diesem hochwertigen Unisex Schal begeistert sein, da er mit seiner flauschigen, w\u00e4rmenden Struktur nicht nur einen praktischen Nutzen hat, sondern dabei auch noch super aussieht<br \/>\nDer flausige Halsw\u00e4rmer ist aus hochwertiger Kunstfaser (Polyacryl) und dadurch sehr langlebig und pflegeleicht. Die Kunstfaser sorgt au\u00dferdem f\u00fcr eine hohe Farbbrillanz und Leuchtkraft, die auch nach mehreren Waschg\u00e4ngen nicht verblasst<br \/>\nDu bekommst ein offizielles Merchandise-Produkt, was in Deutschland f\u00fcr dich designt wurde. Der Schal ist 24 cm breit und hat eine L\u00e4nge von 170 cm. Der Schal ist problemlos bei 30 in der Waschmaschiene waschbar und somit immer einsatzbereit<br \/>\n<div class=\"main-cross-sell\" data-asin=\"B096F8JLQV\">\n\n\t<div class=\"WooZone-cross-sell-loader\">\n\t\t<div>\n\t\t\t<div id=\"floatingBarsG\">\n\t\t\t\t<div class=\"blockG\" id=\"rotateG_01\"><\/div>\n\t\t\t\t<div class=\"blockG\" id=\"rotateG_02\"><\/div>\n\t\t\t\t<div class=\"blockG\" id=\"rotateG_03\"><\/div>\n\t\t\t\t<div class=\"blockG\" id=\"rotateG_04\"><\/div>\n\t\t\t\t<div class=\"blockG\" id=\"rotateG_05\"><\/div>\n\t\t\t\t<div class=\"blockG\" id=\"rotateG_06\"><\/div>\n\t\t\t\t<div class=\"blockG\" id=\"rotateG_07\"><\/div>\n\t\t\t\t<div class=\"blockG\" id=\"rotateG_08\"><\/div>\n\t\t\t<\/div>\n\t\t\t<div class=\"WooZone-cross-sell-loader-text\"><\/div>\n\t\t<\/div>\n\t<\/div>\n\n\t\t\n<\/div>\n<div style=\"clear:both;\"><\/div><\/p>\n","protected":false},"excerpt":{"rendered":"<p>Offiziell lizenzierter Wizarding World Strickschal in den Hogwarts H\u00e4userfarben mit flauschigen Fransen. Hochwertiges Accessoire f\u00fcr Fans der Harry-Potter-Romane, ideal f\u00fcr den Winter, als Cosplay-Erg\u00e4nzung oder zum Dekorieren<br \/>\nDie Hogwartsschule vereint die vier H\u00e4user Gryffindor, Ravenclaw, Slytherin und Hufflepuff unter dem gemeinsamen Slogan: Draco Dormiens Nunquam Titilandus -Wecke niemals einen schlafenden Drachen. Das Wappen mit Schlange, L\u00f6we, Dachs und Adler\/ Rabe ist zeitlos und elegant<br \/>\nIdealer Begleiter, um sich im Herbst und an kalten Winter-Tagen mit Stil zu kleiden. Du wirst von diesem hochwertigen Unisex Schal begeistert sein, da er mit seiner flauschigen, w\u00e4rmenden Struktur nicht nur einen praktischen Nutzen hat, sondern dabei auch noch super aussieht<\/p>\n","protected":false},"featured_media":73869,"comment_status":"open","ping_status":"closed","template":"","meta":[],"product_brand":[],"product_cat":[1186,4069],"product_tag":[],"class_list":{"0":"post-73868","1":"product","2":"type-product","3":"status-publish","4":"has-post-thumbnail","6":"product_cat-bekleidung","7":"product_cat-spezielle-anlaesse","8":"pa_brand-elbenwald","10":"first","11":"instock","12":"shipping-taxable","13":"purchasable","14":"product-type-simple","15":"customify-col","16":"product-has-gallery"},"yoast_head":"<!-- This site is optimized with the Yoast SEO plugin v27.4 - https:\/\/yoast.com\/product\/yoast-seo-wordpress\/ -->\n<title>Elbenwald Harry Potter Schal in Hogwarts Hausfarben und Fransen 24 x 170 cm verschiedene Designs - Markt-XXL<\/title>\n<meta name=\"description\" content=\"Markt-XXL Elbenwald Harry Potter Schal in Hogwarts Hausfarben und Fransen 24 x 170 cm verschiedene Designs\" \/>\n<meta name=\"robots\" content=\"index, follow, max-snippet:-1, max-image-preview:large, max-video-preview:-1\" \/>\n<link rel=\"canonical\" href=\"https:\/\/marktxxl.de\/markt\/produkt\/elbenwald-harry-potter-schal-in-hogwarts-hausfarben-und-fransen-24-x-170-cm-verschiedene-designs\/\" \/>\n<meta property=\"og:locale\" content=\"de_DE\" \/>\n<meta property=\"og:type\" content=\"article\" \/>\n<meta property=\"og:title\" content=\"Elbenwald Harry Potter Schal in Hogwarts Hausfarben und Fransen 24 x 170 cm verschiedene Designs - Markt-XXL\" \/>\n<meta property=\"og:description\" content=\"Markt-XXL Elbenwald Harry Potter Schal in Hogwarts Hausfarben und Fransen 24 x 170 cm verschiedene Designs\" \/>\n<meta property=\"og:url\" content=\"https:\/\/marktxxl.de\/markt\/produkt\/elbenwald-harry-potter-schal-in-hogwarts-hausfarben-und-fransen-24-x-170-cm-verschiedene-designs\/\" \/>\n<meta property=\"og:site_name\" content=\"Markt-XXL\" \/>\n<meta property=\"article:modified_time\" content=\"2023-04-10T00:38:20+00:00\" \/>\n<meta property=\"og:image\" content=\"https:\/\/m.media-amazon.com\/images\/I\/51a1ClKdN2L._SL500_.jpg\" \/>\n\t<meta property=\"og:image:width\" content=\"500\" \/>\n\t<meta property=\"og:image:height\" content=\"500\" \/>\n\t<meta property=\"og:image:type\" content=\"image\/jpeg\" \/>\n<meta name=\"twitter:card\" content=\"summary_large_image\" \/>\n<meta name=\"twitter:label1\" content=\"Gesch\u00e4tzte Lesezeit\" \/>\n\t<meta name=\"twitter:data1\" content=\"1\u00a0Minute\" \/>\n<script type=\"application\/ld+json\" class=\"yoast-schema-graph\">{\"@context\":\"https:\\\/\\\/schema.org\",\"@graph\":[{\"@type\":\"WebPage\",\"@id\":\"https:\\\/\\\/marktxxl.de\\\/markt\\\/produkt\\\/elbenwald-harry-potter-schal-in-hogwarts-hausfarben-und-fransen-24-x-170-cm-verschiedene-designs\\\/\",\"url\":\"https:\\\/\\\/marktxxl.de\\\/markt\\\/produkt\\\/elbenwald-harry-potter-schal-in-hogwarts-hausfarben-und-fransen-24-x-170-cm-verschiedene-designs\\\/\",\"name\":\"Elbenwald Harry Potter Schal in Hogwarts Hausfarben und Fransen 24 x 170 cm verschiedene Designs - Markt-XXL\",\"isPartOf\":{\"@id\":\"https:\\\/\\\/marktxxl.de\\\/markt\\\/#website\"},\"primaryImageOfPage\":{\"@id\":\"https:\\\/\\\/marktxxl.de\\\/markt\\\/produkt\\\/elbenwald-harry-potter-schal-in-hogwarts-hausfarben-und-fransen-24-x-170-cm-verschiedene-designs\\\/#primaryimage\"},\"image\":{\"@id\":\"https:\\\/\\\/marktxxl.de\\\/markt\\\/produkt\\\/elbenwald-harry-potter-schal-in-hogwarts-hausfarben-und-fransen-24-x-170-cm-verschiedene-designs\\\/#primaryimage\"},\"thumbnailUrl\":\"https:\\\/\\\/m.media-amazon.com\\\/images\\\/I\\\/51a1ClKdN2L._SL500_.jpg\",\"datePublished\":\"2021-11-13T00:18:52+00:00\",\"dateModified\":\"2023-04-10T00:38:20+00:00\",\"description\":\"Markt-XXL Elbenwald Harry Potter Schal in Hogwarts Hausfarben und Fransen 24 x 170 cm verschiedene Designs\",\"breadcrumb\":{\"@id\":\"https:\\\/\\\/marktxxl.de\\\/markt\\\/produkt\\\/elbenwald-harry-potter-schal-in-hogwarts-hausfarben-und-fransen-24-x-170-cm-verschiedene-designs\\\/#breadcrumb\"},\"inLanguage\":\"de\",\"potentialAction\":[{\"@type\":\"ReadAction\",\"target\":[\"https:\\\/\\\/marktxxl.de\\\/markt\\\/produkt\\\/elbenwald-harry-potter-schal-in-hogwarts-hausfarben-und-fransen-24-x-170-cm-verschiedene-designs\\\/\"]}]},{\"@type\":\"ImageObject\",\"inLanguage\":\"de\",\"@id\":\"https:\\\/\\\/marktxxl.de\\\/markt\\\/produkt\\\/elbenwald-harry-potter-schal-in-hogwarts-hausfarben-und-fransen-24-x-170-cm-verschiedene-designs\\\/#primaryimage\",\"url\":\"https:\\\/\\\/m.media-amazon.com\\\/images\\\/I\\\/51a1ClKdN2L._SL500_.jpg\",\"contentUrl\":\"https:\\\/\\\/m.media-amazon.com\\\/images\\\/I\\\/51a1ClKdN2L._SL500_.jpg\",\"width\":500,\"height\":500},{\"@type\":\"BreadcrumbList\",\"@id\":\"https:\\\/\\\/marktxxl.de\\\/markt\\\/produkt\\\/elbenwald-harry-potter-schal-in-hogwarts-hausfarben-und-fransen-24-x-170-cm-verschiedene-designs\\\/#breadcrumb\",\"itemListElement\":[{\"@type\":\"ListItem\",\"position\":1,\"name\":\"Startseite\",\"item\":\"https:\\\/\\\/marktxxl.de\\\/markt\\\/\"},{\"@type\":\"ListItem\",\"position\":2,\"name\":\"Markt\",\"item\":\"https:\\\/\\\/marktxxl.de\\\/markt\\\/\"},{\"@type\":\"ListItem\",\"position\":3,\"name\":\"Elbenwald Harry Potter Schal in Hogwarts Hausfarben und Fransen 24 x 170 cm verschiedene Designs\"}]},{\"@type\":\"WebSite\",\"@id\":\"https:\\\/\\\/marktxxl.de\\\/markt\\\/#website\",\"url\":\"https:\\\/\\\/marktxxl.de\\\/markt\\\/\",\"name\":\"Markt-XXL\",\"description\":\"Ihr Markt Online\",\"publisher\":{\"@id\":\"https:\\\/\\\/marktxxl.de\\\/markt\\\/#organization\"},\"potentialAction\":[{\"@type\":\"SearchAction\",\"target\":{\"@type\":\"EntryPoint\",\"urlTemplate\":\"https:\\\/\\\/marktxxl.de\\\/markt\\\/?s={search_term_string}\"},\"query-input\":{\"@type\":\"PropertyValueSpecification\",\"valueRequired\":true,\"valueName\":\"search_term_string\"}}],\"inLanguage\":\"de\"},{\"@type\":\"Organization\",\"@id\":\"https:\\\/\\\/marktxxl.de\\\/markt\\\/#organization\",\"name\":\"Markt-XXL\",\"url\":\"https:\\\/\\\/marktxxl.de\\\/markt\\\/\",\"logo\":{\"@type\":\"ImageObject\",\"inLanguage\":\"de\",\"@id\":\"https:\\\/\\\/marktxxl.de\\\/markt\\\/#\\\/schema\\\/logo\\\/image\\\/\",\"url\":\"https:\\\/\\\/marktxxl.de\\\/markt\\\/wp-content\\\/uploads\\\/sites\\\/3\\\/2020\\\/12\\\/logo.png\",\"contentUrl\":\"https:\\\/\\\/marktxxl.de\\\/markt\\\/wp-content\\\/uploads\\\/sites\\\/3\\\/2020\\\/12\\\/logo.png\",\"width\":200,\"height\":70,\"caption\":\"Markt-XXL\"},\"image\":{\"@id\":\"https:\\\/\\\/marktxxl.de\\\/markt\\\/#\\\/schema\\\/logo\\\/image\\\/\"}}]}<\/script>\n<!-- \/ Yoast SEO plugin. -->","yoast_head_json":{"title":"Elbenwald Harry Potter Schal in Hogwarts Hausfarben und Fransen 24 x 170 cm verschiedene Designs - Markt-XXL","description":"Markt-XXL Elbenwald Harry Potter Schal in Hogwarts Hausfarben und Fransen 24 x 170 cm verschiedene Designs","robots":{"index":"index","follow":"follow","max-snippet":"max-snippet:-1","max-image-preview":"max-image-preview:large","max-video-preview":"max-video-preview:-1"},"canonical":"https:\/\/marktxxl.de\/markt\/produkt\/elbenwald-harry-potter-schal-in-hogwarts-hausfarben-und-fransen-24-x-170-cm-verschiedene-designs\/","og_locale":"de_DE","og_type":"article","og_title":"Elbenwald Harry Potter Schal in Hogwarts Hausfarben und Fransen 24 x 170 cm verschiedene Designs - Markt-XXL","og_description":"Markt-XXL Elbenwald Harry Potter Schal in Hogwarts Hausfarben und Fransen 24 x 170 cm verschiedene Designs","og_url":"https:\/\/marktxxl.de\/markt\/produkt\/elbenwald-harry-potter-schal-in-hogwarts-hausfarben-und-fransen-24-x-170-cm-verschiedene-designs\/","og_site_name":"Markt-XXL","article_modified_time":"2023-04-10T00:38:20+00:00","og_image":[{"width":500,"height":500,"url":"https:\/\/m.media-amazon.com\/images\/I\/51a1ClKdN2L._SL500_.jpg","type":"image\/jpeg"}],"twitter_card":"summary_large_image","twitter_misc":{"Gesch\u00e4tzte Lesezeit":"1\u00a0Minute"},"schema":{"@context":"https:\/\/schema.org","@graph":[{"@type":"WebPage","@id":"https:\/\/marktxxl.de\/markt\/produkt\/elbenwald-harry-potter-schal-in-hogwarts-hausfarben-und-fransen-24-x-170-cm-verschiedene-designs\/","url":"https:\/\/marktxxl.de\/markt\/produkt\/elbenwald-harry-potter-schal-in-hogwarts-hausfarben-und-fransen-24-x-170-cm-verschiedene-designs\/","name":"Elbenwald Harry Potter Schal in Hogwarts Hausfarben und Fransen 24 x 170 cm verschiedene Designs - Markt-XXL","isPartOf":{"@id":"https:\/\/marktxxl.de\/markt\/#website"},"primaryImageOfPage":{"@id":"https:\/\/marktxxl.de\/markt\/produkt\/elbenwald-harry-potter-schal-in-hogwarts-hausfarben-und-fransen-24-x-170-cm-verschiedene-designs\/#primaryimage"},"image":{"@id":"https:\/\/marktxxl.de\/markt\/produkt\/elbenwald-harry-potter-schal-in-hogwarts-hausfarben-und-fransen-24-x-170-cm-verschiedene-designs\/#primaryimage"},"thumbnailUrl":"https:\/\/m.media-amazon.com\/images\/I\/51a1ClKdN2L._SL500_.jpg","datePublished":"2021-11-13T00:18:52+00:00","dateModified":"2023-04-10T00:38:20+00:00","description":"Markt-XXL Elbenwald Harry Potter Schal in Hogwarts Hausfarben und Fransen 24 x 170 cm verschiedene Designs","breadcrumb":{"@id":"https:\/\/marktxxl.de\/markt\/produkt\/elbenwald-harry-potter-schal-in-hogwarts-hausfarben-und-fransen-24-x-170-cm-verschiedene-designs\/#breadcrumb"},"inLanguage":"de","potentialAction":[{"@type":"ReadAction","target":["https:\/\/marktxxl.de\/markt\/produkt\/elbenwald-harry-potter-schal-in-hogwarts-hausfarben-und-fransen-24-x-170-cm-verschiedene-designs\/"]}]},{"@type":"ImageObject","inLanguage":"de","@id":"https:\/\/marktxxl.de\/markt\/produkt\/elbenwald-harry-potter-schal-in-hogwarts-hausfarben-und-fransen-24-x-170-cm-verschiedene-designs\/#primaryimage","url":"https:\/\/m.media-amazon.com\/images\/I\/51a1ClKdN2L._SL500_.jpg","contentUrl":"https:\/\/m.media-amazon.com\/images\/I\/51a1ClKdN2L._SL500_.jpg","width":500,"height":500},{"@type":"BreadcrumbList","@id":"https:\/\/marktxxl.de\/markt\/produkt\/elbenwald-harry-potter-schal-in-hogwarts-hausfarben-und-fransen-24-x-170-cm-verschiedene-designs\/#breadcrumb","itemListElement":[{"@type":"ListItem","position":1,"name":"Startseite","item":"https:\/\/marktxxl.de\/markt\/"},{"@type":"ListItem","position":2,"name":"Markt","item":"https:\/\/marktxxl.de\/markt\/"},{"@type":"ListItem","position":3,"name":"Elbenwald Harry Potter Schal in Hogwarts Hausfarben und Fransen 24 x 170 cm verschiedene Designs"}]},{"@type":"WebSite","@id":"https:\/\/marktxxl.de\/markt\/#website","url":"https:\/\/marktxxl.de\/markt\/","name":"Markt-XXL","description":"Ihr Markt Online","publisher":{"@id":"https:\/\/marktxxl.de\/markt\/#organization"},"potentialAction":[{"@type":"SearchAction","target":{"@type":"EntryPoint","urlTemplate":"https:\/\/marktxxl.de\/markt\/?s={search_term_string}"},"query-input":{"@type":"PropertyValueSpecification","valueRequired":true,"valueName":"search_term_string"}}],"inLanguage":"de"},{"@type":"Organization","@id":"https:\/\/marktxxl.de\/markt\/#organization","name":"Markt-XXL","url":"https:\/\/marktxxl.de\/markt\/","logo":{"@type":"ImageObject","inLanguage":"de","@id":"https:\/\/marktxxl.de\/markt\/#\/schema\/logo\/image\/","url":"https:\/\/marktxxl.de\/markt\/wp-content\/uploads\/sites\/3\/2020\/12\/logo.png","contentUrl":"https:\/\/marktxxl.de\/markt\/wp-content\/uploads\/sites\/3\/2020\/12\/logo.png","width":200,"height":70,"caption":"Markt-XXL"},"image":{"@id":"https:\/\/marktxxl.de\/markt\/#\/schema\/logo\/image\/"}}]}},"_links":{"self":[{"href":"https:\/\/marktxxl.de\/markt\/wp-json\/wp\/v2\/product\/73868","targetHints":{"allow":["GET"]}}],"collection":[{"href":"https:\/\/marktxxl.de\/markt\/wp-json\/wp\/v2\/product"}],"about":[{"href":"https:\/\/marktxxl.de\/markt\/wp-json\/wp\/v2\/types\/product"}],"replies":[{"embeddable":true,"href":"https:\/\/marktxxl.de\/markt\/wp-json\/wp\/v2\/comments?post=73868"}],"wp:featuredmedia":[{"embeddable":true,"href":"https:\/\/marktxxl.de\/markt\/wp-json\/wp\/v2\/media\/73869"}],"wp:attachment":[{"href":"https:\/\/marktxxl.de\/markt\/wp-json\/wp\/v2\/media?parent=73868"}],"wp:term":[{"taxonomy":"product_brand","embeddable":true,"href":"https:\/\/marktxxl.de\/markt\/wp-json\/wp\/v2\/product_brand?post=73868"},{"taxonomy":"product_cat","embeddable":true,"href":"https:\/\/marktxxl.de\/markt\/wp-json\/wp\/v2\/product_cat?post=73868"},{"taxonomy":"product_tag","embeddable":true,"href":"https:\/\/marktxxl.de\/markt\/wp-json\/wp\/v2\/product_tag?post=73868"}],"curies":[{"name":"wp","href":"https:\/\/api.w.org\/{rel}","templated":true}]}}