{"id":72968,"date":"2021-11-13T00:30:50","date_gmt":"2021-11-12T23:30:50","guid":{"rendered":"https:\/\/marktxxl.de\/markt\/produkt\/playshoes-jungen-uv-schutz-einteiler-maritim-badehose\/"},"modified":"2023-04-09T02:18:25","modified_gmt":"2023-04-09T00:18:25","slug":"playshoes-jungen-uv-schutz-einteiler-maritim-badehose","status":"publish","type":"product","link":"https:\/\/marktxxl.de\/markt\/produkt\/playshoes-jungen-uv-schutz-einteiler-maritim-badehose\/","title":{"rendered":"Playshoes Jungen Uv-Schutz Einteiler Maritim Badehose"},"content":{"rendered":"<p>Schwimmanzug mit hohem UV Schutz und langem, unterlegtem Rei\u00dfverschluss. F\u00fcr mehr Sicherheit und um Verletzungen zu vermeiden hat der Einteiler einen Kinnschutz<br \/>\nTolles Badeoutfit aus schnelltrocknendem Material f\u00fcr hei\u00dfe Sommertage am Meer oder im Schwimmbad. Ungetr\u00fcbter Badespa\u00df: Wenn die Sonne vom Himmel scheint, braucht die empfindliche Kinderhaut besonderen Schutz<br \/>\nSicher durch den Sommer: UPF 50+ UV-Schutz nach EN 13758-1 gepr\u00fcft vom Institut Hohenstein (Pr\u00fcf-Nr. : HL 15.1.10.0286)<br \/>\nTextiles Vertrauen &#8211; Oeko-Tex-Standard 100 Klasse 1 vom Institut Hohenstein auf Schadstoffe gepr\u00fcft (Pr\u00fcf-Nr. : 11.0.86164)<br \/>\nDie Badebekleidung mit UV Schutz von Playshoes ist vom unabh\u00e4ngigen Institut Hohenstein getestet. Daher ist sie die perfekte Wahl f\u00fcr den Strand oder das Freibad. Wichtigstes Merkmal einer sicheren Badebekleidung erkennen Sie an dem UV-Schutz 50+ und dem Oeko-Tex Standard 100 Label. Beide Punkte finden Sie bei unserer Bademode wieder<br \/>\n<div class=\"main-cross-sell\" data-asin=\"B087MFLLQT\">\n\n\t<div class=\"WooZone-cross-sell-loader\">\n\t\t<div>\n\t\t\t<div id=\"floatingBarsG\">\n\t\t\t\t<div class=\"blockG\" id=\"rotateG_01\"><\/div>\n\t\t\t\t<div class=\"blockG\" id=\"rotateG_02\"><\/div>\n\t\t\t\t<div class=\"blockG\" id=\"rotateG_03\"><\/div>\n\t\t\t\t<div class=\"blockG\" id=\"rotateG_04\"><\/div>\n\t\t\t\t<div class=\"blockG\" id=\"rotateG_05\"><\/div>\n\t\t\t\t<div class=\"blockG\" id=\"rotateG_06\"><\/div>\n\t\t\t\t<div class=\"blockG\" id=\"rotateG_07\"><\/div>\n\t\t\t\t<div class=\"blockG\" id=\"rotateG_08\"><\/div>\n\t\t\t<\/div>\n\t\t\t<div class=\"WooZone-cross-sell-loader-text\"><\/div>\n\t\t<\/div>\n\t<\/div>\n\n\t\t\n<\/div>\n<div style=\"clear:both;\"><\/div><\/p>\n","protected":false},"excerpt":{"rendered":"<p>Schwimmanzug mit hohem UV Schutz und langem, unterlegtem Rei\u00dfverschluss. F\u00fcr mehr Sicherheit und um Verletzungen zu vermeiden hat der Einteiler einen Kinnschutz<br \/>\nTolles Badeoutfit aus schnelltrocknendem Material f\u00fcr hei\u00dfe Sommertage am Meer oder im Schwimmbad. Ungetr\u00fcbter Badespa\u00df: Wenn die Sonne vom Himmel scheint, braucht die empfindliche Kinderhaut besonderen Schutz<br \/>\nSicher durch den Sommer: UPF 50+ UV-Schutz nach EN 13758-1 gepr\u00fcft vom Institut Hohenstein (Pr\u00fcf-Nr. : HL 15.1.10.0286)<\/p>\n","protected":false},"featured_media":72969,"comment_status":"open","ping_status":"closed","template":"","meta":[],"product_brand":[],"product_cat":[1186,4034],"product_tag":[],"class_list":{"0":"post-72968","1":"product","2":"type-product","3":"status-publish","4":"has-post-thumbnail","6":"product_cat-bekleidung","7":"product_cat-jungen","8":"pa_binding-textilien","9":"pa_brand-playshoes","10":"pa_manufacturer-playshoes","12":"first","13":"instock","14":"shipping-taxable","15":"purchasable","16":"product-type-simple","17":"customify-col","18":"product-has-gallery"},"yoast_head":"<!-- This site is optimized with the Yoast SEO plugin v27.3 - https:\/\/yoast.com\/product\/yoast-seo-wordpress\/ -->\n<title>Playshoes Jungen Uv-Schutz Einteiler Maritim Badehose - Markt-XXL<\/title>\n<meta name=\"description\" content=\"Markt-XXL Playshoes Jungen Uv-Schutz Einteiler Maritim Badehose\" \/>\n<meta name=\"robots\" content=\"index, follow, max-snippet:-1, max-image-preview:large, max-video-preview:-1\" \/>\n<link rel=\"canonical\" href=\"https:\/\/marktxxl.de\/markt\/produkt\/playshoes-jungen-uv-schutz-einteiler-maritim-badehose\/\" \/>\n<meta property=\"og:locale\" content=\"de_DE\" \/>\n<meta property=\"og:type\" content=\"article\" \/>\n<meta property=\"og:title\" content=\"Playshoes Jungen Uv-Schutz Einteiler Maritim Badehose - Markt-XXL\" \/>\n<meta property=\"og:description\" content=\"Markt-XXL Playshoes Jungen Uv-Schutz Einteiler Maritim Badehose\" \/>\n<meta property=\"og:url\" content=\"https:\/\/marktxxl.de\/markt\/produkt\/playshoes-jungen-uv-schutz-einteiler-maritim-badehose\/\" \/>\n<meta property=\"og:site_name\" content=\"Markt-XXL\" \/>\n<meta property=\"article:modified_time\" content=\"2023-04-09T00:18:25+00:00\" \/>\n<meta property=\"og:image\" content=\"https:\/\/m.media-amazon.com\/images\/I\/41tvSWsACIL._SL500_.jpg\" \/>\n\t<meta property=\"og:image:width\" content=\"390\" \/>\n\t<meta property=\"og:image:height\" content=\"500\" \/>\n\t<meta property=\"og:image:type\" content=\"image\/jpeg\" \/>\n<meta name=\"twitter:card\" content=\"summary_large_image\" \/>\n<meta name=\"twitter:label1\" content=\"Gesch\u00e4tzte Lesezeit\" \/>\n\t<meta name=\"twitter:data1\" content=\"1\u00a0Minute\" \/>\n<script type=\"application\/ld+json\" class=\"yoast-schema-graph\">{\"@context\":\"https:\\\/\\\/schema.org\",\"@graph\":[{\"@type\":\"WebPage\",\"@id\":\"https:\\\/\\\/marktxxl.de\\\/markt\\\/produkt\\\/playshoes-jungen-uv-schutz-einteiler-maritim-badehose\\\/\",\"url\":\"https:\\\/\\\/marktxxl.de\\\/markt\\\/produkt\\\/playshoes-jungen-uv-schutz-einteiler-maritim-badehose\\\/\",\"name\":\"Playshoes Jungen Uv-Schutz Einteiler Maritim Badehose - Markt-XXL\",\"isPartOf\":{\"@id\":\"https:\\\/\\\/marktxxl.de\\\/markt\\\/#website\"},\"primaryImageOfPage\":{\"@id\":\"https:\\\/\\\/marktxxl.de\\\/markt\\\/produkt\\\/playshoes-jungen-uv-schutz-einteiler-maritim-badehose\\\/#primaryimage\"},\"image\":{\"@id\":\"https:\\\/\\\/marktxxl.de\\\/markt\\\/produkt\\\/playshoes-jungen-uv-schutz-einteiler-maritim-badehose\\\/#primaryimage\"},\"thumbnailUrl\":\"https:\\\/\\\/m.media-amazon.com\\\/images\\\/I\\\/41tvSWsACIL._SL500_.jpg\",\"datePublished\":\"2021-11-12T23:30:50+00:00\",\"dateModified\":\"2023-04-09T00:18:25+00:00\",\"description\":\"Markt-XXL Playshoes Jungen Uv-Schutz Einteiler Maritim Badehose\",\"breadcrumb\":{\"@id\":\"https:\\\/\\\/marktxxl.de\\\/markt\\\/produkt\\\/playshoes-jungen-uv-schutz-einteiler-maritim-badehose\\\/#breadcrumb\"},\"inLanguage\":\"de\",\"potentialAction\":[{\"@type\":\"ReadAction\",\"target\":[\"https:\\\/\\\/marktxxl.de\\\/markt\\\/produkt\\\/playshoes-jungen-uv-schutz-einteiler-maritim-badehose\\\/\"]}]},{\"@type\":\"ImageObject\",\"inLanguage\":\"de\",\"@id\":\"https:\\\/\\\/marktxxl.de\\\/markt\\\/produkt\\\/playshoes-jungen-uv-schutz-einteiler-maritim-badehose\\\/#primaryimage\",\"url\":\"https:\\\/\\\/m.media-amazon.com\\\/images\\\/I\\\/41tvSWsACIL._SL500_.jpg\",\"contentUrl\":\"https:\\\/\\\/m.media-amazon.com\\\/images\\\/I\\\/41tvSWsACIL._SL500_.jpg\",\"width\":390,\"height\":500},{\"@type\":\"BreadcrumbList\",\"@id\":\"https:\\\/\\\/marktxxl.de\\\/markt\\\/produkt\\\/playshoes-jungen-uv-schutz-einteiler-maritim-badehose\\\/#breadcrumb\",\"itemListElement\":[{\"@type\":\"ListItem\",\"position\":1,\"name\":\"Startseite\",\"item\":\"https:\\\/\\\/marktxxl.de\\\/markt\\\/\"},{\"@type\":\"ListItem\",\"position\":2,\"name\":\"Markt\",\"item\":\"https:\\\/\\\/marktxxl.de\\\/markt\\\/\"},{\"@type\":\"ListItem\",\"position\":3,\"name\":\"Playshoes Jungen Uv-Schutz Einteiler Maritim Badehose\"}]},{\"@type\":\"WebSite\",\"@id\":\"https:\\\/\\\/marktxxl.de\\\/markt\\\/#website\",\"url\":\"https:\\\/\\\/marktxxl.de\\\/markt\\\/\",\"name\":\"Markt-XXL\",\"description\":\"Ihr Markt Online\",\"publisher\":{\"@id\":\"https:\\\/\\\/marktxxl.de\\\/markt\\\/#organization\"},\"potentialAction\":[{\"@type\":\"SearchAction\",\"target\":{\"@type\":\"EntryPoint\",\"urlTemplate\":\"https:\\\/\\\/marktxxl.de\\\/markt\\\/?s={search_term_string}\"},\"query-input\":{\"@type\":\"PropertyValueSpecification\",\"valueRequired\":true,\"valueName\":\"search_term_string\"}}],\"inLanguage\":\"de\"},{\"@type\":\"Organization\",\"@id\":\"https:\\\/\\\/marktxxl.de\\\/markt\\\/#organization\",\"name\":\"Markt-XXL\",\"url\":\"https:\\\/\\\/marktxxl.de\\\/markt\\\/\",\"logo\":{\"@type\":\"ImageObject\",\"inLanguage\":\"de\",\"@id\":\"https:\\\/\\\/marktxxl.de\\\/markt\\\/#\\\/schema\\\/logo\\\/image\\\/\",\"url\":\"https:\\\/\\\/marktxxl.de\\\/markt\\\/wp-content\\\/uploads\\\/sites\\\/3\\\/2020\\\/12\\\/logo.png\",\"contentUrl\":\"https:\\\/\\\/marktxxl.de\\\/markt\\\/wp-content\\\/uploads\\\/sites\\\/3\\\/2020\\\/12\\\/logo.png\",\"width\":200,\"height\":70,\"caption\":\"Markt-XXL\"},\"image\":{\"@id\":\"https:\\\/\\\/marktxxl.de\\\/markt\\\/#\\\/schema\\\/logo\\\/image\\\/\"}}]}<\/script>\n<!-- \/ Yoast SEO plugin. -->","yoast_head_json":{"title":"Playshoes Jungen Uv-Schutz Einteiler Maritim Badehose - Markt-XXL","description":"Markt-XXL Playshoes Jungen Uv-Schutz Einteiler Maritim Badehose","robots":{"index":"index","follow":"follow","max-snippet":"max-snippet:-1","max-image-preview":"max-image-preview:large","max-video-preview":"max-video-preview:-1"},"canonical":"https:\/\/marktxxl.de\/markt\/produkt\/playshoes-jungen-uv-schutz-einteiler-maritim-badehose\/","og_locale":"de_DE","og_type":"article","og_title":"Playshoes Jungen Uv-Schutz Einteiler Maritim Badehose - Markt-XXL","og_description":"Markt-XXL Playshoes Jungen Uv-Schutz Einteiler Maritim Badehose","og_url":"https:\/\/marktxxl.de\/markt\/produkt\/playshoes-jungen-uv-schutz-einteiler-maritim-badehose\/","og_site_name":"Markt-XXL","article_modified_time":"2023-04-09T00:18:25+00:00","og_image":[{"width":390,"height":500,"url":"https:\/\/m.media-amazon.com\/images\/I\/41tvSWsACIL._SL500_.jpg","type":"image\/jpeg"}],"twitter_card":"summary_large_image","twitter_misc":{"Gesch\u00e4tzte Lesezeit":"1\u00a0Minute"},"schema":{"@context":"https:\/\/schema.org","@graph":[{"@type":"WebPage","@id":"https:\/\/marktxxl.de\/markt\/produkt\/playshoes-jungen-uv-schutz-einteiler-maritim-badehose\/","url":"https:\/\/marktxxl.de\/markt\/produkt\/playshoes-jungen-uv-schutz-einteiler-maritim-badehose\/","name":"Playshoes Jungen Uv-Schutz Einteiler Maritim Badehose - Markt-XXL","isPartOf":{"@id":"https:\/\/marktxxl.de\/markt\/#website"},"primaryImageOfPage":{"@id":"https:\/\/marktxxl.de\/markt\/produkt\/playshoes-jungen-uv-schutz-einteiler-maritim-badehose\/#primaryimage"},"image":{"@id":"https:\/\/marktxxl.de\/markt\/produkt\/playshoes-jungen-uv-schutz-einteiler-maritim-badehose\/#primaryimage"},"thumbnailUrl":"https:\/\/m.media-amazon.com\/images\/I\/41tvSWsACIL._SL500_.jpg","datePublished":"2021-11-12T23:30:50+00:00","dateModified":"2023-04-09T00:18:25+00:00","description":"Markt-XXL Playshoes Jungen Uv-Schutz Einteiler Maritim Badehose","breadcrumb":{"@id":"https:\/\/marktxxl.de\/markt\/produkt\/playshoes-jungen-uv-schutz-einteiler-maritim-badehose\/#breadcrumb"},"inLanguage":"de","potentialAction":[{"@type":"ReadAction","target":["https:\/\/marktxxl.de\/markt\/produkt\/playshoes-jungen-uv-schutz-einteiler-maritim-badehose\/"]}]},{"@type":"ImageObject","inLanguage":"de","@id":"https:\/\/marktxxl.de\/markt\/produkt\/playshoes-jungen-uv-schutz-einteiler-maritim-badehose\/#primaryimage","url":"https:\/\/m.media-amazon.com\/images\/I\/41tvSWsACIL._SL500_.jpg","contentUrl":"https:\/\/m.media-amazon.com\/images\/I\/41tvSWsACIL._SL500_.jpg","width":390,"height":500},{"@type":"BreadcrumbList","@id":"https:\/\/marktxxl.de\/markt\/produkt\/playshoes-jungen-uv-schutz-einteiler-maritim-badehose\/#breadcrumb","itemListElement":[{"@type":"ListItem","position":1,"name":"Startseite","item":"https:\/\/marktxxl.de\/markt\/"},{"@type":"ListItem","position":2,"name":"Markt","item":"https:\/\/marktxxl.de\/markt\/"},{"@type":"ListItem","position":3,"name":"Playshoes Jungen Uv-Schutz Einteiler Maritim Badehose"}]},{"@type":"WebSite","@id":"https:\/\/marktxxl.de\/markt\/#website","url":"https:\/\/marktxxl.de\/markt\/","name":"Markt-XXL","description":"Ihr Markt Online","publisher":{"@id":"https:\/\/marktxxl.de\/markt\/#organization"},"potentialAction":[{"@type":"SearchAction","target":{"@type":"EntryPoint","urlTemplate":"https:\/\/marktxxl.de\/markt\/?s={search_term_string}"},"query-input":{"@type":"PropertyValueSpecification","valueRequired":true,"valueName":"search_term_string"}}],"inLanguage":"de"},{"@type":"Organization","@id":"https:\/\/marktxxl.de\/markt\/#organization","name":"Markt-XXL","url":"https:\/\/marktxxl.de\/markt\/","logo":{"@type":"ImageObject","inLanguage":"de","@id":"https:\/\/marktxxl.de\/markt\/#\/schema\/logo\/image\/","url":"https:\/\/marktxxl.de\/markt\/wp-content\/uploads\/sites\/3\/2020\/12\/logo.png","contentUrl":"https:\/\/marktxxl.de\/markt\/wp-content\/uploads\/sites\/3\/2020\/12\/logo.png","width":200,"height":70,"caption":"Markt-XXL"},"image":{"@id":"https:\/\/marktxxl.de\/markt\/#\/schema\/logo\/image\/"}}]}},"_links":{"self":[{"href":"https:\/\/marktxxl.de\/markt\/wp-json\/wp\/v2\/product\/72968","targetHints":{"allow":["GET"]}}],"collection":[{"href":"https:\/\/marktxxl.de\/markt\/wp-json\/wp\/v2\/product"}],"about":[{"href":"https:\/\/marktxxl.de\/markt\/wp-json\/wp\/v2\/types\/product"}],"replies":[{"embeddable":true,"href":"https:\/\/marktxxl.de\/markt\/wp-json\/wp\/v2\/comments?post=72968"}],"wp:featuredmedia":[{"embeddable":true,"href":"https:\/\/marktxxl.de\/markt\/wp-json\/wp\/v2\/media\/72969"}],"wp:attachment":[{"href":"https:\/\/marktxxl.de\/markt\/wp-json\/wp\/v2\/media?parent=72968"}],"wp:term":[{"taxonomy":"product_brand","embeddable":true,"href":"https:\/\/marktxxl.de\/markt\/wp-json\/wp\/v2\/product_brand?post=72968"},{"taxonomy":"product_cat","embeddable":true,"href":"https:\/\/marktxxl.de\/markt\/wp-json\/wp\/v2\/product_cat?post=72968"},{"taxonomy":"product_tag","embeddable":true,"href":"https:\/\/marktxxl.de\/markt\/wp-json\/wp\/v2\/product_tag?post=72968"}],"curies":[{"name":"wp","href":"https:\/\/api.w.org\/{rel}","templated":true}]}}