{"id":72372,"date":"2021-11-12T23:51:19","date_gmt":"2021-11-12T22:51:19","guid":{"rendered":"https:\/\/marktxxl.de\/markt\/produkt\/leipple-falsche-wimpern-20-paare-3d-kuenstliche-wimpern-set-wiederverwendbare-natuerliche-wimpern-4-stile\/"},"modified":"2023-04-11T02:45:24","modified_gmt":"2023-04-11T00:45:24","slug":"leipple-falsche-wimpern-20-paare-3d-kuenstliche-wimpern-set-wiederverwendbare-natuerliche-wimpern-4-stile","status":"publish","type":"product","link":"https:\/\/marktxxl.de\/markt\/produkt\/leipple-falsche-wimpern-20-paare-3d-kuenstliche-wimpern-set-wiederverwendbare-natuerliche-wimpern-4-stile\/","title":{"rendered":"Leipple Falsche Wimpern 20 Paare &#8211; 3D K\u00fcnstliche Wimpern Set Wiederverwendbare nat\u00fcrliche Wimpern (4 Stile)"},"content":{"rendered":"<p>\u2665 \u3010HANDGEFERTIGT\u3011: Jede unserer falschen 3D-Wimpern ist handgefertigt und besteht aus ultraleichten synthetischen Fasern, die genauso weich sind wie Ihre nat\u00fcrlichen Wimpern. Ein t\u00e4glich notwendiger Artikel f\u00fcr Liebhaber von Nerzwimpern, der Ihre Augen charmanter und attraktiver macht.<br \/>\n\u2665 \u3010WEICHES MATERIAL\u3011: Volles dickes Haar und d\u00fcnne Streifen lassen die Wimpern nat\u00fcrlich und flauschig aussehen. Diese falschen Wimpern sind weich und angenehm zu tragen, genauso leicht wie Federn und f\u00fchlen sich beim Tragen nicht schwer an.<br \/>\n\u2665 \u3010PAKET\u3011: Jede Box enth\u00e4lt 4 verschiedene Arten von Wimpern. Egal welchen Make-up-Stil Sie m\u00f6chten, wie s\u00fc\u00df, sexy, rauchig, lustig und sch\u00f6n, er entspricht Ihren Anforderungen. Sie werden im Mittelpunkt der Menge stehen.<br \/>\n\u2665 \u3010EINFACH ZU BENUTZEN\u3011: Einfach anzuwenden und zu entfernen. K\u00f6nnte 3-10 mal wiederverwendet werden. ~ Verwendung: Wimpernkleber auf die Wurzel falscher Wimpern auftragen und dann die Wimpern am Augenlid anbringen. (Sie k\u00f6nnen die falschen Wimpern nach Ihren W\u00fcnschen schneiden oder kr\u00e4useln).<br \/>\n\u2665 \u3010BEST SPECIAL GIFT\u3011: Geben Sie dem besonderen ein Geschenk. Unsere neuesten 20 Paar Nerzwimpern werden in einer wundersch\u00f6n gestalteten Verpackung geliefert, die ein bedeutungsvolles Geschenk f\u00fcr Mutter, Oma, Frau, Tochter, Schwester und Freundin sein kann.<br \/>\n<div class=\"main-cross-sell\" data-asin=\"B08PQG4CJN\">\n\n\t<div class=\"WooZone-cross-sell-loader\">\n\t\t<div>\n\t\t\t<div id=\"floatingBarsG\">\n\t\t\t\t<div class=\"blockG\" id=\"rotateG_01\"><\/div>\n\t\t\t\t<div class=\"blockG\" id=\"rotateG_02\"><\/div>\n\t\t\t\t<div class=\"blockG\" id=\"rotateG_03\"><\/div>\n\t\t\t\t<div class=\"blockG\" id=\"rotateG_04\"><\/div>\n\t\t\t\t<div class=\"blockG\" id=\"rotateG_05\"><\/div>\n\t\t\t\t<div class=\"blockG\" id=\"rotateG_06\"><\/div>\n\t\t\t\t<div class=\"blockG\" id=\"rotateG_07\"><\/div>\n\t\t\t\t<div class=\"blockG\" id=\"rotateG_08\"><\/div>\n\t\t\t<\/div>\n\t\t\t<div class=\"WooZone-cross-sell-loader-text\"><\/div>\n\t\t<\/div>\n\t<\/div>\n\n\t\t\n<\/div>\n<div style=\"clear:both;\"><\/div><\/p>\n","protected":false},"excerpt":{"rendered":"<p>\u2665 \u3010HANDGEFERTIGT\u3011: Jede unserer falschen 3D-Wimpern ist handgefertigt und besteht aus ultraleichten synthetischen Fasern, die genauso weich sind wie Ihre nat\u00fcrlichen Wimpern. Ein t\u00e4glich notwendiger Artikel f\u00fcr Liebhaber von Nerzwimpern, der Ihre Augen charmanter und attraktiver macht.<br \/>\n\u2665 \u3010WEICHES MATERIAL\u3011: Volles dickes Haar und d\u00fcnne Streifen lassen die Wimpern nat\u00fcrlich und flauschig aussehen. Diese falschen Wimpern sind weich und angenehm zu tragen, genauso leicht wie Federn und f\u00fchlen sich beim Tragen nicht schwer an.<br \/>\n\u2665 \u3010PAKET\u3011: Jede Box enth\u00e4lt 4 verschiedene Arten von Wimpern. Egal welchen Make-up-Stil Sie m\u00f6chten, wie s\u00fc\u00df, sexy, rauchig, lustig und sch\u00f6n, er entspricht Ihren Anforderungen. Sie werden im Mittelpunkt der Menge stehen.<\/p>\n","protected":false},"featured_media":72373,"comment_status":"open","ping_status":"closed","template":"","meta":[],"product_brand":[],"product_cat":[2858,7726],"product_tag":[],"class_list":{"0":"post-72372","1":"product","2":"type-product","3":"status-publish","4":"has-post-thumbnail","6":"product_cat-beauty","7":"product_cat-zubehoer-beauty","8":"pa_brand-leipple","9":"pa_manufacturer-leipple","10":"pa_size-40-stueck-1er-pack","12":"first","13":"instock","14":"shipping-taxable","15":"purchasable","16":"product-type-simple","17":"customify-col","18":"product-has-gallery"},"yoast_head":"<!-- This site is optimized with the Yoast SEO plugin v27.3 - https:\/\/yoast.com\/product\/yoast-seo-wordpress\/ -->\n<title>Leipple Falsche Wimpern 20 Paare - 3D K\u00fcnstliche Wimpern Set Wiederverwendbare nat\u00fcrliche Wimpern (4 Stile) - Markt-XXL<\/title>\n<meta name=\"description\" content=\"Markt-XXL Leipple Falsche Wimpern 20 Paare - 3D K\u00fcnstliche Wimpern Set Wiederverwendbare nat\u00fcrliche Wimpern (4 Stile)\" \/>\n<meta name=\"robots\" content=\"index, follow, max-snippet:-1, max-image-preview:large, max-video-preview:-1\" \/>\n<link rel=\"canonical\" href=\"https:\/\/marktxxl.de\/markt\/produkt\/leipple-falsche-wimpern-20-paare-3d-kuenstliche-wimpern-set-wiederverwendbare-natuerliche-wimpern-4-stile\/\" \/>\n<meta property=\"og:locale\" content=\"de_DE\" \/>\n<meta property=\"og:type\" content=\"article\" \/>\n<meta property=\"og:title\" content=\"Leipple Falsche Wimpern 20 Paare - 3D K\u00fcnstliche Wimpern Set Wiederverwendbare nat\u00fcrliche Wimpern (4 Stile) - Markt-XXL\" \/>\n<meta property=\"og:description\" content=\"Markt-XXL Leipple Falsche Wimpern 20 Paare - 3D K\u00fcnstliche Wimpern Set Wiederverwendbare nat\u00fcrliche Wimpern (4 Stile)\" \/>\n<meta property=\"og:url\" content=\"https:\/\/marktxxl.de\/markt\/produkt\/leipple-falsche-wimpern-20-paare-3d-kuenstliche-wimpern-set-wiederverwendbare-natuerliche-wimpern-4-stile\/\" \/>\n<meta property=\"og:site_name\" content=\"Markt-XXL\" \/>\n<meta property=\"article:modified_time\" content=\"2023-04-11T00:45:24+00:00\" \/>\n<meta property=\"og:image\" content=\"https:\/\/m.media-amazon.com\/images\/I\/51Q6C+d57-L._SL500_.jpg\" \/>\n\t<meta property=\"og:image:width\" content=\"500\" \/>\n\t<meta property=\"og:image:height\" content=\"500\" \/>\n\t<meta property=\"og:image:type\" content=\"image\/jpeg\" \/>\n<meta name=\"twitter:card\" content=\"summary_large_image\" \/>\n<meta name=\"twitter:label1\" content=\"Gesch\u00e4tzte Lesezeit\" \/>\n\t<meta name=\"twitter:data1\" content=\"1\u00a0Minute\" \/>\n<script type=\"application\/ld+json\" class=\"yoast-schema-graph\">{\"@context\":\"https:\\\/\\\/schema.org\",\"@graph\":[{\"@type\":\"WebPage\",\"@id\":\"https:\\\/\\\/marktxxl.de\\\/markt\\\/produkt\\\/leipple-falsche-wimpern-20-paare-3d-kuenstliche-wimpern-set-wiederverwendbare-natuerliche-wimpern-4-stile\\\/\",\"url\":\"https:\\\/\\\/marktxxl.de\\\/markt\\\/produkt\\\/leipple-falsche-wimpern-20-paare-3d-kuenstliche-wimpern-set-wiederverwendbare-natuerliche-wimpern-4-stile\\\/\",\"name\":\"Leipple Falsche Wimpern 20 Paare - 3D K\u00fcnstliche Wimpern Set Wiederverwendbare nat\u00fcrliche Wimpern (4 Stile) - Markt-XXL\",\"isPartOf\":{\"@id\":\"https:\\\/\\\/marktxxl.de\\\/markt\\\/#website\"},\"primaryImageOfPage\":{\"@id\":\"https:\\\/\\\/marktxxl.de\\\/markt\\\/produkt\\\/leipple-falsche-wimpern-20-paare-3d-kuenstliche-wimpern-set-wiederverwendbare-natuerliche-wimpern-4-stile\\\/#primaryimage\"},\"image\":{\"@id\":\"https:\\\/\\\/marktxxl.de\\\/markt\\\/produkt\\\/leipple-falsche-wimpern-20-paare-3d-kuenstliche-wimpern-set-wiederverwendbare-natuerliche-wimpern-4-stile\\\/#primaryimage\"},\"thumbnailUrl\":\"https:\\\/\\\/m.media-amazon.com\\\/images\\\/I\\\/51Q6C+d57-L._SL500_.jpg\",\"datePublished\":\"2021-11-12T22:51:19+00:00\",\"dateModified\":\"2023-04-11T00:45:24+00:00\",\"description\":\"Markt-XXL Leipple Falsche Wimpern 20 Paare - 3D K\u00fcnstliche Wimpern Set Wiederverwendbare nat\u00fcrliche Wimpern (4 Stile)\",\"breadcrumb\":{\"@id\":\"https:\\\/\\\/marktxxl.de\\\/markt\\\/produkt\\\/leipple-falsche-wimpern-20-paare-3d-kuenstliche-wimpern-set-wiederverwendbare-natuerliche-wimpern-4-stile\\\/#breadcrumb\"},\"inLanguage\":\"de\",\"potentialAction\":[{\"@type\":\"ReadAction\",\"target\":[\"https:\\\/\\\/marktxxl.de\\\/markt\\\/produkt\\\/leipple-falsche-wimpern-20-paare-3d-kuenstliche-wimpern-set-wiederverwendbare-natuerliche-wimpern-4-stile\\\/\"]}]},{\"@type\":\"ImageObject\",\"inLanguage\":\"de\",\"@id\":\"https:\\\/\\\/marktxxl.de\\\/markt\\\/produkt\\\/leipple-falsche-wimpern-20-paare-3d-kuenstliche-wimpern-set-wiederverwendbare-natuerliche-wimpern-4-stile\\\/#primaryimage\",\"url\":\"https:\\\/\\\/m.media-amazon.com\\\/images\\\/I\\\/51Q6C+d57-L._SL500_.jpg\",\"contentUrl\":\"https:\\\/\\\/m.media-amazon.com\\\/images\\\/I\\\/51Q6C+d57-L._SL500_.jpg\",\"width\":500,\"height\":500},{\"@type\":\"BreadcrumbList\",\"@id\":\"https:\\\/\\\/marktxxl.de\\\/markt\\\/produkt\\\/leipple-falsche-wimpern-20-paare-3d-kuenstliche-wimpern-set-wiederverwendbare-natuerliche-wimpern-4-stile\\\/#breadcrumb\",\"itemListElement\":[{\"@type\":\"ListItem\",\"position\":1,\"name\":\"Startseite\",\"item\":\"https:\\\/\\\/marktxxl.de\\\/markt\\\/\"},{\"@type\":\"ListItem\",\"position\":2,\"name\":\"Markt\",\"item\":\"https:\\\/\\\/marktxxl.de\\\/markt\\\/\"},{\"@type\":\"ListItem\",\"position\":3,\"name\":\"Leipple Falsche Wimpern 20 Paare &#8211; 3D K\u00fcnstliche Wimpern Set Wiederverwendbare nat\u00fcrliche Wimpern (4 Stile)\"}]},{\"@type\":\"WebSite\",\"@id\":\"https:\\\/\\\/marktxxl.de\\\/markt\\\/#website\",\"url\":\"https:\\\/\\\/marktxxl.de\\\/markt\\\/\",\"name\":\"Markt-XXL\",\"description\":\"Ihr Markt Online\",\"publisher\":{\"@id\":\"https:\\\/\\\/marktxxl.de\\\/markt\\\/#organization\"},\"potentialAction\":[{\"@type\":\"SearchAction\",\"target\":{\"@type\":\"EntryPoint\",\"urlTemplate\":\"https:\\\/\\\/marktxxl.de\\\/markt\\\/?s={search_term_string}\"},\"query-input\":{\"@type\":\"PropertyValueSpecification\",\"valueRequired\":true,\"valueName\":\"search_term_string\"}}],\"inLanguage\":\"de\"},{\"@type\":\"Organization\",\"@id\":\"https:\\\/\\\/marktxxl.de\\\/markt\\\/#organization\",\"name\":\"Markt-XXL\",\"url\":\"https:\\\/\\\/marktxxl.de\\\/markt\\\/\",\"logo\":{\"@type\":\"ImageObject\",\"inLanguage\":\"de\",\"@id\":\"https:\\\/\\\/marktxxl.de\\\/markt\\\/#\\\/schema\\\/logo\\\/image\\\/\",\"url\":\"https:\\\/\\\/marktxxl.de\\\/markt\\\/wp-content\\\/uploads\\\/sites\\\/3\\\/2020\\\/12\\\/logo.png\",\"contentUrl\":\"https:\\\/\\\/marktxxl.de\\\/markt\\\/wp-content\\\/uploads\\\/sites\\\/3\\\/2020\\\/12\\\/logo.png\",\"width\":200,\"height\":70,\"caption\":\"Markt-XXL\"},\"image\":{\"@id\":\"https:\\\/\\\/marktxxl.de\\\/markt\\\/#\\\/schema\\\/logo\\\/image\\\/\"}}]}<\/script>\n<!-- \/ Yoast SEO plugin. -->","yoast_head_json":{"title":"Leipple Falsche Wimpern 20 Paare - 3D K\u00fcnstliche Wimpern Set Wiederverwendbare nat\u00fcrliche Wimpern (4 Stile) - Markt-XXL","description":"Markt-XXL Leipple Falsche Wimpern 20 Paare - 3D K\u00fcnstliche Wimpern Set Wiederverwendbare nat\u00fcrliche Wimpern (4 Stile)","robots":{"index":"index","follow":"follow","max-snippet":"max-snippet:-1","max-image-preview":"max-image-preview:large","max-video-preview":"max-video-preview:-1"},"canonical":"https:\/\/marktxxl.de\/markt\/produkt\/leipple-falsche-wimpern-20-paare-3d-kuenstliche-wimpern-set-wiederverwendbare-natuerliche-wimpern-4-stile\/","og_locale":"de_DE","og_type":"article","og_title":"Leipple Falsche Wimpern 20 Paare - 3D K\u00fcnstliche Wimpern Set Wiederverwendbare nat\u00fcrliche Wimpern (4 Stile) - Markt-XXL","og_description":"Markt-XXL Leipple Falsche Wimpern 20 Paare - 3D K\u00fcnstliche Wimpern Set Wiederverwendbare nat\u00fcrliche Wimpern (4 Stile)","og_url":"https:\/\/marktxxl.de\/markt\/produkt\/leipple-falsche-wimpern-20-paare-3d-kuenstliche-wimpern-set-wiederverwendbare-natuerliche-wimpern-4-stile\/","og_site_name":"Markt-XXL","article_modified_time":"2023-04-11T00:45:24+00:00","og_image":[{"width":500,"height":500,"url":"https:\/\/m.media-amazon.com\/images\/I\/51Q6C+d57-L._SL500_.jpg","type":"image\/jpeg"}],"twitter_card":"summary_large_image","twitter_misc":{"Gesch\u00e4tzte Lesezeit":"1\u00a0Minute"},"schema":{"@context":"https:\/\/schema.org","@graph":[{"@type":"WebPage","@id":"https:\/\/marktxxl.de\/markt\/produkt\/leipple-falsche-wimpern-20-paare-3d-kuenstliche-wimpern-set-wiederverwendbare-natuerliche-wimpern-4-stile\/","url":"https:\/\/marktxxl.de\/markt\/produkt\/leipple-falsche-wimpern-20-paare-3d-kuenstliche-wimpern-set-wiederverwendbare-natuerliche-wimpern-4-stile\/","name":"Leipple Falsche Wimpern 20 Paare - 3D K\u00fcnstliche Wimpern Set Wiederverwendbare nat\u00fcrliche Wimpern (4 Stile) - Markt-XXL","isPartOf":{"@id":"https:\/\/marktxxl.de\/markt\/#website"},"primaryImageOfPage":{"@id":"https:\/\/marktxxl.de\/markt\/produkt\/leipple-falsche-wimpern-20-paare-3d-kuenstliche-wimpern-set-wiederverwendbare-natuerliche-wimpern-4-stile\/#primaryimage"},"image":{"@id":"https:\/\/marktxxl.de\/markt\/produkt\/leipple-falsche-wimpern-20-paare-3d-kuenstliche-wimpern-set-wiederverwendbare-natuerliche-wimpern-4-stile\/#primaryimage"},"thumbnailUrl":"https:\/\/m.media-amazon.com\/images\/I\/51Q6C+d57-L._SL500_.jpg","datePublished":"2021-11-12T22:51:19+00:00","dateModified":"2023-04-11T00:45:24+00:00","description":"Markt-XXL Leipple Falsche Wimpern 20 Paare - 3D K\u00fcnstliche Wimpern Set Wiederverwendbare nat\u00fcrliche Wimpern (4 Stile)","breadcrumb":{"@id":"https:\/\/marktxxl.de\/markt\/produkt\/leipple-falsche-wimpern-20-paare-3d-kuenstliche-wimpern-set-wiederverwendbare-natuerliche-wimpern-4-stile\/#breadcrumb"},"inLanguage":"de","potentialAction":[{"@type":"ReadAction","target":["https:\/\/marktxxl.de\/markt\/produkt\/leipple-falsche-wimpern-20-paare-3d-kuenstliche-wimpern-set-wiederverwendbare-natuerliche-wimpern-4-stile\/"]}]},{"@type":"ImageObject","inLanguage":"de","@id":"https:\/\/marktxxl.de\/markt\/produkt\/leipple-falsche-wimpern-20-paare-3d-kuenstliche-wimpern-set-wiederverwendbare-natuerliche-wimpern-4-stile\/#primaryimage","url":"https:\/\/m.media-amazon.com\/images\/I\/51Q6C+d57-L._SL500_.jpg","contentUrl":"https:\/\/m.media-amazon.com\/images\/I\/51Q6C+d57-L._SL500_.jpg","width":500,"height":500},{"@type":"BreadcrumbList","@id":"https:\/\/marktxxl.de\/markt\/produkt\/leipple-falsche-wimpern-20-paare-3d-kuenstliche-wimpern-set-wiederverwendbare-natuerliche-wimpern-4-stile\/#breadcrumb","itemListElement":[{"@type":"ListItem","position":1,"name":"Startseite","item":"https:\/\/marktxxl.de\/markt\/"},{"@type":"ListItem","position":2,"name":"Markt","item":"https:\/\/marktxxl.de\/markt\/"},{"@type":"ListItem","position":3,"name":"Leipple Falsche Wimpern 20 Paare &#8211; 3D K\u00fcnstliche Wimpern Set Wiederverwendbare nat\u00fcrliche Wimpern (4 Stile)"}]},{"@type":"WebSite","@id":"https:\/\/marktxxl.de\/markt\/#website","url":"https:\/\/marktxxl.de\/markt\/","name":"Markt-XXL","description":"Ihr Markt Online","publisher":{"@id":"https:\/\/marktxxl.de\/markt\/#organization"},"potentialAction":[{"@type":"SearchAction","target":{"@type":"EntryPoint","urlTemplate":"https:\/\/marktxxl.de\/markt\/?s={search_term_string}"},"query-input":{"@type":"PropertyValueSpecification","valueRequired":true,"valueName":"search_term_string"}}],"inLanguage":"de"},{"@type":"Organization","@id":"https:\/\/marktxxl.de\/markt\/#organization","name":"Markt-XXL","url":"https:\/\/marktxxl.de\/markt\/","logo":{"@type":"ImageObject","inLanguage":"de","@id":"https:\/\/marktxxl.de\/markt\/#\/schema\/logo\/image\/","url":"https:\/\/marktxxl.de\/markt\/wp-content\/uploads\/sites\/3\/2020\/12\/logo.png","contentUrl":"https:\/\/marktxxl.de\/markt\/wp-content\/uploads\/sites\/3\/2020\/12\/logo.png","width":200,"height":70,"caption":"Markt-XXL"},"image":{"@id":"https:\/\/marktxxl.de\/markt\/#\/schema\/logo\/image\/"}}]}},"_links":{"self":[{"href":"https:\/\/marktxxl.de\/markt\/wp-json\/wp\/v2\/product\/72372","targetHints":{"allow":["GET"]}}],"collection":[{"href":"https:\/\/marktxxl.de\/markt\/wp-json\/wp\/v2\/product"}],"about":[{"href":"https:\/\/marktxxl.de\/markt\/wp-json\/wp\/v2\/types\/product"}],"replies":[{"embeddable":true,"href":"https:\/\/marktxxl.de\/markt\/wp-json\/wp\/v2\/comments?post=72372"}],"wp:featuredmedia":[{"embeddable":true,"href":"https:\/\/marktxxl.de\/markt\/wp-json\/wp\/v2\/media\/72373"}],"wp:attachment":[{"href":"https:\/\/marktxxl.de\/markt\/wp-json\/wp\/v2\/media?parent=72372"}],"wp:term":[{"taxonomy":"product_brand","embeddable":true,"href":"https:\/\/marktxxl.de\/markt\/wp-json\/wp\/v2\/product_brand?post=72372"},{"taxonomy":"product_cat","embeddable":true,"href":"https:\/\/marktxxl.de\/markt\/wp-json\/wp\/v2\/product_cat?post=72372"},{"taxonomy":"product_tag","embeddable":true,"href":"https:\/\/marktxxl.de\/markt\/wp-json\/wp\/v2\/product_tag?post=72372"}],"curies":[{"name":"wp","href":"https:\/\/api.w.org\/{rel}","templated":true}]}}