{"id":71023,"date":"2021-11-12T22:42:38","date_gmt":"2021-11-12T21:42:38","guid":{"rendered":"https:\/\/marktxxl.de\/markt\/produkt\/wimpernlifting-set-starter-kitwimpern-perming-kit-lash-extensions-lash-curling-lash-lifting-kit-semi-permanent-curling-perming-wave-geeignet-fuer-salon\/"},"modified":"2023-04-09T02:15:14","modified_gmt":"2023-04-09T00:15:14","slug":"wimpernlifting-set-starter-kitwimpern-perming-kit-lash-extensions-lash-curling-lash-lifting-kit-semi-permanent-curling-perming-wave-geeignet-fuer-salon","status":"publish","type":"product","link":"https:\/\/marktxxl.de\/markt\/produkt\/wimpernlifting-set-starter-kitwimpern-perming-kit-lash-extensions-lash-curling-lash-lifting-kit-semi-permanent-curling-perming-wave-geeignet-fuer-salon\/","title":{"rendered":"Wimpernlifting Set,Lash Lift Kit, Wimpernlifting set professionell, lash lifting set, Lange andauernd, einfach zu\u2026"},"content":{"rendered":"<p>\u3010NAT\u00dcRLICH GEWALZTES AUGENLAGER\u3011: Diese Halbwelle hilft Ihren Augen, ohne Make-up gr\u00f6\u00dfer und sch\u00f6ner auszusehen, indem Sie Ihre Wimpern anheben, um die perfekte Locke zu bilden.<br \/>\n\u3010SICHER UND EFFEKTIV\u3011: Der Klebstoff wurde speziell f\u00fcr die Verwendung mit Silikonkissen entwickelt. Ein sanfter Duft und eine geringe Reizung, sehr sicher zu verwenden. Unser Wimpernlift-Kit ist mit Keratin und anderen hochwertigen Inhaltsstoffen angereichert und bietet intensive Pflege und sanfte Pflege f\u00fcr st\u00e4rkere Wimpern.<br \/>\n\u3010EINFACH ZU VERWENDEN\u3011: Dieses Wimpern-Dauerwellen-Kit verwendet Silikonkissen anstelle der normalen Wimpernrollen. Einfach zu bedienen, es ist einfacher, die Wimpern auf nat\u00fcrliche Weise zu kr\u00e4useln. Au\u00dferdem verf\u00fcgt das Wimpernlift-Kit \u00fcber aufeinanderfolgende Etiketten und Gebrauchsanweisungen, die sehr einfach zu verstehen sind.<br \/>\n\u3010LANGLEBIG\u3011: Verwenden Sie nach der Dauerwelle die Wimpernbeschichtung. Die Wimpern k\u00f6nnen 3 Monate lang angehoben werden. Ein Satz Produkte kann 10 bis 13 Mal verwendet werden. Genie\u00dfen Sie mit unserem Wimpern-Dauerwellen-Kit Ihre perfekt gebogenen Wimpern.<br \/>\n\u3010MIT VERTRAUEN KAUFEN\u3011: Bitte kaufen Sie es in unserem Shop-Bifanglvyou, Sie werden den exzellenten Service genie\u00dfen, den wir f\u00fcr Sie bieten. Bei Fragen wenden Sie sich bitte an unseren Kundenservice. Wir versprechen, innerhalb von 24 Stunden zu antworten.<br \/>\n<div class=\"main-cross-sell\" data-asin=\"B08BFGW828\">\n\n\t<div class=\"WooZone-cross-sell-loader\">\n\t\t<div>\n\t\t\t<div id=\"floatingBarsG\">\n\t\t\t\t<div class=\"blockG\" id=\"rotateG_01\"><\/div>\n\t\t\t\t<div class=\"blockG\" id=\"rotateG_02\"><\/div>\n\t\t\t\t<div class=\"blockG\" id=\"rotateG_03\"><\/div>\n\t\t\t\t<div class=\"blockG\" id=\"rotateG_04\"><\/div>\n\t\t\t\t<div class=\"blockG\" id=\"rotateG_05\"><\/div>\n\t\t\t\t<div class=\"blockG\" id=\"rotateG_06\"><\/div>\n\t\t\t\t<div class=\"blockG\" id=\"rotateG_07\"><\/div>\n\t\t\t\t<div class=\"blockG\" id=\"rotateG_08\"><\/div>\n\t\t\t<\/div>\n\t\t\t<div class=\"WooZone-cross-sell-loader-text\"><\/div>\n\t\t<\/div>\n\t<\/div>\n\n\t\t\n<\/div>\n<div style=\"clear:both;\"><\/div><\/p>\n","protected":false},"excerpt":{"rendered":"<p>\u3010NAT\u00dcRLICH GEWALZTES AUGENLAGER\u3011: Diese Halbwelle hilft Ihren Augen, ohne Make-up gr\u00f6\u00dfer und sch\u00f6ner auszusehen, indem Sie Ihre Wimpern anheben, um die perfekte Locke zu bilden.<br \/>\n\u3010SICHER UND EFFEKTIV\u3011: Der Klebstoff wurde speziell f\u00fcr die Verwendung mit Silikonkissen entwickelt. Ein sanfter Duft und eine geringe Reizung, sehr sicher zu verwenden. Unser Wimpernlift-Kit ist mit Keratin und anderen hochwertigen Inhaltsstoffen angereichert und bietet intensive Pflege und sanfte Pflege f\u00fcr st\u00e4rkere Wimpern.<br \/>\n\u3010EINFACH ZU VERWENDEN\u3011: Dieses Wimpern-Dauerwellen-Kit verwendet Silikonkissen anstelle der normalen Wimpernrollen. Einfach zu bedienen, es ist einfacher, die Wimpern auf nat\u00fcrliche Weise zu kr\u00e4useln. Au\u00dferdem verf\u00fcgt das Wimpernlift-Kit \u00fcber aufeinanderfolgende Etiketten und Gebrauchsanweisungen, die sehr einfach zu verstehen sind.<\/p>\n","protected":false},"featured_media":71024,"comment_status":"open","ping_status":"closed","template":"","meta":[],"product_brand":[],"product_cat":[2858,7575],"product_tag":[],"class_list":{"0":"post-71023","1":"product","2":"type-product","3":"status-publish","4":"has-post-thumbnail","6":"product_cat-beauty","7":"product_cat-make-up","8":"pa_binding-badartikel","9":"pa_brand-lucky-cat","10":"pa_height-1-0236220462-zoll","11":"pa_length-6-4566929068-zoll","12":"pa_size-29-stueck-1er-pack","13":"pa_width-4-724409444-zoll","15":"first","16":"instock","17":"shipping-taxable","18":"purchasable","19":"product-type-simple","20":"customify-col","21":"product-has-gallery"},"yoast_head":"<!-- This site is optimized with the Yoast SEO plugin v27.3 - https:\/\/yoast.com\/product\/yoast-seo-wordpress\/ -->\n<title>Wimpernlifting Set,Lash Lift Kit, Wimpernlifting set professionell, lash lifting set, Lange andauernd, einfach zu\u2026 - Markt-XXL<\/title>\n<meta name=\"description\" content=\"Markt-XXL Wimpernlifting Set,Lash Lift Kit, Wimpernlifting set professionell, lash lifting set, Lange andauernd, einfach zu\u2026\" \/>\n<meta name=\"robots\" content=\"index, follow, max-snippet:-1, max-image-preview:large, max-video-preview:-1\" \/>\n<link rel=\"canonical\" href=\"https:\/\/marktxxl.de\/markt\/produkt\/wimpernlifting-set-starter-kitwimpern-perming-kit-lash-extensions-lash-curling-lash-lifting-kit-semi-permanent-curling-perming-wave-geeignet-fuer-salon\/\" \/>\n<meta property=\"og:locale\" content=\"de_DE\" \/>\n<meta property=\"og:type\" content=\"article\" \/>\n<meta property=\"og:title\" content=\"Wimpernlifting Set,Lash Lift Kit, Wimpernlifting set professionell, lash lifting set, Lange andauernd, einfach zu\u2026 - Markt-XXL\" \/>\n<meta property=\"og:description\" content=\"Markt-XXL Wimpernlifting Set,Lash Lift Kit, Wimpernlifting set professionell, lash lifting set, Lange andauernd, einfach zu\u2026\" \/>\n<meta property=\"og:url\" content=\"https:\/\/marktxxl.de\/markt\/produkt\/wimpernlifting-set-starter-kitwimpern-perming-kit-lash-extensions-lash-curling-lash-lifting-kit-semi-permanent-curling-perming-wave-geeignet-fuer-salon\/\" \/>\n<meta property=\"og:site_name\" content=\"Markt-XXL\" \/>\n<meta property=\"article:modified_time\" content=\"2023-04-09T00:15:14+00:00\" \/>\n<meta property=\"og:image\" content=\"https:\/\/m.media-amazon.com\/images\/I\/41GCuwKwBBS._SL500_.jpg\" \/>\n\t<meta property=\"og:image:width\" content=\"500\" \/>\n\t<meta property=\"og:image:height\" content=\"442\" \/>\n\t<meta property=\"og:image:type\" content=\"image\/jpeg\" \/>\n<meta name=\"twitter:card\" content=\"summary_large_image\" \/>\n<meta name=\"twitter:label1\" content=\"Gesch\u00e4tzte Lesezeit\" \/>\n\t<meta name=\"twitter:data1\" content=\"1\u00a0Minute\" \/>\n<script type=\"application\/ld+json\" class=\"yoast-schema-graph\">{\"@context\":\"https:\\\/\\\/schema.org\",\"@graph\":[{\"@type\":\"WebPage\",\"@id\":\"https:\\\/\\\/marktxxl.de\\\/markt\\\/produkt\\\/wimpernlifting-set-starter-kitwimpern-perming-kit-lash-extensions-lash-curling-lash-lifting-kit-semi-permanent-curling-perming-wave-geeignet-fuer-salon\\\/\",\"url\":\"https:\\\/\\\/marktxxl.de\\\/markt\\\/produkt\\\/wimpernlifting-set-starter-kitwimpern-perming-kit-lash-extensions-lash-curling-lash-lifting-kit-semi-permanent-curling-perming-wave-geeignet-fuer-salon\\\/\",\"name\":\"Wimpernlifting Set,Lash Lift Kit, Wimpernlifting set professionell, lash lifting set, Lange andauernd, einfach zu\u2026 - Markt-XXL\",\"isPartOf\":{\"@id\":\"https:\\\/\\\/marktxxl.de\\\/markt\\\/#website\"},\"primaryImageOfPage\":{\"@id\":\"https:\\\/\\\/marktxxl.de\\\/markt\\\/produkt\\\/wimpernlifting-set-starter-kitwimpern-perming-kit-lash-extensions-lash-curling-lash-lifting-kit-semi-permanent-curling-perming-wave-geeignet-fuer-salon\\\/#primaryimage\"},\"image\":{\"@id\":\"https:\\\/\\\/marktxxl.de\\\/markt\\\/produkt\\\/wimpernlifting-set-starter-kitwimpern-perming-kit-lash-extensions-lash-curling-lash-lifting-kit-semi-permanent-curling-perming-wave-geeignet-fuer-salon\\\/#primaryimage\"},\"thumbnailUrl\":\"https:\\\/\\\/m.media-amazon.com\\\/images\\\/I\\\/41GCuwKwBBS._SL500_.jpg\",\"datePublished\":\"2021-11-12T21:42:38+00:00\",\"dateModified\":\"2023-04-09T00:15:14+00:00\",\"description\":\"Markt-XXL Wimpernlifting Set,Lash Lift Kit, Wimpernlifting set professionell, lash lifting set, Lange andauernd, einfach zu\u2026\",\"breadcrumb\":{\"@id\":\"https:\\\/\\\/marktxxl.de\\\/markt\\\/produkt\\\/wimpernlifting-set-starter-kitwimpern-perming-kit-lash-extensions-lash-curling-lash-lifting-kit-semi-permanent-curling-perming-wave-geeignet-fuer-salon\\\/#breadcrumb\"},\"inLanguage\":\"de\",\"potentialAction\":[{\"@type\":\"ReadAction\",\"target\":[\"https:\\\/\\\/marktxxl.de\\\/markt\\\/produkt\\\/wimpernlifting-set-starter-kitwimpern-perming-kit-lash-extensions-lash-curling-lash-lifting-kit-semi-permanent-curling-perming-wave-geeignet-fuer-salon\\\/\"]}]},{\"@type\":\"ImageObject\",\"inLanguage\":\"de\",\"@id\":\"https:\\\/\\\/marktxxl.de\\\/markt\\\/produkt\\\/wimpernlifting-set-starter-kitwimpern-perming-kit-lash-extensions-lash-curling-lash-lifting-kit-semi-permanent-curling-perming-wave-geeignet-fuer-salon\\\/#primaryimage\",\"url\":\"https:\\\/\\\/m.media-amazon.com\\\/images\\\/I\\\/41GCuwKwBBS._SL500_.jpg\",\"contentUrl\":\"https:\\\/\\\/m.media-amazon.com\\\/images\\\/I\\\/41GCuwKwBBS._SL500_.jpg\",\"width\":500,\"height\":442},{\"@type\":\"BreadcrumbList\",\"@id\":\"https:\\\/\\\/marktxxl.de\\\/markt\\\/produkt\\\/wimpernlifting-set-starter-kitwimpern-perming-kit-lash-extensions-lash-curling-lash-lifting-kit-semi-permanent-curling-perming-wave-geeignet-fuer-salon\\\/#breadcrumb\",\"itemListElement\":[{\"@type\":\"ListItem\",\"position\":1,\"name\":\"Startseite\",\"item\":\"https:\\\/\\\/marktxxl.de\\\/markt\\\/\"},{\"@type\":\"ListItem\",\"position\":2,\"name\":\"Markt\",\"item\":\"https:\\\/\\\/marktxxl.de\\\/markt\\\/\"},{\"@type\":\"ListItem\",\"position\":3,\"name\":\"Wimpernlifting Set,Lash Lift Kit, Wimpernlifting set professionell, lash lifting set, Lange andauernd, einfach zu\u2026\"}]},{\"@type\":\"WebSite\",\"@id\":\"https:\\\/\\\/marktxxl.de\\\/markt\\\/#website\",\"url\":\"https:\\\/\\\/marktxxl.de\\\/markt\\\/\",\"name\":\"Markt-XXL\",\"description\":\"Ihr Markt Online\",\"publisher\":{\"@id\":\"https:\\\/\\\/marktxxl.de\\\/markt\\\/#organization\"},\"potentialAction\":[{\"@type\":\"SearchAction\",\"target\":{\"@type\":\"EntryPoint\",\"urlTemplate\":\"https:\\\/\\\/marktxxl.de\\\/markt\\\/?s={search_term_string}\"},\"query-input\":{\"@type\":\"PropertyValueSpecification\",\"valueRequired\":true,\"valueName\":\"search_term_string\"}}],\"inLanguage\":\"de\"},{\"@type\":\"Organization\",\"@id\":\"https:\\\/\\\/marktxxl.de\\\/markt\\\/#organization\",\"name\":\"Markt-XXL\",\"url\":\"https:\\\/\\\/marktxxl.de\\\/markt\\\/\",\"logo\":{\"@type\":\"ImageObject\",\"inLanguage\":\"de\",\"@id\":\"https:\\\/\\\/marktxxl.de\\\/markt\\\/#\\\/schema\\\/logo\\\/image\\\/\",\"url\":\"https:\\\/\\\/marktxxl.de\\\/markt\\\/wp-content\\\/uploads\\\/sites\\\/3\\\/2020\\\/12\\\/logo.png\",\"contentUrl\":\"https:\\\/\\\/marktxxl.de\\\/markt\\\/wp-content\\\/uploads\\\/sites\\\/3\\\/2020\\\/12\\\/logo.png\",\"width\":200,\"height\":70,\"caption\":\"Markt-XXL\"},\"image\":{\"@id\":\"https:\\\/\\\/marktxxl.de\\\/markt\\\/#\\\/schema\\\/logo\\\/image\\\/\"}}]}<\/script>\n<!-- \/ Yoast SEO plugin. -->","yoast_head_json":{"title":"Wimpernlifting Set,Lash Lift Kit, Wimpernlifting set professionell, lash lifting set, Lange andauernd, einfach zu\u2026 - Markt-XXL","description":"Markt-XXL Wimpernlifting Set,Lash Lift Kit, Wimpernlifting set professionell, lash lifting set, Lange andauernd, einfach zu\u2026","robots":{"index":"index","follow":"follow","max-snippet":"max-snippet:-1","max-image-preview":"max-image-preview:large","max-video-preview":"max-video-preview:-1"},"canonical":"https:\/\/marktxxl.de\/markt\/produkt\/wimpernlifting-set-starter-kitwimpern-perming-kit-lash-extensions-lash-curling-lash-lifting-kit-semi-permanent-curling-perming-wave-geeignet-fuer-salon\/","og_locale":"de_DE","og_type":"article","og_title":"Wimpernlifting Set,Lash Lift Kit, Wimpernlifting set professionell, lash lifting set, Lange andauernd, einfach zu\u2026 - Markt-XXL","og_description":"Markt-XXL Wimpernlifting Set,Lash Lift Kit, Wimpernlifting set professionell, lash lifting set, Lange andauernd, einfach zu\u2026","og_url":"https:\/\/marktxxl.de\/markt\/produkt\/wimpernlifting-set-starter-kitwimpern-perming-kit-lash-extensions-lash-curling-lash-lifting-kit-semi-permanent-curling-perming-wave-geeignet-fuer-salon\/","og_site_name":"Markt-XXL","article_modified_time":"2023-04-09T00:15:14+00:00","og_image":[{"width":500,"height":442,"url":"https:\/\/m.media-amazon.com\/images\/I\/41GCuwKwBBS._SL500_.jpg","type":"image\/jpeg"}],"twitter_card":"summary_large_image","twitter_misc":{"Gesch\u00e4tzte Lesezeit":"1\u00a0Minute"},"schema":{"@context":"https:\/\/schema.org","@graph":[{"@type":"WebPage","@id":"https:\/\/marktxxl.de\/markt\/produkt\/wimpernlifting-set-starter-kitwimpern-perming-kit-lash-extensions-lash-curling-lash-lifting-kit-semi-permanent-curling-perming-wave-geeignet-fuer-salon\/","url":"https:\/\/marktxxl.de\/markt\/produkt\/wimpernlifting-set-starter-kitwimpern-perming-kit-lash-extensions-lash-curling-lash-lifting-kit-semi-permanent-curling-perming-wave-geeignet-fuer-salon\/","name":"Wimpernlifting Set,Lash Lift Kit, Wimpernlifting set professionell, lash lifting set, Lange andauernd, einfach zu\u2026 - Markt-XXL","isPartOf":{"@id":"https:\/\/marktxxl.de\/markt\/#website"},"primaryImageOfPage":{"@id":"https:\/\/marktxxl.de\/markt\/produkt\/wimpernlifting-set-starter-kitwimpern-perming-kit-lash-extensions-lash-curling-lash-lifting-kit-semi-permanent-curling-perming-wave-geeignet-fuer-salon\/#primaryimage"},"image":{"@id":"https:\/\/marktxxl.de\/markt\/produkt\/wimpernlifting-set-starter-kitwimpern-perming-kit-lash-extensions-lash-curling-lash-lifting-kit-semi-permanent-curling-perming-wave-geeignet-fuer-salon\/#primaryimage"},"thumbnailUrl":"https:\/\/m.media-amazon.com\/images\/I\/41GCuwKwBBS._SL500_.jpg","datePublished":"2021-11-12T21:42:38+00:00","dateModified":"2023-04-09T00:15:14+00:00","description":"Markt-XXL Wimpernlifting Set,Lash Lift Kit, Wimpernlifting set professionell, lash lifting set, Lange andauernd, einfach zu\u2026","breadcrumb":{"@id":"https:\/\/marktxxl.de\/markt\/produkt\/wimpernlifting-set-starter-kitwimpern-perming-kit-lash-extensions-lash-curling-lash-lifting-kit-semi-permanent-curling-perming-wave-geeignet-fuer-salon\/#breadcrumb"},"inLanguage":"de","potentialAction":[{"@type":"ReadAction","target":["https:\/\/marktxxl.de\/markt\/produkt\/wimpernlifting-set-starter-kitwimpern-perming-kit-lash-extensions-lash-curling-lash-lifting-kit-semi-permanent-curling-perming-wave-geeignet-fuer-salon\/"]}]},{"@type":"ImageObject","inLanguage":"de","@id":"https:\/\/marktxxl.de\/markt\/produkt\/wimpernlifting-set-starter-kitwimpern-perming-kit-lash-extensions-lash-curling-lash-lifting-kit-semi-permanent-curling-perming-wave-geeignet-fuer-salon\/#primaryimage","url":"https:\/\/m.media-amazon.com\/images\/I\/41GCuwKwBBS._SL500_.jpg","contentUrl":"https:\/\/m.media-amazon.com\/images\/I\/41GCuwKwBBS._SL500_.jpg","width":500,"height":442},{"@type":"BreadcrumbList","@id":"https:\/\/marktxxl.de\/markt\/produkt\/wimpernlifting-set-starter-kitwimpern-perming-kit-lash-extensions-lash-curling-lash-lifting-kit-semi-permanent-curling-perming-wave-geeignet-fuer-salon\/#breadcrumb","itemListElement":[{"@type":"ListItem","position":1,"name":"Startseite","item":"https:\/\/marktxxl.de\/markt\/"},{"@type":"ListItem","position":2,"name":"Markt","item":"https:\/\/marktxxl.de\/markt\/"},{"@type":"ListItem","position":3,"name":"Wimpernlifting Set,Lash Lift Kit, Wimpernlifting set professionell, lash lifting set, Lange andauernd, einfach zu\u2026"}]},{"@type":"WebSite","@id":"https:\/\/marktxxl.de\/markt\/#website","url":"https:\/\/marktxxl.de\/markt\/","name":"Markt-XXL","description":"Ihr Markt Online","publisher":{"@id":"https:\/\/marktxxl.de\/markt\/#organization"},"potentialAction":[{"@type":"SearchAction","target":{"@type":"EntryPoint","urlTemplate":"https:\/\/marktxxl.de\/markt\/?s={search_term_string}"},"query-input":{"@type":"PropertyValueSpecification","valueRequired":true,"valueName":"search_term_string"}}],"inLanguage":"de"},{"@type":"Organization","@id":"https:\/\/marktxxl.de\/markt\/#organization","name":"Markt-XXL","url":"https:\/\/marktxxl.de\/markt\/","logo":{"@type":"ImageObject","inLanguage":"de","@id":"https:\/\/marktxxl.de\/markt\/#\/schema\/logo\/image\/","url":"https:\/\/marktxxl.de\/markt\/wp-content\/uploads\/sites\/3\/2020\/12\/logo.png","contentUrl":"https:\/\/marktxxl.de\/markt\/wp-content\/uploads\/sites\/3\/2020\/12\/logo.png","width":200,"height":70,"caption":"Markt-XXL"},"image":{"@id":"https:\/\/marktxxl.de\/markt\/#\/schema\/logo\/image\/"}}]}},"_links":{"self":[{"href":"https:\/\/marktxxl.de\/markt\/wp-json\/wp\/v2\/product\/71023","targetHints":{"allow":["GET"]}}],"collection":[{"href":"https:\/\/marktxxl.de\/markt\/wp-json\/wp\/v2\/product"}],"about":[{"href":"https:\/\/marktxxl.de\/markt\/wp-json\/wp\/v2\/types\/product"}],"replies":[{"embeddable":true,"href":"https:\/\/marktxxl.de\/markt\/wp-json\/wp\/v2\/comments?post=71023"}],"wp:featuredmedia":[{"embeddable":true,"href":"https:\/\/marktxxl.de\/markt\/wp-json\/wp\/v2\/media\/71024"}],"wp:attachment":[{"href":"https:\/\/marktxxl.de\/markt\/wp-json\/wp\/v2\/media?parent=71023"}],"wp:term":[{"taxonomy":"product_brand","embeddable":true,"href":"https:\/\/marktxxl.de\/markt\/wp-json\/wp\/v2\/product_brand?post=71023"},{"taxonomy":"product_cat","embeddable":true,"href":"https:\/\/marktxxl.de\/markt\/wp-json\/wp\/v2\/product_cat?post=71023"},{"taxonomy":"product_tag","embeddable":true,"href":"https:\/\/marktxxl.de\/markt\/wp-json\/wp\/v2\/product_tag?post=71023"}],"curies":[{"name":"wp","href":"https:\/\/api.w.org\/{rel}","templated":true}]}}