{"id":68468,"date":"2021-11-12T03:24:55","date_gmt":"2021-11-12T02:24:55","guid":{"rendered":"https:\/\/marktxxl.de\/markt\/produkt\/posprica-faltbarer-wuerfel-organizer-aufbewahrungswuerfel-behaelter-schubladen-fuer-kinderzimmer-bueros-schraenke-heimdekoration\/"},"modified":"2023-04-11T02:40:11","modified_gmt":"2023-04-11T00:40:11","slug":"posprica-faltbarer-wuerfel-organizer-aufbewahrungswuerfel-behaelter-schubladen-fuer-kinderzimmer-bueros-schraenke-heimdekoration","status":"publish","type":"product","link":"https:\/\/marktxxl.de\/markt\/produkt\/posprica-faltbarer-wuerfel-organizer-aufbewahrungswuerfel-behaelter-schubladen-fuer-kinderzimmer-bueros-schraenke-heimdekoration\/","title":{"rendered":"Posprica Faltbarer W\u00fcrfel-Organizer, Aufbewahrungsw\u00fcrfel, Beh\u00e4lter, Schubladen f\u00fcr Kinderzimmer, B\u00fcros, Schr\u00e4nke\u2026"},"content":{"rendered":"<p>Das zus\u00e4tzliche Geld lohnt: Die W\u00fcrfelbeh\u00e4lter sind nicht billig, aber sie sind definitiv das zus\u00e4tzliche Geld wert gegen\u00fcber den &#8220;normalen&#8221; W\u00fcrfelbeh\u00e4ltern. Sie k\u00f6nnen die super Qualit\u00e4t von der Dicke und Dichte des Tuches sp\u00fcren, hervorragende Verarbeitung, Gewicht und Haltbarkeit. Bitte beachten Sie: Die W\u00fcrfel k\u00f6nnen Farbunterschiede aufweisen, wenn die verschiedenen Ger\u00e4te anzeigen, die wei\u00dfe Farbe ist genauer in der N\u00e4he von Beige<br \/>\nStabile Konstruktion: Der Kabinenbeh\u00e4lter wiegt je 0,7 kg, besteht aus Papiergewebe, das Merkmal ist handgefertigt und hat 2 Deluxe-Metallgriffe. Mit dickem und steifem Karton im Inneren, um die Form zu verst\u00e4rken, jeder W\u00fcrfel misst ca. 28 x 28 x 28 cm<br \/>\nZusammenklappbare W\u00fcrfel: Platzsparend durch Stapeln, wenn nicht in Gebrauch, einfach zu verteilen, indem die untere Kartonplatte gelegt wird. Sehr einfache Lagerung \u2013 Aufbau in Sekunden mit stabilen Metallgriffen f\u00fcr einfachen Transport \u2013 gut zu tragen und langlebig<br \/>\nMultifunktionale Aufbewahrung und Organisation: Der Stoff-Schubladen-Organizer ist ideal f\u00fcr die Organisation von Gegenst\u00e4nden wie Spielen, Spielzeug, Kunst- und Bastelbedarf, B\u00fccher, Bettw\u00e4sche, Kleidung, Schuhe, saisonale Artikel, Urlaubsdekorationen, DVDs, Erinnerungsst\u00fccke und mehr im Haus oder B\u00fcro<br \/>\nF\u00fcr jeden Raum und vielseitig \u2013 Verwendung im Kinderzimmer, Familienzimmer, Waschk\u00fcche, Schrank, Abstellraum, etc. \u2013 Stellen Sie sich auf dem Boden, im Schrank, B\u00fccherregal, Schreibtisch, Regal, und unter dem Bett<br \/>\n<div class=\"main-cross-sell\" data-asin=\"B071JJ28CN\">\n\n\t<div class=\"WooZone-cross-sell-loader\">\n\t\t<div>\n\t\t\t<div id=\"floatingBarsG\">\n\t\t\t\t<div class=\"blockG\" id=\"rotateG_01\"><\/div>\n\t\t\t\t<div class=\"blockG\" id=\"rotateG_02\"><\/div>\n\t\t\t\t<div class=\"blockG\" id=\"rotateG_03\"><\/div>\n\t\t\t\t<div class=\"blockG\" id=\"rotateG_04\"><\/div>\n\t\t\t\t<div class=\"blockG\" id=\"rotateG_05\"><\/div>\n\t\t\t\t<div class=\"blockG\" id=\"rotateG_06\"><\/div>\n\t\t\t\t<div class=\"blockG\" id=\"rotateG_07\"><\/div>\n\t\t\t\t<div class=\"blockG\" id=\"rotateG_08\"><\/div>\n\t\t\t<\/div>\n\t\t\t<div class=\"WooZone-cross-sell-loader-text\"><\/div>\n\t\t<\/div>\n\t<\/div>\n\n\t\t\n<\/div>\n<div style=\"clear:both;\"><\/div><\/p>\n","protected":false},"excerpt":{"rendered":"<p>Das zus\u00e4tzliche Geld lohnt: Die W\u00fcrfelbeh\u00e4lter sind nicht billig, aber sie sind definitiv das zus\u00e4tzliche Geld wert gegen\u00fcber den &#8220;normalen&#8221; W\u00fcrfelbeh\u00e4ltern. Sie k\u00f6nnen die super Qualit\u00e4t von der Dicke und Dichte des Tuches sp\u00fcren, hervorragende Verarbeitung, Gewicht und Haltbarkeit. Bitte beachten Sie: Die W\u00fcrfel k\u00f6nnen Farbunterschiede aufweisen, wenn die verschiedenen Ger\u00e4te anzeigen, die wei\u00dfe Farbe ist genauer in der N\u00e4he von Beige<br \/>\nStabile Konstruktion: Der Kabinenbeh\u00e4lter wiegt je 0,7 kg, besteht aus Papiergewebe, das Merkmal ist handgefertigt und hat 2 Deluxe-Metallgriffe. Mit dickem und steifem Karton im Inneren, um die Form zu verst\u00e4rken, jeder W\u00fcrfel misst ca. 28 x 28 x 28 cm<br \/>\nZusammenklappbare W\u00fcrfel: Platzsparend durch Stapeln, wenn nicht in Gebrauch, einfach zu verteilen, indem die untere Kartonplatte gelegt wird. Sehr einfache Lagerung \u2013 Aufbau in Sekunden mit stabilen Metallgriffen f\u00fcr einfachen Transport \u2013 gut zu tragen und langlebig<\/p>\n","protected":false},"featured_media":68469,"comment_status":"open","ping_status":"closed","template":"","meta":[],"product_brand":[],"product_cat":[1983,11179],"product_tag":[],"class_list":{"0":"post-68468","1":"product","2":"type-product","3":"status-publish","4":"has-post-thumbnail","6":"product_cat-baumarkt","7":"product_cat-lagersysteme","8":"pa_binding-haushaltswaren","9":"pa_brand-posprica","10":"pa_color-braun","11":"pa_height-11-zoll","12":"pa_length-11-zoll","13":"pa_weight-2-2-pfund","14":"pa_width-11-zoll","16":"first","17":"instock","18":"shipping-taxable","19":"purchasable","20":"product-type-simple","21":"customify-col","22":"product-has-gallery"},"yoast_head":"<!-- This site is optimized with the Yoast SEO plugin v27.4 - https:\/\/yoast.com\/product\/yoast-seo-wordpress\/ -->\n<title>Posprica Faltbarer W\u00fcrfel-Organizer, Aufbewahrungsw\u00fcrfel, Beh\u00e4lter, Schubladen f\u00fcr Kinderzimmer, B\u00fcros, Schr\u00e4nke\u2026 - Markt-XXL<\/title>\n<meta name=\"description\" content=\"Markt-XXL Posprica Faltbarer W\u00fcrfel-Organizer, Aufbewahrungsw\u00fcrfel, Beh\u00e4lter, Schubladen f\u00fcr Kinderzimmer, B\u00fcros, Schr\u00e4nke\u2026\" \/>\n<meta name=\"robots\" content=\"index, follow, max-snippet:-1, max-image-preview:large, max-video-preview:-1\" \/>\n<link rel=\"canonical\" href=\"https:\/\/marktxxl.de\/markt\/produkt\/posprica-faltbarer-wuerfel-organizer-aufbewahrungswuerfel-behaelter-schubladen-fuer-kinderzimmer-bueros-schraenke-heimdekoration\/\" \/>\n<meta property=\"og:locale\" content=\"de_DE\" \/>\n<meta property=\"og:type\" content=\"article\" \/>\n<meta property=\"og:title\" content=\"Posprica Faltbarer W\u00fcrfel-Organizer, Aufbewahrungsw\u00fcrfel, Beh\u00e4lter, Schubladen f\u00fcr Kinderzimmer, B\u00fcros, Schr\u00e4nke\u2026 - Markt-XXL\" \/>\n<meta property=\"og:description\" content=\"Markt-XXL Posprica Faltbarer W\u00fcrfel-Organizer, Aufbewahrungsw\u00fcrfel, Beh\u00e4lter, Schubladen f\u00fcr Kinderzimmer, B\u00fcros, Schr\u00e4nke\u2026\" \/>\n<meta property=\"og:url\" content=\"https:\/\/marktxxl.de\/markt\/produkt\/posprica-faltbarer-wuerfel-organizer-aufbewahrungswuerfel-behaelter-schubladen-fuer-kinderzimmer-bueros-schraenke-heimdekoration\/\" \/>\n<meta property=\"og:site_name\" content=\"Markt-XXL\" \/>\n<meta property=\"article:modified_time\" content=\"2023-04-11T00:40:11+00:00\" \/>\n<meta property=\"og:image\" content=\"https:\/\/m.media-amazon.com\/images\/I\/41sTOfJX1JL._SL500_.jpg\" \/>\n\t<meta property=\"og:image:width\" content=\"500\" \/>\n\t<meta property=\"og:image:height\" content=\"500\" \/>\n\t<meta property=\"og:image:type\" content=\"image\/jpeg\" \/>\n<meta name=\"twitter:card\" content=\"summary_large_image\" \/>\n<meta name=\"twitter:label1\" content=\"Gesch\u00e4tzte Lesezeit\" \/>\n\t<meta name=\"twitter:data1\" content=\"1\u00a0Minute\" \/>\n<script type=\"application\/ld+json\" class=\"yoast-schema-graph\">{\"@context\":\"https:\\\/\\\/schema.org\",\"@graph\":[{\"@type\":\"WebPage\",\"@id\":\"https:\\\/\\\/marktxxl.de\\\/markt\\\/produkt\\\/posprica-faltbarer-wuerfel-organizer-aufbewahrungswuerfel-behaelter-schubladen-fuer-kinderzimmer-bueros-schraenke-heimdekoration\\\/\",\"url\":\"https:\\\/\\\/marktxxl.de\\\/markt\\\/produkt\\\/posprica-faltbarer-wuerfel-organizer-aufbewahrungswuerfel-behaelter-schubladen-fuer-kinderzimmer-bueros-schraenke-heimdekoration\\\/\",\"name\":\"Posprica Faltbarer W\u00fcrfel-Organizer, Aufbewahrungsw\u00fcrfel, Beh\u00e4lter, Schubladen f\u00fcr Kinderzimmer, B\u00fcros, Schr\u00e4nke\u2026 - Markt-XXL\",\"isPartOf\":{\"@id\":\"https:\\\/\\\/marktxxl.de\\\/markt\\\/#website\"},\"primaryImageOfPage\":{\"@id\":\"https:\\\/\\\/marktxxl.de\\\/markt\\\/produkt\\\/posprica-faltbarer-wuerfel-organizer-aufbewahrungswuerfel-behaelter-schubladen-fuer-kinderzimmer-bueros-schraenke-heimdekoration\\\/#primaryimage\"},\"image\":{\"@id\":\"https:\\\/\\\/marktxxl.de\\\/markt\\\/produkt\\\/posprica-faltbarer-wuerfel-organizer-aufbewahrungswuerfel-behaelter-schubladen-fuer-kinderzimmer-bueros-schraenke-heimdekoration\\\/#primaryimage\"},\"thumbnailUrl\":\"https:\\\/\\\/m.media-amazon.com\\\/images\\\/I\\\/41sTOfJX1JL._SL500_.jpg\",\"datePublished\":\"2021-11-12T02:24:55+00:00\",\"dateModified\":\"2023-04-11T00:40:11+00:00\",\"description\":\"Markt-XXL Posprica Faltbarer W\u00fcrfel-Organizer, Aufbewahrungsw\u00fcrfel, Beh\u00e4lter, Schubladen f\u00fcr Kinderzimmer, B\u00fcros, Schr\u00e4nke\u2026\",\"breadcrumb\":{\"@id\":\"https:\\\/\\\/marktxxl.de\\\/markt\\\/produkt\\\/posprica-faltbarer-wuerfel-organizer-aufbewahrungswuerfel-behaelter-schubladen-fuer-kinderzimmer-bueros-schraenke-heimdekoration\\\/#breadcrumb\"},\"inLanguage\":\"de\",\"potentialAction\":[{\"@type\":\"ReadAction\",\"target\":[\"https:\\\/\\\/marktxxl.de\\\/markt\\\/produkt\\\/posprica-faltbarer-wuerfel-organizer-aufbewahrungswuerfel-behaelter-schubladen-fuer-kinderzimmer-bueros-schraenke-heimdekoration\\\/\"]}]},{\"@type\":\"ImageObject\",\"inLanguage\":\"de\",\"@id\":\"https:\\\/\\\/marktxxl.de\\\/markt\\\/produkt\\\/posprica-faltbarer-wuerfel-organizer-aufbewahrungswuerfel-behaelter-schubladen-fuer-kinderzimmer-bueros-schraenke-heimdekoration\\\/#primaryimage\",\"url\":\"https:\\\/\\\/m.media-amazon.com\\\/images\\\/I\\\/41sTOfJX1JL._SL500_.jpg\",\"contentUrl\":\"https:\\\/\\\/m.media-amazon.com\\\/images\\\/I\\\/41sTOfJX1JL._SL500_.jpg\",\"width\":500,\"height\":500},{\"@type\":\"BreadcrumbList\",\"@id\":\"https:\\\/\\\/marktxxl.de\\\/markt\\\/produkt\\\/posprica-faltbarer-wuerfel-organizer-aufbewahrungswuerfel-behaelter-schubladen-fuer-kinderzimmer-bueros-schraenke-heimdekoration\\\/#breadcrumb\",\"itemListElement\":[{\"@type\":\"ListItem\",\"position\":1,\"name\":\"Startseite\",\"item\":\"https:\\\/\\\/marktxxl.de\\\/markt\\\/\"},{\"@type\":\"ListItem\",\"position\":2,\"name\":\"Markt\",\"item\":\"https:\\\/\\\/marktxxl.de\\\/markt\\\/\"},{\"@type\":\"ListItem\",\"position\":3,\"name\":\"Posprica Faltbarer W\u00fcrfel-Organizer, Aufbewahrungsw\u00fcrfel, Beh\u00e4lter, Schubladen f\u00fcr Kinderzimmer, B\u00fcros, Schr\u00e4nke\u2026\"}]},{\"@type\":\"WebSite\",\"@id\":\"https:\\\/\\\/marktxxl.de\\\/markt\\\/#website\",\"url\":\"https:\\\/\\\/marktxxl.de\\\/markt\\\/\",\"name\":\"Markt-XXL\",\"description\":\"Ihr Markt Online\",\"publisher\":{\"@id\":\"https:\\\/\\\/marktxxl.de\\\/markt\\\/#organization\"},\"potentialAction\":[{\"@type\":\"SearchAction\",\"target\":{\"@type\":\"EntryPoint\",\"urlTemplate\":\"https:\\\/\\\/marktxxl.de\\\/markt\\\/?s={search_term_string}\"},\"query-input\":{\"@type\":\"PropertyValueSpecification\",\"valueRequired\":true,\"valueName\":\"search_term_string\"}}],\"inLanguage\":\"de\"},{\"@type\":\"Organization\",\"@id\":\"https:\\\/\\\/marktxxl.de\\\/markt\\\/#organization\",\"name\":\"Markt-XXL\",\"url\":\"https:\\\/\\\/marktxxl.de\\\/markt\\\/\",\"logo\":{\"@type\":\"ImageObject\",\"inLanguage\":\"de\",\"@id\":\"https:\\\/\\\/marktxxl.de\\\/markt\\\/#\\\/schema\\\/logo\\\/image\\\/\",\"url\":\"https:\\\/\\\/marktxxl.de\\\/markt\\\/wp-content\\\/uploads\\\/sites\\\/3\\\/2020\\\/12\\\/logo.png\",\"contentUrl\":\"https:\\\/\\\/marktxxl.de\\\/markt\\\/wp-content\\\/uploads\\\/sites\\\/3\\\/2020\\\/12\\\/logo.png\",\"width\":200,\"height\":70,\"caption\":\"Markt-XXL\"},\"image\":{\"@id\":\"https:\\\/\\\/marktxxl.de\\\/markt\\\/#\\\/schema\\\/logo\\\/image\\\/\"}}]}<\/script>\n<!-- \/ Yoast SEO plugin. -->","yoast_head_json":{"title":"Posprica Faltbarer W\u00fcrfel-Organizer, Aufbewahrungsw\u00fcrfel, Beh\u00e4lter, Schubladen f\u00fcr Kinderzimmer, B\u00fcros, Schr\u00e4nke\u2026 - Markt-XXL","description":"Markt-XXL Posprica Faltbarer W\u00fcrfel-Organizer, Aufbewahrungsw\u00fcrfel, Beh\u00e4lter, Schubladen f\u00fcr Kinderzimmer, B\u00fcros, Schr\u00e4nke\u2026","robots":{"index":"index","follow":"follow","max-snippet":"max-snippet:-1","max-image-preview":"max-image-preview:large","max-video-preview":"max-video-preview:-1"},"canonical":"https:\/\/marktxxl.de\/markt\/produkt\/posprica-faltbarer-wuerfel-organizer-aufbewahrungswuerfel-behaelter-schubladen-fuer-kinderzimmer-bueros-schraenke-heimdekoration\/","og_locale":"de_DE","og_type":"article","og_title":"Posprica Faltbarer W\u00fcrfel-Organizer, Aufbewahrungsw\u00fcrfel, Beh\u00e4lter, Schubladen f\u00fcr Kinderzimmer, B\u00fcros, Schr\u00e4nke\u2026 - Markt-XXL","og_description":"Markt-XXL Posprica Faltbarer W\u00fcrfel-Organizer, Aufbewahrungsw\u00fcrfel, Beh\u00e4lter, Schubladen f\u00fcr Kinderzimmer, B\u00fcros, Schr\u00e4nke\u2026","og_url":"https:\/\/marktxxl.de\/markt\/produkt\/posprica-faltbarer-wuerfel-organizer-aufbewahrungswuerfel-behaelter-schubladen-fuer-kinderzimmer-bueros-schraenke-heimdekoration\/","og_site_name":"Markt-XXL","article_modified_time":"2023-04-11T00:40:11+00:00","og_image":[{"width":500,"height":500,"url":"https:\/\/m.media-amazon.com\/images\/I\/41sTOfJX1JL._SL500_.jpg","type":"image\/jpeg"}],"twitter_card":"summary_large_image","twitter_misc":{"Gesch\u00e4tzte Lesezeit":"1\u00a0Minute"},"schema":{"@context":"https:\/\/schema.org","@graph":[{"@type":"WebPage","@id":"https:\/\/marktxxl.de\/markt\/produkt\/posprica-faltbarer-wuerfel-organizer-aufbewahrungswuerfel-behaelter-schubladen-fuer-kinderzimmer-bueros-schraenke-heimdekoration\/","url":"https:\/\/marktxxl.de\/markt\/produkt\/posprica-faltbarer-wuerfel-organizer-aufbewahrungswuerfel-behaelter-schubladen-fuer-kinderzimmer-bueros-schraenke-heimdekoration\/","name":"Posprica Faltbarer W\u00fcrfel-Organizer, Aufbewahrungsw\u00fcrfel, Beh\u00e4lter, Schubladen f\u00fcr Kinderzimmer, B\u00fcros, Schr\u00e4nke\u2026 - Markt-XXL","isPartOf":{"@id":"https:\/\/marktxxl.de\/markt\/#website"},"primaryImageOfPage":{"@id":"https:\/\/marktxxl.de\/markt\/produkt\/posprica-faltbarer-wuerfel-organizer-aufbewahrungswuerfel-behaelter-schubladen-fuer-kinderzimmer-bueros-schraenke-heimdekoration\/#primaryimage"},"image":{"@id":"https:\/\/marktxxl.de\/markt\/produkt\/posprica-faltbarer-wuerfel-organizer-aufbewahrungswuerfel-behaelter-schubladen-fuer-kinderzimmer-bueros-schraenke-heimdekoration\/#primaryimage"},"thumbnailUrl":"https:\/\/m.media-amazon.com\/images\/I\/41sTOfJX1JL._SL500_.jpg","datePublished":"2021-11-12T02:24:55+00:00","dateModified":"2023-04-11T00:40:11+00:00","description":"Markt-XXL Posprica Faltbarer W\u00fcrfel-Organizer, Aufbewahrungsw\u00fcrfel, Beh\u00e4lter, Schubladen f\u00fcr Kinderzimmer, B\u00fcros, Schr\u00e4nke\u2026","breadcrumb":{"@id":"https:\/\/marktxxl.de\/markt\/produkt\/posprica-faltbarer-wuerfel-organizer-aufbewahrungswuerfel-behaelter-schubladen-fuer-kinderzimmer-bueros-schraenke-heimdekoration\/#breadcrumb"},"inLanguage":"de","potentialAction":[{"@type":"ReadAction","target":["https:\/\/marktxxl.de\/markt\/produkt\/posprica-faltbarer-wuerfel-organizer-aufbewahrungswuerfel-behaelter-schubladen-fuer-kinderzimmer-bueros-schraenke-heimdekoration\/"]}]},{"@type":"ImageObject","inLanguage":"de","@id":"https:\/\/marktxxl.de\/markt\/produkt\/posprica-faltbarer-wuerfel-organizer-aufbewahrungswuerfel-behaelter-schubladen-fuer-kinderzimmer-bueros-schraenke-heimdekoration\/#primaryimage","url":"https:\/\/m.media-amazon.com\/images\/I\/41sTOfJX1JL._SL500_.jpg","contentUrl":"https:\/\/m.media-amazon.com\/images\/I\/41sTOfJX1JL._SL500_.jpg","width":500,"height":500},{"@type":"BreadcrumbList","@id":"https:\/\/marktxxl.de\/markt\/produkt\/posprica-faltbarer-wuerfel-organizer-aufbewahrungswuerfel-behaelter-schubladen-fuer-kinderzimmer-bueros-schraenke-heimdekoration\/#breadcrumb","itemListElement":[{"@type":"ListItem","position":1,"name":"Startseite","item":"https:\/\/marktxxl.de\/markt\/"},{"@type":"ListItem","position":2,"name":"Markt","item":"https:\/\/marktxxl.de\/markt\/"},{"@type":"ListItem","position":3,"name":"Posprica Faltbarer W\u00fcrfel-Organizer, Aufbewahrungsw\u00fcrfel, Beh\u00e4lter, Schubladen f\u00fcr Kinderzimmer, B\u00fcros, Schr\u00e4nke\u2026"}]},{"@type":"WebSite","@id":"https:\/\/marktxxl.de\/markt\/#website","url":"https:\/\/marktxxl.de\/markt\/","name":"Markt-XXL","description":"Ihr Markt Online","publisher":{"@id":"https:\/\/marktxxl.de\/markt\/#organization"},"potentialAction":[{"@type":"SearchAction","target":{"@type":"EntryPoint","urlTemplate":"https:\/\/marktxxl.de\/markt\/?s={search_term_string}"},"query-input":{"@type":"PropertyValueSpecification","valueRequired":true,"valueName":"search_term_string"}}],"inLanguage":"de"},{"@type":"Organization","@id":"https:\/\/marktxxl.de\/markt\/#organization","name":"Markt-XXL","url":"https:\/\/marktxxl.de\/markt\/","logo":{"@type":"ImageObject","inLanguage":"de","@id":"https:\/\/marktxxl.de\/markt\/#\/schema\/logo\/image\/","url":"https:\/\/marktxxl.de\/markt\/wp-content\/uploads\/sites\/3\/2020\/12\/logo.png","contentUrl":"https:\/\/marktxxl.de\/markt\/wp-content\/uploads\/sites\/3\/2020\/12\/logo.png","width":200,"height":70,"caption":"Markt-XXL"},"image":{"@id":"https:\/\/marktxxl.de\/markt\/#\/schema\/logo\/image\/"}}]}},"_links":{"self":[{"href":"https:\/\/marktxxl.de\/markt\/wp-json\/wp\/v2\/product\/68468","targetHints":{"allow":["GET"]}}],"collection":[{"href":"https:\/\/marktxxl.de\/markt\/wp-json\/wp\/v2\/product"}],"about":[{"href":"https:\/\/marktxxl.de\/markt\/wp-json\/wp\/v2\/types\/product"}],"replies":[{"embeddable":true,"href":"https:\/\/marktxxl.de\/markt\/wp-json\/wp\/v2\/comments?post=68468"}],"wp:featuredmedia":[{"embeddable":true,"href":"https:\/\/marktxxl.de\/markt\/wp-json\/wp\/v2\/media\/68469"}],"wp:attachment":[{"href":"https:\/\/marktxxl.de\/markt\/wp-json\/wp\/v2\/media?parent=68468"}],"wp:term":[{"taxonomy":"product_brand","embeddable":true,"href":"https:\/\/marktxxl.de\/markt\/wp-json\/wp\/v2\/product_brand?post=68468"},{"taxonomy":"product_cat","embeddable":true,"href":"https:\/\/marktxxl.de\/markt\/wp-json\/wp\/v2\/product_cat?post=68468"},{"taxonomy":"product_tag","embeddable":true,"href":"https:\/\/marktxxl.de\/markt\/wp-json\/wp\/v2\/product_tag?post=68468"}],"curies":[{"name":"wp","href":"https:\/\/api.w.org\/{rel}","templated":true}]}}