{"id":67864,"date":"2021-11-12T02:51:44","date_gmt":"2021-11-12T01:51:44","guid":{"rendered":"https:\/\/marktxxl.de\/markt\/produkt\/myfireplacedirect-strapazierfaehige-tragetasche-aus-gewachstem-segeltuch-mit-einzigartigem-gesticktem-logo-extra-grosser-langlebiger-brennholzhalter-mit-starkem-komfortgriff-robuste-holztragetasche\/"},"modified":"2023-04-10T02:30:32","modified_gmt":"2023-04-10T00:30:32","slug":"myfireplacedirect-strapazierfaehige-tragetasche-aus-gewachstem-segeltuch-mit-einzigartigem-gesticktem-logo-extra-grosser-langlebiger-brennholzhalter-mit-starkem-komfortgriff-robuste-holztragetasche","status":"publish","type":"product","link":"https:\/\/marktxxl.de\/markt\/produkt\/myfireplacedirect-strapazierfaehige-tragetasche-aus-gewachstem-segeltuch-mit-einzigartigem-gesticktem-logo-extra-grosser-langlebiger-brennholzhalter-mit-starkem-komfortgriff-robuste-holztragetasche\/","title":{"rendered":"MYFIREPLACEDIRECT Strapazierf\u00e4hige Tragetasche aus gewachstem Segeltuch mit einzigartigem gesticktem Logo, extra gro\u00dfer\u2026"},"content":{"rendered":"<p>SCHWERE MATERIALIEN: Robuster, hochwertiger, gewachster Canvas-Tr\u00e4ger, extra breiter, verst\u00e4rkter Tragegriff aus Baumwolle<br \/>\nKOMPLETT GEH\u00c4LTES DESIGN: Die vollst\u00e4ndig geschlossene Holztasche h\u00e4lt Schmutz und Holzsp\u00e4ne in der Tasche und vom Boden fern. Sch\u00fctteln Sie den Holzstaub nach dem Entladen einfach aus. Faltet sich flach Perfektes Weihnachtsgeschenk f\u00fcr Kaminbesitzer.<br \/>\nEXTRA GROSSE KAPAZIT\u00c4T: Ma\u00dfe 23,6 Zoll x 11,8 Zoll H x 19,7 Zoll T, der Brennholztr\u00e4ger ist gro\u00df genug, um gro\u00dfe Mengen an Holz f\u00fcr Kamine und Holz\u00f6fen zu transportieren. Auch mit praktischen Seitentaschen zum Verstauen Ihrer Handschuhe.<br \/>\nWASSERBEST\u00c4NDIG: Das gewachste Canvas-Material ist wasserfest, leicht, robust und leicht zu reinigen<br \/>\n100% ZUFRIEDENHEITSGARANTIE: Wir garantieren die Qualit\u00e4t unserer Holz-Einkaufstasche. Wenn Sie mit dieser Holztragetasche nicht ganz zufrieden sind, senden Sie sie einfach zur\u00fcck und wir erstatten Ihre Eink\u00e4ufe problemlos vollst\u00e4ndig zur\u00fcck.<br \/>\n<div class=\"main-cross-sell\" data-asin=\"B07L8TKKBT\">\n\n\t<div class=\"WooZone-cross-sell-loader\">\n\t\t<div>\n\t\t\t<div id=\"floatingBarsG\">\n\t\t\t\t<div class=\"blockG\" id=\"rotateG_01\"><\/div>\n\t\t\t\t<div class=\"blockG\" id=\"rotateG_02\"><\/div>\n\t\t\t\t<div class=\"blockG\" id=\"rotateG_03\"><\/div>\n\t\t\t\t<div class=\"blockG\" id=\"rotateG_04\"><\/div>\n\t\t\t\t<div class=\"blockG\" id=\"rotateG_05\"><\/div>\n\t\t\t\t<div class=\"blockG\" id=\"rotateG_06\"><\/div>\n\t\t\t\t<div class=\"blockG\" id=\"rotateG_07\"><\/div>\n\t\t\t\t<div class=\"blockG\" id=\"rotateG_08\"><\/div>\n\t\t\t<\/div>\n\t\t\t<div class=\"WooZone-cross-sell-loader-text\"><\/div>\n\t\t<\/div>\n\t<\/div>\n\n\t\t\n<\/div>\n<div style=\"clear:both;\"><\/div><\/p>\n","protected":false},"excerpt":{"rendered":"<p>SCHWERE MATERIALIEN: Robuster, hochwertiger, gewachster Canvas-Tr\u00e4ger, extra breiter, verst\u00e4rkter Tragegriff aus Baumwolle<br \/>\nKOMPLETT GEH\u00c4LTES DESIGN: Die vollst\u00e4ndig geschlossene Holztasche h\u00e4lt Schmutz und Holzsp\u00e4ne in der Tasche und vom Boden fern. Sch\u00fctteln Sie den Holzstaub nach dem Entladen einfach aus. Faltet sich flach Perfektes Weihnachtsgeschenk f\u00fcr Kaminbesitzer.<br \/>\nEXTRA GROSSE KAPAZIT\u00c4T: Ma\u00dfe 23,6 Zoll x 11,8 Zoll H x 19,7 Zoll T, der Brennholztr\u00e4ger ist gro\u00df genug, um gro\u00dfe Mengen an Holz f\u00fcr Kamine und Holz\u00f6fen zu transportieren. Auch mit praktischen Seitentaschen zum Verstauen Ihrer Handschuhe.<\/p>\n","protected":false},"featured_media":67865,"comment_status":"open","ping_status":"closed","template":"","meta":[],"product_brand":[],"product_cat":[1983,11036],"product_tag":[],"class_list":{"0":"post-67864","1":"product","2":"type-product","3":"status-publish","4":"has-post-thumbnail","6":"product_cat-baumarkt","7":"product_cat-kamine","8":"pa_binding-haushaltswaren","9":"pa_brand-myfireplacedirect","10":"pa_color-rust","11":"pa_manufacturer-myfireplacedirect","13":"first","14":"instock","15":"shipping-taxable","16":"purchasable","17":"product-type-simple","18":"customify-col","19":"product-has-gallery"},"yoast_head":"<!-- This site is optimized with the Yoast SEO plugin v27.4 - https:\/\/yoast.com\/product\/yoast-seo-wordpress\/ -->\n<title>MYFIREPLACEDIRECT Strapazierf\u00e4hige Tragetasche aus gewachstem Segeltuch mit einzigartigem gesticktem Logo, extra gro\u00dfer\u2026 - Markt-XXL<\/title>\n<meta name=\"description\" content=\"Markt-XXL MYFIREPLACEDIRECT Strapazierf\u00e4hige Tragetasche aus gewachstem Segeltuch mit einzigartigem gesticktem Logo, extra gro\u00dfer\u2026\" \/>\n<meta name=\"robots\" content=\"index, follow, max-snippet:-1, max-image-preview:large, max-video-preview:-1\" \/>\n<link rel=\"canonical\" href=\"https:\/\/marktxxl.de\/markt\/produkt\/myfireplacedirect-strapazierfaehige-tragetasche-aus-gewachstem-segeltuch-mit-einzigartigem-gesticktem-logo-extra-grosser-langlebiger-brennholzhalter-mit-starkem-komfortgriff-robuste-holztragetasche\/\" \/>\n<meta property=\"og:locale\" content=\"de_DE\" \/>\n<meta property=\"og:type\" content=\"article\" \/>\n<meta property=\"og:title\" content=\"MYFIREPLACEDIRECT Strapazierf\u00e4hige Tragetasche aus gewachstem Segeltuch mit einzigartigem gesticktem Logo, extra gro\u00dfer\u2026 - Markt-XXL\" \/>\n<meta property=\"og:description\" content=\"Markt-XXL MYFIREPLACEDIRECT Strapazierf\u00e4hige Tragetasche aus gewachstem Segeltuch mit einzigartigem gesticktem Logo, extra gro\u00dfer\u2026\" \/>\n<meta property=\"og:url\" content=\"https:\/\/marktxxl.de\/markt\/produkt\/myfireplacedirect-strapazierfaehige-tragetasche-aus-gewachstem-segeltuch-mit-einzigartigem-gesticktem-logo-extra-grosser-langlebiger-brennholzhalter-mit-starkem-komfortgriff-robuste-holztragetasche\/\" \/>\n<meta property=\"og:site_name\" content=\"Markt-XXL\" \/>\n<meta property=\"article:modified_time\" content=\"2023-04-10T00:30:32+00:00\" \/>\n<meta property=\"og:image\" content=\"https:\/\/m.media-amazon.com\/images\/I\/41F-ppfibdL._SL500_.jpg\" \/>\n\t<meta property=\"og:image:width\" content=\"500\" \/>\n\t<meta property=\"og:image:height\" content=\"500\" \/>\n\t<meta property=\"og:image:type\" content=\"image\/jpeg\" \/>\n<meta name=\"twitter:card\" content=\"summary_large_image\" \/>\n<meta name=\"twitter:label1\" content=\"Gesch\u00e4tzte Lesezeit\" \/>\n\t<meta name=\"twitter:data1\" content=\"1\u00a0Minute\" \/>\n<script type=\"application\/ld+json\" class=\"yoast-schema-graph\">{\"@context\":\"https:\\\/\\\/schema.org\",\"@graph\":[{\"@type\":\"WebPage\",\"@id\":\"https:\\\/\\\/marktxxl.de\\\/markt\\\/produkt\\\/myfireplacedirect-strapazierfaehige-tragetasche-aus-gewachstem-segeltuch-mit-einzigartigem-gesticktem-logo-extra-grosser-langlebiger-brennholzhalter-mit-starkem-komfortgriff-robuste-holztragetasche\\\/\",\"url\":\"https:\\\/\\\/marktxxl.de\\\/markt\\\/produkt\\\/myfireplacedirect-strapazierfaehige-tragetasche-aus-gewachstem-segeltuch-mit-einzigartigem-gesticktem-logo-extra-grosser-langlebiger-brennholzhalter-mit-starkem-komfortgriff-robuste-holztragetasche\\\/\",\"name\":\"MYFIREPLACEDIRECT Strapazierf\u00e4hige Tragetasche aus gewachstem Segeltuch mit einzigartigem gesticktem Logo, extra gro\u00dfer\u2026 - Markt-XXL\",\"isPartOf\":{\"@id\":\"https:\\\/\\\/marktxxl.de\\\/markt\\\/#website\"},\"primaryImageOfPage\":{\"@id\":\"https:\\\/\\\/marktxxl.de\\\/markt\\\/produkt\\\/myfireplacedirect-strapazierfaehige-tragetasche-aus-gewachstem-segeltuch-mit-einzigartigem-gesticktem-logo-extra-grosser-langlebiger-brennholzhalter-mit-starkem-komfortgriff-robuste-holztragetasche\\\/#primaryimage\"},\"image\":{\"@id\":\"https:\\\/\\\/marktxxl.de\\\/markt\\\/produkt\\\/myfireplacedirect-strapazierfaehige-tragetasche-aus-gewachstem-segeltuch-mit-einzigartigem-gesticktem-logo-extra-grosser-langlebiger-brennholzhalter-mit-starkem-komfortgriff-robuste-holztragetasche\\\/#primaryimage\"},\"thumbnailUrl\":\"https:\\\/\\\/m.media-amazon.com\\\/images\\\/I\\\/41F-ppfibdL._SL500_.jpg\",\"datePublished\":\"2021-11-12T01:51:44+00:00\",\"dateModified\":\"2023-04-10T00:30:32+00:00\",\"description\":\"Markt-XXL MYFIREPLACEDIRECT Strapazierf\u00e4hige Tragetasche aus gewachstem Segeltuch mit einzigartigem gesticktem Logo, extra gro\u00dfer\u2026\",\"breadcrumb\":{\"@id\":\"https:\\\/\\\/marktxxl.de\\\/markt\\\/produkt\\\/myfireplacedirect-strapazierfaehige-tragetasche-aus-gewachstem-segeltuch-mit-einzigartigem-gesticktem-logo-extra-grosser-langlebiger-brennholzhalter-mit-starkem-komfortgriff-robuste-holztragetasche\\\/#breadcrumb\"},\"inLanguage\":\"de\",\"potentialAction\":[{\"@type\":\"ReadAction\",\"target\":[\"https:\\\/\\\/marktxxl.de\\\/markt\\\/produkt\\\/myfireplacedirect-strapazierfaehige-tragetasche-aus-gewachstem-segeltuch-mit-einzigartigem-gesticktem-logo-extra-grosser-langlebiger-brennholzhalter-mit-starkem-komfortgriff-robuste-holztragetasche\\\/\"]}]},{\"@type\":\"ImageObject\",\"inLanguage\":\"de\",\"@id\":\"https:\\\/\\\/marktxxl.de\\\/markt\\\/produkt\\\/myfireplacedirect-strapazierfaehige-tragetasche-aus-gewachstem-segeltuch-mit-einzigartigem-gesticktem-logo-extra-grosser-langlebiger-brennholzhalter-mit-starkem-komfortgriff-robuste-holztragetasche\\\/#primaryimage\",\"url\":\"https:\\\/\\\/m.media-amazon.com\\\/images\\\/I\\\/41F-ppfibdL._SL500_.jpg\",\"contentUrl\":\"https:\\\/\\\/m.media-amazon.com\\\/images\\\/I\\\/41F-ppfibdL._SL500_.jpg\",\"width\":500,\"height\":500},{\"@type\":\"BreadcrumbList\",\"@id\":\"https:\\\/\\\/marktxxl.de\\\/markt\\\/produkt\\\/myfireplacedirect-strapazierfaehige-tragetasche-aus-gewachstem-segeltuch-mit-einzigartigem-gesticktem-logo-extra-grosser-langlebiger-brennholzhalter-mit-starkem-komfortgriff-robuste-holztragetasche\\\/#breadcrumb\",\"itemListElement\":[{\"@type\":\"ListItem\",\"position\":1,\"name\":\"Startseite\",\"item\":\"https:\\\/\\\/marktxxl.de\\\/markt\\\/\"},{\"@type\":\"ListItem\",\"position\":2,\"name\":\"Markt\",\"item\":\"https:\\\/\\\/marktxxl.de\\\/markt\\\/\"},{\"@type\":\"ListItem\",\"position\":3,\"name\":\"MYFIREPLACEDIRECT Strapazierf\u00e4hige Tragetasche aus gewachstem Segeltuch mit einzigartigem gesticktem Logo, extra gro\u00dfer\u2026\"}]},{\"@type\":\"WebSite\",\"@id\":\"https:\\\/\\\/marktxxl.de\\\/markt\\\/#website\",\"url\":\"https:\\\/\\\/marktxxl.de\\\/markt\\\/\",\"name\":\"Markt-XXL\",\"description\":\"Ihr Markt Online\",\"publisher\":{\"@id\":\"https:\\\/\\\/marktxxl.de\\\/markt\\\/#organization\"},\"potentialAction\":[{\"@type\":\"SearchAction\",\"target\":{\"@type\":\"EntryPoint\",\"urlTemplate\":\"https:\\\/\\\/marktxxl.de\\\/markt\\\/?s={search_term_string}\"},\"query-input\":{\"@type\":\"PropertyValueSpecification\",\"valueRequired\":true,\"valueName\":\"search_term_string\"}}],\"inLanguage\":\"de\"},{\"@type\":\"Organization\",\"@id\":\"https:\\\/\\\/marktxxl.de\\\/markt\\\/#organization\",\"name\":\"Markt-XXL\",\"url\":\"https:\\\/\\\/marktxxl.de\\\/markt\\\/\",\"logo\":{\"@type\":\"ImageObject\",\"inLanguage\":\"de\",\"@id\":\"https:\\\/\\\/marktxxl.de\\\/markt\\\/#\\\/schema\\\/logo\\\/image\\\/\",\"url\":\"https:\\\/\\\/marktxxl.de\\\/markt\\\/wp-content\\\/uploads\\\/sites\\\/3\\\/2020\\\/12\\\/logo.png\",\"contentUrl\":\"https:\\\/\\\/marktxxl.de\\\/markt\\\/wp-content\\\/uploads\\\/sites\\\/3\\\/2020\\\/12\\\/logo.png\",\"width\":200,\"height\":70,\"caption\":\"Markt-XXL\"},\"image\":{\"@id\":\"https:\\\/\\\/marktxxl.de\\\/markt\\\/#\\\/schema\\\/logo\\\/image\\\/\"}}]}<\/script>\n<!-- \/ Yoast SEO plugin. -->","yoast_head_json":{"title":"MYFIREPLACEDIRECT Strapazierf\u00e4hige Tragetasche aus gewachstem Segeltuch mit einzigartigem gesticktem Logo, extra gro\u00dfer\u2026 - Markt-XXL","description":"Markt-XXL MYFIREPLACEDIRECT Strapazierf\u00e4hige Tragetasche aus gewachstem Segeltuch mit einzigartigem gesticktem Logo, extra gro\u00dfer\u2026","robots":{"index":"index","follow":"follow","max-snippet":"max-snippet:-1","max-image-preview":"max-image-preview:large","max-video-preview":"max-video-preview:-1"},"canonical":"https:\/\/marktxxl.de\/markt\/produkt\/myfireplacedirect-strapazierfaehige-tragetasche-aus-gewachstem-segeltuch-mit-einzigartigem-gesticktem-logo-extra-grosser-langlebiger-brennholzhalter-mit-starkem-komfortgriff-robuste-holztragetasche\/","og_locale":"de_DE","og_type":"article","og_title":"MYFIREPLACEDIRECT Strapazierf\u00e4hige Tragetasche aus gewachstem Segeltuch mit einzigartigem gesticktem Logo, extra gro\u00dfer\u2026 - Markt-XXL","og_description":"Markt-XXL MYFIREPLACEDIRECT Strapazierf\u00e4hige Tragetasche aus gewachstem Segeltuch mit einzigartigem gesticktem Logo, extra gro\u00dfer\u2026","og_url":"https:\/\/marktxxl.de\/markt\/produkt\/myfireplacedirect-strapazierfaehige-tragetasche-aus-gewachstem-segeltuch-mit-einzigartigem-gesticktem-logo-extra-grosser-langlebiger-brennholzhalter-mit-starkem-komfortgriff-robuste-holztragetasche\/","og_site_name":"Markt-XXL","article_modified_time":"2023-04-10T00:30:32+00:00","og_image":[{"width":500,"height":500,"url":"https:\/\/m.media-amazon.com\/images\/I\/41F-ppfibdL._SL500_.jpg","type":"image\/jpeg"}],"twitter_card":"summary_large_image","twitter_misc":{"Gesch\u00e4tzte Lesezeit":"1\u00a0Minute"},"schema":{"@context":"https:\/\/schema.org","@graph":[{"@type":"WebPage","@id":"https:\/\/marktxxl.de\/markt\/produkt\/myfireplacedirect-strapazierfaehige-tragetasche-aus-gewachstem-segeltuch-mit-einzigartigem-gesticktem-logo-extra-grosser-langlebiger-brennholzhalter-mit-starkem-komfortgriff-robuste-holztragetasche\/","url":"https:\/\/marktxxl.de\/markt\/produkt\/myfireplacedirect-strapazierfaehige-tragetasche-aus-gewachstem-segeltuch-mit-einzigartigem-gesticktem-logo-extra-grosser-langlebiger-brennholzhalter-mit-starkem-komfortgriff-robuste-holztragetasche\/","name":"MYFIREPLACEDIRECT Strapazierf\u00e4hige Tragetasche aus gewachstem Segeltuch mit einzigartigem gesticktem Logo, extra gro\u00dfer\u2026 - Markt-XXL","isPartOf":{"@id":"https:\/\/marktxxl.de\/markt\/#website"},"primaryImageOfPage":{"@id":"https:\/\/marktxxl.de\/markt\/produkt\/myfireplacedirect-strapazierfaehige-tragetasche-aus-gewachstem-segeltuch-mit-einzigartigem-gesticktem-logo-extra-grosser-langlebiger-brennholzhalter-mit-starkem-komfortgriff-robuste-holztragetasche\/#primaryimage"},"image":{"@id":"https:\/\/marktxxl.de\/markt\/produkt\/myfireplacedirect-strapazierfaehige-tragetasche-aus-gewachstem-segeltuch-mit-einzigartigem-gesticktem-logo-extra-grosser-langlebiger-brennholzhalter-mit-starkem-komfortgriff-robuste-holztragetasche\/#primaryimage"},"thumbnailUrl":"https:\/\/m.media-amazon.com\/images\/I\/41F-ppfibdL._SL500_.jpg","datePublished":"2021-11-12T01:51:44+00:00","dateModified":"2023-04-10T00:30:32+00:00","description":"Markt-XXL MYFIREPLACEDIRECT Strapazierf\u00e4hige Tragetasche aus gewachstem Segeltuch mit einzigartigem gesticktem Logo, extra gro\u00dfer\u2026","breadcrumb":{"@id":"https:\/\/marktxxl.de\/markt\/produkt\/myfireplacedirect-strapazierfaehige-tragetasche-aus-gewachstem-segeltuch-mit-einzigartigem-gesticktem-logo-extra-grosser-langlebiger-brennholzhalter-mit-starkem-komfortgriff-robuste-holztragetasche\/#breadcrumb"},"inLanguage":"de","potentialAction":[{"@type":"ReadAction","target":["https:\/\/marktxxl.de\/markt\/produkt\/myfireplacedirect-strapazierfaehige-tragetasche-aus-gewachstem-segeltuch-mit-einzigartigem-gesticktem-logo-extra-grosser-langlebiger-brennholzhalter-mit-starkem-komfortgriff-robuste-holztragetasche\/"]}]},{"@type":"ImageObject","inLanguage":"de","@id":"https:\/\/marktxxl.de\/markt\/produkt\/myfireplacedirect-strapazierfaehige-tragetasche-aus-gewachstem-segeltuch-mit-einzigartigem-gesticktem-logo-extra-grosser-langlebiger-brennholzhalter-mit-starkem-komfortgriff-robuste-holztragetasche\/#primaryimage","url":"https:\/\/m.media-amazon.com\/images\/I\/41F-ppfibdL._SL500_.jpg","contentUrl":"https:\/\/m.media-amazon.com\/images\/I\/41F-ppfibdL._SL500_.jpg","width":500,"height":500},{"@type":"BreadcrumbList","@id":"https:\/\/marktxxl.de\/markt\/produkt\/myfireplacedirect-strapazierfaehige-tragetasche-aus-gewachstem-segeltuch-mit-einzigartigem-gesticktem-logo-extra-grosser-langlebiger-brennholzhalter-mit-starkem-komfortgriff-robuste-holztragetasche\/#breadcrumb","itemListElement":[{"@type":"ListItem","position":1,"name":"Startseite","item":"https:\/\/marktxxl.de\/markt\/"},{"@type":"ListItem","position":2,"name":"Markt","item":"https:\/\/marktxxl.de\/markt\/"},{"@type":"ListItem","position":3,"name":"MYFIREPLACEDIRECT Strapazierf\u00e4hige Tragetasche aus gewachstem Segeltuch mit einzigartigem gesticktem Logo, extra gro\u00dfer\u2026"}]},{"@type":"WebSite","@id":"https:\/\/marktxxl.de\/markt\/#website","url":"https:\/\/marktxxl.de\/markt\/","name":"Markt-XXL","description":"Ihr Markt Online","publisher":{"@id":"https:\/\/marktxxl.de\/markt\/#organization"},"potentialAction":[{"@type":"SearchAction","target":{"@type":"EntryPoint","urlTemplate":"https:\/\/marktxxl.de\/markt\/?s={search_term_string}"},"query-input":{"@type":"PropertyValueSpecification","valueRequired":true,"valueName":"search_term_string"}}],"inLanguage":"de"},{"@type":"Organization","@id":"https:\/\/marktxxl.de\/markt\/#organization","name":"Markt-XXL","url":"https:\/\/marktxxl.de\/markt\/","logo":{"@type":"ImageObject","inLanguage":"de","@id":"https:\/\/marktxxl.de\/markt\/#\/schema\/logo\/image\/","url":"https:\/\/marktxxl.de\/markt\/wp-content\/uploads\/sites\/3\/2020\/12\/logo.png","contentUrl":"https:\/\/marktxxl.de\/markt\/wp-content\/uploads\/sites\/3\/2020\/12\/logo.png","width":200,"height":70,"caption":"Markt-XXL"},"image":{"@id":"https:\/\/marktxxl.de\/markt\/#\/schema\/logo\/image\/"}}]}},"_links":{"self":[{"href":"https:\/\/marktxxl.de\/markt\/wp-json\/wp\/v2\/product\/67864","targetHints":{"allow":["GET"]}}],"collection":[{"href":"https:\/\/marktxxl.de\/markt\/wp-json\/wp\/v2\/product"}],"about":[{"href":"https:\/\/marktxxl.de\/markt\/wp-json\/wp\/v2\/types\/product"}],"replies":[{"embeddable":true,"href":"https:\/\/marktxxl.de\/markt\/wp-json\/wp\/v2\/comments?post=67864"}],"wp:featuredmedia":[{"embeddable":true,"href":"https:\/\/marktxxl.de\/markt\/wp-json\/wp\/v2\/media\/67865"}],"wp:attachment":[{"href":"https:\/\/marktxxl.de\/markt\/wp-json\/wp\/v2\/media?parent=67864"}],"wp:term":[{"taxonomy":"product_brand","embeddable":true,"href":"https:\/\/marktxxl.de\/markt\/wp-json\/wp\/v2\/product_brand?post=67864"},{"taxonomy":"product_cat","embeddable":true,"href":"https:\/\/marktxxl.de\/markt\/wp-json\/wp\/v2\/product_cat?post=67864"},{"taxonomy":"product_tag","embeddable":true,"href":"https:\/\/marktxxl.de\/markt\/wp-json\/wp\/v2\/product_tag?post=67864"}],"curies":[{"name":"wp","href":"https:\/\/api.w.org\/{rel}","templated":true}]}}