{"id":67043,"date":"2021-11-12T02:06:24","date_gmt":"2021-11-12T01:06:24","guid":{"rendered":"https:\/\/marktxxl.de\/markt\/produkt\/herzmutter-umstandsslip-ueberbauchslip-schwangerschaftsslip-mit-langem-bein-nahtlos-seamless-stuetzend-ueberbauch-shorts-unterhose-beige-schwarz-1er-2er-set-5500\/"},"modified":"2023-04-11T02:37:19","modified_gmt":"2023-04-11T00:37:19","slug":"herzmutter-umstandsslip-ueberbauchslip-schwangerschaftsslip-mit-langem-bein-nahtlos-seamless-stuetzend-ueberbauch-shorts-unterhose-beige-schwarz-1er-2er-set-5500","status":"publish","type":"product","link":"https:\/\/marktxxl.de\/markt\/produkt\/herzmutter-umstandsslip-ueberbauchslip-schwangerschaftsslip-mit-langem-bein-nahtlos-seamless-stuetzend-ueberbauch-shorts-unterhose-beige-schwarz-1er-2er-set-5500\/","title":{"rendered":"Herzmutter Umstandsslip &#8211; Langes Bein &#8211; Schwangerschaftsslip &#8211; \u00dcberbauch-Shorts &#8211; Nahtlos-Seamless-St\u00fctzend- 1er &amp; 2er\u2026"},"content":{"rendered":"<p>NAHTLOS: Der Seamless-Langbeinslip von HERZMUTTER ist nahtlos und garantiert ein angenehmes Tragen &#8211; ohne Abzeichnen von unsch\u00f6nen N\u00e4hten.<br \/>\nFIGURFORMEND: Die spezielle Verarbeitungsweise des elastischen Materials sorgt f\u00fcr einen eng-anliegenden Sitz und bietet maximalen Halt. Es entsteht ein leichter Shape-Wear-Effekt.<br \/>\nDEHNBAR: Die Umstands-Miederhose mit Beinen schmiegt sich dem K\u00f6rper an und sorgt unter Umstandskleidung f\u00fcr ein angenehmes Tragegef\u00fchl. Der leichte Shape-Wear-Effekt optimiert die Form der Silhouette.<br \/>\nPASSFORM: Die Verarbeitung in Kombination mit dem Material, sorgen f\u00fcr eine perfekte Passform. Durch die verl\u00e4ngerte Form des Beins, schneidet der Slip nicht ein und sorgt f\u00fcr ein komfortables Gef\u00fchl auf der Haut.<br \/>\nSCHWANGERSCHAFT: Das ideale Basic f\u00fcr warme Sommertage &#8211; verhindert das unangenehme Aneinanderreiben der Oberschenkel und st\u00fctzt den Babybauch. Perfekt unter luftigen Sommerkleidern oder festlicher Garderobe.<br \/>\n<div class=\"main-cross-sell\" data-asin=\"B079TV2CTH\">\n\n\t<div class=\"WooZone-cross-sell-loader\">\n\t\t<div>\n\t\t\t<div id=\"floatingBarsG\">\n\t\t\t\t<div class=\"blockG\" id=\"rotateG_01\"><\/div>\n\t\t\t\t<div class=\"blockG\" id=\"rotateG_02\"><\/div>\n\t\t\t\t<div class=\"blockG\" id=\"rotateG_03\"><\/div>\n\t\t\t\t<div class=\"blockG\" id=\"rotateG_04\"><\/div>\n\t\t\t\t<div class=\"blockG\" id=\"rotateG_05\"><\/div>\n\t\t\t\t<div class=\"blockG\" id=\"rotateG_06\"><\/div>\n\t\t\t\t<div class=\"blockG\" id=\"rotateG_07\"><\/div>\n\t\t\t\t<div class=\"blockG\" id=\"rotateG_08\"><\/div>\n\t\t\t<\/div>\n\t\t\t<div class=\"WooZone-cross-sell-loader-text\"><\/div>\n\t\t<\/div>\n\t<\/div>\n\n\t\t\n<\/div>\n<div style=\"clear:both;\"><\/div><\/p>\n","protected":false},"excerpt":{"rendered":"<p>NAHTLOS: Der Seamless-Langbeinslip von HERZMUTTER ist nahtlos und garantiert ein angenehmes Tragen &#8211; ohne Abzeichnen von unsch\u00f6nen N\u00e4hten.<br \/>\nFIGURFORMEND: Die spezielle Verarbeitungsweise des elastischen Materials sorgt f\u00fcr einen eng-anliegenden Sitz und bietet maximalen Halt. Es entsteht ein leichter Shape-Wear-Effekt.<br \/>\nDEHNBAR: Die Umstands-Miederhose mit Beinen schmiegt sich dem K\u00f6rper an und sorgt unter Umstandskleidung f\u00fcr ein angenehmes Tragegef\u00fchl. Der leichte Shape-Wear-Effekt optimiert die Form der Silhouette.<\/p>\n","protected":false},"featured_media":67044,"comment_status":"open","ping_status":"closed","template":"","meta":[],"product_brand":[],"product_cat":[21,9478],"product_tag":[],"class_list":{"0":"post-67043","1":"product","2":"type-product","3":"status-publish","4":"has-post-thumbnail","6":"product_cat-baby","7":"product_cat-umstandskleidung-baby","8":"pa_brand-herzmutter","10":"first","11":"instock","12":"shipping-taxable","13":"purchasable","14":"product-type-simple","15":"customify-col","16":"product-has-gallery"},"yoast_head":"<!-- This site is optimized with the Yoast SEO plugin v27.4 - https:\/\/yoast.com\/product\/yoast-seo-wordpress\/ -->\n<title>Herzmutter Umstandsslip - Langes Bein - Schwangerschaftsslip - \u00dcberbauch-Shorts - Nahtlos-Seamless-St\u00fctzend- 1er &amp; 2er\u2026 - Markt-XXL<\/title>\n<meta name=\"description\" content=\"Markt-XXL Herzmutter Umstandsslip - Langes Bein - Schwangerschaftsslip - \u00dcberbauch-Shorts - Nahtlos-Seamless-St\u00fctzend- 1er &amp; 2er\u2026\" \/>\n<meta name=\"robots\" content=\"index, follow, max-snippet:-1, max-image-preview:large, max-video-preview:-1\" \/>\n<link rel=\"canonical\" href=\"https:\/\/marktxxl.de\/markt\/produkt\/herzmutter-umstandsslip-ueberbauchslip-schwangerschaftsslip-mit-langem-bein-nahtlos-seamless-stuetzend-ueberbauch-shorts-unterhose-beige-schwarz-1er-2er-set-5500\/\" \/>\n<meta property=\"og:locale\" content=\"de_DE\" \/>\n<meta property=\"og:type\" content=\"article\" \/>\n<meta property=\"og:title\" content=\"Herzmutter Umstandsslip - Langes Bein - Schwangerschaftsslip - \u00dcberbauch-Shorts - Nahtlos-Seamless-St\u00fctzend- 1er &amp; 2er\u2026 - Markt-XXL\" \/>\n<meta property=\"og:description\" content=\"Markt-XXL Herzmutter Umstandsslip - Langes Bein - Schwangerschaftsslip - \u00dcberbauch-Shorts - Nahtlos-Seamless-St\u00fctzend- 1er &amp; 2er\u2026\" \/>\n<meta property=\"og:url\" content=\"https:\/\/marktxxl.de\/markt\/produkt\/herzmutter-umstandsslip-ueberbauchslip-schwangerschaftsslip-mit-langem-bein-nahtlos-seamless-stuetzend-ueberbauch-shorts-unterhose-beige-schwarz-1er-2er-set-5500\/\" \/>\n<meta property=\"og:site_name\" content=\"Markt-XXL\" \/>\n<meta property=\"article:modified_time\" content=\"2023-04-11T00:37:19+00:00\" \/>\n<meta property=\"og:image\" content=\"https:\/\/m.media-amazon.com\/images\/I\/31Lg-2C2OdL._SL500_.jpg\" \/>\n\t<meta property=\"og:image:width\" content=\"500\" \/>\n\t<meta property=\"og:image:height\" content=\"500\" \/>\n\t<meta property=\"og:image:type\" content=\"image\/jpeg\" \/>\n<meta name=\"twitter:card\" content=\"summary_large_image\" \/>\n<meta name=\"twitter:label1\" content=\"Gesch\u00e4tzte Lesezeit\" \/>\n\t<meta name=\"twitter:data1\" content=\"1\u00a0Minute\" \/>\n<script type=\"application\/ld+json\" class=\"yoast-schema-graph\">{\"@context\":\"https:\\\/\\\/schema.org\",\"@graph\":[{\"@type\":\"WebPage\",\"@id\":\"https:\\\/\\\/marktxxl.de\\\/markt\\\/produkt\\\/herzmutter-umstandsslip-ueberbauchslip-schwangerschaftsslip-mit-langem-bein-nahtlos-seamless-stuetzend-ueberbauch-shorts-unterhose-beige-schwarz-1er-2er-set-5500\\\/\",\"url\":\"https:\\\/\\\/marktxxl.de\\\/markt\\\/produkt\\\/herzmutter-umstandsslip-ueberbauchslip-schwangerschaftsslip-mit-langem-bein-nahtlos-seamless-stuetzend-ueberbauch-shorts-unterhose-beige-schwarz-1er-2er-set-5500\\\/\",\"name\":\"Herzmutter Umstandsslip - Langes Bein - Schwangerschaftsslip - \u00dcberbauch-Shorts - Nahtlos-Seamless-St\u00fctzend- 1er &amp; 2er\u2026 - Markt-XXL\",\"isPartOf\":{\"@id\":\"https:\\\/\\\/marktxxl.de\\\/markt\\\/#website\"},\"primaryImageOfPage\":{\"@id\":\"https:\\\/\\\/marktxxl.de\\\/markt\\\/produkt\\\/herzmutter-umstandsslip-ueberbauchslip-schwangerschaftsslip-mit-langem-bein-nahtlos-seamless-stuetzend-ueberbauch-shorts-unterhose-beige-schwarz-1er-2er-set-5500\\\/#primaryimage\"},\"image\":{\"@id\":\"https:\\\/\\\/marktxxl.de\\\/markt\\\/produkt\\\/herzmutter-umstandsslip-ueberbauchslip-schwangerschaftsslip-mit-langem-bein-nahtlos-seamless-stuetzend-ueberbauch-shorts-unterhose-beige-schwarz-1er-2er-set-5500\\\/#primaryimage\"},\"thumbnailUrl\":\"https:\\\/\\\/m.media-amazon.com\\\/images\\\/I\\\/31Lg-2C2OdL._SL500_.jpg\",\"datePublished\":\"2021-11-12T01:06:24+00:00\",\"dateModified\":\"2023-04-11T00:37:19+00:00\",\"description\":\"Markt-XXL Herzmutter Umstandsslip - Langes Bein - Schwangerschaftsslip - \u00dcberbauch-Shorts - Nahtlos-Seamless-St\u00fctzend- 1er &amp; 2er\u2026\",\"breadcrumb\":{\"@id\":\"https:\\\/\\\/marktxxl.de\\\/markt\\\/produkt\\\/herzmutter-umstandsslip-ueberbauchslip-schwangerschaftsslip-mit-langem-bein-nahtlos-seamless-stuetzend-ueberbauch-shorts-unterhose-beige-schwarz-1er-2er-set-5500\\\/#breadcrumb\"},\"inLanguage\":\"de\",\"potentialAction\":[{\"@type\":\"ReadAction\",\"target\":[\"https:\\\/\\\/marktxxl.de\\\/markt\\\/produkt\\\/herzmutter-umstandsslip-ueberbauchslip-schwangerschaftsslip-mit-langem-bein-nahtlos-seamless-stuetzend-ueberbauch-shorts-unterhose-beige-schwarz-1er-2er-set-5500\\\/\"]}]},{\"@type\":\"ImageObject\",\"inLanguage\":\"de\",\"@id\":\"https:\\\/\\\/marktxxl.de\\\/markt\\\/produkt\\\/herzmutter-umstandsslip-ueberbauchslip-schwangerschaftsslip-mit-langem-bein-nahtlos-seamless-stuetzend-ueberbauch-shorts-unterhose-beige-schwarz-1er-2er-set-5500\\\/#primaryimage\",\"url\":\"https:\\\/\\\/m.media-amazon.com\\\/images\\\/I\\\/31Lg-2C2OdL._SL500_.jpg\",\"contentUrl\":\"https:\\\/\\\/m.media-amazon.com\\\/images\\\/I\\\/31Lg-2C2OdL._SL500_.jpg\",\"width\":500,\"height\":500},{\"@type\":\"BreadcrumbList\",\"@id\":\"https:\\\/\\\/marktxxl.de\\\/markt\\\/produkt\\\/herzmutter-umstandsslip-ueberbauchslip-schwangerschaftsslip-mit-langem-bein-nahtlos-seamless-stuetzend-ueberbauch-shorts-unterhose-beige-schwarz-1er-2er-set-5500\\\/#breadcrumb\",\"itemListElement\":[{\"@type\":\"ListItem\",\"position\":1,\"name\":\"Startseite\",\"item\":\"https:\\\/\\\/marktxxl.de\\\/markt\\\/\"},{\"@type\":\"ListItem\",\"position\":2,\"name\":\"Markt\",\"item\":\"https:\\\/\\\/marktxxl.de\\\/markt\\\/\"},{\"@type\":\"ListItem\",\"position\":3,\"name\":\"Herzmutter Umstandsslip &#8211; Langes Bein &#8211; Schwangerschaftsslip &#8211; \u00dcberbauch-Shorts &#8211; Nahtlos-Seamless-St\u00fctzend- 1er &amp; 2er\u2026\"}]},{\"@type\":\"WebSite\",\"@id\":\"https:\\\/\\\/marktxxl.de\\\/markt\\\/#website\",\"url\":\"https:\\\/\\\/marktxxl.de\\\/markt\\\/\",\"name\":\"Markt-XXL\",\"description\":\"Ihr Markt Online\",\"publisher\":{\"@id\":\"https:\\\/\\\/marktxxl.de\\\/markt\\\/#organization\"},\"potentialAction\":[{\"@type\":\"SearchAction\",\"target\":{\"@type\":\"EntryPoint\",\"urlTemplate\":\"https:\\\/\\\/marktxxl.de\\\/markt\\\/?s={search_term_string}\"},\"query-input\":{\"@type\":\"PropertyValueSpecification\",\"valueRequired\":true,\"valueName\":\"search_term_string\"}}],\"inLanguage\":\"de\"},{\"@type\":\"Organization\",\"@id\":\"https:\\\/\\\/marktxxl.de\\\/markt\\\/#organization\",\"name\":\"Markt-XXL\",\"url\":\"https:\\\/\\\/marktxxl.de\\\/markt\\\/\",\"logo\":{\"@type\":\"ImageObject\",\"inLanguage\":\"de\",\"@id\":\"https:\\\/\\\/marktxxl.de\\\/markt\\\/#\\\/schema\\\/logo\\\/image\\\/\",\"url\":\"https:\\\/\\\/marktxxl.de\\\/markt\\\/wp-content\\\/uploads\\\/sites\\\/3\\\/2020\\\/12\\\/logo.png\",\"contentUrl\":\"https:\\\/\\\/marktxxl.de\\\/markt\\\/wp-content\\\/uploads\\\/sites\\\/3\\\/2020\\\/12\\\/logo.png\",\"width\":200,\"height\":70,\"caption\":\"Markt-XXL\"},\"image\":{\"@id\":\"https:\\\/\\\/marktxxl.de\\\/markt\\\/#\\\/schema\\\/logo\\\/image\\\/\"}}]}<\/script>\n<!-- \/ Yoast SEO plugin. -->","yoast_head_json":{"title":"Herzmutter Umstandsslip - Langes Bein - Schwangerschaftsslip - \u00dcberbauch-Shorts - Nahtlos-Seamless-St\u00fctzend- 1er &amp; 2er\u2026 - Markt-XXL","description":"Markt-XXL Herzmutter Umstandsslip - Langes Bein - Schwangerschaftsslip - \u00dcberbauch-Shorts - Nahtlos-Seamless-St\u00fctzend- 1er &amp; 2er\u2026","robots":{"index":"index","follow":"follow","max-snippet":"max-snippet:-1","max-image-preview":"max-image-preview:large","max-video-preview":"max-video-preview:-1"},"canonical":"https:\/\/marktxxl.de\/markt\/produkt\/herzmutter-umstandsslip-ueberbauchslip-schwangerschaftsslip-mit-langem-bein-nahtlos-seamless-stuetzend-ueberbauch-shorts-unterhose-beige-schwarz-1er-2er-set-5500\/","og_locale":"de_DE","og_type":"article","og_title":"Herzmutter Umstandsslip - Langes Bein - Schwangerschaftsslip - \u00dcberbauch-Shorts - Nahtlos-Seamless-St\u00fctzend- 1er &amp; 2er\u2026 - Markt-XXL","og_description":"Markt-XXL Herzmutter Umstandsslip - Langes Bein - Schwangerschaftsslip - \u00dcberbauch-Shorts - Nahtlos-Seamless-St\u00fctzend- 1er &amp; 2er\u2026","og_url":"https:\/\/marktxxl.de\/markt\/produkt\/herzmutter-umstandsslip-ueberbauchslip-schwangerschaftsslip-mit-langem-bein-nahtlos-seamless-stuetzend-ueberbauch-shorts-unterhose-beige-schwarz-1er-2er-set-5500\/","og_site_name":"Markt-XXL","article_modified_time":"2023-04-11T00:37:19+00:00","og_image":[{"width":500,"height":500,"url":"https:\/\/m.media-amazon.com\/images\/I\/31Lg-2C2OdL._SL500_.jpg","type":"image\/jpeg"}],"twitter_card":"summary_large_image","twitter_misc":{"Gesch\u00e4tzte Lesezeit":"1\u00a0Minute"},"schema":{"@context":"https:\/\/schema.org","@graph":[{"@type":"WebPage","@id":"https:\/\/marktxxl.de\/markt\/produkt\/herzmutter-umstandsslip-ueberbauchslip-schwangerschaftsslip-mit-langem-bein-nahtlos-seamless-stuetzend-ueberbauch-shorts-unterhose-beige-schwarz-1er-2er-set-5500\/","url":"https:\/\/marktxxl.de\/markt\/produkt\/herzmutter-umstandsslip-ueberbauchslip-schwangerschaftsslip-mit-langem-bein-nahtlos-seamless-stuetzend-ueberbauch-shorts-unterhose-beige-schwarz-1er-2er-set-5500\/","name":"Herzmutter Umstandsslip - Langes Bein - Schwangerschaftsslip - \u00dcberbauch-Shorts - Nahtlos-Seamless-St\u00fctzend- 1er &amp; 2er\u2026 - Markt-XXL","isPartOf":{"@id":"https:\/\/marktxxl.de\/markt\/#website"},"primaryImageOfPage":{"@id":"https:\/\/marktxxl.de\/markt\/produkt\/herzmutter-umstandsslip-ueberbauchslip-schwangerschaftsslip-mit-langem-bein-nahtlos-seamless-stuetzend-ueberbauch-shorts-unterhose-beige-schwarz-1er-2er-set-5500\/#primaryimage"},"image":{"@id":"https:\/\/marktxxl.de\/markt\/produkt\/herzmutter-umstandsslip-ueberbauchslip-schwangerschaftsslip-mit-langem-bein-nahtlos-seamless-stuetzend-ueberbauch-shorts-unterhose-beige-schwarz-1er-2er-set-5500\/#primaryimage"},"thumbnailUrl":"https:\/\/m.media-amazon.com\/images\/I\/31Lg-2C2OdL._SL500_.jpg","datePublished":"2021-11-12T01:06:24+00:00","dateModified":"2023-04-11T00:37:19+00:00","description":"Markt-XXL Herzmutter Umstandsslip - Langes Bein - Schwangerschaftsslip - \u00dcberbauch-Shorts - Nahtlos-Seamless-St\u00fctzend- 1er &amp; 2er\u2026","breadcrumb":{"@id":"https:\/\/marktxxl.de\/markt\/produkt\/herzmutter-umstandsslip-ueberbauchslip-schwangerschaftsslip-mit-langem-bein-nahtlos-seamless-stuetzend-ueberbauch-shorts-unterhose-beige-schwarz-1er-2er-set-5500\/#breadcrumb"},"inLanguage":"de","potentialAction":[{"@type":"ReadAction","target":["https:\/\/marktxxl.de\/markt\/produkt\/herzmutter-umstandsslip-ueberbauchslip-schwangerschaftsslip-mit-langem-bein-nahtlos-seamless-stuetzend-ueberbauch-shorts-unterhose-beige-schwarz-1er-2er-set-5500\/"]}]},{"@type":"ImageObject","inLanguage":"de","@id":"https:\/\/marktxxl.de\/markt\/produkt\/herzmutter-umstandsslip-ueberbauchslip-schwangerschaftsslip-mit-langem-bein-nahtlos-seamless-stuetzend-ueberbauch-shorts-unterhose-beige-schwarz-1er-2er-set-5500\/#primaryimage","url":"https:\/\/m.media-amazon.com\/images\/I\/31Lg-2C2OdL._SL500_.jpg","contentUrl":"https:\/\/m.media-amazon.com\/images\/I\/31Lg-2C2OdL._SL500_.jpg","width":500,"height":500},{"@type":"BreadcrumbList","@id":"https:\/\/marktxxl.de\/markt\/produkt\/herzmutter-umstandsslip-ueberbauchslip-schwangerschaftsslip-mit-langem-bein-nahtlos-seamless-stuetzend-ueberbauch-shorts-unterhose-beige-schwarz-1er-2er-set-5500\/#breadcrumb","itemListElement":[{"@type":"ListItem","position":1,"name":"Startseite","item":"https:\/\/marktxxl.de\/markt\/"},{"@type":"ListItem","position":2,"name":"Markt","item":"https:\/\/marktxxl.de\/markt\/"},{"@type":"ListItem","position":3,"name":"Herzmutter Umstandsslip &#8211; Langes Bein &#8211; Schwangerschaftsslip &#8211; \u00dcberbauch-Shorts &#8211; Nahtlos-Seamless-St\u00fctzend- 1er &amp; 2er\u2026"}]},{"@type":"WebSite","@id":"https:\/\/marktxxl.de\/markt\/#website","url":"https:\/\/marktxxl.de\/markt\/","name":"Markt-XXL","description":"Ihr Markt Online","publisher":{"@id":"https:\/\/marktxxl.de\/markt\/#organization"},"potentialAction":[{"@type":"SearchAction","target":{"@type":"EntryPoint","urlTemplate":"https:\/\/marktxxl.de\/markt\/?s={search_term_string}"},"query-input":{"@type":"PropertyValueSpecification","valueRequired":true,"valueName":"search_term_string"}}],"inLanguage":"de"},{"@type":"Organization","@id":"https:\/\/marktxxl.de\/markt\/#organization","name":"Markt-XXL","url":"https:\/\/marktxxl.de\/markt\/","logo":{"@type":"ImageObject","inLanguage":"de","@id":"https:\/\/marktxxl.de\/markt\/#\/schema\/logo\/image\/","url":"https:\/\/marktxxl.de\/markt\/wp-content\/uploads\/sites\/3\/2020\/12\/logo.png","contentUrl":"https:\/\/marktxxl.de\/markt\/wp-content\/uploads\/sites\/3\/2020\/12\/logo.png","width":200,"height":70,"caption":"Markt-XXL"},"image":{"@id":"https:\/\/marktxxl.de\/markt\/#\/schema\/logo\/image\/"}}]}},"_links":{"self":[{"href":"https:\/\/marktxxl.de\/markt\/wp-json\/wp\/v2\/product\/67043","targetHints":{"allow":["GET"]}}],"collection":[{"href":"https:\/\/marktxxl.de\/markt\/wp-json\/wp\/v2\/product"}],"about":[{"href":"https:\/\/marktxxl.de\/markt\/wp-json\/wp\/v2\/types\/product"}],"replies":[{"embeddable":true,"href":"https:\/\/marktxxl.de\/markt\/wp-json\/wp\/v2\/comments?post=67043"}],"wp:featuredmedia":[{"embeddable":true,"href":"https:\/\/marktxxl.de\/markt\/wp-json\/wp\/v2\/media\/67044"}],"wp:attachment":[{"href":"https:\/\/marktxxl.de\/markt\/wp-json\/wp\/v2\/media?parent=67043"}],"wp:term":[{"taxonomy":"product_brand","embeddable":true,"href":"https:\/\/marktxxl.de\/markt\/wp-json\/wp\/v2\/product_brand?post=67043"},{"taxonomy":"product_cat","embeddable":true,"href":"https:\/\/marktxxl.de\/markt\/wp-json\/wp\/v2\/product_cat?post=67043"},{"taxonomy":"product_tag","embeddable":true,"href":"https:\/\/marktxxl.de\/markt\/wp-json\/wp\/v2\/product_tag?post=67043"}],"curies":[{"name":"wp","href":"https:\/\/api.w.org\/{rel}","templated":true}]}}