{"id":65016,"date":"2021-11-12T00:20:00","date_gmt":"2021-11-11T23:20:00","guid":{"rendered":"https:\/\/marktxxl.de\/markt\/produkt\/dockatot-deluxe-dock-die-all-in-one-babyliege-tragbare-wiege-und-stubenwagen-perfekt-zum-schlafen-atmungsaktiv-und-hypoallergen-geeignet-fuer-0-8-monate\/"},"modified":"2023-04-10T02:26:14","modified_gmt":"2023-04-10T00:26:14","slug":"dockatot-deluxe-dock-die-all-in-one-babyliege-tragbare-wiege-und-stubenwagen-perfekt-zum-schlafen-atmungsaktiv-und-hypoallergen-geeignet-fuer-0-8-monate","status":"publish","type":"product","link":"https:\/\/marktxxl.de\/markt\/produkt\/dockatot-deluxe-dock-die-all-in-one-babyliege-tragbare-wiege-und-stubenwagen-perfekt-zum-schlafen-atmungsaktiv-und-hypoallergen-geeignet-fuer-0-8-monate\/","title":{"rendered":"DockATot Deluxe+ Dock Baby-Liege, tragbar, leicht, geeignet f\u00fcr 0-8 Monate, Schwarz \/ Marmor"},"content":{"rendered":"<p>Belebt die W\u00f6lbe: DockATot wurde entwickelt, um Babys eine sichere, gem\u00fctliche und beruhigende Umgebung zu bieten. Wir glauben gern, dass es das N\u00e4chste Beste ist, was der Mutterleib ist. Babys k\u00f6nnen sich ausruhen, spielen und entspannen, ohne die Einschr\u00e4nkungen der Schnallen oder die Ablenkung von Glocken und Pfeifen und erm\u00f6glichen es Eltern auch, sicher mit ihren Babys schlafen zu k\u00f6nnen.<br \/>\nStellt die Bauchzeit auf: DockATot ist der ideale Ort, um Ihren kleinen Bauch Zeit zu bekommen. Die abgerundete Sto\u00dfstange hilft Ihr waches Baby zu st\u00fctzen, wenn es unter seine Arme gestellt wird. Bauchzeit kann Babys helfen, Nackenkraft und motorische F\u00e4higkeiten zu entwickeln.<br \/>\nBietet ein komfortables Mikroklima: Damit ein Baby bequem ist, m\u00fcssen wir nicht nur \u00fcber ihr globales Klima nachdenken, sondern auch \u00fcber ihr Mikroklima. Das Mikroklima ist der Raum, der sich direkt auf ihre Umgebung auswirkt. DockATot ist hypoallergen und aus den pflegevollsten und hygienischen Stoffen hergestellt, die auch eine hervorragende Luftdurchl\u00e4ssigkeit haben.<br \/>\nBietet Tragbarkeit: Die DockATot ist leicht und einfach zu transportieren. Es ist sicher, Beats lassen Baby Ruhe auf fragw\u00fcrdigen Hotelbettw\u00e4sche<br \/>\nGetestet und zertifiziert: Dockatot ist nicht nur frei von Phthalaten und anderen sch\u00e4dlichen Stoffen, es hat mehrere Sicherheitszertifikate erhalten, einschlie\u00dflich Oeko-Tex Standard 100 Klasse 1 (EU), und erf\u00fcllt die folgenden Standards von ASTM F-963-11, US CPSIA 2008, 16 CRF 1632 Entz\u00fcndbarkeitstest und California Proposition 65.<br \/>\n<div class=\"main-cross-sell\" data-asin=\"B09CDZQR84\">\n\n\t<div class=\"WooZone-cross-sell-loader\">\n\t\t<div>\n\t\t\t<div id=\"floatingBarsG\">\n\t\t\t\t<div class=\"blockG\" id=\"rotateG_01\"><\/div>\n\t\t\t\t<div class=\"blockG\" id=\"rotateG_02\"><\/div>\n\t\t\t\t<div class=\"blockG\" id=\"rotateG_03\"><\/div>\n\t\t\t\t<div class=\"blockG\" id=\"rotateG_04\"><\/div>\n\t\t\t\t<div class=\"blockG\" id=\"rotateG_05\"><\/div>\n\t\t\t\t<div class=\"blockG\" id=\"rotateG_06\"><\/div>\n\t\t\t\t<div class=\"blockG\" id=\"rotateG_07\"><\/div>\n\t\t\t\t<div class=\"blockG\" id=\"rotateG_08\"><\/div>\n\t\t\t<\/div>\n\t\t\t<div class=\"WooZone-cross-sell-loader-text\"><\/div>\n\t\t<\/div>\n\t<\/div>\n\n\t\t\n<\/div>\n<div style=\"clear:both;\"><\/div><\/p>\n","protected":false},"excerpt":{"rendered":"<p>Belebt die W\u00f6lbe: DockATot wurde entwickelt, um Babys eine sichere, gem\u00fctliche und beruhigende Umgebung zu bieten. Wir glauben gern, dass es das N\u00e4chste Beste ist, was der Mutterleib ist. Babys k\u00f6nnen sich ausruhen, spielen und entspannen, ohne die Einschr\u00e4nkungen der Schnallen oder die Ablenkung von Glocken und Pfeifen und erm\u00f6glichen es Eltern auch, sicher mit ihren Babys schlafen zu k\u00f6nnen.<br \/>\nStellt die Bauchzeit auf: DockATot ist der ideale Ort, um Ihren kleinen Bauch Zeit zu bekommen. Die abgerundete Sto\u00dfstange hilft Ihr waches Baby zu st\u00fctzen, wenn es unter seine Arme gestellt wird. Bauchzeit kann Babys helfen, Nackenkraft und motorische F\u00e4higkeiten zu entwickeln.<br \/>\nBietet ein komfortables Mikroklima: Damit ein Baby bequem ist, m\u00fcssen wir nicht nur \u00fcber ihr globales Klima nachdenken, sondern auch \u00fcber ihr Mikroklima. Das Mikroklima ist der Raum, der sich direkt auf ihre Umgebung auswirkt. DockATot ist hypoallergen und aus den pflegevollsten und hygienischen Stoffen hergestellt, die auch eine hervorragende Luftdurchl\u00e4ssigkeit haben.<\/p>\n","protected":false},"featured_media":65017,"comment_status":"open","ping_status":"closed","template":"","meta":[],"product_brand":[],"product_cat":[21,9143],"product_tag":[],"class_list":{"0":"post-65016","1":"product","2":"type-product","3":"status-publish","4":"has-post-thumbnail","6":"product_cat-baby","7":"product_cat-entdecken-bewegen-baby","8":"pa_binding-babyartikel","9":"pa_brand-dockatot","10":"pa_manufacturer-dockatot","11":"pa_model-10300-p","13":"first","14":"instock","15":"shipping-taxable","16":"purchasable","17":"product-type-simple","18":"customify-col","19":"product-has-gallery"},"yoast_head":"<!-- This site is optimized with the Yoast SEO plugin v27.4 - https:\/\/yoast.com\/product\/yoast-seo-wordpress\/ -->\n<title>DockATot Deluxe+ Dock Baby-Liege, tragbar, leicht, geeignet f\u00fcr 0-8 Monate, Schwarz \/ Marmor - Markt-XXL<\/title>\n<meta name=\"description\" content=\"Markt-XXL DockATot Deluxe+ Dock Baby-Liege, tragbar, leicht, geeignet f\u00fcr 0-8 Monate, Schwarz \/ Marmor\" \/>\n<meta name=\"robots\" content=\"index, follow, max-snippet:-1, max-image-preview:large, max-video-preview:-1\" \/>\n<link rel=\"canonical\" href=\"https:\/\/marktxxl.de\/markt\/produkt\/dockatot-deluxe-dock-die-all-in-one-babyliege-tragbare-wiege-und-stubenwagen-perfekt-zum-schlafen-atmungsaktiv-und-hypoallergen-geeignet-fuer-0-8-monate\/\" \/>\n<meta property=\"og:locale\" content=\"de_DE\" \/>\n<meta property=\"og:type\" content=\"article\" \/>\n<meta property=\"og:title\" content=\"DockATot Deluxe+ Dock Baby-Liege, tragbar, leicht, geeignet f\u00fcr 0-8 Monate, Schwarz \/ Marmor - Markt-XXL\" \/>\n<meta property=\"og:description\" content=\"Markt-XXL DockATot Deluxe+ Dock Baby-Liege, tragbar, leicht, geeignet f\u00fcr 0-8 Monate, Schwarz \/ Marmor\" \/>\n<meta property=\"og:url\" content=\"https:\/\/marktxxl.de\/markt\/produkt\/dockatot-deluxe-dock-die-all-in-one-babyliege-tragbare-wiege-und-stubenwagen-perfekt-zum-schlafen-atmungsaktiv-und-hypoallergen-geeignet-fuer-0-8-monate\/\" \/>\n<meta property=\"og:site_name\" content=\"Markt-XXL\" \/>\n<meta property=\"article:modified_time\" content=\"2023-04-10T00:26:14+00:00\" \/>\n<meta property=\"og:image\" content=\"https:\/\/m.media-amazon.com\/images\/I\/31z0Bb3g-8L._SL500_.jpg\" \/>\n\t<meta property=\"og:image:width\" content=\"500\" \/>\n\t<meta property=\"og:image:height\" content=\"500\" \/>\n\t<meta property=\"og:image:type\" content=\"image\/jpeg\" \/>\n<meta name=\"twitter:card\" content=\"summary_large_image\" \/>\n<meta name=\"twitter:label1\" content=\"Gesch\u00e4tzte Lesezeit\" \/>\n\t<meta name=\"twitter:data1\" content=\"1\u00a0Minute\" \/>\n<script type=\"application\/ld+json\" class=\"yoast-schema-graph\">{\"@context\":\"https:\\\/\\\/schema.org\",\"@graph\":[{\"@type\":\"WebPage\",\"@id\":\"https:\\\/\\\/marktxxl.de\\\/markt\\\/produkt\\\/dockatot-deluxe-dock-die-all-in-one-babyliege-tragbare-wiege-und-stubenwagen-perfekt-zum-schlafen-atmungsaktiv-und-hypoallergen-geeignet-fuer-0-8-monate\\\/\",\"url\":\"https:\\\/\\\/marktxxl.de\\\/markt\\\/produkt\\\/dockatot-deluxe-dock-die-all-in-one-babyliege-tragbare-wiege-und-stubenwagen-perfekt-zum-schlafen-atmungsaktiv-und-hypoallergen-geeignet-fuer-0-8-monate\\\/\",\"name\":\"DockATot Deluxe+ Dock Baby-Liege, tragbar, leicht, geeignet f\u00fcr 0-8 Monate, Schwarz \\\/ Marmor - Markt-XXL\",\"isPartOf\":{\"@id\":\"https:\\\/\\\/marktxxl.de\\\/markt\\\/#website\"},\"primaryImageOfPage\":{\"@id\":\"https:\\\/\\\/marktxxl.de\\\/markt\\\/produkt\\\/dockatot-deluxe-dock-die-all-in-one-babyliege-tragbare-wiege-und-stubenwagen-perfekt-zum-schlafen-atmungsaktiv-und-hypoallergen-geeignet-fuer-0-8-monate\\\/#primaryimage\"},\"image\":{\"@id\":\"https:\\\/\\\/marktxxl.de\\\/markt\\\/produkt\\\/dockatot-deluxe-dock-die-all-in-one-babyliege-tragbare-wiege-und-stubenwagen-perfekt-zum-schlafen-atmungsaktiv-und-hypoallergen-geeignet-fuer-0-8-monate\\\/#primaryimage\"},\"thumbnailUrl\":\"https:\\\/\\\/m.media-amazon.com\\\/images\\\/I\\\/31z0Bb3g-8L._SL500_.jpg\",\"datePublished\":\"2021-11-11T23:20:00+00:00\",\"dateModified\":\"2023-04-10T00:26:14+00:00\",\"description\":\"Markt-XXL DockATot Deluxe+ Dock Baby-Liege, tragbar, leicht, geeignet f\u00fcr 0-8 Monate, Schwarz \\\/ Marmor\",\"breadcrumb\":{\"@id\":\"https:\\\/\\\/marktxxl.de\\\/markt\\\/produkt\\\/dockatot-deluxe-dock-die-all-in-one-babyliege-tragbare-wiege-und-stubenwagen-perfekt-zum-schlafen-atmungsaktiv-und-hypoallergen-geeignet-fuer-0-8-monate\\\/#breadcrumb\"},\"inLanguage\":\"de\",\"potentialAction\":[{\"@type\":\"ReadAction\",\"target\":[\"https:\\\/\\\/marktxxl.de\\\/markt\\\/produkt\\\/dockatot-deluxe-dock-die-all-in-one-babyliege-tragbare-wiege-und-stubenwagen-perfekt-zum-schlafen-atmungsaktiv-und-hypoallergen-geeignet-fuer-0-8-monate\\\/\"]}]},{\"@type\":\"ImageObject\",\"inLanguage\":\"de\",\"@id\":\"https:\\\/\\\/marktxxl.de\\\/markt\\\/produkt\\\/dockatot-deluxe-dock-die-all-in-one-babyliege-tragbare-wiege-und-stubenwagen-perfekt-zum-schlafen-atmungsaktiv-und-hypoallergen-geeignet-fuer-0-8-monate\\\/#primaryimage\",\"url\":\"https:\\\/\\\/m.media-amazon.com\\\/images\\\/I\\\/31z0Bb3g-8L._SL500_.jpg\",\"contentUrl\":\"https:\\\/\\\/m.media-amazon.com\\\/images\\\/I\\\/31z0Bb3g-8L._SL500_.jpg\",\"width\":500,\"height\":500},{\"@type\":\"BreadcrumbList\",\"@id\":\"https:\\\/\\\/marktxxl.de\\\/markt\\\/produkt\\\/dockatot-deluxe-dock-die-all-in-one-babyliege-tragbare-wiege-und-stubenwagen-perfekt-zum-schlafen-atmungsaktiv-und-hypoallergen-geeignet-fuer-0-8-monate\\\/#breadcrumb\",\"itemListElement\":[{\"@type\":\"ListItem\",\"position\":1,\"name\":\"Startseite\",\"item\":\"https:\\\/\\\/marktxxl.de\\\/markt\\\/\"},{\"@type\":\"ListItem\",\"position\":2,\"name\":\"Markt\",\"item\":\"https:\\\/\\\/marktxxl.de\\\/markt\\\/\"},{\"@type\":\"ListItem\",\"position\":3,\"name\":\"DockATot Deluxe+ Dock Baby-Liege, tragbar, leicht, geeignet f\u00fcr 0-8 Monate, Schwarz \\\/ Marmor\"}]},{\"@type\":\"WebSite\",\"@id\":\"https:\\\/\\\/marktxxl.de\\\/markt\\\/#website\",\"url\":\"https:\\\/\\\/marktxxl.de\\\/markt\\\/\",\"name\":\"Markt-XXL\",\"description\":\"Ihr Markt Online\",\"publisher\":{\"@id\":\"https:\\\/\\\/marktxxl.de\\\/markt\\\/#organization\"},\"potentialAction\":[{\"@type\":\"SearchAction\",\"target\":{\"@type\":\"EntryPoint\",\"urlTemplate\":\"https:\\\/\\\/marktxxl.de\\\/markt\\\/?s={search_term_string}\"},\"query-input\":{\"@type\":\"PropertyValueSpecification\",\"valueRequired\":true,\"valueName\":\"search_term_string\"}}],\"inLanguage\":\"de\"},{\"@type\":\"Organization\",\"@id\":\"https:\\\/\\\/marktxxl.de\\\/markt\\\/#organization\",\"name\":\"Markt-XXL\",\"url\":\"https:\\\/\\\/marktxxl.de\\\/markt\\\/\",\"logo\":{\"@type\":\"ImageObject\",\"inLanguage\":\"de\",\"@id\":\"https:\\\/\\\/marktxxl.de\\\/markt\\\/#\\\/schema\\\/logo\\\/image\\\/\",\"url\":\"https:\\\/\\\/marktxxl.de\\\/markt\\\/wp-content\\\/uploads\\\/sites\\\/3\\\/2020\\\/12\\\/logo.png\",\"contentUrl\":\"https:\\\/\\\/marktxxl.de\\\/markt\\\/wp-content\\\/uploads\\\/sites\\\/3\\\/2020\\\/12\\\/logo.png\",\"width\":200,\"height\":70,\"caption\":\"Markt-XXL\"},\"image\":{\"@id\":\"https:\\\/\\\/marktxxl.de\\\/markt\\\/#\\\/schema\\\/logo\\\/image\\\/\"}}]}<\/script>\n<!-- \/ Yoast SEO plugin. -->","yoast_head_json":{"title":"DockATot Deluxe+ Dock Baby-Liege, tragbar, leicht, geeignet f\u00fcr 0-8 Monate, Schwarz \/ Marmor - Markt-XXL","description":"Markt-XXL DockATot Deluxe+ Dock Baby-Liege, tragbar, leicht, geeignet f\u00fcr 0-8 Monate, Schwarz \/ Marmor","robots":{"index":"index","follow":"follow","max-snippet":"max-snippet:-1","max-image-preview":"max-image-preview:large","max-video-preview":"max-video-preview:-1"},"canonical":"https:\/\/marktxxl.de\/markt\/produkt\/dockatot-deluxe-dock-die-all-in-one-babyliege-tragbare-wiege-und-stubenwagen-perfekt-zum-schlafen-atmungsaktiv-und-hypoallergen-geeignet-fuer-0-8-monate\/","og_locale":"de_DE","og_type":"article","og_title":"DockATot Deluxe+ Dock Baby-Liege, tragbar, leicht, geeignet f\u00fcr 0-8 Monate, Schwarz \/ Marmor - Markt-XXL","og_description":"Markt-XXL DockATot Deluxe+ Dock Baby-Liege, tragbar, leicht, geeignet f\u00fcr 0-8 Monate, Schwarz \/ Marmor","og_url":"https:\/\/marktxxl.de\/markt\/produkt\/dockatot-deluxe-dock-die-all-in-one-babyliege-tragbare-wiege-und-stubenwagen-perfekt-zum-schlafen-atmungsaktiv-und-hypoallergen-geeignet-fuer-0-8-monate\/","og_site_name":"Markt-XXL","article_modified_time":"2023-04-10T00:26:14+00:00","og_image":[{"width":500,"height":500,"url":"https:\/\/m.media-amazon.com\/images\/I\/31z0Bb3g-8L._SL500_.jpg","type":"image\/jpeg"}],"twitter_card":"summary_large_image","twitter_misc":{"Gesch\u00e4tzte Lesezeit":"1\u00a0Minute"},"schema":{"@context":"https:\/\/schema.org","@graph":[{"@type":"WebPage","@id":"https:\/\/marktxxl.de\/markt\/produkt\/dockatot-deluxe-dock-die-all-in-one-babyliege-tragbare-wiege-und-stubenwagen-perfekt-zum-schlafen-atmungsaktiv-und-hypoallergen-geeignet-fuer-0-8-monate\/","url":"https:\/\/marktxxl.de\/markt\/produkt\/dockatot-deluxe-dock-die-all-in-one-babyliege-tragbare-wiege-und-stubenwagen-perfekt-zum-schlafen-atmungsaktiv-und-hypoallergen-geeignet-fuer-0-8-monate\/","name":"DockATot Deluxe+ Dock Baby-Liege, tragbar, leicht, geeignet f\u00fcr 0-8 Monate, Schwarz \/ Marmor - Markt-XXL","isPartOf":{"@id":"https:\/\/marktxxl.de\/markt\/#website"},"primaryImageOfPage":{"@id":"https:\/\/marktxxl.de\/markt\/produkt\/dockatot-deluxe-dock-die-all-in-one-babyliege-tragbare-wiege-und-stubenwagen-perfekt-zum-schlafen-atmungsaktiv-und-hypoallergen-geeignet-fuer-0-8-monate\/#primaryimage"},"image":{"@id":"https:\/\/marktxxl.de\/markt\/produkt\/dockatot-deluxe-dock-die-all-in-one-babyliege-tragbare-wiege-und-stubenwagen-perfekt-zum-schlafen-atmungsaktiv-und-hypoallergen-geeignet-fuer-0-8-monate\/#primaryimage"},"thumbnailUrl":"https:\/\/m.media-amazon.com\/images\/I\/31z0Bb3g-8L._SL500_.jpg","datePublished":"2021-11-11T23:20:00+00:00","dateModified":"2023-04-10T00:26:14+00:00","description":"Markt-XXL DockATot Deluxe+ Dock Baby-Liege, tragbar, leicht, geeignet f\u00fcr 0-8 Monate, Schwarz \/ Marmor","breadcrumb":{"@id":"https:\/\/marktxxl.de\/markt\/produkt\/dockatot-deluxe-dock-die-all-in-one-babyliege-tragbare-wiege-und-stubenwagen-perfekt-zum-schlafen-atmungsaktiv-und-hypoallergen-geeignet-fuer-0-8-monate\/#breadcrumb"},"inLanguage":"de","potentialAction":[{"@type":"ReadAction","target":["https:\/\/marktxxl.de\/markt\/produkt\/dockatot-deluxe-dock-die-all-in-one-babyliege-tragbare-wiege-und-stubenwagen-perfekt-zum-schlafen-atmungsaktiv-und-hypoallergen-geeignet-fuer-0-8-monate\/"]}]},{"@type":"ImageObject","inLanguage":"de","@id":"https:\/\/marktxxl.de\/markt\/produkt\/dockatot-deluxe-dock-die-all-in-one-babyliege-tragbare-wiege-und-stubenwagen-perfekt-zum-schlafen-atmungsaktiv-und-hypoallergen-geeignet-fuer-0-8-monate\/#primaryimage","url":"https:\/\/m.media-amazon.com\/images\/I\/31z0Bb3g-8L._SL500_.jpg","contentUrl":"https:\/\/m.media-amazon.com\/images\/I\/31z0Bb3g-8L._SL500_.jpg","width":500,"height":500},{"@type":"BreadcrumbList","@id":"https:\/\/marktxxl.de\/markt\/produkt\/dockatot-deluxe-dock-die-all-in-one-babyliege-tragbare-wiege-und-stubenwagen-perfekt-zum-schlafen-atmungsaktiv-und-hypoallergen-geeignet-fuer-0-8-monate\/#breadcrumb","itemListElement":[{"@type":"ListItem","position":1,"name":"Startseite","item":"https:\/\/marktxxl.de\/markt\/"},{"@type":"ListItem","position":2,"name":"Markt","item":"https:\/\/marktxxl.de\/markt\/"},{"@type":"ListItem","position":3,"name":"DockATot Deluxe+ Dock Baby-Liege, tragbar, leicht, geeignet f\u00fcr 0-8 Monate, Schwarz \/ Marmor"}]},{"@type":"WebSite","@id":"https:\/\/marktxxl.de\/markt\/#website","url":"https:\/\/marktxxl.de\/markt\/","name":"Markt-XXL","description":"Ihr Markt Online","publisher":{"@id":"https:\/\/marktxxl.de\/markt\/#organization"},"potentialAction":[{"@type":"SearchAction","target":{"@type":"EntryPoint","urlTemplate":"https:\/\/marktxxl.de\/markt\/?s={search_term_string}"},"query-input":{"@type":"PropertyValueSpecification","valueRequired":true,"valueName":"search_term_string"}}],"inLanguage":"de"},{"@type":"Organization","@id":"https:\/\/marktxxl.de\/markt\/#organization","name":"Markt-XXL","url":"https:\/\/marktxxl.de\/markt\/","logo":{"@type":"ImageObject","inLanguage":"de","@id":"https:\/\/marktxxl.de\/markt\/#\/schema\/logo\/image\/","url":"https:\/\/marktxxl.de\/markt\/wp-content\/uploads\/sites\/3\/2020\/12\/logo.png","contentUrl":"https:\/\/marktxxl.de\/markt\/wp-content\/uploads\/sites\/3\/2020\/12\/logo.png","width":200,"height":70,"caption":"Markt-XXL"},"image":{"@id":"https:\/\/marktxxl.de\/markt\/#\/schema\/logo\/image\/"}}]}},"_links":{"self":[{"href":"https:\/\/marktxxl.de\/markt\/wp-json\/wp\/v2\/product\/65016","targetHints":{"allow":["GET"]}}],"collection":[{"href":"https:\/\/marktxxl.de\/markt\/wp-json\/wp\/v2\/product"}],"about":[{"href":"https:\/\/marktxxl.de\/markt\/wp-json\/wp\/v2\/types\/product"}],"replies":[{"embeddable":true,"href":"https:\/\/marktxxl.de\/markt\/wp-json\/wp\/v2\/comments?post=65016"}],"wp:featuredmedia":[{"embeddable":true,"href":"https:\/\/marktxxl.de\/markt\/wp-json\/wp\/v2\/media\/65017"}],"wp:attachment":[{"href":"https:\/\/marktxxl.de\/markt\/wp-json\/wp\/v2\/media?parent=65016"}],"wp:term":[{"taxonomy":"product_brand","embeddable":true,"href":"https:\/\/marktxxl.de\/markt\/wp-json\/wp\/v2\/product_brand?post=65016"},{"taxonomy":"product_cat","embeddable":true,"href":"https:\/\/marktxxl.de\/markt\/wp-json\/wp\/v2\/product_cat?post=65016"},{"taxonomy":"product_tag","embeddable":true,"href":"https:\/\/marktxxl.de\/markt\/wp-json\/wp\/v2\/product_tag?post=65016"}],"curies":[{"name":"wp","href":"https:\/\/api.w.org\/{rel}","templated":true}]}}