{"id":64845,"date":"2021-11-12T00:12:43","date_gmt":"2021-11-11T23:12:43","guid":{"rendered":"https:\/\/marktxxl.de\/markt\/produkt\/fisher-price-gjd37-babys-weiches-kuschelbuch-plueschtier-spielzeug-und-spielbuch-mit-spiegel-beisshilfe-und-sensorischen-aktivitaeten-babyspielzeug-ab-3-monaten\/"},"modified":"2023-04-10T02:26:11","modified_gmt":"2023-04-10T00:26:11","slug":"fisher-price-gjd37-babys-weiches-kuschelbuch-plueschtier-spielzeug-und-spielbuch-mit-spiegel-beisshilfe-und-sensorischen-aktivitaeten-babyspielzeug-ab-3-monaten","status":"publish","type":"product","link":"https:\/\/marktxxl.de\/markt\/produkt\/fisher-price-gjd37-babys-weiches-kuschelbuch-plueschtier-spielzeug-und-spielbuch-mit-spiegel-beisshilfe-und-sensorischen-aktivitaeten-babyspielzeug-ab-3-monaten\/","title":{"rendered":"Fisher-Price GJD37 &#8211; Babys weiches Kuschelbuch, Pl\u00fcschtier-Spielzeug und Spielbuch mit Spiegel, Bei\u00dfhilfe und\u2026"},"content":{"rendered":"<p>Kuscheliges Spielbuch mit Pl\u00fcschtier-B\u00e4r und 5 Seiten mit Aktivit\u00e4ten<br \/>\nDas Baby kann auf jeder Seite etwas Neues entdecken, z. B. knisternden Stoff, einen Spiegel, ein Bei\u00dfspielzeug, ein Guck-Guck-Blatt und weiche B\u00e4nder<br \/>\nDer Pl\u00fcschb\u00e4r ist der ideale Kuschelpartner f\u00fcr zu Hause und unterwegs<br \/>\nIn der weichen Tasche ist Platz f\u00fcr die Koala-Bei\u00dfhilfe<br \/>\nF\u00fcr Babys ab 3 Monaten<br \/>\n<div class=\"main-cross-sell\" data-asin=\"B07WTXNWF2\">\n\n\t<div class=\"WooZone-cross-sell-loader\">\n\t\t<div>\n\t\t\t<div id=\"floatingBarsG\">\n\t\t\t\t<div class=\"blockG\" id=\"rotateG_01\"><\/div>\n\t\t\t\t<div class=\"blockG\" id=\"rotateG_02\"><\/div>\n\t\t\t\t<div class=\"blockG\" id=\"rotateG_03\"><\/div>\n\t\t\t\t<div class=\"blockG\" id=\"rotateG_04\"><\/div>\n\t\t\t\t<div class=\"blockG\" id=\"rotateG_05\"><\/div>\n\t\t\t\t<div class=\"blockG\" id=\"rotateG_06\"><\/div>\n\t\t\t\t<div class=\"blockG\" id=\"rotateG_07\"><\/div>\n\t\t\t\t<div class=\"blockG\" id=\"rotateG_08\"><\/div>\n\t\t\t<\/div>\n\t\t\t<div class=\"WooZone-cross-sell-loader-text\"><\/div>\n\t\t<\/div>\n\t<\/div>\n\n\t\t\n<\/div>\n<div style=\"clear:both;\"><\/div><\/p>\n","protected":false},"excerpt":{"rendered":"<p>Kuscheliges Spielbuch mit Pl\u00fcschtier-B\u00e4r und 5 Seiten mit Aktivit\u00e4ten<br \/>\nDas Baby kann auf jeder Seite etwas Neues entdecken, z. B. knisternden Stoff, einen Spiegel, ein Bei\u00dfspielzeug, ein Guck-Guck-Blatt und weiche B\u00e4nder<br \/>\nDer Pl\u00fcschb\u00e4r ist der ideale Kuschelpartner f\u00fcr zu Hause und unterwegs<\/p>\n","protected":false},"featured_media":64846,"comment_status":"open","ping_status":"closed","template":"","meta":[],"product_brand":[],"product_cat":[21,9143],"product_tag":[],"class_list":{"0":"post-64845","1":"product","2":"type-product","3":"status-publish","4":"has-post-thumbnail","6":"product_cat-baby","7":"product_cat-entdecken-bewegen-baby","8":"pa_binding-babyartikel","9":"pa_brand-fisher-price","10":"pa_brand-thames-hudson","11":"pa_height-7-87-zoll","12":"pa_languages-veroeffentlicht-mehrsprachig-unbekannt-mehrsprachig","13":"pa_length-2-56-zoll","14":"pa_manufacturer-mattel-gmbh","15":"pa_model-gjd37","16":"pa_size-3-stueck-1er-pack","17":"pa_warranty-keine-garantie","18":"pa_weight-0-2755778275-pfund","19":"pa_width-5-91-zoll","21":"first","22":"instock","23":"shipping-taxable","24":"purchasable","25":"product-type-simple","26":"customify-col","27":"product-has-gallery"},"yoast_head":"<!-- This site is optimized with the Yoast SEO plugin v27.4 - https:\/\/yoast.com\/product\/yoast-seo-wordpress\/ -->\n<title>Fisher-Price GJD37 - Babys weiches Kuschelbuch, Pl\u00fcschtier-Spielzeug und Spielbuch mit Spiegel, Bei\u00dfhilfe und\u2026 - Markt-XXL<\/title>\n<meta name=\"description\" content=\"Markt-XXL Fisher-Price GJD37 - Babys weiches Kuschelbuch, Pl\u00fcschtier-Spielzeug und Spielbuch mit Spiegel, Bei\u00dfhilfe und\u2026\" \/>\n<meta name=\"robots\" content=\"index, follow, max-snippet:-1, max-image-preview:large, max-video-preview:-1\" \/>\n<link rel=\"canonical\" href=\"https:\/\/marktxxl.de\/markt\/produkt\/fisher-price-gjd37-babys-weiches-kuschelbuch-plueschtier-spielzeug-und-spielbuch-mit-spiegel-beisshilfe-und-sensorischen-aktivitaeten-babyspielzeug-ab-3-monaten\/\" \/>\n<meta property=\"og:locale\" content=\"de_DE\" \/>\n<meta property=\"og:type\" content=\"article\" \/>\n<meta property=\"og:title\" content=\"Fisher-Price GJD37 - Babys weiches Kuschelbuch, Pl\u00fcschtier-Spielzeug und Spielbuch mit Spiegel, Bei\u00dfhilfe und\u2026 - Markt-XXL\" \/>\n<meta property=\"og:description\" content=\"Markt-XXL Fisher-Price GJD37 - Babys weiches Kuschelbuch, Pl\u00fcschtier-Spielzeug und Spielbuch mit Spiegel, Bei\u00dfhilfe und\u2026\" \/>\n<meta property=\"og:url\" content=\"https:\/\/marktxxl.de\/markt\/produkt\/fisher-price-gjd37-babys-weiches-kuschelbuch-plueschtier-spielzeug-und-spielbuch-mit-spiegel-beisshilfe-und-sensorischen-aktivitaeten-babyspielzeug-ab-3-monaten\/\" \/>\n<meta property=\"og:site_name\" content=\"Markt-XXL\" \/>\n<meta property=\"article:modified_time\" content=\"2023-04-10T00:26:11+00:00\" \/>\n<meta property=\"og:image\" content=\"https:\/\/m.media-amazon.com\/images\/I\/411KgCCZAtL._SL500_.jpg\" \/>\n\t<meta property=\"og:image:width\" content=\"500\" \/>\n\t<meta property=\"og:image:height\" content=\"499\" \/>\n\t<meta property=\"og:image:type\" content=\"image\/jpeg\" \/>\n<meta name=\"twitter:card\" content=\"summary_large_image\" \/>\n<script type=\"application\/ld+json\" class=\"yoast-schema-graph\">{\"@context\":\"https:\\\/\\\/schema.org\",\"@graph\":[{\"@type\":\"WebPage\",\"@id\":\"https:\\\/\\\/marktxxl.de\\\/markt\\\/produkt\\\/fisher-price-gjd37-babys-weiches-kuschelbuch-plueschtier-spielzeug-und-spielbuch-mit-spiegel-beisshilfe-und-sensorischen-aktivitaeten-babyspielzeug-ab-3-monaten\\\/\",\"url\":\"https:\\\/\\\/marktxxl.de\\\/markt\\\/produkt\\\/fisher-price-gjd37-babys-weiches-kuschelbuch-plueschtier-spielzeug-und-spielbuch-mit-spiegel-beisshilfe-und-sensorischen-aktivitaeten-babyspielzeug-ab-3-monaten\\\/\",\"name\":\"Fisher-Price GJD37 - Babys weiches Kuschelbuch, Pl\u00fcschtier-Spielzeug und Spielbuch mit Spiegel, Bei\u00dfhilfe und\u2026 - Markt-XXL\",\"isPartOf\":{\"@id\":\"https:\\\/\\\/marktxxl.de\\\/markt\\\/#website\"},\"primaryImageOfPage\":{\"@id\":\"https:\\\/\\\/marktxxl.de\\\/markt\\\/produkt\\\/fisher-price-gjd37-babys-weiches-kuschelbuch-plueschtier-spielzeug-und-spielbuch-mit-spiegel-beisshilfe-und-sensorischen-aktivitaeten-babyspielzeug-ab-3-monaten\\\/#primaryimage\"},\"image\":{\"@id\":\"https:\\\/\\\/marktxxl.de\\\/markt\\\/produkt\\\/fisher-price-gjd37-babys-weiches-kuschelbuch-plueschtier-spielzeug-und-spielbuch-mit-spiegel-beisshilfe-und-sensorischen-aktivitaeten-babyspielzeug-ab-3-monaten\\\/#primaryimage\"},\"thumbnailUrl\":\"https:\\\/\\\/m.media-amazon.com\\\/images\\\/I\\\/411KgCCZAtL._SL500_.jpg\",\"datePublished\":\"2021-11-11T23:12:43+00:00\",\"dateModified\":\"2023-04-10T00:26:11+00:00\",\"description\":\"Markt-XXL Fisher-Price GJD37 - Babys weiches Kuschelbuch, Pl\u00fcschtier-Spielzeug und Spielbuch mit Spiegel, Bei\u00dfhilfe und\u2026\",\"breadcrumb\":{\"@id\":\"https:\\\/\\\/marktxxl.de\\\/markt\\\/produkt\\\/fisher-price-gjd37-babys-weiches-kuschelbuch-plueschtier-spielzeug-und-spielbuch-mit-spiegel-beisshilfe-und-sensorischen-aktivitaeten-babyspielzeug-ab-3-monaten\\\/#breadcrumb\"},\"inLanguage\":\"de\",\"potentialAction\":[{\"@type\":\"ReadAction\",\"target\":[\"https:\\\/\\\/marktxxl.de\\\/markt\\\/produkt\\\/fisher-price-gjd37-babys-weiches-kuschelbuch-plueschtier-spielzeug-und-spielbuch-mit-spiegel-beisshilfe-und-sensorischen-aktivitaeten-babyspielzeug-ab-3-monaten\\\/\"]}]},{\"@type\":\"ImageObject\",\"inLanguage\":\"de\",\"@id\":\"https:\\\/\\\/marktxxl.de\\\/markt\\\/produkt\\\/fisher-price-gjd37-babys-weiches-kuschelbuch-plueschtier-spielzeug-und-spielbuch-mit-spiegel-beisshilfe-und-sensorischen-aktivitaeten-babyspielzeug-ab-3-monaten\\\/#primaryimage\",\"url\":\"https:\\\/\\\/m.media-amazon.com\\\/images\\\/I\\\/411KgCCZAtL._SL500_.jpg\",\"contentUrl\":\"https:\\\/\\\/m.media-amazon.com\\\/images\\\/I\\\/411KgCCZAtL._SL500_.jpg\",\"width\":500,\"height\":499},{\"@type\":\"BreadcrumbList\",\"@id\":\"https:\\\/\\\/marktxxl.de\\\/markt\\\/produkt\\\/fisher-price-gjd37-babys-weiches-kuschelbuch-plueschtier-spielzeug-und-spielbuch-mit-spiegel-beisshilfe-und-sensorischen-aktivitaeten-babyspielzeug-ab-3-monaten\\\/#breadcrumb\",\"itemListElement\":[{\"@type\":\"ListItem\",\"position\":1,\"name\":\"Startseite\",\"item\":\"https:\\\/\\\/marktxxl.de\\\/markt\\\/\"},{\"@type\":\"ListItem\",\"position\":2,\"name\":\"Markt\",\"item\":\"https:\\\/\\\/marktxxl.de\\\/markt\\\/\"},{\"@type\":\"ListItem\",\"position\":3,\"name\":\"Fisher-Price GJD37 &#8211; Babys weiches Kuschelbuch, Pl\u00fcschtier-Spielzeug und Spielbuch mit Spiegel, Bei\u00dfhilfe und\u2026\"}]},{\"@type\":\"WebSite\",\"@id\":\"https:\\\/\\\/marktxxl.de\\\/markt\\\/#website\",\"url\":\"https:\\\/\\\/marktxxl.de\\\/markt\\\/\",\"name\":\"Markt-XXL\",\"description\":\"Ihr Markt Online\",\"publisher\":{\"@id\":\"https:\\\/\\\/marktxxl.de\\\/markt\\\/#organization\"},\"potentialAction\":[{\"@type\":\"SearchAction\",\"target\":{\"@type\":\"EntryPoint\",\"urlTemplate\":\"https:\\\/\\\/marktxxl.de\\\/markt\\\/?s={search_term_string}\"},\"query-input\":{\"@type\":\"PropertyValueSpecification\",\"valueRequired\":true,\"valueName\":\"search_term_string\"}}],\"inLanguage\":\"de\"},{\"@type\":\"Organization\",\"@id\":\"https:\\\/\\\/marktxxl.de\\\/markt\\\/#organization\",\"name\":\"Markt-XXL\",\"url\":\"https:\\\/\\\/marktxxl.de\\\/markt\\\/\",\"logo\":{\"@type\":\"ImageObject\",\"inLanguage\":\"de\",\"@id\":\"https:\\\/\\\/marktxxl.de\\\/markt\\\/#\\\/schema\\\/logo\\\/image\\\/\",\"url\":\"https:\\\/\\\/marktxxl.de\\\/markt\\\/wp-content\\\/uploads\\\/sites\\\/3\\\/2020\\\/12\\\/logo.png\",\"contentUrl\":\"https:\\\/\\\/marktxxl.de\\\/markt\\\/wp-content\\\/uploads\\\/sites\\\/3\\\/2020\\\/12\\\/logo.png\",\"width\":200,\"height\":70,\"caption\":\"Markt-XXL\"},\"image\":{\"@id\":\"https:\\\/\\\/marktxxl.de\\\/markt\\\/#\\\/schema\\\/logo\\\/image\\\/\"}}]}<\/script>\n<!-- \/ Yoast SEO plugin. -->","yoast_head_json":{"title":"Fisher-Price GJD37 - Babys weiches Kuschelbuch, Pl\u00fcschtier-Spielzeug und Spielbuch mit Spiegel, Bei\u00dfhilfe und\u2026 - Markt-XXL","description":"Markt-XXL Fisher-Price GJD37 - Babys weiches Kuschelbuch, Pl\u00fcschtier-Spielzeug und Spielbuch mit Spiegel, Bei\u00dfhilfe und\u2026","robots":{"index":"index","follow":"follow","max-snippet":"max-snippet:-1","max-image-preview":"max-image-preview:large","max-video-preview":"max-video-preview:-1"},"canonical":"https:\/\/marktxxl.de\/markt\/produkt\/fisher-price-gjd37-babys-weiches-kuschelbuch-plueschtier-spielzeug-und-spielbuch-mit-spiegel-beisshilfe-und-sensorischen-aktivitaeten-babyspielzeug-ab-3-monaten\/","og_locale":"de_DE","og_type":"article","og_title":"Fisher-Price GJD37 - Babys weiches Kuschelbuch, Pl\u00fcschtier-Spielzeug und Spielbuch mit Spiegel, Bei\u00dfhilfe und\u2026 - Markt-XXL","og_description":"Markt-XXL Fisher-Price GJD37 - Babys weiches Kuschelbuch, Pl\u00fcschtier-Spielzeug und Spielbuch mit Spiegel, Bei\u00dfhilfe und\u2026","og_url":"https:\/\/marktxxl.de\/markt\/produkt\/fisher-price-gjd37-babys-weiches-kuschelbuch-plueschtier-spielzeug-und-spielbuch-mit-spiegel-beisshilfe-und-sensorischen-aktivitaeten-babyspielzeug-ab-3-monaten\/","og_site_name":"Markt-XXL","article_modified_time":"2023-04-10T00:26:11+00:00","og_image":[{"width":500,"height":499,"url":"https:\/\/m.media-amazon.com\/images\/I\/411KgCCZAtL._SL500_.jpg","type":"image\/jpeg"}],"twitter_card":"summary_large_image","schema":{"@context":"https:\/\/schema.org","@graph":[{"@type":"WebPage","@id":"https:\/\/marktxxl.de\/markt\/produkt\/fisher-price-gjd37-babys-weiches-kuschelbuch-plueschtier-spielzeug-und-spielbuch-mit-spiegel-beisshilfe-und-sensorischen-aktivitaeten-babyspielzeug-ab-3-monaten\/","url":"https:\/\/marktxxl.de\/markt\/produkt\/fisher-price-gjd37-babys-weiches-kuschelbuch-plueschtier-spielzeug-und-spielbuch-mit-spiegel-beisshilfe-und-sensorischen-aktivitaeten-babyspielzeug-ab-3-monaten\/","name":"Fisher-Price GJD37 - Babys weiches Kuschelbuch, Pl\u00fcschtier-Spielzeug und Spielbuch mit Spiegel, Bei\u00dfhilfe und\u2026 - Markt-XXL","isPartOf":{"@id":"https:\/\/marktxxl.de\/markt\/#website"},"primaryImageOfPage":{"@id":"https:\/\/marktxxl.de\/markt\/produkt\/fisher-price-gjd37-babys-weiches-kuschelbuch-plueschtier-spielzeug-und-spielbuch-mit-spiegel-beisshilfe-und-sensorischen-aktivitaeten-babyspielzeug-ab-3-monaten\/#primaryimage"},"image":{"@id":"https:\/\/marktxxl.de\/markt\/produkt\/fisher-price-gjd37-babys-weiches-kuschelbuch-plueschtier-spielzeug-und-spielbuch-mit-spiegel-beisshilfe-und-sensorischen-aktivitaeten-babyspielzeug-ab-3-monaten\/#primaryimage"},"thumbnailUrl":"https:\/\/m.media-amazon.com\/images\/I\/411KgCCZAtL._SL500_.jpg","datePublished":"2021-11-11T23:12:43+00:00","dateModified":"2023-04-10T00:26:11+00:00","description":"Markt-XXL Fisher-Price GJD37 - Babys weiches Kuschelbuch, Pl\u00fcschtier-Spielzeug und Spielbuch mit Spiegel, Bei\u00dfhilfe und\u2026","breadcrumb":{"@id":"https:\/\/marktxxl.de\/markt\/produkt\/fisher-price-gjd37-babys-weiches-kuschelbuch-plueschtier-spielzeug-und-spielbuch-mit-spiegel-beisshilfe-und-sensorischen-aktivitaeten-babyspielzeug-ab-3-monaten\/#breadcrumb"},"inLanguage":"de","potentialAction":[{"@type":"ReadAction","target":["https:\/\/marktxxl.de\/markt\/produkt\/fisher-price-gjd37-babys-weiches-kuschelbuch-plueschtier-spielzeug-und-spielbuch-mit-spiegel-beisshilfe-und-sensorischen-aktivitaeten-babyspielzeug-ab-3-monaten\/"]}]},{"@type":"ImageObject","inLanguage":"de","@id":"https:\/\/marktxxl.de\/markt\/produkt\/fisher-price-gjd37-babys-weiches-kuschelbuch-plueschtier-spielzeug-und-spielbuch-mit-spiegel-beisshilfe-und-sensorischen-aktivitaeten-babyspielzeug-ab-3-monaten\/#primaryimage","url":"https:\/\/m.media-amazon.com\/images\/I\/411KgCCZAtL._SL500_.jpg","contentUrl":"https:\/\/m.media-amazon.com\/images\/I\/411KgCCZAtL._SL500_.jpg","width":500,"height":499},{"@type":"BreadcrumbList","@id":"https:\/\/marktxxl.de\/markt\/produkt\/fisher-price-gjd37-babys-weiches-kuschelbuch-plueschtier-spielzeug-und-spielbuch-mit-spiegel-beisshilfe-und-sensorischen-aktivitaeten-babyspielzeug-ab-3-monaten\/#breadcrumb","itemListElement":[{"@type":"ListItem","position":1,"name":"Startseite","item":"https:\/\/marktxxl.de\/markt\/"},{"@type":"ListItem","position":2,"name":"Markt","item":"https:\/\/marktxxl.de\/markt\/"},{"@type":"ListItem","position":3,"name":"Fisher-Price GJD37 &#8211; Babys weiches Kuschelbuch, Pl\u00fcschtier-Spielzeug und Spielbuch mit Spiegel, Bei\u00dfhilfe und\u2026"}]},{"@type":"WebSite","@id":"https:\/\/marktxxl.de\/markt\/#website","url":"https:\/\/marktxxl.de\/markt\/","name":"Markt-XXL","description":"Ihr Markt Online","publisher":{"@id":"https:\/\/marktxxl.de\/markt\/#organization"},"potentialAction":[{"@type":"SearchAction","target":{"@type":"EntryPoint","urlTemplate":"https:\/\/marktxxl.de\/markt\/?s={search_term_string}"},"query-input":{"@type":"PropertyValueSpecification","valueRequired":true,"valueName":"search_term_string"}}],"inLanguage":"de"},{"@type":"Organization","@id":"https:\/\/marktxxl.de\/markt\/#organization","name":"Markt-XXL","url":"https:\/\/marktxxl.de\/markt\/","logo":{"@type":"ImageObject","inLanguage":"de","@id":"https:\/\/marktxxl.de\/markt\/#\/schema\/logo\/image\/","url":"https:\/\/marktxxl.de\/markt\/wp-content\/uploads\/sites\/3\/2020\/12\/logo.png","contentUrl":"https:\/\/marktxxl.de\/markt\/wp-content\/uploads\/sites\/3\/2020\/12\/logo.png","width":200,"height":70,"caption":"Markt-XXL"},"image":{"@id":"https:\/\/marktxxl.de\/markt\/#\/schema\/logo\/image\/"}}]}},"_links":{"self":[{"href":"https:\/\/marktxxl.de\/markt\/wp-json\/wp\/v2\/product\/64845","targetHints":{"allow":["GET"]}}],"collection":[{"href":"https:\/\/marktxxl.de\/markt\/wp-json\/wp\/v2\/product"}],"about":[{"href":"https:\/\/marktxxl.de\/markt\/wp-json\/wp\/v2\/types\/product"}],"replies":[{"embeddable":true,"href":"https:\/\/marktxxl.de\/markt\/wp-json\/wp\/v2\/comments?post=64845"}],"wp:featuredmedia":[{"embeddable":true,"href":"https:\/\/marktxxl.de\/markt\/wp-json\/wp\/v2\/media\/64846"}],"wp:attachment":[{"href":"https:\/\/marktxxl.de\/markt\/wp-json\/wp\/v2\/media?parent=64845"}],"wp:term":[{"taxonomy":"product_brand","embeddable":true,"href":"https:\/\/marktxxl.de\/markt\/wp-json\/wp\/v2\/product_brand?post=64845"},{"taxonomy":"product_cat","embeddable":true,"href":"https:\/\/marktxxl.de\/markt\/wp-json\/wp\/v2\/product_cat?post=64845"},{"taxonomy":"product_tag","embeddable":true,"href":"https:\/\/marktxxl.de\/markt\/wp-json\/wp\/v2\/product_tag?post=64845"}],"curies":[{"name":"wp","href":"https:\/\/api.w.org\/{rel}","templated":true}]}}