{"id":63817,"date":"2021-11-11T23:24:29","date_gmt":"2021-11-11T22:24:29","guid":{"rendered":"https:\/\/marktxxl.de\/markt\/produkt\/rugged-ridge-11580-11-empfaengerkupplung-2-zoll-18-fach-jeep-wrangler-jl-jlu\/"},"modified":"2023-04-08T02:02:15","modified_gmt":"2023-04-08T00:02:15","slug":"rugged-ridge-11580-11-empfaengerkupplung-2-zoll-18-fach-jeep-wrangler-jl-jlu","status":"publish","type":"product","link":"https:\/\/marktxxl.de\/markt\/produkt\/rugged-ridge-11580-11-empfaengerkupplung-2-zoll-18-fach-jeep-wrangler-jl-jlu\/","title":{"rendered":"Rugged Ridge 11580.11 Empf\u00e4ngerkupplung 2 Zoll 18-Fach Jeep Wrangler JL\/JLU"},"content":{"rendered":"<p>2-Zoll-Anh\u00e4nger: mit einem 1,6 kg. Anh\u00e4ngelast und 158,8 kg. Zungengewicht, sind Sie ger\u00fcstet, um Ihre Ausr\u00fcstung \u00fcberall hin mitzunehmen. Inklusive Montagematerial und Anleitung (evtl. nicht in deutscher Sprache). Weitere Informationen finden Sie in Ihrem Fahrzeughandbuch (evtl. nicht in deutscher Sprache).<br \/>\nAnh\u00e4ngerkupplung: Entworfen als einteilige geschwei\u00dfte Baugruppe f\u00fcr zus\u00e4tzliche St\u00e4rke, haben wir unsere Empf\u00e4ngerkupplung so gebaut, dass sie der Anh\u00e4ngerkapazit\u00e4t Ihres JK entspricht und mit allen Werksger\u00e4ten funktioniert.<br \/>\nOffroad-Zubeh\u00f6r: Machen Sie sich ernst mit einer Vielzahl von Abschlepphaken, Anh\u00e4ngerkupplungen und Kits, die sich in klebrigen Situationen einen Weg geben. Wir bieten Stahlwinden, synthetisches Seil oder Stahlseil &amp; mehr Erholungszubeh\u00f6r an.<br \/>\nRugged Ridge Jeep Teile: Z\u00e4hlen Sie auf robuste Ridge, um Ihnen bew\u00e4hrte Jeep Teile und Zubeh\u00f6r wie Sto\u00dfstangen, Hebe-Sets, R\u00e4der, Innenzubeh\u00f6r, Bodenauskleidungen und mehr f\u00fcr verschiedene Jeep-Modelle zu bieten<br \/>\nF\u00fcnf Jahre Garantie: Unsere Rugged Ridge Produkte werden von der branchenf\u00fchrenden 5 Jahre Garantie abgedeckt. Die Rugged Ridge Bodeneinlagen haben eine begrenzte lebenslange Garantie und bieten Kunden Reparatur- oder Ersatzteile, die bestimmte h\u00e4ufige Ausschluss unterliegen.<br \/>\n<div class=\"main-cross-sell\" data-asin=\"B07F8MPNF1\">\n\n\t<div class=\"WooZone-cross-sell-loader\">\n\t\t<div>\n\t\t\t<div id=\"floatingBarsG\">\n\t\t\t\t<div class=\"blockG\" id=\"rotateG_01\"><\/div>\n\t\t\t\t<div class=\"blockG\" id=\"rotateG_02\"><\/div>\n\t\t\t\t<div class=\"blockG\" id=\"rotateG_03\"><\/div>\n\t\t\t\t<div class=\"blockG\" id=\"rotateG_04\"><\/div>\n\t\t\t\t<div class=\"blockG\" id=\"rotateG_05\"><\/div>\n\t\t\t\t<div class=\"blockG\" id=\"rotateG_06\"><\/div>\n\t\t\t\t<div class=\"blockG\" id=\"rotateG_07\"><\/div>\n\t\t\t\t<div class=\"blockG\" id=\"rotateG_08\"><\/div>\n\t\t\t<\/div>\n\t\t\t<div class=\"WooZone-cross-sell-loader-text\"><\/div>\n\t\t<\/div>\n\t<\/div>\n\n\t\t\n<\/div>\n<div style=\"clear:both;\"><\/div><\/p>\n","protected":false},"excerpt":{"rendered":"<p>2-Zoll-Anh\u00e4nger: mit einem 1,6 kg. Anh\u00e4ngelast und 158,8 kg. Zungengewicht, sind Sie ger\u00fcstet, um Ihre Ausr\u00fcstung \u00fcberall hin mitzunehmen. Inklusive Montagematerial und Anleitung (evtl. nicht in deutscher Sprache). Weitere Informationen finden Sie in Ihrem Fahrzeughandbuch (evtl. nicht in deutscher Sprache).<br \/>\nAnh\u00e4ngerkupplung: Entworfen als einteilige geschwei\u00dfte Baugruppe f\u00fcr zus\u00e4tzliche St\u00e4rke, haben wir unsere Empf\u00e4ngerkupplung so gebaut, dass sie der Anh\u00e4ngerkapazit\u00e4t Ihres JK entspricht und mit allen Werksger\u00e4ten funktioniert.<br \/>\nOffroad-Zubeh\u00f6r: Machen Sie sich ernst mit einer Vielzahl von Abschlepphaken, Anh\u00e4ngerkupplungen und Kits, die sich in klebrigen Situationen einen Weg geben. Wir bieten Stahlwinden, synthetisches Seil oder Stahlseil &amp; mehr Erholungszubeh\u00f6r an.<\/p>\n","protected":false},"featured_media":63818,"comment_status":"open","ping_status":"closed","template":"","meta":[],"product_brand":[],"product_cat":[8765,21],"product_tag":[],"class_list":{"0":"post-63817","1":"product","2":"type-product","3":"status-publish","4":"has-post-thumbnail","6":"product_cat-autositze-zubehoer-baby","7":"product_cat-baby","8":"pa_binding-automotive","9":"pa_brand-rugged-ridge","10":"pa_height-5-zoll","11":"pa_length-14-zoll","12":"pa_manufacturer-rugged-ridge","13":"pa_model-11580-11","14":"pa_weight-12-6-pfund","15":"pa_width-8-5-zoll","17":"first","18":"instock","19":"shipping-taxable","20":"purchasable","21":"product-type-simple","22":"customify-col","23":"product-has-gallery"},"yoast_head":"<!-- This site is optimized with the Yoast SEO plugin v27.4 - https:\/\/yoast.com\/product\/yoast-seo-wordpress\/ -->\n<title>Rugged Ridge 11580.11 Empf\u00e4ngerkupplung 2 Zoll 18-Fach Jeep Wrangler JL\/JLU - Markt-XXL<\/title>\n<meta name=\"description\" content=\"Markt-XXL Rugged Ridge 11580.11 Empf\u00e4ngerkupplung 2 Zoll 18-Fach Jeep Wrangler JL\/JLU\" \/>\n<meta name=\"robots\" content=\"index, follow, max-snippet:-1, max-image-preview:large, max-video-preview:-1\" \/>\n<link rel=\"canonical\" href=\"https:\/\/marktxxl.de\/markt\/produkt\/rugged-ridge-11580-11-empfaengerkupplung-2-zoll-18-fach-jeep-wrangler-jl-jlu\/\" \/>\n<meta property=\"og:locale\" content=\"de_DE\" \/>\n<meta property=\"og:type\" content=\"article\" \/>\n<meta property=\"og:title\" content=\"Rugged Ridge 11580.11 Empf\u00e4ngerkupplung 2 Zoll 18-Fach Jeep Wrangler JL\/JLU - Markt-XXL\" \/>\n<meta property=\"og:description\" content=\"Markt-XXL Rugged Ridge 11580.11 Empf\u00e4ngerkupplung 2 Zoll 18-Fach Jeep Wrangler JL\/JLU\" \/>\n<meta property=\"og:url\" content=\"https:\/\/marktxxl.de\/markt\/produkt\/rugged-ridge-11580-11-empfaengerkupplung-2-zoll-18-fach-jeep-wrangler-jl-jlu\/\" \/>\n<meta property=\"og:site_name\" content=\"Markt-XXL\" \/>\n<meta property=\"article:modified_time\" content=\"2023-04-08T00:02:15+00:00\" \/>\n<meta property=\"og:image\" content=\"https:\/\/m.media-amazon.com\/images\/I\/41MeyJCDfML._SL500_.jpg\" \/>\n\t<meta property=\"og:image:width\" content=\"500\" \/>\n\t<meta property=\"og:image:height\" content=\"500\" \/>\n\t<meta property=\"og:image:type\" content=\"image\/jpeg\" \/>\n<meta name=\"twitter:card\" content=\"summary_large_image\" \/>\n<meta name=\"twitter:label1\" content=\"Gesch\u00e4tzte Lesezeit\" \/>\n\t<meta name=\"twitter:data1\" content=\"1\u00a0Minute\" \/>\n<script type=\"application\/ld+json\" class=\"yoast-schema-graph\">{\"@context\":\"https:\\\/\\\/schema.org\",\"@graph\":[{\"@type\":\"WebPage\",\"@id\":\"https:\\\/\\\/marktxxl.de\\\/markt\\\/produkt\\\/rugged-ridge-11580-11-empfaengerkupplung-2-zoll-18-fach-jeep-wrangler-jl-jlu\\\/\",\"url\":\"https:\\\/\\\/marktxxl.de\\\/markt\\\/produkt\\\/rugged-ridge-11580-11-empfaengerkupplung-2-zoll-18-fach-jeep-wrangler-jl-jlu\\\/\",\"name\":\"Rugged Ridge 11580.11 Empf\u00e4ngerkupplung 2 Zoll 18-Fach Jeep Wrangler JL\\\/JLU - Markt-XXL\",\"isPartOf\":{\"@id\":\"https:\\\/\\\/marktxxl.de\\\/markt\\\/#website\"},\"primaryImageOfPage\":{\"@id\":\"https:\\\/\\\/marktxxl.de\\\/markt\\\/produkt\\\/rugged-ridge-11580-11-empfaengerkupplung-2-zoll-18-fach-jeep-wrangler-jl-jlu\\\/#primaryimage\"},\"image\":{\"@id\":\"https:\\\/\\\/marktxxl.de\\\/markt\\\/produkt\\\/rugged-ridge-11580-11-empfaengerkupplung-2-zoll-18-fach-jeep-wrangler-jl-jlu\\\/#primaryimage\"},\"thumbnailUrl\":\"https:\\\/\\\/m.media-amazon.com\\\/images\\\/I\\\/41MeyJCDfML._SL500_.jpg\",\"datePublished\":\"2021-11-11T22:24:29+00:00\",\"dateModified\":\"2023-04-08T00:02:15+00:00\",\"description\":\"Markt-XXL Rugged Ridge 11580.11 Empf\u00e4ngerkupplung 2 Zoll 18-Fach Jeep Wrangler JL\\\/JLU\",\"breadcrumb\":{\"@id\":\"https:\\\/\\\/marktxxl.de\\\/markt\\\/produkt\\\/rugged-ridge-11580-11-empfaengerkupplung-2-zoll-18-fach-jeep-wrangler-jl-jlu\\\/#breadcrumb\"},\"inLanguage\":\"de\",\"potentialAction\":[{\"@type\":\"ReadAction\",\"target\":[\"https:\\\/\\\/marktxxl.de\\\/markt\\\/produkt\\\/rugged-ridge-11580-11-empfaengerkupplung-2-zoll-18-fach-jeep-wrangler-jl-jlu\\\/\"]}]},{\"@type\":\"ImageObject\",\"inLanguage\":\"de\",\"@id\":\"https:\\\/\\\/marktxxl.de\\\/markt\\\/produkt\\\/rugged-ridge-11580-11-empfaengerkupplung-2-zoll-18-fach-jeep-wrangler-jl-jlu\\\/#primaryimage\",\"url\":\"https:\\\/\\\/m.media-amazon.com\\\/images\\\/I\\\/41MeyJCDfML._SL500_.jpg\",\"contentUrl\":\"https:\\\/\\\/m.media-amazon.com\\\/images\\\/I\\\/41MeyJCDfML._SL500_.jpg\",\"width\":500,\"height\":500},{\"@type\":\"BreadcrumbList\",\"@id\":\"https:\\\/\\\/marktxxl.de\\\/markt\\\/produkt\\\/rugged-ridge-11580-11-empfaengerkupplung-2-zoll-18-fach-jeep-wrangler-jl-jlu\\\/#breadcrumb\",\"itemListElement\":[{\"@type\":\"ListItem\",\"position\":1,\"name\":\"Startseite\",\"item\":\"https:\\\/\\\/marktxxl.de\\\/markt\\\/\"},{\"@type\":\"ListItem\",\"position\":2,\"name\":\"Markt\",\"item\":\"https:\\\/\\\/marktxxl.de\\\/markt\\\/\"},{\"@type\":\"ListItem\",\"position\":3,\"name\":\"Rugged Ridge 11580.11 Empf\u00e4ngerkupplung 2 Zoll 18-Fach Jeep Wrangler JL\\\/JLU\"}]},{\"@type\":\"WebSite\",\"@id\":\"https:\\\/\\\/marktxxl.de\\\/markt\\\/#website\",\"url\":\"https:\\\/\\\/marktxxl.de\\\/markt\\\/\",\"name\":\"Markt-XXL\",\"description\":\"Ihr Markt Online\",\"publisher\":{\"@id\":\"https:\\\/\\\/marktxxl.de\\\/markt\\\/#organization\"},\"potentialAction\":[{\"@type\":\"SearchAction\",\"target\":{\"@type\":\"EntryPoint\",\"urlTemplate\":\"https:\\\/\\\/marktxxl.de\\\/markt\\\/?s={search_term_string}\"},\"query-input\":{\"@type\":\"PropertyValueSpecification\",\"valueRequired\":true,\"valueName\":\"search_term_string\"}}],\"inLanguage\":\"de\"},{\"@type\":\"Organization\",\"@id\":\"https:\\\/\\\/marktxxl.de\\\/markt\\\/#organization\",\"name\":\"Markt-XXL\",\"url\":\"https:\\\/\\\/marktxxl.de\\\/markt\\\/\",\"logo\":{\"@type\":\"ImageObject\",\"inLanguage\":\"de\",\"@id\":\"https:\\\/\\\/marktxxl.de\\\/markt\\\/#\\\/schema\\\/logo\\\/image\\\/\",\"url\":\"https:\\\/\\\/marktxxl.de\\\/markt\\\/wp-content\\\/uploads\\\/sites\\\/3\\\/2020\\\/12\\\/logo.png\",\"contentUrl\":\"https:\\\/\\\/marktxxl.de\\\/markt\\\/wp-content\\\/uploads\\\/sites\\\/3\\\/2020\\\/12\\\/logo.png\",\"width\":200,\"height\":70,\"caption\":\"Markt-XXL\"},\"image\":{\"@id\":\"https:\\\/\\\/marktxxl.de\\\/markt\\\/#\\\/schema\\\/logo\\\/image\\\/\"}}]}<\/script>\n<!-- \/ Yoast SEO plugin. -->","yoast_head_json":{"title":"Rugged Ridge 11580.11 Empf\u00e4ngerkupplung 2 Zoll 18-Fach Jeep Wrangler JL\/JLU - Markt-XXL","description":"Markt-XXL Rugged Ridge 11580.11 Empf\u00e4ngerkupplung 2 Zoll 18-Fach Jeep Wrangler JL\/JLU","robots":{"index":"index","follow":"follow","max-snippet":"max-snippet:-1","max-image-preview":"max-image-preview:large","max-video-preview":"max-video-preview:-1"},"canonical":"https:\/\/marktxxl.de\/markt\/produkt\/rugged-ridge-11580-11-empfaengerkupplung-2-zoll-18-fach-jeep-wrangler-jl-jlu\/","og_locale":"de_DE","og_type":"article","og_title":"Rugged Ridge 11580.11 Empf\u00e4ngerkupplung 2 Zoll 18-Fach Jeep Wrangler JL\/JLU - Markt-XXL","og_description":"Markt-XXL Rugged Ridge 11580.11 Empf\u00e4ngerkupplung 2 Zoll 18-Fach Jeep Wrangler JL\/JLU","og_url":"https:\/\/marktxxl.de\/markt\/produkt\/rugged-ridge-11580-11-empfaengerkupplung-2-zoll-18-fach-jeep-wrangler-jl-jlu\/","og_site_name":"Markt-XXL","article_modified_time":"2023-04-08T00:02:15+00:00","og_image":[{"width":500,"height":500,"url":"https:\/\/m.media-amazon.com\/images\/I\/41MeyJCDfML._SL500_.jpg","type":"image\/jpeg"}],"twitter_card":"summary_large_image","twitter_misc":{"Gesch\u00e4tzte Lesezeit":"1\u00a0Minute"},"schema":{"@context":"https:\/\/schema.org","@graph":[{"@type":"WebPage","@id":"https:\/\/marktxxl.de\/markt\/produkt\/rugged-ridge-11580-11-empfaengerkupplung-2-zoll-18-fach-jeep-wrangler-jl-jlu\/","url":"https:\/\/marktxxl.de\/markt\/produkt\/rugged-ridge-11580-11-empfaengerkupplung-2-zoll-18-fach-jeep-wrangler-jl-jlu\/","name":"Rugged Ridge 11580.11 Empf\u00e4ngerkupplung 2 Zoll 18-Fach Jeep Wrangler JL\/JLU - Markt-XXL","isPartOf":{"@id":"https:\/\/marktxxl.de\/markt\/#website"},"primaryImageOfPage":{"@id":"https:\/\/marktxxl.de\/markt\/produkt\/rugged-ridge-11580-11-empfaengerkupplung-2-zoll-18-fach-jeep-wrangler-jl-jlu\/#primaryimage"},"image":{"@id":"https:\/\/marktxxl.de\/markt\/produkt\/rugged-ridge-11580-11-empfaengerkupplung-2-zoll-18-fach-jeep-wrangler-jl-jlu\/#primaryimage"},"thumbnailUrl":"https:\/\/m.media-amazon.com\/images\/I\/41MeyJCDfML._SL500_.jpg","datePublished":"2021-11-11T22:24:29+00:00","dateModified":"2023-04-08T00:02:15+00:00","description":"Markt-XXL Rugged Ridge 11580.11 Empf\u00e4ngerkupplung 2 Zoll 18-Fach Jeep Wrangler JL\/JLU","breadcrumb":{"@id":"https:\/\/marktxxl.de\/markt\/produkt\/rugged-ridge-11580-11-empfaengerkupplung-2-zoll-18-fach-jeep-wrangler-jl-jlu\/#breadcrumb"},"inLanguage":"de","potentialAction":[{"@type":"ReadAction","target":["https:\/\/marktxxl.de\/markt\/produkt\/rugged-ridge-11580-11-empfaengerkupplung-2-zoll-18-fach-jeep-wrangler-jl-jlu\/"]}]},{"@type":"ImageObject","inLanguage":"de","@id":"https:\/\/marktxxl.de\/markt\/produkt\/rugged-ridge-11580-11-empfaengerkupplung-2-zoll-18-fach-jeep-wrangler-jl-jlu\/#primaryimage","url":"https:\/\/m.media-amazon.com\/images\/I\/41MeyJCDfML._SL500_.jpg","contentUrl":"https:\/\/m.media-amazon.com\/images\/I\/41MeyJCDfML._SL500_.jpg","width":500,"height":500},{"@type":"BreadcrumbList","@id":"https:\/\/marktxxl.de\/markt\/produkt\/rugged-ridge-11580-11-empfaengerkupplung-2-zoll-18-fach-jeep-wrangler-jl-jlu\/#breadcrumb","itemListElement":[{"@type":"ListItem","position":1,"name":"Startseite","item":"https:\/\/marktxxl.de\/markt\/"},{"@type":"ListItem","position":2,"name":"Markt","item":"https:\/\/marktxxl.de\/markt\/"},{"@type":"ListItem","position":3,"name":"Rugged Ridge 11580.11 Empf\u00e4ngerkupplung 2 Zoll 18-Fach Jeep Wrangler JL\/JLU"}]},{"@type":"WebSite","@id":"https:\/\/marktxxl.de\/markt\/#website","url":"https:\/\/marktxxl.de\/markt\/","name":"Markt-XXL","description":"Ihr Markt Online","publisher":{"@id":"https:\/\/marktxxl.de\/markt\/#organization"},"potentialAction":[{"@type":"SearchAction","target":{"@type":"EntryPoint","urlTemplate":"https:\/\/marktxxl.de\/markt\/?s={search_term_string}"},"query-input":{"@type":"PropertyValueSpecification","valueRequired":true,"valueName":"search_term_string"}}],"inLanguage":"de"},{"@type":"Organization","@id":"https:\/\/marktxxl.de\/markt\/#organization","name":"Markt-XXL","url":"https:\/\/marktxxl.de\/markt\/","logo":{"@type":"ImageObject","inLanguage":"de","@id":"https:\/\/marktxxl.de\/markt\/#\/schema\/logo\/image\/","url":"https:\/\/marktxxl.de\/markt\/wp-content\/uploads\/sites\/3\/2020\/12\/logo.png","contentUrl":"https:\/\/marktxxl.de\/markt\/wp-content\/uploads\/sites\/3\/2020\/12\/logo.png","width":200,"height":70,"caption":"Markt-XXL"},"image":{"@id":"https:\/\/marktxxl.de\/markt\/#\/schema\/logo\/image\/"}}]}},"_links":{"self":[{"href":"https:\/\/marktxxl.de\/markt\/wp-json\/wp\/v2\/product\/63817","targetHints":{"allow":["GET"]}}],"collection":[{"href":"https:\/\/marktxxl.de\/markt\/wp-json\/wp\/v2\/product"}],"about":[{"href":"https:\/\/marktxxl.de\/markt\/wp-json\/wp\/v2\/types\/product"}],"replies":[{"embeddable":true,"href":"https:\/\/marktxxl.de\/markt\/wp-json\/wp\/v2\/comments?post=63817"}],"wp:featuredmedia":[{"embeddable":true,"href":"https:\/\/marktxxl.de\/markt\/wp-json\/wp\/v2\/media\/63818"}],"wp:attachment":[{"href":"https:\/\/marktxxl.de\/markt\/wp-json\/wp\/v2\/media?parent=63817"}],"wp:term":[{"taxonomy":"product_brand","embeddable":true,"href":"https:\/\/marktxxl.de\/markt\/wp-json\/wp\/v2\/product_brand?post=63817"},{"taxonomy":"product_cat","embeddable":true,"href":"https:\/\/marktxxl.de\/markt\/wp-json\/wp\/v2\/product_cat?post=63817"},{"taxonomy":"product_tag","embeddable":true,"href":"https:\/\/marktxxl.de\/markt\/wp-json\/wp\/v2\/product_tag?post=63817"}],"curies":[{"name":"wp","href":"https:\/\/api.w.org\/{rel}","templated":true}]}}