{"id":63100,"date":"2021-11-11T22:54:29","date_gmt":"2021-11-11T21:54:29","guid":{"rendered":"https:\/\/marktxxl.de\/markt\/produkt\/ubbi-nachfuellbeutel-fuer-unterwegs\/"},"modified":"2023-04-10T02:21:21","modified_gmt":"2023-04-10T00:21:21","slug":"ubbi-nachfuellbeutel-fuer-unterwegs","status":"publish","type":"product","link":"https:\/\/marktxxl.de\/markt\/produkt\/ubbi-nachfuellbeutel-fuer-unterwegs\/","title":{"rendered":"Ubbi On-the-Go Refill Bags, Lavender Scented, Value Pack of 36, Baby On The Go Diapering Essentials"},"content":{"rendered":"<p>jede Rolle hat 12 Beutel mit Lavendelduft<br \/>\nleicht herausziehbare und strapazierf\u00e4hige Beutel<br \/>\npassend f\u00fcr den Ubbi Beutelspender, aber auch passend f\u00fcr die meisten anderen Beutelspender<br \/>\nWARNUNG: ERSTICKUNGSGEFAHR: Dieser Beutel ist kein Spielzeug. Plastikt\u00fcten k\u00f6nnen gef\u00e4hrlich sein. Halten Sie diese Plastikt\u00fcte von Kindern und Babys fern, um Erstickungsgefahr zu vermeiden. Nicht in Kinderbetten, Betten, Wagen, Laufgittern oder anderen Bereichen verwenden oder aufbewahren, die f\u00fcr kleine Kinder leicht zug\u00e4nglich sind. Die d\u00fcnne Folie kann an Nase und Mund haften und das Atmen verhindern.<br \/>\n36 Beutel<br \/>\n<div class=\"main-cross-sell\" data-asin=\"B07B956F2K\">\n\n\t<div class=\"WooZone-cross-sell-loader\">\n\t\t<div>\n\t\t\t<div id=\"floatingBarsG\">\n\t\t\t\t<div class=\"blockG\" id=\"rotateG_01\"><\/div>\n\t\t\t\t<div class=\"blockG\" id=\"rotateG_02\"><\/div>\n\t\t\t\t<div class=\"blockG\" id=\"rotateG_03\"><\/div>\n\t\t\t\t<div class=\"blockG\" id=\"rotateG_04\"><\/div>\n\t\t\t\t<div class=\"blockG\" id=\"rotateG_05\"><\/div>\n\t\t\t\t<div class=\"blockG\" id=\"rotateG_06\"><\/div>\n\t\t\t\t<div class=\"blockG\" id=\"rotateG_07\"><\/div>\n\t\t\t\t<div class=\"blockG\" id=\"rotateG_08\"><\/div>\n\t\t\t<\/div>\n\t\t\t<div class=\"WooZone-cross-sell-loader-text\"><\/div>\n\t\t<\/div>\n\t<\/div>\n\n\t\t\n<\/div>\n<div style=\"clear:both;\"><\/div><\/p>\n","protected":false},"excerpt":{"rendered":"<p>jede Rolle hat 12 Beutel mit Lavendelduft<br \/>\nleicht herausziehbare und strapazierf\u00e4hige Beutel<br \/>\npassend f\u00fcr den Ubbi Beutelspender, aber auch passend f\u00fcr die meisten anderen Beutelspender<\/p>\n","protected":false},"featured_media":63101,"comment_status":"open","ping_status":"closed","template":"","meta":[],"product_brand":[],"product_cat":[21,9520],"product_tag":[],"class_list":{"0":"post-63100","1":"product","2":"type-product","3":"status-publish","4":"has-post-thumbnail","6":"product_cat-baby","7":"product_cat-wickeln-baby","8":"pa_binding-babyartikel","9":"pa_brand-thames-hudson","10":"pa_brand-ubbi","11":"pa_height-1-5-zoll","12":"pa_length-1-5-zoll","13":"pa_manufacturer-pearhead","14":"pa_model-11311","15":"pa_weight-0-28-pfund","16":"pa_width-2-5-zoll","18":"first","19":"instock","20":"shipping-taxable","21":"purchasable","22":"product-type-simple","23":"customify-col","24":"product-has-gallery"},"yoast_head":"<!-- This site is optimized with the Yoast SEO plugin v27.3 - https:\/\/yoast.com\/product\/yoast-seo-wordpress\/ -->\n<title>Ubbi On-the-Go Refill Bags, Lavender Scented, Value Pack of 36, Baby On The Go Diapering Essentials - Markt-XXL<\/title>\n<meta name=\"description\" content=\"Markt-XXL Ubbi On-the-Go Refill Bags, Lavender Scented, Value Pack of 36, Baby On The Go Diapering Essentials\" \/>\n<meta name=\"robots\" content=\"index, follow, max-snippet:-1, max-image-preview:large, max-video-preview:-1\" \/>\n<link rel=\"canonical\" href=\"https:\/\/marktxxl.de\/markt\/produkt\/ubbi-nachfuellbeutel-fuer-unterwegs\/\" \/>\n<meta property=\"og:locale\" content=\"de_DE\" \/>\n<meta property=\"og:type\" content=\"article\" \/>\n<meta property=\"og:title\" content=\"Ubbi On-the-Go Refill Bags, Lavender Scented, Value Pack of 36, Baby On The Go Diapering Essentials - Markt-XXL\" \/>\n<meta property=\"og:description\" content=\"Markt-XXL Ubbi On-the-Go Refill Bags, Lavender Scented, Value Pack of 36, Baby On The Go Diapering Essentials\" \/>\n<meta property=\"og:url\" content=\"https:\/\/marktxxl.de\/markt\/produkt\/ubbi-nachfuellbeutel-fuer-unterwegs\/\" \/>\n<meta property=\"og:site_name\" content=\"Markt-XXL\" \/>\n<meta property=\"article:modified_time\" content=\"2023-04-10T00:21:21+00:00\" \/>\n<meta property=\"og:image\" content=\"https:\/\/m.media-amazon.com\/images\/I\/3130xD4hvEL._SL500_.jpg\" \/>\n\t<meta property=\"og:image:width\" content=\"500\" \/>\n\t<meta property=\"og:image:height\" content=\"500\" \/>\n\t<meta property=\"og:image:type\" content=\"image\/jpeg\" \/>\n<meta name=\"twitter:card\" content=\"summary_large_image\" \/>\n<meta name=\"twitter:label1\" content=\"Gesch\u00e4tzte Lesezeit\" \/>\n\t<meta name=\"twitter:data1\" content=\"1\u00a0Minute\" \/>\n<script type=\"application\/ld+json\" class=\"yoast-schema-graph\">{\"@context\":\"https:\\\/\\\/schema.org\",\"@graph\":[{\"@type\":\"WebPage\",\"@id\":\"https:\\\/\\\/marktxxl.de\\\/markt\\\/produkt\\\/ubbi-nachfuellbeutel-fuer-unterwegs\\\/\",\"url\":\"https:\\\/\\\/marktxxl.de\\\/markt\\\/produkt\\\/ubbi-nachfuellbeutel-fuer-unterwegs\\\/\",\"name\":\"Ubbi On-the-Go Refill Bags, Lavender Scented, Value Pack of 36, Baby On The Go Diapering Essentials - Markt-XXL\",\"isPartOf\":{\"@id\":\"https:\\\/\\\/marktxxl.de\\\/markt\\\/#website\"},\"primaryImageOfPage\":{\"@id\":\"https:\\\/\\\/marktxxl.de\\\/markt\\\/produkt\\\/ubbi-nachfuellbeutel-fuer-unterwegs\\\/#primaryimage\"},\"image\":{\"@id\":\"https:\\\/\\\/marktxxl.de\\\/markt\\\/produkt\\\/ubbi-nachfuellbeutel-fuer-unterwegs\\\/#primaryimage\"},\"thumbnailUrl\":\"https:\\\/\\\/m.media-amazon.com\\\/images\\\/I\\\/3130xD4hvEL._SL500_.jpg\",\"datePublished\":\"2021-11-11T21:54:29+00:00\",\"dateModified\":\"2023-04-10T00:21:21+00:00\",\"description\":\"Markt-XXL Ubbi On-the-Go Refill Bags, Lavender Scented, Value Pack of 36, Baby On The Go Diapering Essentials\",\"breadcrumb\":{\"@id\":\"https:\\\/\\\/marktxxl.de\\\/markt\\\/produkt\\\/ubbi-nachfuellbeutel-fuer-unterwegs\\\/#breadcrumb\"},\"inLanguage\":\"de\",\"potentialAction\":[{\"@type\":\"ReadAction\",\"target\":[\"https:\\\/\\\/marktxxl.de\\\/markt\\\/produkt\\\/ubbi-nachfuellbeutel-fuer-unterwegs\\\/\"]}]},{\"@type\":\"ImageObject\",\"inLanguage\":\"de\",\"@id\":\"https:\\\/\\\/marktxxl.de\\\/markt\\\/produkt\\\/ubbi-nachfuellbeutel-fuer-unterwegs\\\/#primaryimage\",\"url\":\"https:\\\/\\\/m.media-amazon.com\\\/images\\\/I\\\/3130xD4hvEL._SL500_.jpg\",\"contentUrl\":\"https:\\\/\\\/m.media-amazon.com\\\/images\\\/I\\\/3130xD4hvEL._SL500_.jpg\",\"width\":500,\"height\":500},{\"@type\":\"BreadcrumbList\",\"@id\":\"https:\\\/\\\/marktxxl.de\\\/markt\\\/produkt\\\/ubbi-nachfuellbeutel-fuer-unterwegs\\\/#breadcrumb\",\"itemListElement\":[{\"@type\":\"ListItem\",\"position\":1,\"name\":\"Startseite\",\"item\":\"https:\\\/\\\/marktxxl.de\\\/markt\\\/\"},{\"@type\":\"ListItem\",\"position\":2,\"name\":\"Markt\",\"item\":\"https:\\\/\\\/marktxxl.de\\\/markt\\\/\"},{\"@type\":\"ListItem\",\"position\":3,\"name\":\"Ubbi On-the-Go Refill Bags, Lavender Scented, Value Pack of 36, Baby On The Go Diapering Essentials\"}]},{\"@type\":\"WebSite\",\"@id\":\"https:\\\/\\\/marktxxl.de\\\/markt\\\/#website\",\"url\":\"https:\\\/\\\/marktxxl.de\\\/markt\\\/\",\"name\":\"Markt-XXL\",\"description\":\"Ihr Markt Online\",\"publisher\":{\"@id\":\"https:\\\/\\\/marktxxl.de\\\/markt\\\/#organization\"},\"potentialAction\":[{\"@type\":\"SearchAction\",\"target\":{\"@type\":\"EntryPoint\",\"urlTemplate\":\"https:\\\/\\\/marktxxl.de\\\/markt\\\/?s={search_term_string}\"},\"query-input\":{\"@type\":\"PropertyValueSpecification\",\"valueRequired\":true,\"valueName\":\"search_term_string\"}}],\"inLanguage\":\"de\"},{\"@type\":\"Organization\",\"@id\":\"https:\\\/\\\/marktxxl.de\\\/markt\\\/#organization\",\"name\":\"Markt-XXL\",\"url\":\"https:\\\/\\\/marktxxl.de\\\/markt\\\/\",\"logo\":{\"@type\":\"ImageObject\",\"inLanguage\":\"de\",\"@id\":\"https:\\\/\\\/marktxxl.de\\\/markt\\\/#\\\/schema\\\/logo\\\/image\\\/\",\"url\":\"https:\\\/\\\/marktxxl.de\\\/markt\\\/wp-content\\\/uploads\\\/sites\\\/3\\\/2020\\\/12\\\/logo.png\",\"contentUrl\":\"https:\\\/\\\/marktxxl.de\\\/markt\\\/wp-content\\\/uploads\\\/sites\\\/3\\\/2020\\\/12\\\/logo.png\",\"width\":200,\"height\":70,\"caption\":\"Markt-XXL\"},\"image\":{\"@id\":\"https:\\\/\\\/marktxxl.de\\\/markt\\\/#\\\/schema\\\/logo\\\/image\\\/\"}}]}<\/script>\n<!-- \/ Yoast SEO plugin. -->","yoast_head_json":{"title":"Ubbi On-the-Go Refill Bags, Lavender Scented, Value Pack of 36, Baby On The Go Diapering Essentials - Markt-XXL","description":"Markt-XXL Ubbi On-the-Go Refill Bags, Lavender Scented, Value Pack of 36, Baby On The Go Diapering Essentials","robots":{"index":"index","follow":"follow","max-snippet":"max-snippet:-1","max-image-preview":"max-image-preview:large","max-video-preview":"max-video-preview:-1"},"canonical":"https:\/\/marktxxl.de\/markt\/produkt\/ubbi-nachfuellbeutel-fuer-unterwegs\/","og_locale":"de_DE","og_type":"article","og_title":"Ubbi On-the-Go Refill Bags, Lavender Scented, Value Pack of 36, Baby On The Go Diapering Essentials - Markt-XXL","og_description":"Markt-XXL Ubbi On-the-Go Refill Bags, Lavender Scented, Value Pack of 36, Baby On The Go Diapering Essentials","og_url":"https:\/\/marktxxl.de\/markt\/produkt\/ubbi-nachfuellbeutel-fuer-unterwegs\/","og_site_name":"Markt-XXL","article_modified_time":"2023-04-10T00:21:21+00:00","og_image":[{"width":500,"height":500,"url":"https:\/\/m.media-amazon.com\/images\/I\/3130xD4hvEL._SL500_.jpg","type":"image\/jpeg"}],"twitter_card":"summary_large_image","twitter_misc":{"Gesch\u00e4tzte Lesezeit":"1\u00a0Minute"},"schema":{"@context":"https:\/\/schema.org","@graph":[{"@type":"WebPage","@id":"https:\/\/marktxxl.de\/markt\/produkt\/ubbi-nachfuellbeutel-fuer-unterwegs\/","url":"https:\/\/marktxxl.de\/markt\/produkt\/ubbi-nachfuellbeutel-fuer-unterwegs\/","name":"Ubbi On-the-Go Refill Bags, Lavender Scented, Value Pack of 36, Baby On The Go Diapering Essentials - Markt-XXL","isPartOf":{"@id":"https:\/\/marktxxl.de\/markt\/#website"},"primaryImageOfPage":{"@id":"https:\/\/marktxxl.de\/markt\/produkt\/ubbi-nachfuellbeutel-fuer-unterwegs\/#primaryimage"},"image":{"@id":"https:\/\/marktxxl.de\/markt\/produkt\/ubbi-nachfuellbeutel-fuer-unterwegs\/#primaryimage"},"thumbnailUrl":"https:\/\/m.media-amazon.com\/images\/I\/3130xD4hvEL._SL500_.jpg","datePublished":"2021-11-11T21:54:29+00:00","dateModified":"2023-04-10T00:21:21+00:00","description":"Markt-XXL Ubbi On-the-Go Refill Bags, Lavender Scented, Value Pack of 36, Baby On The Go Diapering Essentials","breadcrumb":{"@id":"https:\/\/marktxxl.de\/markt\/produkt\/ubbi-nachfuellbeutel-fuer-unterwegs\/#breadcrumb"},"inLanguage":"de","potentialAction":[{"@type":"ReadAction","target":["https:\/\/marktxxl.de\/markt\/produkt\/ubbi-nachfuellbeutel-fuer-unterwegs\/"]}]},{"@type":"ImageObject","inLanguage":"de","@id":"https:\/\/marktxxl.de\/markt\/produkt\/ubbi-nachfuellbeutel-fuer-unterwegs\/#primaryimage","url":"https:\/\/m.media-amazon.com\/images\/I\/3130xD4hvEL._SL500_.jpg","contentUrl":"https:\/\/m.media-amazon.com\/images\/I\/3130xD4hvEL._SL500_.jpg","width":500,"height":500},{"@type":"BreadcrumbList","@id":"https:\/\/marktxxl.de\/markt\/produkt\/ubbi-nachfuellbeutel-fuer-unterwegs\/#breadcrumb","itemListElement":[{"@type":"ListItem","position":1,"name":"Startseite","item":"https:\/\/marktxxl.de\/markt\/"},{"@type":"ListItem","position":2,"name":"Markt","item":"https:\/\/marktxxl.de\/markt\/"},{"@type":"ListItem","position":3,"name":"Ubbi On-the-Go Refill Bags, Lavender Scented, Value Pack of 36, Baby On The Go Diapering Essentials"}]},{"@type":"WebSite","@id":"https:\/\/marktxxl.de\/markt\/#website","url":"https:\/\/marktxxl.de\/markt\/","name":"Markt-XXL","description":"Ihr Markt Online","publisher":{"@id":"https:\/\/marktxxl.de\/markt\/#organization"},"potentialAction":[{"@type":"SearchAction","target":{"@type":"EntryPoint","urlTemplate":"https:\/\/marktxxl.de\/markt\/?s={search_term_string}"},"query-input":{"@type":"PropertyValueSpecification","valueRequired":true,"valueName":"search_term_string"}}],"inLanguage":"de"},{"@type":"Organization","@id":"https:\/\/marktxxl.de\/markt\/#organization","name":"Markt-XXL","url":"https:\/\/marktxxl.de\/markt\/","logo":{"@type":"ImageObject","inLanguage":"de","@id":"https:\/\/marktxxl.de\/markt\/#\/schema\/logo\/image\/","url":"https:\/\/marktxxl.de\/markt\/wp-content\/uploads\/sites\/3\/2020\/12\/logo.png","contentUrl":"https:\/\/marktxxl.de\/markt\/wp-content\/uploads\/sites\/3\/2020\/12\/logo.png","width":200,"height":70,"caption":"Markt-XXL"},"image":{"@id":"https:\/\/marktxxl.de\/markt\/#\/schema\/logo\/image\/"}}]}},"_links":{"self":[{"href":"https:\/\/marktxxl.de\/markt\/wp-json\/wp\/v2\/product\/63100","targetHints":{"allow":["GET"]}}],"collection":[{"href":"https:\/\/marktxxl.de\/markt\/wp-json\/wp\/v2\/product"}],"about":[{"href":"https:\/\/marktxxl.de\/markt\/wp-json\/wp\/v2\/types\/product"}],"replies":[{"embeddable":true,"href":"https:\/\/marktxxl.de\/markt\/wp-json\/wp\/v2\/comments?post=63100"}],"wp:featuredmedia":[{"embeddable":true,"href":"https:\/\/marktxxl.de\/markt\/wp-json\/wp\/v2\/media\/63101"}],"wp:attachment":[{"href":"https:\/\/marktxxl.de\/markt\/wp-json\/wp\/v2\/media?parent=63100"}],"wp:term":[{"taxonomy":"product_brand","embeddable":true,"href":"https:\/\/marktxxl.de\/markt\/wp-json\/wp\/v2\/product_brand?post=63100"},{"taxonomy":"product_cat","embeddable":true,"href":"https:\/\/marktxxl.de\/markt\/wp-json\/wp\/v2\/product_cat?post=63100"},{"taxonomy":"product_tag","embeddable":true,"href":"https:\/\/marktxxl.de\/markt\/wp-json\/wp\/v2\/product_tag?post=63100"}],"curies":[{"name":"wp","href":"https:\/\/api.w.org\/{rel}","templated":true}]}}